000
CDUS43 KFGF 292148
CLIFAR


CLIMATE REPORT
NATIONAL WEATHER SERVICE EASTERN NORTH DAKOTA/GRAND FORKS
447 PM CDT MON MAY 29 2017


...................................

...THE FARGO HECTOR INTL AP ND CLIMATE SUMMARY FOR MAY 29 2017...
VALID TODAY AS OF 0400 PM LOCAL TIME.

CLIMATE NORMAL PERIOD 1981 TO 2010
CLIMATE RECORD PERIOD 1881 TO 2017


WEATHER ITEM   OBSERVED TIME   RECORD YEAR NORMAL DEPARTURE LAST
                VALUE   (LST)  VALUE       VALUE  FROM      YEAR
                                                  NORMAL
..................................................................
TEMPERATURE (F)
 TODAY
  MAXIMUM         60    204 PM  95    2010  73    -13       79
                                      1939
  MINIMUM         51    813 AM  32    1961  50      1       56
                                      1889
  AVERAGE         56                        61     -5       68

PRECIPITATION (IN)
  TODAY            0.05          3.77 2013   0.10  -0.05     0.01
  MONTH TO DATE    1.14                      2.60  -1.46     1.25
  SINCE MAR 1      2.87                      5.29  -2.42     4.32
  SINCE JAN 1      4.64                      6.60  -1.96     5.31

SNOWFALL (IN)
  TODAY            0.0           T    1953   0.0    0.0      0.0
  MONTH TO DATE    0.0                       0.0    0.0       T
  SINCE MAR 1      3.8                      12.4   -8.6      3.1
  SINCE JUL 1     33.1                      50.4  -17.3     27.4
  SNOW DEPTH       0

DEGREE DAYS
 HEATING
  TODAY            9                         5      4        0
  MONTH TO DATE  239                       262    -23      174
  SINCE MAR 1   1907                      2040   -133     1620
  SINCE JUL 1   7405                      8718  -1313     7143

 COOLING
  TODAY            0                         2     -2        3
  MONTH TO DATE   11                        26    -15       42
  SINCE MAR 1     11                        29    -18       42
  SINCE JAN 1     11                        29    -18       42
..................................................................


WIND (MPH)
  HIGHEST WIND SPEED    25   HIGHEST WIND DIRECTION    NW (330)
  HIGHEST GUST SPEED    31   HIGHEST GUST DIRECTION    NW (320)
  AVERAGE WIND SPEED    15.2


SKY COVER
  POSSIBLE SUNSHINE  MM
  AVERAGE SKY COVER 1.0


WEATHER CONDITIONS
 THE FOLLOWING WEATHER WAS RECORDED TODAY.
  LIGHT RAIN
  FOG


RELATIVE HUMIDITY (PERCENT)
 HIGHEST    96          1000 AM
 LOWEST     62           200 PM
 AVERAGE    79

..........................................................


THE FARGO HECTOR INTL AP ND CLIMATE NORMALS FOR TOMORROW
                         NORMAL    RECORD    YEAR
 MAXIMUM TEMPERATURE (F)   73       104      1934
 MINIMUM TEMPERATURE (F)   50        29      1947


SUNRISE AND SUNSET
MAY 29 2017...........SUNRISE   538 AM CDT   SUNSET   912 PM CDT
MAY 30 2017...........SUNRISE   538 AM CDT   SUNSET   913 PM CDT


-  INDICATES NEGATIVE NUMBERS.
R  INDICATES RECORD WAS SET OR TIED.
MM INDICATES DATA IS MISSING.
T  INDICATES TRACE AMOUNT.




$$
