000
CDUS43 KFGF 270633
CLIFAR


CLIMATE REPORT
NATIONAL WEATHER SERVICE EASTERN NORTH DAKOTA/GRAND FORKS
131 AM CDT MON MAR 27 2017


...................................

...THE FARGO HECTOR INTL AP ND CLIMATE SUMMARY FOR MARCH 26 2017...

CLIMATE NORMAL PERIOD 1981 TO 2010
CLIMATE RECORD PERIOD 1881 TO 2017


WEATHER ITEM   OBSERVED TIME   RECORD YEAR NORMAL DEPARTURE LAST
                VALUE   (LST)  VALUE       VALUE  FROM      YEAR
                                                  NORMAL
..................................................................
TEMPERATURE (F)
 YESTERDAY
  MAXIMUM         47    426 PM  68    1946  42      5       44
  MINIMUM         34   1159 PM -12    1996  24     10       22
  AVERAGE         41                        33      8       33

PRECIPITATION (IN)
  YESTERDAY        0.00          1.07 1950   0.05  -0.05     0.00
  MONTH TO DATE    0.33                      1.09  -0.76     0.46
  SINCE MAR 1      0.33                      1.09  -0.76     0.46
  SINCE JAN 1      2.10                      2.40  -0.30     1.45

SNOWFALL (IN)
  YESTERDAY        0.0           3.4  1972   0.2   -0.2      0.0
  MONTH TO DATE    1.6                       8.2   -6.6      2.5
  SINCE MAR 1      1.6                       8.2   -6.6      2.5
  SINCE JUL 1     30.9                      46.2  -15.3     26.8
  SNOW DEPTH       0

DEGREE DAYS
 HEATING
  YESTERDAY       24                        32     -8       32
  MONTH TO DATE  995                      1001     -6      723
  SINCE MAR 1    995                      1001     -6      723
  SINCE JUL 1   6493                      7679  -1186     6246

 COOLING
  YESTERDAY        0                         0      0        0
  MONTH TO DATE    0                         0      0        0
  SINCE MAR 1      0                         0      0        0
  SINCE JAN 1      0                         0      0        0
..................................................................


WIND (MPH)
  HIGHEST WIND SPEED     9   HIGHEST WIND DIRECTION    SE (140)
  HIGHEST GUST SPEED    12   HIGHEST GUST DIRECTION    SE (150)
  AVERAGE WIND SPEED     2.9


SKY COVER
  POSSIBLE SUNSHINE  MM
  AVERAGE SKY COVER 0.9


WEATHER CONDITIONS
 THE FOLLOWING WEATHER WAS RECORDED YESTERDAY.
  FOG
  FOG W/VISIBILITY <= 1/4 MILE


RELATIVE HUMIDITY (PERCENT)
 HIGHEST   100          1200 AM
 LOWEST     71           400 PM
 AVERAGE    86

..........................................................


THE FARGO HECTOR INTL AP ND CLIMATE NORMALS FOR TODAY
                         NORMAL    RECORD    YEAR
 MAXIMUM TEMPERATURE (F)   43        78      1946
 MINIMUM TEMPERATURE (F)   24        -7      1964


SUNRISE AND SUNSET
MARCH 27 2017.........SUNRISE   716 AM CDT   SUNSET   750 PM CDT
MARCH 28 2017.........SUNRISE   714 AM CDT   SUNSET   751 PM CDT


-  INDICATES NEGATIVE NUMBERS.
R  INDICATES RECORD WAS SET OR TIED.
MM INDICATES DATA IS MISSING.
T  INDICATES TRACE AMOUNT.




$$
