000
CDUS43 KFGF 222251
CLIFAR


CLIMATE REPORT
NATIONAL WEATHER SERVICE EASTERN NORTH DAKOTA/GRAND FORKS
451 PM CST MON JAN 22 2018


...................................

...THE FARGO HECTOR INTL AP ND CLIMATE SUMMARY FOR JANUARY 22 2018...
VALID TODAY AS OF 0400 PM LOCAL TIME.

CLIMATE NORMAL PERIOD 1981 TO 2010
CLIMATE RECORD PERIOD 1881 TO 2018


WEATHER ITEM   OBSERVED TIME   RECORD YEAR NORMAL DEPARTURE LAST
                VALUE   (LST)  VALUE       VALUE  FROM      YEAR
                                                  NORMAL
..................................................................
TEMPERATURE (F)
 TODAY
  MAXIMUM         28    238 PM  51    1942  18     10       36
  MINIMUM         25    607 AM -37    1936  -1     26       34
                                      1883
  AVERAGE         27                         9     18       35

PRECIPITATION (IN)
  TODAY            0.00          0.47 1982   0.02  -0.02     0.00
  MONTH TO DATE    0.21                      0.53  -0.32     0.92
  SINCE DEC 1      0.98                      1.36  -0.38     2.19
  SINCE JAN 1      0.21                      0.53  -0.32     0.92

SNOWFALL (IN)
  TODAY            0.0          16.3  1982   0.3   -0.3      0.0
  MONTH TO DATE    3.6                       8.4   -4.8     12.9
  SINCE DEC 1     11.6                      19.6   -8.0     21.2
  SINCE JUL 1     15.3                      28.2  -12.9     24.9
  SNOW DEPTH       2

DEGREE DAYS
 HEATING
  TODAY           38                        56    -18       30
  MONTH TO DATE 1217                      1228    -11     1212
  SINCE DEC 1   2798                      2806     -8     2722
  SINCE JUL 1   4596                      4768   -172     4027

 COOLING
  TODAY            0                         0      0        0
  MONTH TO DATE    0                         0      0        0
  SINCE DEC 1      0                         0      0        0
  SINCE JAN 1      0                         0      0        0
..................................................................


WIND (MPH)
  HIGHEST WIND SPEED    22   HIGHEST WIND DIRECTION     N (20)
  HIGHEST GUST SPEED    29   HIGHEST GUST DIRECTION    NE (30)
  AVERAGE WIND SPEED    14.1


SKY COVER
  POSSIBLE SUNSHINE  MM
  AVERAGE SKY COVER 1.0


WEATHER CONDITIONS
 THE FOLLOWING WEATHER WAS RECORDED TODAY.
  NO SIGNIFICANT WEATHER WAS OBSERVED.


RELATIVE HUMIDITY (PERCENT)
 HIGHEST   100           400 AM
 LOWEST     78           200 PM
 AVERAGE    89

..........................................................


THE FARGO HECTOR INTL AP ND CLIMATE NORMALS FOR TOMORROW
                         NORMAL    RECORD    YEAR
 MAXIMUM TEMPERATURE (F)   19        52      1942
 MINIMUM TEMPERATURE (F)    0       -36      1883
                                             1882


SUNRISE AND SUNSET
JANUARY 22 2018.......SUNRISE   803 AM CST   SUNSET   515 PM CST
JANUARY 23 2018.......SUNRISE   802 AM CST   SUNSET   517 PM CST


-  INDICATES NEGATIVE NUMBERS.
R  INDICATES RECORD WAS SET OR TIED.
MM INDICATES DATA IS MISSING.
T  INDICATES TRACE AMOUNT.




$$
