000
CDUS43 KFGF 190643
CLIFAR


CLIMATE REPORT
NATIONAL WEATHER SERVICE EASTERN NORTH DAKOTA/GRAND FORKS
1242 AM CST SUN NOV 19 2017


...................................

...THE FARGO HECTOR INTL AP ND CLIMATE SUMMARY FOR NOVEMBER 18 2017...

CLIMATE NORMAL PERIOD 1981 TO 2010
CLIMATE RECORD PERIOD 1881 TO 2017


WEATHER ITEM   OBSERVED TIME   RECORD YEAR NORMAL DEPARTURE LAST
                VALUE   (LST)  VALUE       VALUE  FROM      YEAR
                                                  NORMAL
..................................................................
TEMPERATURE (F)
 YESTERDAY
  MAXIMUM         26    237 PM  60    1908  36    -10       34
  MINIMUM         13   1138 PM -13    1881  19     -6       26
  AVERAGE         20                        27     -7       30

PRECIPITATION (IN)
  YESTERDAY        0.00          0.70 1998   0.03  -0.03     0.04
  MONTH TO DATE    0.35                      0.65  -0.30     0.24
  SINCE SEP 1      3.95                      5.37  -1.42     5.23
  SINCE JAN 1     14.45                     21.43  -6.98    20.70

SNOWFALL (IN)
  YESTERDAY        0.0           5.6  1998   0.4   -0.4      0.7
  MONTH TO DATE    3.3                       3.8   -0.5      2.8
  SINCE SEP 1      3.7                       4.5   -0.8      2.8
  SINCE JUL 1      3.7                       4.5   -0.8      2.8
  SNOW DEPTH       0

DEGREE DAYS
 HEATING
  YESTERDAY       45                        38      7       35
  MONTH TO DATE  704                       586    118      324
  SINCE SEP 1   1393                      1412    -19      921
  SINCE JUL 1   1409                      1462    -53      938

 COOLING
  YESTERDAY        0                         0      0        0
  MONTH TO DATE    0                         0      0        0
  SINCE SEP 1     71                        46     25       58
  SINCE JAN 1    518                       551    -33      661
..................................................................


WIND (MPH)
  HIGHEST WIND SPEED    23   HIGHEST WIND DIRECTION    NW (320)
  HIGHEST GUST SPEED    31   HIGHEST GUST DIRECTION    NW (320)
  AVERAGE WIND SPEED    12.4


SKY COVER
  POSSIBLE SUNSHINE  MM
  AVERAGE SKY COVER 0.3


WEATHER CONDITIONS
 THE FOLLOWING WEATHER WAS RECORDED YESTERDAY.
  NO SIGNIFICANT WEATHER WAS OBSERVED.


RELATIVE HUMIDITY (PERCENT)
 HIGHEST    92           300 AM
 LOWEST     50           300 PM
 AVERAGE    71

..........................................................


THE FARGO HECTOR INTL AP ND CLIMATE NORMALS FOR TODAY
                         NORMAL    RECORD    YEAR
 MAXIMUM TEMPERATURE (F)   35        67      1917
 MINIMUM TEMPERATURE (F)   18       -17      1896


SUNRISE AND SUNSET
NOVEMBER 19 2017......SUNRISE   736 AM CST   SUNSET   449 PM CST
NOVEMBER 20 2017......SUNRISE   738 AM CST   SUNSET   448 PM CST


-  INDICATES NEGATIVE NUMBERS.
R  INDICATES RECORD WAS SET OR TIED.
MM INDICATES DATA IS MISSING.
T  INDICATES TRACE AMOUNT.




$$
