716
CDUS43 KFGF 050715
CLIFAR


CLIMATE REPORT
NATIONAL WEATHER SERVICE EASTERN NORTH DAKOTA/GRAND FORKS
114 AM CST MON DEC 5 2016


...................................

...THE FARGO HECTOR INTL AP ND CLIMATE SUMMARY FOR DECEMBER 4 2016...

CLIMATE NORMAL PERIOD 1981 TO 2010
CLIMATE RECORD PERIOD 1881 TO 2016


WEATHER ITEM   OBSERVED TIME   RECORD YEAR NORMAL DEPARTURE LAST
                VALUE   (LST)  VALUE       VALUE  FROM      YEAR
                                                  NORMAL
..................................................................
TEMPERATURE (F)
 YESTERDAY
  MAXIMUM         35    327 PM  53    1916  26      9       40
  MINIMUM         24   1159 PM -35    1886  10     14       18
  AVERAGE         30                        18     12       29

PRECIPITATION (IN)
  YESTERDAY        0.05          0.53 2007   0.03   0.02     0.00
  MONTH TO DATE    0.05                      0.11  -0.06     0.19
  SINCE DEC 1      0.05                      0.11  -0.06     0.19
  SINCE JAN 1     22.31                     21.89   0.42    20.86

SNOWFALL (IN)
  YESTERDAY        0.3           5.9  2007   0.4   -0.1      0.0
  MONTH TO DATE    0.3                       1.4   -1.1      2.1
  SINCE DEC 1      0.3                       1.4   -1.1      2.1
  SINCE JUL 1      4.0                      10.0   -6.0      5.0
  SNOW DEPTH       T

DEGREE DAYS
 HEATING
  YESTERDAY       35                        47    -12       36
  MONTH TO DATE  140                       184    -44      155
  SINCE DEC 1    140                       184    -44      155
  SINCE JUL 1   1445                      2146   -701     1596

 COOLING
  YESTERDAY        0                         0      0        0
  MONTH TO DATE    0                         0      0        0
  SINCE DEC 1      0                         0      0        0
  SINCE JAN 1    661                       551    110      677
..................................................................


WIND (MPH)
  HIGHEST WIND SPEED    22   HIGHEST WIND DIRECTION     S (160)
  HIGHEST GUST SPEED    28   HIGHEST GUST DIRECTION     S (170)
  AVERAGE WIND SPEED    11.4


SKY COVER
  POSSIBLE SUNSHINE  MM
  AVERAGE SKY COVER 0.8


WEATHER CONDITIONS
 THE FOLLOWING WEATHER WAS RECORDED YESTERDAY.
  LIGHT SNOW
  FOG


RELATIVE HUMIDITY (PERCENT)
 HIGHEST    96           600 AM
 LOWEST     75           500 PM
 AVERAGE    86

..........................................................


THE FARGO HECTOR INTL AP ND CLIMATE NORMALS FOR TODAY
                         NORMAL    RECORD    YEAR
 MAXIMUM TEMPERATURE (F)   26        54      1939
 MINIMUM TEMPERATURE (F)   10       -18      1972


SUNRISE AND SUNSET
DECEMBER  5 2016......SUNRISE   757 AM CST   SUNSET   439 PM CST
DECEMBER  6 2016......SUNRISE   758 AM CST   SUNSET   439 PM CST


-  INDICATES NEGATIVE NUMBERS.
R  INDICATES RECORD WAS SET OR TIED.
MM INDICATES DATA IS MISSING.
T  INDICATES TRACE AMOUNT.




$$
