000
CDUS43 KFGF 242248
CLIFAR


CLIMATE REPORT
NATIONAL WEATHER SERVICE EASTERN NORTH DAKOTA/GRAND FORKS
447 PM CST WED DEC 24 2014


...................................

...THE FARGO HECTOR INTL AP ND CLIMATE SUMMARY FOR DECEMBER 24 2014...
VALID TODAY AS OF 0400 PM LOCAL TIME.

CLIMATE NORMAL PERIOD 1981 TO 2010
CLIMATE RECORD PERIOD 1881 TO 2014


WEATHER ITEM   OBSERVED TIME   RECORD YEAR NORMAL DEPARTURE LAST
                VALUE   (LST)  VALUE       VALUE  FROM      YEAR
                                                  NORMAL
..................................................................
TEMPERATURE (F)
 TODAY
  MAXIMUM         31    315 AM  45    1957  20     11       19
  MINIMUM         27    359 PM -27    1884   3     24      -15
  AVERAGE         29                        12     17        2

PRECIPITATION (IN)
  TODAY            T             0.42 1912   0.03  -0.03     0.10
  MONTH TO DATE    0.25                      0.63  -0.38     1.11
  SINCE DEC 1      0.25                      0.63  -0.38     1.11
  SINCE JAN 1     20.20                     22.41  -2.21    32.00

SNOWFALL (IN)
  TODAY            T             4.0  1907   0.4   -0.4      1.3
  MONTH TO DATE    0.9                       8.4   -7.5     14.3
  SINCE DEC 1      0.9                       8.4   -7.5     14.3
  SINCE JUL 1      4.5                      17.0  -12.5     14.6
  SNOW DEPTH       T

DEGREE DAYS
 HEATING
  TODAY           36                        54    -18       63
  MONTH TO DATE  973                      1198   -225     1477
  SINCE DEC 1    973                      1198   -225     1477
  SINCE JUL 1   2930                      3160   -230     3318

 COOLING
  TODAY            0                         0      0        0
  MONTH TO DATE    0                         0      0        0
  SINCE DEC 1      0                         0      0        0
  SINCE JAN 1    544                       551     -7      699
..................................................................


WIND (MPH)
  HIGHEST WIND SPEED    16   HIGHEST WIND DIRECTION     S (180)
  HIGHEST GUST SPEED    19   HIGHEST GUST DIRECTION     S (190)
  AVERAGE WIND SPEED     9.1


SKY COVER
  POSSIBLE SUNSHINE  MM
  AVERAGE SKY COVER 1.0


WEATHER CONDITIONS
 THE FOLLOWING WEATHER WAS RECORDED TODAY.
  LIGHT SNOW
  FOG


RELATIVE HUMIDITY (PERCENT)
 HIGHEST    92          1200 AM
 LOWEST     85           400 AM
 AVERAGE    89

..........................................................


THE FARGO HECTOR INTL AP ND CLIMATE NORMALS FOR TOMORROW
                         NORMAL    RECORD    YEAR
 MAXIMUM TEMPERATURE (F)   20        47      1999
 MINIMUM TEMPERATURE (F)    3       -31      1933
                                             1884


SUNRISE AND SUNSET
DECEMBER 24 2014......SUNRISE   811 AM CST   SUNSET   443 PM CST
DECEMBER 25 2014......SUNRISE   811 AM CST   SUNSET   443 PM CST


-  INDICATES NEGATIVE NUMBERS.
R  INDICATES RECORD WAS SET OR TIED.
MM INDICATES DATA IS MISSING.
T  INDICATES TRACE AMOUNT.




$$
