000
CDUS43 KFGF 290727
CLIFAR


CLIMATE REPORT
NATIONAL WEATHER SERVICE EASTERN NORTH DAKOTA/GRAND FORKS
227 AM CDT WED JUL 29 2015


...................................

...THE FARGO HECTOR INTL AP ND CLIMATE SUMMARY FOR JULY 28 2015...

CLIMATE NORMAL PERIOD 1981 TO 2010
CLIMATE RECORD PERIOD 1881 TO 2015


WEATHER ITEM   OBSERVED TIME   RECORD YEAR NORMAL DEPARTURE LAST
                VALUE   (LST)  VALUE       VALUE  FROM      YEAR
                                                  NORMAL
..................................................................
TEMPERATURE (F)
 YESTERDAY
  MAXIMUM         81    256 PM 110    1917  83     -2       77
  MINIMUM         67   1159 PM  44    2013  60      7       57
                                      1973
                                      1904
  AVERAGE         74                        71      3       67

PRECIPITATION (IN)
  YESTERDAY        0.65          1.60 1901   0.07   0.58     0.00
  MONTH TO DATE    2.78                      2.57   0.21     1.64
  SINCE JUN 1      5.53                      6.47  -0.94     7.33
  SINCE JAN 1     15.63                     13.28   2.35    14.35

SNOWFALL (IN)
  YESTERDAY        0.0           0.0    MM   0.0    0.0      0.0
  MONTH TO DATE    0.0                       0.0    0.0      0.0
  SINCE JUN 1      0.0                       0.0    0.0      0.0
  SINCE JUL 1      0.0                       0.0    0.0      0.0
  SNOW DEPTH       0

DEGREE DAYS
 HEATING
  YESTERDAY        0                         0      0        0
  MONTH TO DATE   12                        12      0       20
  SINCE JUN 1     35                        85    -50       50
  SINCE JUL 1     12                        12      0       20

 COOLING
  YESTERDAY        9                         7      2        2
  MONTH TO DATE  234                       186     48      154
  SINCE JUN 1    330                       293     37      256
  SINCE JAN 1    345                       324     21      335
..................................................................


WIND (MPH)
  HIGHEST WIND SPEED    36   HIGHEST WIND DIRECTION    SW (240)
  HIGHEST GUST SPEED    45   HIGHEST GUST DIRECTION    SW (240)
  AVERAGE WIND SPEED    19.4


SKY COVER
  POSSIBLE SUNSHINE  MM
  AVERAGE SKY COVER 0.4


WEATHER CONDITIONS
 THE FOLLOWING WEATHER WAS RECORDED YESTERDAY.
  HEAVY RAIN
  RAIN
  LIGHT RAIN
  FOG


RELATIVE HUMIDITY (PERCENT)
 HIGHEST    93           500 AM
 LOWEST     39           400 PM
 AVERAGE    66

..........................................................


THE FARGO HECTOR INTL AP ND CLIMATE NORMALS FOR TODAY
                         NORMAL    RECORD    YEAR
 MAXIMUM TEMPERATURE (F)   83       100      1975
 MINIMUM TEMPERATURE (F)   60        44      1899


SUNRISE AND SUNSET
JULY 29 2015..........SUNRISE   603 AM CDT   SUNSET   904 PM CDT
JULY 30 2015..........SUNRISE   604 AM CDT   SUNSET   902 PM CDT


-  INDICATES NEGATIVE NUMBERS.
R  INDICATES RECORD WAS SET OR TIED.
MM INDICATES DATA IS MISSING.
T  INDICATES TRACE AMOUNT.




$$
