000
CDUS43 KFGF 272254
CLIFAR


CLIMATE REPORT
NATIONAL WEATHER SERVICE EASTERN NORTH DAKOTA/GRAND FORKS
450 PM CST THU NOV 27 2014


...................................

...THE FARGO HECTOR INTL AP ND CLIMATE SUMMARY FOR NOVEMBER 27 2014...
VALID TODAY AS OF 0400 PM LOCAL TIME.

CLIMATE NORMAL PERIOD 1981 TO 2010
CLIMATE RECORD PERIOD 1881 TO 2014


WEATHER ITEM   OBSERVED TIME   RECORD YEAR NORMAL DEPARTURE LAST
                VALUE   (LST)  VALUE       VALUE  FROM      YEAR
                                                  NORMAL
..................................................................
TEMPERATURE (F)
 TODAY
  MAXIMUM          8    359 PM  54    1899  30    -22       25
  MINIMUM        -13    707 AM -24    1985  14    -27        3
  AVERAGE         -2                        22    -24       14

PRECIPITATION (IN)
  TODAY            0.00          0.70 1905   0.03  -0.03     0.00
  MONTH TO DATE    0.64                      0.92  -0.28     0.40
  SINCE SEP 1      3.42                      5.64  -2.22     8.97
  SINCE JAN 1     19.88                     21.70  -1.82    30.89

SNOWFALL (IN)
  TODAY            0.0           5.3  2001   0.3   -0.3      0.0
  MONTH TO DATE    2.9                       6.8   -3.9      0.3
  SINCE SEP 1      2.9                       7.5   -4.6      0.3
  SINCE JUL 1      2.9                       7.5   -4.6      0.3
  SNOW DEPTH       0

DEGREE DAYS
 HEATING
  TODAY           67                        43     24       51
  MONTH TO DATE 1102                       953    149      966
  SINCE SEP 1   1769                      1779    -10     1676
  SINCE JUL 1   1801                      1829    -28     1710

 COOLING
  TODAY            0                         0      0        0
  MONTH TO DATE    0                         0      0        0
  SINCE SEP 1     43                        46     -3       81
  SINCE JAN 1    544                       551     -7      699
..................................................................


WIND (MPH)
  HIGHEST WIND SPEED    15   HIGHEST WIND DIRECTION     S (170)
  HIGHEST GUST SPEED    18   HIGHEST GUST DIRECTION     S (170)
  AVERAGE WIND SPEED     5.3


SKY COVER
  POSSIBLE SUNSHINE  MM
  AVERAGE SKY COVER 0.1


WEATHER CONDITIONS
 THE FOLLOWING WEATHER WAS RECORDED TODAY.
  NO SIGNIFICANT WEATHER WAS OBSERVED.


RELATIVE HUMIDITY (PERCENT)
 HIGHEST    82           900 AM
 LOWEST     60           200 PM
 AVERAGE    71

..........................................................


THE FARGO HECTOR INTL AP ND CLIMATE NORMALS FOR TOMORROW
                         NORMAL    RECORD    YEAR
 MAXIMUM TEMPERATURE (F)   29        55      1901
 MINIMUM TEMPERATURE (F)   13       -24      1985
                                             1891


SUNRISE AND SUNSET
NOVEMBER 27 2014......SUNRISE   747 AM CST   SUNSET   443 PM CST
NOVEMBER 28 2014......SUNRISE   748 AM CST   SUNSET   442 PM CST


-  INDICATES NEGATIVE NUMBERS.
R  INDICATES RECORD WAS SET OR TIED.
MM INDICATES DATA IS MISSING.
T  INDICATES TRACE AMOUNT.




$$
