000
CDUS43 KFGF 190633
CLIFAR


CLIMATE REPORT
NATIONAL WEATHER SERVICE EASTERN NORTH DAKOTA/GRAND FORKS
133 AM CDT FRI SEP 19 2014


...................................

...THE FARGO HECTOR INTL AP ND CLIMATE SUMMARY FOR SEPTEMBER 18 2014...

CLIMATE NORMAL PERIOD 1981 TO 2010
CLIMATE RECORD PERIOD 1881 TO 2014


WEATHER ITEM   OBSERVED TIME   RECORD YEAR NORMAL DEPARTURE LAST
                VALUE   (LST)  VALUE       VALUE  FROM      YEAR
                                                  NORMAL
..................................................................
TEMPERATURE (F)
 YESTERDAY
  MAXIMUM         76    531 PM  95    1998  70      6       81
  MINIMUM         42    557 AM  23    1886  46     -4       60
  AVERAGE         59                        58      1       71

PRECIPITATION (IN)
  YESTERDAY        0.00          1.67 1988   0.08  -0.08     0.02
  MONTH TO DATE    2.17                      1.68   0.49     3.00
  SINCE SEP 1      2.17                      1.68   0.49     3.00
  SINCE JAN 1     18.63                     17.74   0.89    24.92

SNOWFALL (IN)
  YESTERDAY        0.0           T    1991   0.0    0.0      0.0
                                      1988
                                      1957
  MONTH TO DATE    0.0                       0.0    0.0      0.0
  SINCE SEP 1      0.0                       0.0    0.0      0.0
  SINCE JUL 1      0.0                       0.0    0.0      0.0
  SNOW DEPTH       0

DEGREE DAYS
 HEATING
  YESTERDAY        6                         8     -2        0
  MONTH TO DATE  121                        95     26       44
  SINCE SEP 1    121                        95     26       44
  SINCE JUL 1    153                       145      8       78

 COOLING
  YESTERDAY        0                         1     -1        6
  MONTH TO DATE    9                        36    -27       61
  SINCE SEP 1      9                        36    -27       61
  SINCE JAN 1    510                       541    -31      679
..................................................................


WIND (MPH)
  HIGHEST WIND SPEED    23   HIGHEST WIND DIRECTION     S (170)
  HIGHEST GUST SPEED    28   HIGHEST GUST DIRECTION     S (170)
  AVERAGE WIND SPEED    11.5


SKY COVER
  POSSIBLE SUNSHINE  MM
  AVERAGE SKY COVER 0.2


WEATHER CONDITIONS
 THE FOLLOWING WEATHER WAS RECORDED YESTERDAY.
  FOG


RELATIVE HUMIDITY (PERCENT)
 HIGHEST    96           600 AM
 LOWEST     57           300 PM
 AVERAGE    77

..........................................................


THE FARGO HECTOR INTL AP ND CLIMATE NORMALS FOR TODAY
                         NORMAL    RECORD    YEAR
 MAXIMUM TEMPERATURE (F)   69        96      1984
 MINIMUM TEMPERATURE (F)   46        27      1896


SUNRISE AND SUNSET
SEPTEMBER 19 2014.....SUNRISE   710 AM CDT   SUNSET   731 PM CDT
SEPTEMBER 20 2014.....SUNRISE   711 AM CDT   SUNSET   729 PM CDT


-  INDICATES NEGATIVE NUMBERS.
R  INDICATES RECORD WAS SET OR TIED.
MM INDICATES DATA IS MISSING.
T  INDICATES TRACE AMOUNT.




$$
