642
CDUS43 KFGF 222255
CLIFAR


CLIMATE REPORT
NATIONAL WEATHER SERVICE EASTERN NORTH DAKOTA/GRAND FORKS
450 PM CST WED FEB 22 2017


...................................

...THE FARGO HECTOR INTL AP ND CLIMATE SUMMARY FOR FEBRUARY 22 2017...
VALID TODAY AS OF 0400 PM LOCAL TIME.

CLIMATE NORMAL PERIOD 1981 TO 2010
CLIMATE RECORD PERIOD 1881 TO 2017


WEATHER ITEM   OBSERVED TIME   RECORD YEAR NORMAL DEPARTURE LAST
                VALUE   (LST)  VALUE       VALUE  FROM      YEAR
                                                  NORMAL
..................................................................
TEMPERATURE (F)
 TODAY
  MAXIMUM         36   1205 PM  49    1958  26     10       36
  MINIMUM         32   1247 AM -30    1891   9     23       22
  AVERAGE         34                        17     17       29

PRECIPITATION (IN)
  TODAY            0.26          0.41 1979   0.03   0.23     0.01
  MONTH TO DATE    0.66                      0.43   0.23     0.30
  SINCE DEC 1      2.91                      1.96   0.95     1.63
  SINCE JAN 1      1.64                      1.13   0.51     0.99

SNOWFALL (IN)
  TODAY            0.3           6.4  1979   0.3    0.0      0.3
  MONTH TO DATE    1.4                       5.2   -3.8      5.3
  SINCE DEC 1     22.8                      27.6   -4.8     21.4
  SINCE JUL 1     26.5                      36.2   -9.7     24.3
  SNOW DEPTH       0

DEGREE DAYS
 HEATING
  TODAY           31                        48    -17       36
  MONTH TO DATE  882                      1134   -252      958
  SINCE DEC 1   3940                      4440   -500     3845
  SINCE JUL 1   5245                      6402  -1157     5286

 COOLING
  TODAY            0                         0      0        0
  MONTH TO DATE    0                         0      0        0
  SINCE DEC 1      0                         0      0        0
  SINCE JAN 1      0                         0      0        0
..................................................................


WIND (MPH)
  HIGHEST WIND SPEED    26   HIGHEST WIND DIRECTION     N (360)
  HIGHEST GUST SPEED    32   HIGHEST GUST DIRECTION     N (350)
  AVERAGE WIND SPEED    11.1


SKY COVER
  POSSIBLE SUNSHINE  MM
  AVERAGE SKY COVER 0.9


WEATHER CONDITIONS
 THE FOLLOWING WEATHER WAS RECORDED TODAY.
  LIGHT RAIN
  SNOW
  LIGHT SNOW
  FOG
  FOG W/VISIBILITY <= 1/4 MILE


RELATIVE HUMIDITY (PERCENT)
 HIGHEST   100           100 AM
 LOWEST     92          1200 AM
 AVERAGE    96

..........................................................


THE FARGO HECTOR INTL AP ND CLIMATE NORMALS FOR TOMORROW
                         NORMAL    RECORD    YEAR
 MAXIMUM TEMPERATURE (F)   26        56      1958
 MINIMUM TEMPERATURE (F)    9       -35      1889


SUNRISE AND SUNSET
FEBRUARY 22 2017......SUNRISE   719 AM CST   SUNSET   603 PM CST
FEBRUARY 23 2017......SUNRISE   717 AM CST   SUNSET   604 PM CST


-  INDICATES NEGATIVE NUMBERS.
R  INDICATES RECORD WAS SET OR TIED.
MM INDICATES DATA IS MISSING.
T  INDICATES TRACE AMOUNT.




$$
