000
CDUS43 KFGF 200633
CLIFAR


CLIMATE REPORT
NATIONAL WEATHER SERVICE EASTERN NORTH DAKOTA/GRAND FORKS
133 AM CDT WED AUG 20 2014


...................................

...THE FARGO HECTOR INTL AP ND CLIMATE SUMMARY FOR AUGUST 19 2014...

CLIMATE NORMAL PERIOD 1981 TO 2010
CLIMATE RECORD PERIOD 1881 TO 2014


WEATHER ITEM   OBSERVED TIME   RECORD YEAR NORMAL DEPARTURE LAST
                VALUE   (LST)  VALUE       VALUE  FROM      YEAR
                                                  NORMAL
..................................................................
TEMPERATURE (F)
 YESTERDAY
  MAXIMUM         83    500 PM 105    1976  81      2       90
  MINIMUM         58    553 AM  39    2004  57      1       67
  AVERAGE         71                        69      2       79

PRECIPITATION (IN)
  YESTERDAY        0.00          3.41 1935   0.10  -0.10     0.00
  MONTH TO DATE    1.19                      1.43  -0.24     0.25
  SINCE JUN 1      8.52                      8.12   0.40     8.88
  SINCE JAN 1     15.54                     14.93   0.61    21.78

SNOWFALL (IN)
  YESTERDAY        0.0           0.0    MM   0.0    0.0      0.0
  MONTH TO DATE    0.0                       0.0    0.0      0.0
  SINCE JUN 1      0.0                       0.0    0.0      0.0
  SINCE JUL 1      0.0                       0.0    0.0      0.0
  SNOW DEPTH       0

DEGREE DAYS
 HEATING
  YESTERDAY        0                         1     -1        0
  MONTH TO DATE    0                        15    -15       17
  SINCE JUN 1     50                       104    -54       96
  SINCE JUL 1     20                        31    -11       34

 COOLING
  YESTERDAY        6                         5      1       14
  MONTH TO DATE  114                       117     -3       53
  SINCE JUN 1    379                       426    -47      432
  SINCE JAN 1    458                       457      1      461
..................................................................


WIND (MPH)
  HIGHEST WIND SPEED    10   HIGHEST WIND DIRECTION     N (360)
  HIGHEST GUST SPEED    15   HIGHEST GUST DIRECTION    NW (310)
  AVERAGE WIND SPEED     4.1


SKY COVER
  POSSIBLE SUNSHINE  MM
  AVERAGE SKY COVER 0.1


WEATHER CONDITIONS
 THE FOLLOWING WEATHER WAS RECORDED YESTERDAY.
  FOG


RELATIVE HUMIDITY (PERCENT)
 HIGHEST   100           400 AM
 LOWEST     51           500 PM
 AVERAGE    76

..........................................................


THE FARGO HECTOR INTL AP ND CLIMATE NORMALS FOR TODAY
                         NORMAL    RECORD    YEAR
 MAXIMUM TEMPERATURE (F)   81       104      1976
 MINIMUM TEMPERATURE (F)   57        34      2004


SUNRISE AND SUNSET
AUGUST 20 2014........SUNRISE   631 AM CDT   SUNSET   829 PM CDT
AUGUST 21 2014........SUNRISE   632 AM CDT   SUNSET   827 PM CDT


-  INDICATES NEGATIVE NUMBERS.
R  INDICATES RECORD WAS SET OR TIED.
MM INDICATES DATA IS MISSING.
T  INDICATES TRACE AMOUNT.




$$
