000
CDUS46 KHNX 280822
CLIFAT


CLIMATE REPORT
NATIONAL WEATHER SERVICE SAN JOAQUIN VALLEY, CA
122 AM PDT FRI APR 28 2017


...................................

...THE FRESNO CA CLIMATE SUMMARY FOR APRIL 27 2017...

CLIMATE NORMAL PERIOD 1981 TO 2010
CLIMATE RECORD PERIOD 1887 TO 2017


WEATHER ITEM   OBSERVED TIME   RECORD YEAR NORMAL DEPARTURE
                VALUE   (LST)  VALUE       VALUE  FROM
                                                  NORMAL
...............................................................
TEMPERATURE (F)
 YESTERDAY
  MAXIMUM         77    305 PM  98    2004  78     -1
                                      1987
  MINIMUM         54    552 AM  36    1955  52      2
  AVERAGE         66                        65      1

PRECIPITATION (IN)
  YESTERDAY        0.00          0.94 1953   0.03  -0.03
  MONTH TO DATE    3.42                      0.88   2.54
  SINCE OCT 1     17.08                     10.60   6.48
  SINCE JAN 1     12.52                      7.13   5.39

SNOWFALL (IN)
  YESTERDAY        0.0
  MONTH TO DATE    0.0
  SINCE MAR 1      0.0
  SINCE JUL 1      0.0
  SNOW DEPTH       0

DEGREE DAYS
 HEATING
  YESTERDAY        0                               -2
  MONTH TO DATE   93                              -37
  SINCE MAR 1    295                             -100
  SINCE JUL 1   1909                             -398

 COOLING
  YESTERDAY        1                               -2
  MONTH TO DATE    9                              -29
  SINCE MAR 1     26                              -17
  SINCE JAN 1     26                              -17
...............................................................


WIND (MPH)
  HIGHEST WIND SPEED    28   HIGHEST WIND DIRECTION    NW (300)
  HIGHEST GUST SPEED    35   HIGHEST GUST DIRECTION    NW (310)
  AVERAGE WIND SPEED    16.2




RELATIVE HUMIDITY (PERCENT)
 HIGHEST    93
 LOWEST     24
 AVERAGE    59

..........................................................


THE FRESNO CA CLIMATE NORMALS FOR TODAY
                         NORMAL    RECORD    YEAR
 MAXIMUM TEMPERATURE (F)   79        98      2007
 MINIMUM TEMPERATURE (F)   52        36      1970


SUNRISE AND SUNSET
APRIL 28 2017.........SUNRISE   608 AM PDT   SUNSET   745 PM PDT
APRIL 29 2017.........SUNRISE   607 AM PDT   SUNSET   746 PM PDT


-  INDICATES NEGATIVE NUMBERS.
R  INDICATES RECORD WAS SET OR TIED.
MM INDICATES DATA IS MISSING.
T  INDICATES TRACE AMOUNT.




$$
