000
CDUS46 KHNX 280830
CLIFAT


CLIMATE REPORT
NATIONAL WEATHER SERVICE SAN JOAQUIN VALLEY, CA
1229 AM PST FRI NOV 28 2014


...................................

...THE FRESNO CA CLIMATE SUMMARY FOR NOVEMBER 27 2014...

CLIMATE NORMAL PERIOD 1981 TO 2010
CLIMATE RECORD PERIOD 1887 TO 2014


WEATHER ITEM   OBSERVED TIME   RECORD YEAR NORMAL DEPARTURE
                VALUE   (LST)  VALUE       VALUE  FROM
                                                  NORMAL
...............................................................
TEMPERATURE (F)
 YESTERDAY
  MAXIMUM         72    358 PM  78    1959  60     12
  MINIMUM         42    616 AM  27    1948  40      2
  AVERAGE         57                        50      7

PRECIPITATION (IN)
  YESTERDAY        0.00          0.38 1905   0.04  -0.04
  MONTH TO DATE    0.39                      0.96  -0.57
  SINCE JUL 1      1.08                      1.78  -0.70
  SINCE JAN 1      5.16                      9.62  -4.46

SNOWFALL (IN)
  YESTERDAY        0.0
  MONTH TO DATE    0.0
  SINCE SEP 1      0.0
  SINCE JUL 1      0.0
  SNOW DEPTH       0

DEGREE DAYS
 HEATING
  YESTERDAY        8                               -7
  MONTH TO DATE  191                              -88
  SINCE SEP 1    196                             -146
  SINCE JUL 1    196                             -146

 COOLING
  YESTERDAY        0                                0
  MONTH TO DATE    2                                2
  SINCE SEP 1    711                              273
  SINCE JAN 1   2932                              810
...............................................................


WIND (MPH)
  HIGHEST WIND SPEED     6   HIGHEST WIND DIRECTION     W (290)
  HIGHEST GUST SPEED     9   HIGHEST GUST DIRECTION    NW (310)
  AVERAGE WIND SPEED     1.3




RELATIVE HUMIDITY (PERCENT)
 HIGHEST    96
 LOWEST     38
 AVERAGE    67

..........................................................


THE FRESNO CA CLIMATE NORMALS FOR TODAY
                         NORMAL    RECORD    YEAR
 MAXIMUM TEMPERATURE (F)   60        76      1891
 MINIMUM TEMPERATURE (F)   40        28      1969
                                             1952
                                             1948


SUNRISE AND SUNSET
NOVEMBER 28 2014......SUNRISE   650 AM PST   SUNSET   443 PM PST
NOVEMBER 29 2014......SUNRISE   651 AM PST   SUNSET   443 PM PST


-  INDICATES NEGATIVE NUMBERS.
R  INDICATES RECORD WAS SET OR TIED.
MM INDICATES DATA IS MISSING.
T  INDICATES TRACE AMOUNT.




$$
