000
CDUS46 KHNX 230823
CLIFAT


CLIMATE REPORT
NATIONAL WEATHER SERVICE SAN JOAQUIN VALLEY, CA
122 AM PDT MON OCT 23 2017


...................................

...THE FRESNO CA CLIMATE SUMMARY FOR OCTOBER 22 2017...

CLIMATE NORMAL PERIOD 1981 TO 2010
CLIMATE RECORD PERIOD 1887 TO 2017


WEATHER ITEM   OBSERVED TIME   RECORD YEAR NORMAL DEPARTURE
                VALUE   (LST)  VALUE       VALUE  FROM
                                                  NORMAL
...............................................................
TEMPERATURE (F)
 YESTERDAY
  MAXIMUM         74    231 PM  92    1948  77     -3
                                      1937
  MINIMUM         48    644 AM  35    1961  51     -3
  AVERAGE         61                        64     -3

PRECIPITATION (IN)
  YESTERDAY        0.00          0.56 1889   0.02  -0.02
  MONTH TO DATE    0.09                      0.36  -0.27
  SINCE OCT 1      0.09                      0.36  -0.27
  SINCE JAN 1     12.89                      8.39   4.50

SNOWFALL (IN)
  YESTERDAY        0.0
  MONTH TO DATE    0.0
  SINCE SEP 1      0.0
  SINCE JUL 1      0.0
  SNOW DEPTH       0

DEGREE DAYS
 HEATING
  YESTERDAY        4                                1
  MONTH TO DATE   37                               11
  SINCE SEP 1     41                               13
  SINCE JUL 1     41                               13

 COOLING
  YESTERDAY        0                               -2
  MONTH TO DATE   32                              -61
  SINCE SEP 1    407                              -24
  SINCE JAN 1   2446                              331
...............................................................


WIND (MPH)
  HIGHEST WIND SPEED    10   HIGHEST WIND DIRECTION    NW (300)
  HIGHEST GUST SPEED    12   HIGHEST GUST DIRECTION    NW (300)
  AVERAGE WIND SPEED     1.6




RELATIVE HUMIDITY (PERCENT)
 HIGHEST    86
 LOWEST     35
 AVERAGE    61

..........................................................


THE FRESNO CA CLIMATE NORMALS FOR TODAY
                         NORMAL    RECORD    YEAR
 MAXIMUM TEMPERATURE (F)   76        90      1965
                                             1929
 MINIMUM TEMPERATURE (F)   51        35      1975
                                             1961


SUNRISE AND SUNSET
OCTOBER 23 2017.......SUNRISE   714 AM PDT   SUNSET   612 PM PDT
OCTOBER 24 2017.......SUNRISE   715 AM PDT   SUNSET   610 PM PDT


-  INDICATES NEGATIVE NUMBERS.
R  INDICATES RECORD WAS SET OR TIED.
MM INDICATES DATA IS MISSING.
T  INDICATES TRACE AMOUNT.




$$
