000
CDUS46 KHNX 290822
CLIFAT


CLIMATE REPORT
NATIONAL WEATHER SERVICE SAN JOAQUIN VALLEY, CA
121 AM PDT FRI MAY 29 2015


...................................

...THE FRESNO CA CLIMATE SUMMARY FOR MAY 28 2015...

CLIMATE NORMAL PERIOD 1981 TO 2010
CLIMATE RECORD PERIOD 1887 TO 2015


WEATHER ITEM   OBSERVED TIME   RECORD YEAR NORMAL DEPARTURE
                VALUE   (LST)  VALUE       VALUE  FROM
                                                  NORMAL
...............................................................
TEMPERATURE (F)
 YESTERDAY
  MAXIMUM         90    445 PM 107    1984  87      3
  MINIMUM         59    538 AM  45    1927  59      0
  AVERAGE         75                        73      2

PRECIPITATION (IN)
  YESTERDAY        0.00          1.34 1906   0.01  -0.01
  MONTH TO DATE    0.57                      0.40   0.17
  SINCE OCT 1      6.41                     11.07  -4.66
  SINCE JAN 1      3.22                      7.60  -4.38

SNOWFALL (IN)
  YESTERDAY        0.0
  MONTH TO DATE    0.0
  SINCE MAR 1      0.0
  SINCE JUL 1      0.0
  SNOW DEPTH       0

DEGREE DAYS
 HEATING
  YESTERDAY        0                                0
  MONTH TO DATE   25                               -4
  SINCE MAR 1    193                             -237
  SINCE JUL 1   1519                             -823

 COOLING
  YESTERDAY       10                                2
  MONTH TO DATE  100                              -63
  SINCE MAR 1    228                               14
  SINCE JAN 1    228                               14
...............................................................


WIND (MPH)
  HIGHEST WIND SPEED    14   HIGHEST WIND DIRECTION    NW (310)
  HIGHEST GUST SPEED    18   HIGHEST GUST DIRECTION     W (270)
  AVERAGE WIND SPEED     8.1




RELATIVE HUMIDITY (PERCENT)
 HIGHEST    75
 LOWEST     16
 AVERAGE    46

..........................................................


THE FRESNO CA CLIMATE NORMALS FOR TODAY
                         NORMAL    RECORD    YEAR
 MAXIMUM TEMPERATURE (F)   88       107      1984
 MINIMUM TEMPERATURE (F)   59        45      1906


SUNRISE AND SUNSET
MAY 29 2015...........SUNRISE   543 AM PDT   SUNSET   810 PM PDT
MAY 30 2015...........SUNRISE   542 AM PDT   SUNSET   811 PM PDT


-  INDICATES NEGATIVE NUMBERS.
R  INDICATES RECORD WAS SET OR TIED.
MM INDICATES DATA IS MISSING.
T  INDICATES TRACE AMOUNT.




$$
