000
CDUS46 KHNX 270829
CLIFAT


CLIMATE REPORT
NATIONAL WEATHER SERVICE SAN JOAQUIN VALLEY, CA
126 AM PDT FRI MAY 27 2016


...................................

...THE FRESNO CA CLIMATE SUMMARY FOR MAY 26 2016...

CLIMATE NORMAL PERIOD 1981 TO 2010
CLIMATE RECORD PERIOD 1887 TO 2016


WEATHER ITEM   OBSERVED TIME   RECORD YEAR NORMAL DEPARTURE
                VALUE   (LST)  VALUE       VALUE  FROM
                                                  NORMAL
...............................................................
TEMPERATURE (F)
 YESTERDAY
  MAXIMUM         83    347 PM 103    1974  87     -4
                                      1951
  MINIMUM         55    525 AM  40    1953  58     -3
  AVERAGE         69                        72     -3

PRECIPITATION (IN)
  YESTERDAY        0.00          0.94 1946   0.02  -0.02
  MONTH TO DATE    0.29                      0.38  -0.09
  SINCE OCT 1     14.23                     11.05   3.18
  SINCE JAN 1      9.03                      7.58   1.45

SNOWFALL (IN)
  YESTERDAY        0.0
  MONTH TO DATE    0.0
  SINCE MAR 1      0.0
  SINCE JUL 1      0.0
  SNOW DEPTH       0

DEGREE DAYS
 HEATING
  YESTERDAY        0                                0
  MONTH TO DATE   10                              -19
  SINCE MAR 1    246                             -184
  SINCE JUL 1   1947                             -395

 COOLING
  YESTERDAY        4                               -4
  MONTH TO DATE  144                               -3
  SINCE MAR 1    208                               10
  SINCE JAN 1    208                               10
...............................................................


WIND (MPH)
  HIGHEST WIND SPEED    16   HIGHEST WIND DIRECTION    NW (310)
  HIGHEST GUST SPEED    20   HIGHEST GUST DIRECTION     W (290)
  AVERAGE WIND SPEED     7.0




RELATIVE HUMIDITY (PERCENT)
 HIGHEST    77
 LOWEST     30
 AVERAGE    54

..........................................................


THE FRESNO CA CLIMATE NORMALS FOR TODAY
                         NORMAL    RECORD    YEAR
 MAXIMUM TEMPERATURE (F)   87       104      1974
 MINIMUM TEMPERATURE (F)   58        46      1998
                                             1953
                                             1918


SUNRISE AND SUNSET
MAY 27 2016...........SUNRISE   543 AM PDT   SUNSET   809 PM PDT
MAY 28 2016...........SUNRISE   543 AM PDT   SUNSET   810 PM PDT


-  INDICATES NEGATIVE NUMBERS.
R  INDICATES RECORD WAS SET OR TIED.
MM INDICATES DATA IS MISSING.
T  INDICATES TRACE AMOUNT.




$$
