000
CDUS46 KHNX 230826
CLIFAT


CLIMATE REPORT
NATIONAL WEATHER SERVICE SAN JOAQUIN VALLEY, CA
1224 AM PST THU FEB 23 2017


...................................

...THE FRESNO CA CLIMATE SUMMARY FOR FEBRUARY 22 2017...

CLIMATE NORMAL PERIOD 1981 TO 2010
CLIMATE RECORD PERIOD 1887 TO 2017


WEATHER ITEM   OBSERVED TIME   RECORD YEAR NORMAL DEPARTURE
                VALUE   (LST)  VALUE       VALUE  FROM
                                                  NORMAL
...............................................................
TEMPERATURE (F)
 YESTERDAY
  MAXIMUM         57    301 PM  78    1989  64     -7
  MINIMUM         45   1159 PM  30    1953  43      2
                                      1951
                                      1894
  AVERAGE         51                        53     -2

PRECIPITATION (IN)
  YESTERDAY        T             1.13 1936   0.07  -0.07
  MONTH TO DATE    2.52                      1.60   0.92
  SINCE OCT 1     12.58                      7.26   5.32
  SINCE JAN 1      8.02                      3.79   4.23

SNOWFALL (IN)
  YESTERDAY       MM
  MONTH TO DATE    0.0
  SINCE DEC 1      0.0
  SINCE JUL 1      0.0
  SNOW DEPTH       0

DEGREE DAYS
 HEATING
  YESTERDAY       14                                2
  MONTH TO DATE  194                             -115
  SINCE DEC 1   1252                             -204
  SINCE JUL 1   1503                             -341

 COOLING
  YESTERDAY        0                                0
  MONTH TO DATE    0                                0
  SINCE DEC 1      0                                0
  SINCE JAN 1      0                                0
...............................................................


WIND (MPH)
  HIGHEST WIND SPEED    23   HIGHEST WIND DIRECTION    NW (300)
  HIGHEST GUST SPEED    30   HIGHEST GUST DIRECTION     W (280)
  AVERAGE WIND SPEED    12.2




RELATIVE HUMIDITY (PERCENT)
 HIGHEST    86
 LOWEST     43
 AVERAGE    65

..........................................................


THE FRESNO CA CLIMATE NORMALS FOR TODAY
                         NORMAL    RECORD    YEAR
 MAXIMUM TEMPERATURE (F)   64        79      1981
 MINIMUM TEMPERATURE (F)   43        30      1942


SUNRISE AND SUNSET
FEBRUARY 23 2017......SUNRISE   637 AM PST   SUNSET   548 PM PST
FEBRUARY 24 2017......SUNRISE   636 AM PST   SUNSET   549 PM PST


-  INDICATES NEGATIVE NUMBERS.
R  INDICATES RECORD WAS SET OR TIED.
MM INDICATES DATA IS MISSING.
T  INDICATES TRACE AMOUNT.




$$
