000
CDUS42 KRAH 310646
CLIFAY


CLIMATE REPORT
NATIONAL WEATHER SERVICE RALEIGH NC
143 AM EST SAT JAN 31 2015


...................................

...THE FAYETTEVILLE REGL AIRPORT NC CLIMATE SUMMARY FOR JANUARY 30 2015...

CLIMATE NORMAL PERIOD 1981 TO 2010
CLIMATE RECORD PERIOD 1910 TO 2015


WEATHER ITEM   OBSERVED TIME   RECORD YEAR NORMAL DEPARTURE LAST
                VALUE   (LST)  VALUE       VALUE  FROM      YEAR
                                                  NORMAL
..................................................................
TEMPERATURE (F)
 YESTERDAY
  MAXIMUM         51    336 PM  79    2002  56     -5       37
  MINIMUM         33   1159 PM   8    2014  34     -1        8
                                      1934
  AVERAGE         42                        45     -3       23

PRECIPITATION (IN)
  YESTERDAY        0.00          0.85 1912   0.14  -0.14     0.00
  MONTH TO DATE    4.37                      3.17   1.20     4.06
  SINCE DEC 1      8.59                      5.82   2.77     8.34
  SINCE JAN 1      4.37                      3.17   1.20     4.06

DEGREE DAYS
 HEATING
  YESTERDAY       23                        20      3       42
  MONTH TO DATE  657                       644     13      755
  SINCE DEC 1   1197                      1255    -58     1252
  SINCE JUL 1   1741                      1703     38     1768

 COOLING
  YESTERDAY        0                         0      0        0
  MONTH TO DATE    0                         0      0        0
  SINCE DEC 1      0                         2     -2       17
  SINCE JAN 1      0                         0      0        0
..................................................................


WIND (MPH)
  HIGHEST WIND SPEED    25   HIGHEST WIND DIRECTION    NW (330)
  HIGHEST GUST SPEED    36   HIGHEST GUST DIRECTION    NW (310)
  AVERAGE WIND SPEED    13.4


SKY COVER
  POSSIBLE SUNSHINE  MM
  AVERAGE SKY COVER 0.2


WEATHER CONDITIONS
 THE FOLLOWING WEATHER WAS RECORDED YESTERDAY.
  NO SIGNIFICANT WEATHER WAS OBSERVED.


RELATIVE HUMIDITY (PERCENT)
 HIGHEST    71           200 AM
 LOWEST     24           300 PM
 AVERAGE    48

..........................................................


THE FAYETTEVILLE REGL AIRPORT NC CLIMATE NORMALS FOR TODAY
                         NORMAL    RECORD    YEAR
 MAXIMUM TEMPERATURE (F)   56        78      2002
 MINIMUM TEMPERATURE (F)   34         9      1934


SUNRISE AND SUNSET
JANUARY 31 2015.......SUNRISE   715 AM EST   SUNSET   543 PM EST
FEBRUARY  1 2015......SUNRISE   714 AM EST   SUNSET   544 PM EST


-  INDICATES NEGATIVE NUMBERS.
R  INDICATES RECORD WAS SET OR TIED.
MM INDICATES DATA IS MISSING.
T  INDICATES TRACE AMOUNT.




$$
