000
CDUS42 KRAH 080048
CLIFAY


CLIMATE REPORT
NATIONAL WEATHER SERVICE RALEIGH NC
846 PM EDT TUE JUL 7 2015


...................................

...THE FAYETTEVILLE REGL AIRPORT NC CLIMATE SUMMARY FOR JULY 7 2015...
VALID AS OF 0846 PM LOCAL TIME.

CLIMATE NORMAL PERIOD 1981 TO 2010
CLIMATE RECORD PERIOD 1910 TO 2015


WEATHER ITEM   OBSERVED TIME   RECORD YEAR NORMAL DEPARTURE LAST
                VALUE   (LST)  VALUE       VALUE  FROM      YEAR
                                                  NORMAL
..................................................................
TEMPERATURE (F)
 TODAY
  MAXIMUM         93    341 PM 103    2010  91      2       94
  MINIMUM         72    541 AM  55    1951  71      1       65
  AVERAGE         83                        81      2       80

PRECIPITATION (IN)
  TODAY            0.00          1.90 1950   0.17  -0.17     0.00
  MONTH TO DATE    0.42                      1.17  -0.75     0.08
  SINCE JUN 1      9.56                      5.52   4.04     2.77
  SINCE JAN 1     24.83                     21.19   3.64    21.22

DEGREE DAYS
 HEATING
  TODAY            0                         0      0        0
  MONTH TO DATE    0                         0      0        0
  SINCE JUN 1      0                         0      0        0
  SINCE JUL 1      0                         0      0        0

 COOLING
  TODAY           18                        16      2       15
  MONTH TO DATE  110                       112     -2      106
  SINCE JUN 1    599                       508     91      563
  SINCE JAN 1    929                       792    137      929
..................................................................


WIND (MPH)
  RESULTANT WIND SPEED   7   RESULTANT WIND DIRECTION   S (200)
  HIGHEST WIND SPEED    18   HIGHEST WIND DIRECTION     S (180)
  HIGHEST GUST SPEED    23   HIGHEST GUST DIRECTION     S (170)
  AVERAGE WIND SPEED     7.4


SKY COVER
  POSSIBLE SUNSHINE  MM
  AVERAGE SKY COVER 0.1


WEATHER CONDITIONS
 THE FOLLOWING WEATHER WAS RECORDED TODAY.
  NO SIGNIFICANT WEATHER WAS OBSERVED.


RELATIVE HUMIDITY (PERCENT)
 HIGHEST   100           500 AM
 LOWEST     46           200 PM
 AVERAGE    73

..........................................................




SUNRISE AND SUNSET
JULY  7 2015..........SUNRISE   608 AM EDT   SUNSET   833 PM EDT
JULY  8 2015..........SUNRISE   609 AM EDT   SUNSET   832 PM EDT


-  INDICATES NEGATIVE NUMBERS.
R  INDICATES RECORD WAS SET OR TIED.
MM INDICATES DATA IS MISSING.
T  INDICATES TRACE AMOUNT.




$$
