000
CDUS42 KRAH 010721
CLIFAY


CLIMATE REPORT
NATIONAL WEATHER SERVICE RALEIGH NC
319 AM EDT WED OCT 1 2014


...................................

...THE FAYETTEVILLE REGL AIRPORT NC CLIMATE SUMMARY FOR SEPTEMBER 30 2014...

CLIMATE NORMAL PERIOD 1981 TO 2010
CLIMATE RECORD PERIOD 1910 TO 2014


WEATHER ITEM   OBSERVED TIME   RECORD YEAR NORMAL DEPARTURE LAST
                VALUE   (LST)  VALUE       VALUE  FROM      YEAR
                                                  NORMAL
..................................................................
TEMPERATURE (F)
 YESTERDAY
  MAXIMUM         80    347 PM  92    1939  79      1       78
  MINIMUM         58    559 AM  40    1967  59     -1       55
  AVERAGE         69                        69      0       67

PRECIPITATION (IN)
  YESTERDAY        0.00          4.40 1924   0.15  -0.15     0.00
  MONTH TO DATE    6.86                      4.40   2.46     1.07
  SINCE SEP 1      6.86                      4.40   2.46     1.07
  SINCE JAN 1     33.78                     35.83  -2.05    35.63

DEGREE DAYS
 HEATING
  YESTERDAY        0                         1     -1        0
  MONTH TO DATE    5                         8     -3        0
  SINCE SEP 1      5                         9     -4        0
  SINCE JUL 1      5                         9     -4        0

 COOLING
  YESTERDAY        4                         5     -1        2
  MONTH TO DATE  293                       268     25      265
  SINCE SEP 1    293                       268     25      265
  SINCE JAN 1   2034                      1908    126     1844
..................................................................


WIND (MPH)
  HIGHEST WIND SPEED    10   HIGHEST WIND DIRECTION     N (20)
  HIGHEST GUST SPEED    14   HIGHEST GUST DIRECTION    NE (30)
  AVERAGE WIND SPEED     3.1


SKY COVER
  POSSIBLE SUNSHINE  MM
  AVERAGE SKY COVER 0.3


WEATHER CONDITIONS
 THE FOLLOWING WEATHER WAS RECORDED YESTERDAY.
  FOG
  FOG W/VISIBILITY <= 1/4 MILE


RELATIVE HUMIDITY (PERCENT)
 HIGHEST   100          1200 AM
 LOWEST     54           200 PM
 AVERAGE    77

..........................................................


THE FAYETTEVILLE REGL AIRPORT NC CLIMATE NORMALS FOR TODAY
                         NORMAL    RECORD    YEAR
 MAXIMUM TEMPERATURE (F)   79        95      1933
 MINIMUM TEMPERATURE (F)   58        39      1993


SUNRISE AND SUNSET
OCTOBER  1 2014.......SUNRISE   710 AM EDT   SUNSET   659 PM EDT
OCTOBER  2 2014.......SUNRISE   711 AM EDT   SUNSET   658 PM EDT


-  INDICATES NEGATIVE NUMBERS.
R  INDICATES RECORD WAS SET OR TIED.
MM INDICATES DATA IS MISSING.
T  INDICATES TRACE AMOUNT.




$$
