000
CDUS42 KRAH 312057
CLIFAY


CLIMATE REPORT
NATIONAL WEATHER SERVICE RALEIGH NC
455 PM EDT FRI OCT 31 2014


...................................

...THE FAYETTEVILLE REGL AIRPORT NC CLIMATE SUMMARY FOR OCTOBER 31 2014...
VALID TODAY AS OF 0400 PM LOCAL TIME.

CLIMATE NORMAL PERIOD 1981 TO 2010
CLIMATE RECORD PERIOD 1910 TO 2014


WEATHER ITEM   OBSERVED TIME   RECORD YEAR NORMAL DEPARTURE LAST
                VALUE   (LST)  VALUE       VALUE  FROM      YEAR
                                                  NORMAL
..................................................................
TEMPERATURE (F)
 TODAY
  MAXIMUM         67    259 PM  88    1933  72     -5       79
  MINIMUM         45    247 AM  27    1952  47     -2       52
  AVERAGE         56                        59     -3       66

PRECIPITATION (IN)
  TODAY            0.00          1.42 1993   0.08  -0.08     0.02
  MONTH TO DATE    1.31                      3.21  -1.90     0.91
  SINCE SEP 1      8.17                      7.61   0.56     1.98
  SINCE JAN 1     35.09                     39.04  -3.95    36.54

DEGREE DAYS
 HEATING
  TODAY            9                         7      2        0
  MONTH TO DATE   70                       119    -49      103
  SINCE SEP 1     75                       127    -52      103
  SINCE JUL 1     75                       127    -52      103

 COOLING
  TODAY            0                         1     -1        1
  MONTH TO DATE   98                        70     28       81
  SINCE SEP 1    391                       338     53      346
  SINCE JAN 1   2132                      1978    154     1925
..................................................................


WIND (MPH)
  HIGHEST WIND SPEED    12   HIGHEST WIND DIRECTION     N (20)
  HIGHEST GUST SPEED    17   HIGHEST GUST DIRECTION     N (20)
  AVERAGE WIND SPEED     7.4


SKY COVER
  POSSIBLE SUNSHINE  MM
  AVERAGE SKY COVER 0.0


WEATHER CONDITIONS
 THE FOLLOWING WEATHER WAS RECORDED TODAY.
  FOG


RELATIVE HUMIDITY (PERCENT)
 HIGHEST    93          1200 AM
 LOWEST     42           300 PM
 AVERAGE    68

..........................................................


THE FAYETTEVILLE REGL AIRPORT NC CLIMATE NORMALS FOR TOMORROW
                         NORMAL    RECORD    YEAR
 MAXIMUM TEMPERATURE (F)   71        87      1961
 MINIMUM TEMPERATURE (F)   47        28      1954


SUNRISE AND SUNSET
OCTOBER 31 2014.......SUNRISE   736 AM EDT   SUNSET   622 PM EDT
NOVEMBER  1 2014......SUNRISE   736 AM EDT   SUNSET   621 PM EDT


-  INDICATES NEGATIVE NUMBERS.
R  INDICATES RECORD WAS SET OR TIED.
MM INDICATES DATA IS MISSING.
T  INDICATES TRACE AMOUNT.




$$
