000
CDUS42 KRAH 280804
CLIFAY


CLIMATE REPORT
NATIONAL WEATHER SERVICE RALEIGH NC
403 AM EDT FRI AUG 28 2015


...................................

...THE FAYETTEVILLE REGL AIRPORT NC CLIMATE SUMMARY FOR AUGUST 27 2015...

CLIMATE NORMAL PERIOD 1981 TO 2010
CLIMATE RECORD PERIOD 1910 TO 2015


WEATHER ITEM   OBSERVED TIME   RECORD YEAR NORMAL DEPARTURE LAST
                VALUE   (LST)  VALUE       VALUE  FROM      YEAR
                                                  NORMAL
..................................................................
TEMPERATURE (F)
 YESTERDAY
  MAXIMUM         84    147 PM 102    1954  88     -4       88
  MINIMUM         67   1157 PM  56    1942  68     -1       62
  AVERAGE         76                        78     -2       75

PRECIPITATION (IN)
  YESTERDAY        0.00          4.35 2002   0.17  -0.17     0.00
  MONTH TO DATE    1.75                      4.89  -3.14     3.92
  SINCE JUN 1     14.27                     15.16  -0.89     8.47
  SINCE JAN 1     29.54                     30.83  -1.29    26.92

DEGREE DAYS
 HEATING
  YESTERDAY        0                         0      0        0
  MONTH TO DATE    0                         0      0        0
  SINCE JUN 1      0                         0      0        0
  SINCE JUL 1      0                         0      0        0

 COOLING
  YESTERDAY       11                        13     -2       10
  MONTH TO DATE  419                       401     18      366
  SINCE JUN 1   1463                      1304    159     1307
  SINCE JAN 1   1793                      1588    205     1673
..................................................................


WIND (MPH)
  HIGHEST WIND SPEED    17   HIGHEST WIND DIRECTION    NE (60)
  HIGHEST GUST SPEED    22   HIGHEST GUST DIRECTION     E (70)
  AVERAGE WIND SPEED     8.0


SKY COVER
  POSSIBLE SUNSHINE  MM
  AVERAGE SKY COVER 0.7


WEATHER CONDITIONS
 THE FOLLOWING WEATHER WAS RECORDED YESTERDAY.
  NO SIGNIFICANT WEATHER WAS OBSERVED.


RELATIVE HUMIDITY (PERCENT)
 HIGHEST    93          1200 AM
 LOWEST     54           300 PM
 AVERAGE    74

..........................................................


THE FAYETTEVILLE REGL AIRPORT NC CLIMATE NORMALS FOR TODAY
                         NORMAL    RECORD    YEAR
 MAXIMUM TEMPERATURE (F)   88       101      1954
 MINIMUM TEMPERATURE (F)   68        53      1969


SUNRISE AND SUNSET
AUGUST 28 2015........SUNRISE   645 AM EDT   SUNSET   748 PM EDT
AUGUST 29 2015........SUNRISE   646 AM EDT   SUNSET   747 PM EDT


-  INDICATES NEGATIVE NUMBERS.
R  INDICATES RECORD WAS SET OR TIED.
MM INDICATES DATA IS MISSING.
T  INDICATES TRACE AMOUNT.




$$
