000
CDUS42 KRAH 160624
CLIFAY


CLIMATE REPORT
NATIONAL WEATHER SERVICE RALEIGH NC
221 AM EDT WED APR 16 2014


...................................

...THE FAYETTEVILLE REGL AIRPORT NC CLIMATE SUMMARY FOR APRIL 15 2014...

CLIMATE NORMAL PERIOD 1981 TO 2010
CLIMATE RECORD PERIOD 1910 TO 2014


WEATHER ITEM   OBSERVED TIME   RECORD YEAR NORMAL DEPARTURE LAST
                VALUE   (LST)  VALUE       VALUE  FROM      YEAR
                                                  NORMAL
..................................................................
TEMPERATURE (F)
 YESTERDAY
  MAXIMUM         75   1246 PM  95    2006  75      0       74
  MINIMUM         42   1154 PM  31    1957  50     -8       58
  AVERAGE         59                        63     -4       66

PRECIPITATION (IN)
  YESTERDAY        1.13          2.58 1921   0.08   1.05     0.01
  MONTH TO DATE    1.35                      1.61  -0.26     1.46
  SINCE MAR 1      4.99                      5.16  -0.17     3.13
  SINCE JAN 1     11.71                     11.22   0.49     8.77

DEGREE DAYS
 HEATING
  YESTERDAY        6                         5      1        0
  MONTH TO DATE   36                        89    -53       75
  SINCE MAR 1    533                       433    100      581
  SINCE JUL 1   2858                      2658    200     2677

 COOLING
  YESTERDAY        0                         2     -2        1
  MONTH TO DATE   35                        24     11       35
  SINCE MAR 1     36                        36      0       38
  SINCE JAN 1     39                        40     -1       43
..................................................................


WIND (MPH)
  HIGHEST WIND SPEED    31   HIGHEST WIND DIRECTION    NW (310)
  HIGHEST GUST SPEED    41   HIGHEST GUST DIRECTION     N (340)
  AVERAGE WIND SPEED    12.8


SKY COVER
  POSSIBLE SUNSHINE  MM
  AVERAGE SKY COVER 0.8


WEATHER CONDITIONS
 THE FOLLOWING WEATHER WAS RECORDED YESTERDAY.
  THUNDERSTORM
  HEAVY RAIN
  RAIN
  LIGHT RAIN
  FOG


RELATIVE HUMIDITY (PERCENT)
 HIGHEST    90          1200 AM
 LOWEST     64          1100 AM
 AVERAGE    77

..........................................................


THE FAYETTEVILLE REGL AIRPORT NC CLIMATE NORMALS FOR TODAY
                         NORMAL    RECORD    YEAR
 MAXIMUM TEMPERATURE (F)   75        94      2006
 MINIMUM TEMPERATURE (F)   51        28      1943


SUNRISE AND SUNSET
APRIL 16 2014.........SUNRISE   642 AM EDT   SUNSET   749 PM EDT
APRIL 17 2014.........SUNRISE   641 AM EDT   SUNSET   750 PM EDT


-  INDICATES NEGATIVE NUMBERS.
R  INDICATES RECORD WAS SET OR TIED.
MM INDICATES DATA IS MISSING.
T  INDICATES TRACE AMOUNT.




$$
