000
CDUS42 KRAH 180743
CLIFAY


CLIMATE REPORT
NATIONAL WEATHER SERVICE RALEIGH NC
341 AM EDT FRI AUG 18 2017


...................................

...THE FAYETTEVILLE REGL AIRPORT NC CLIMATE SUMMARY FOR AUGUST 17 2017...

CLIMATE NORMAL PERIOD 1981 TO 2010
CLIMATE RECORD PERIOD 1910 TO 2017


WEATHER ITEM   OBSERVED TIME   RECORD YEAR NORMAL DEPARTURE LAST
                VALUE   (LST)  VALUE       VALUE  FROM      YEAR
                                                  NORMAL
..................................................................
TEMPERATURE (F)
 YESTERDAY
  MAXIMUM         94    122 PM 104    1954  90      4       99
  MINIMUM         76   1159 PM  51    1979  70      6       76
  AVERAGE         85                        80      5       88

PRECIPITATION (IN)
  YESTERDAY        0.07          2.29 1964   0.19  -0.12     0.00
  MONTH TO DATE    3.34                      3.18   0.16     0.76
  SINCE JUN 1     15.79                     13.45   2.34     8.52
  SINCE JAN 1     31.43                     29.12   2.31    26.09

DEGREE DAYS
 HEATING
  YESTERDAY        0                         0      0        0
  MONTH TO DATE    0                         0      0        0
  SINCE JUN 1      0                         0      0        0
  SINCE JUL 1      0                         0      0        0

 COOLING
  YESTERDAY       20                        15      5       23
  MONTH TO DATE  271                       262      9      338
  SINCE JUN 1   1271                      1165    106     1409
  SINCE JAN 1   1774                      1449    325     1745
..................................................................


WIND (MPH)
  HIGHEST WIND SPEED    24   HIGHEST WIND DIRECTION    SW (240)
  HIGHEST GUST SPEED    30   HIGHEST GUST DIRECTION    SW (230)
  AVERAGE WIND SPEED     6.1


SKY COVER
  POSSIBLE SUNSHINE  MM
  AVERAGE SKY COVER 0.2


WEATHER CONDITIONS
 THE FOLLOWING WEATHER WAS RECORDED YESTERDAY.
  THUNDERSTORM
  RAIN
  LIGHT RAIN


RELATIVE HUMIDITY (PERCENT)
 HIGHEST   100           100 AM
 LOWEST     60           100 PM
 AVERAGE    80

..........................................................


THE FAYETTEVILLE REGL AIRPORT NC CLIMATE NORMALS FOR TODAY
                         NORMAL    RECORD    YEAR
 MAXIMUM TEMPERATURE (F)   90        98      1988
 MINIMUM TEMPERATURE (F)   70        52      1979


SUNRISE AND SUNSET
AUGUST 18 2017........SUNRISE   638 AM EDT   SUNSET   800 PM EDT
AUGUST 19 2017........SUNRISE   639 AM EDT   SUNSET   759 PM EDT


-  INDICATES NEGATIVE NUMBERS.
R  INDICATES RECORD WAS SET OR TIED.
MM INDICATES DATA IS MISSING.
T  INDICATES TRACE AMOUNT.




$$
