522
CDUS42 KFFC 220918
CLIFFC


CLIMATE REPORT
NATIONAL WEATHER SERVICE PEACHTREE CITY GA
418 AM EST WED FEB 22 2017


...................................

...THE PEACHTREE CITY CLIMATE SUMMARY FOR FEBRUARY 21 2017...

CLIMATE NORMAL PERIOD 1981 TO 2010
CLIMATE RECORD PERIOD 9999 TO 9999


WEATHER ITEM   OBSERVED TIME   RECORD YEAR NORMAL DEPARTURE LAST
                VALUE   (LST)  VALUE       VALUE  FROM      YEAR
                                                  NORMAL
..................................................................
TEMPERATURE (F)
 YESTERDAY
  MAXIMUM         70    207 PM  MM      MM  60     10       67
  MINIMUM         46    612 AM  MM      MM  36     10       50
  AVERAGE         58                        48     10       59

PRECIPITATION (IN)
  YESTERDAY        0.40         MM      MM   0.19   0.21     0.01
  MONTH TO DATE    2.20                      3.60  -1.40     3.74
  SINCE DEC 1     12.46                     11.94   0.52    23.10
  SINCE JAN 1      9.81                      7.80   2.01     8.11

SNOWFALL (IN)
  YESTERDAY        0.0          MM      MM  MM     MM        0.0
  MONTH TO DATE    0.0                      MM     MM         T
  SINCE DEC 1      0.0                      MM     MM        0.2
  SINCE JUL 1      0.0                      MM     MM        0.2
  SNOW DEPTH       0

DEGREE DAYS
 HEATING
  YESTERDAY        7                        17    -10        6
  MONTH TO DATE  252                       400   -148      402
  SINCE DEC 1   1234                      1727   -493     1430
  SINCE JUL 1   1584                      2269   -685     1816

 COOLING
  YESTERDAY        0                         0      0        0
  MONTH TO DATE    1                         0      1        0
  SINCE DEC 1      1                         0      1       14
  SINCE JAN 1      1                         0      1        0
..................................................................


WIND (MPH)
  RESULTANT WIND SPEED   3   RESULTANT WIND DIRECTION  SE (120)
  HIGHEST WIND SPEED    16   HIGHEST WIND DIRECTION    SE (140)
  HIGHEST GUST SPEED    23   HIGHEST GUST DIRECTION    SE (120)
  AVERAGE WIND SPEED     3.4


SKY COVER
  POSSIBLE SUNSHINE  MM
  AVERAGE SKY COVER 0.6


WEATHER CONDITIONS
 THE FOLLOWING WEATHER WAS RECORDED YESTERDAY.
  RAIN
  LIGHT RAIN
  FOG


RELATIVE HUMIDITY (PERCENT)
 HIGHEST   100           800 PM
 LOWEST     61           100 PM
 AVERAGE    81

..........................................................


THE PEACHTREE CITY CLIMATE NORMALS FOR TODAY
                         NORMAL    RECORD    YEAR
 MAXIMUM TEMPERATURE (F)   61        MM        MM
 MINIMUM TEMPERATURE (F)   36        MM        MM


SUNRISE AND SUNSET
FEBRUARY 22 2017......SUNRISE   714 AM EST   SUNSET   629 PM EST
FEBRUARY 23 2017......SUNRISE   713 AM EST   SUNSET   630 PM EST


-  INDICATES NEGATIVE NUMBERS.
R  INDICATES RECORD WAS SET OR TIED.
MM INDICATES DATA IS MISSING.
T  INDICATES TRACE AMOUNT.




$$
