000
CDUS43 KLMK 050643
CLIFFT


CLIMATE REPORT
NATIONAL WEATHER SERVICE LOUISVILLE KY
141 AM EST THU MAR 5 2015


...................................

...THE FRANKFORT KY CLIMATE SUMMARY FOR MARCH 4 2015...

CLIMATE NORMAL PERIOD 1981 TO 2010
CLIMATE RECORD PERIOD 1895 TO 2015


WEATHER ITEM   OBSERVED TIME   RECORD YEAR NORMAL DEPARTURE LAST
                VALUE   (LST)  VALUE       VALUE  FROM      YEAR
                                                  NORMAL
..................................................................
TEMPERATURE (F)
 YESTERDAY
  MAXIMUM         48   1215 AM  76    1992  51     -3       32
                                      1983
  MINIMUM         24   1159 PM  -1    1980  30     -6       10
                                      1943
  AVERAGE         36                        41     -5       21

PRECIPITATION (IN)
  YESTERDAY        2.25          2.54 2008   0.11   2.14     0.00
  MONTH TO DATE    2.84                      0.46   2.38     0.90
  SINCE MAR 1      2.84                      0.46   2.38     0.90
  SINCE JAN 1      6.40                      7.01  -0.61     7.10

SNOWFALL (IN)
  YESTERDAY       MM            MM      MM  MM     MM       MM
  MONTH TO DATE   MM                        MM     MM       MM
  SINCE MAR 1     MM                        MM     MM       MM
  SINCE JUL 1     MM                        MM     MM       MM
  SNOW DEPTH      MM

DEGREE DAYS
 HEATING
  YESTERDAY       29                        24      5       44
  MONTH TO DATE  112                        98     14      144
  SINCE MAR 1    112                        98     14      144
  SINCE JUL 1   4232                      3737    495     4256

 COOLING
  YESTERDAY        0                         0      0        0
  MONTH TO DATE    0                         0      0        0
  SINCE MAR 1      0                         0      0        0
  SINCE JAN 1      0                         0      0        0
..................................................................


WIND (MPH)
  HIGHEST WIND SPEED    17   HIGHEST WIND DIRECTION     N (350)
  HIGHEST GUST SPEED    24   HIGHEST GUST DIRECTION     N (360)
  AVERAGE WIND SPEED     7.0


SKY COVER
  POSSIBLE SUNSHINE  MM
  AVERAGE SKY COVER 1.0


WEATHER CONDITIONS
 THE FOLLOWING WEATHER WAS RECORDED YESTERDAY.
  RAIN
  LIGHT RAIN
  SNOW
  LIGHT SNOW
  FOG


RELATIVE HUMIDITY (PERCENT)
 HIGHEST   100           700 PM
 LOWEST     85           100 PM
 AVERAGE    93

..........................................................


THE FRANKFORT KY CLIMATE NORMALS FOR TODAY
                         NORMAL    RECORD    YEAR
 MAXIMUM TEMPERATURE (F)   52        82      1976
 MINIMUM TEMPERATURE (F)   31        -1      1978


SUNRISE AND SUNSET
MARCH  5 2015.........SUNRISE   706 AM EST   SUNSET   637 PM EST
MARCH  6 2015.........SUNRISE   705 AM EST   SUNSET   638 PM EST


-  INDICATES NEGATIVE NUMBERS.
R  INDICATES RECORD WAS SET OR TIED.
MM INDICATES DATA IS MISSING.
T  INDICATES TRACE AMOUNT.




$$
