090
CDUS43 KFGF 270635
CLIFGF


CLIMATE REPORT
NATIONAL WEATHER SERVICE EASTERN NORTH DAKOTA/GRAND FORKS
134 AM CDT WED JUL 27 2016


...................................

...THE GRAND FORKS UNIV. (NWS) ND CLIMATE SUMMARY FOR JULY 26 2016...

CLIMATE NORMAL PERIOD 1981 TO 2010
CLIMATE RECORD PERIOD 1890 TO 2016


WEATHER ITEM   OBSERVED TIME   RECORD YEAR NORMAL DEPARTURE LAST
                VALUE   (LST)  VALUE       VALUE  FROM      YEAR
                                                  NORMAL
..................................................................
TEMPERATURE (F)
 YESTERDAY
  MAXIMUM         85        MM 103    1941  82      3       87
  MINIMUM         67        MM  42    1907  59      8       66
                                      1905
  AVERAGE         76                        70      6       77

PRECIPITATION (IN)
  YESTERDAY        0.02          1.66 1935   0.09  -0.07     0.00
  MONTH TO DATE    6.31                      2.72   3.59     4.87
  SINCE JUN 1     10.03                      6.46   3.57     7.19
  SINCE JAN 1     17.13                     12.51   4.62    13.09

SNOWFALL (IN)
  YESTERDAY        0.0           0.0    MM   0.0    0.0      0.0
  MONTH TO DATE    0.0                       0.0    0.0      0.0
  SINCE JUN 1      0.0                       0.0    0.0      0.0
  SINCE JUL 1      0.0                       0.0    0.0      0.0
  SNOW DEPTH       0

DEGREE DAYS
 HEATING
  YESTERDAY        0                         0      0        0
  MONTH TO DATE    8                        19    -11       12
  SINCE JUN 1     54                       102    -48       58
  SINCE JUL 1      8                        19    -11       12

 COOLING
  YESTERDAY       11                         6      5       12
  MONTH TO DATE  147                       146      1      180
  SINCE JUN 1    234                       237     -3      281
  SINCE JAN 1    258                       263     -5      292
..................................................................


WIND (MPH)
  RESULTANT WIND SPEED  MM   RESULTANT WIND DIRECTION  MM
  HIGHEST WIND SPEED    MM   HIGHEST WIND DIRECTION    MM
  HIGHEST GUST SPEED    MM   HIGHEST GUST DIRECTION    MM
  AVERAGE WIND SPEED    MM


SKY COVER
  POSSIBLE SUNSHINE  MM
  AVERAGE SKY COVER  MM


WEATHER CONDITIONS
 THE FOLLOWING WEATHER WAS RECORDED YESTERDAY.
  NO SIGNIFICANT WEATHER WAS OBSERVED.


RELATIVE HUMIDITY (PERCENT)
 HIGHEST    MM
 LOWEST     MM
 AVERAGE    MM

..........................................................


THE GRAND FORKS UNIV. (NWS) ND CLIMATE NORMALS FOR TODAY
                         NORMAL    RECORD    YEAR
 MAXIMUM TEMPERATURE (F)   82       102      1931
 MINIMUM TEMPERATURE (F)   59        42      1925


SUNRISE AND SUNSET
JULY 27 2016..........SUNRISE   559 AM CDT   SUNSET   910 PM CDT
JULY 28 2016..........SUNRISE   600 AM CDT   SUNSET   908 PM CDT


-  INDICATES NEGATIVE NUMBERS.
R  INDICATES RECORD WAS SET OR TIED.
MM INDICATES DATA IS MISSING.
T  INDICATES TRACE AMOUNT.




$$
