000
CSUS97 KFGF 170641
CLIFGF


CLIMATE REPORT
NATIONAL WEATHER SERVICE EASTERN NORTH DAKOTA/GRAND FORKS
140 AM CDT THU APR 17 2014


...................................

...THE GRAND FORKS UNIV. (NWS) ND CLIMATE SUMMARY FOR APRIL 16 2014...

CLIMATE NORMAL PERIOD 1981 TO 2010
CLIMATE RECORD PERIOD 1890 TO 2014


WEATHER ITEM   OBSERVED TIME   RECORD YEAR NORMAL DEPARTURE LAST
                VALUE   (LST)  VALUE       VALUE  FROM      YEAR
                                                  NORMAL
..................................................................
TEMPERATURE (F)
 YESTERDAY
  MAXIMUM         41        MM  87    2002  55    -14       34
  MINIMUM         27        MM  12    1921  32     -5       29
  AVERAGE         34                        44    -10       32

PRECIPITATION (IN)
  YESTERDAY        0.00          0.81   MM   0.03  -0.03      T
  MONTH TO DATE    0.16                      0.46  -0.30     0.60
  SINCE MAR 1      1.27                      1.48  -0.21     1.32
  SINCE JAN 1      2.00                      2.78  -0.78     2.14

SNOWFALL (IN)
  YESTERDAY        0.0           2.0    MM   0.0    0.0       T
  MONTH TO DATE    1.1                       0.7    0.4      6.5
  SINCE MAR 1     14.6                       7.1    7.5     25.7
  SINCE JUL 1     60.3                      42.4   17.9     59.3
  SNOW DEPTH       0

DEGREE DAYS
 HEATING
  YESTERDAY       31                        22      9       33
  MONTH TO DATE  510                       412     98      594
  SINCE MAR 1   1946                      1618    328     2100
  SINCE JUL 1   9692                      8578   1114     9117

 COOLING
  YESTERDAY        0                         0      0        0
  MONTH TO DATE    0                         0      0        0
  SINCE MAR 1      0                         0      0        0
  SINCE JAN 1      0                         0      0        0
..................................................................


WIND (MPH)
  RESULTANT WIND SPEED  MM   RESULTANT WIND DIRECTION  MM
  HIGHEST WIND SPEED    MM   HIGHEST WIND DIRECTION    MM
  HIGHEST GUST SPEED    MM   HIGHEST GUST DIRECTION    MM
  AVERAGE WIND SPEED    MM


SKY COVER
  POSSIBLE SUNSHINE  MM
  AVERAGE SKY COVER  MM


WEATHER CONDITIONS
 THE FOLLOWING WEATHER WAS RECORDED YESTERDAY.
  NO SIGNIFICANT WEATHER WAS OBSERVED.


RELATIVE HUMIDITY (PERCENT)
 HIGHEST    MM
 LOWEST     MM
 AVERAGE    MM

..........................................................


THE GRAND FORKS UNIV. (NWS) ND CLIMATE NORMALS FOR TODAY
                         NORMAL    RECORD    YEAR
 MAXIMUM TEMPERATURE (F)   56        82      1931
                                             1915
 MINIMUM TEMPERATURE (F)   32        12      1953


SUNRISE AND SUNSET
APRIL 17 2014.........SUNRISE   635 AM CDT   SUNSET   822 PM CDT
APRIL 18 2014.........SUNRISE   633 AM CDT   SUNSET   823 PM CDT


-  INDICATES NEGATIVE NUMBERS.
R  INDICATES RECORD WAS SET OR TIED.
MM INDICATES DATA IS MISSING.
T  INDICATES TRACE AMOUNT.




$$
