727
CDUS43 KFGF 270702
CLIFGF


CLIMATE REPORT
NATIONAL WEATHER SERVICE EASTERN NORTH DAKOTA/GRAND FORKS
148 AM CDT TUE JUN 27 2017


...................................

...THE GRAND FORKS UNIV. (NWS) ND CLIMATE SUMMARY FOR JUNE 26 2017...

CLIMATE NORMAL PERIOD 1981 TO 2010
CLIMATE RECORD PERIOD 1893 TO 2017


WEATHER ITEM   OBSERVED TIME   RECORD YEAR NORMAL DEPARTURE LAST
                VALUE   (LST)  VALUE       VALUE  FROM      YEAR
                                                  NORMAL
..................................................................
TEMPERATURE (F)
 YESTERDAY
  MAXIMUM         75        MM  96    1961  79     -4       75
  MINIMUM         42        MM  37    1907  57    -15       57
  AVERAGE         59                        68     -9       66

PRECIPITATION (IN)
  YESTERDAY        0.00          2.65 1915   0.12  -0.12     0.01
  MONTH TO DATE    2.30                      3.24  -0.94     3.72
  SINCE JUN 1      2.30                      3.24  -0.94     3.72
  SINCE JAN 1      6.87                      9.29  -2.42    10.82

SNOWFALL (IN)
  YESTERDAY        0.0           0.0    MM   0.0    0.0      0.0
  MONTH TO DATE    0.0                       0.0    0.0      0.0
  SINCE JUN 1      0.0                       0.0    0.0      0.0
  SINCE JUL 1     49.7                      43.4    6.3     29.6
  SNOW DEPTH      MM

DEGREE DAYS
 HEATING
  YESTERDAY        6                         2      4        0
  MONTH TO DATE   43                        78    -35       35
  SINCE JUN 1     43                        78    -35       35
  SINCE JUL 1   8105                      9203  -1098     7767

 COOLING
  YESTERDAY        0                         4     -4        1
  MONTH TO DATE   91                        72     19       81
  SINCE JUN 1     91                        72     19       81
  SINCE JAN 1     91                        98     -7      105
..................................................................


WIND (MPH)
  RESULTANT WIND SPEED  MM   RESULTANT WIND DIRECTION  MM
  HIGHEST WIND SPEED    MM   HIGHEST WIND DIRECTION    MM
  HIGHEST GUST SPEED    MM   HIGHEST GUST DIRECTION    MM
  AVERAGE WIND SPEED    MM


SKY COVER
  POSSIBLE SUNSHINE  MM
  AVERAGE SKY COVER  MM


WEATHER CONDITIONS
 THE FOLLOWING WEATHER WAS RECORDED YESTERDAY.
  NO SIGNIFICANT WEATHER WAS OBSERVED.


RELATIVE HUMIDITY (PERCENT)
 HIGHEST    MM
 LOWEST     MM
 AVERAGE    MM

..........................................................


THE GRAND FORKS UNIV. (NWS) ND CLIMATE NORMALS FOR TODAY
                         NORMAL    RECORD    YEAR
 MAXIMUM TEMPERATURE (F)   79        99      1910
 MINIMUM TEMPERATURE (F)   57        40      1911


SUNRISE AND SUNSET
JUNE 27 2017..........SUNRISE   531 AM CDT   SUNSET   932 PM CDT
JUNE 28 2017..........SUNRISE   532 AM CDT   SUNSET   931 PM CDT


-  INDICATES NEGATIVE NUMBERS.
R  INDICATES RECORD WAS SET OR TIED.
MM INDICATES DATA IS MISSING.
T  INDICATES TRACE AMOUNT.




$$
