951
CDUS43 KFGF 300641
CLIFGF


CLIMATE REPORT
NATIONAL WEATHER SERVICE EASTERN NORTH DAKOTA/GRAND FORKS
141 AM CDT FRI SEP 30 2016


...................................

...THE GRAND FORKS UNIV. (NWS) ND CLIMATE SUMMARY FOR SEPTEMBER 29 2016...

CLIMATE NORMAL PERIOD 1981 TO 2010
CLIMATE RECORD PERIOD 1890 TO 2016


WEATHER ITEM   OBSERVED TIME   RECORD YEAR NORMAL DEPARTURE LAST
                VALUE   (LST)  VALUE       VALUE  FROM      YEAR
                                                  NORMAL
..................................................................
TEMPERATURE (F)
 YESTERDAY
  MAXIMUM         66        MM  88    1905  63      3       68
  MINIMUM         43        MM  21    1930  41      2       33
  AVERAGE         55                        52      3       51

PRECIPITATION (IN)
  YESTERDAY        0.00          0.60 1995   0.06  -0.06     0.00
  MONTH TO DATE    4.97                      1.98   2.99     0.66
  SINCE SEP 1      4.97                      1.98   2.99     0.66
  SINCE JAN 1     26.70                     18.08   8.62    16.32

SNOWFALL (IN)
  YESTERDAY        0.0           T    1908   0.0    0.0      0.0
  MONTH TO DATE    0.0                       0.0    0.0      0.0
  SINCE SEP 1      0.0                       0.0    0.0      0.0
  SINCE JUL 1      T                         0.0    0.0      0.0
  SNOW DEPTH       0

DEGREE DAYS
 HEATING
  YESTERDAY       10                        13     -3       14
  MONTH TO DATE  148                       228    -80      118
  SINCE SEP 1    148                       228    -80      118
  SINCE JUL 1    166                       292   -126      166

 COOLING
  YESTERDAY        0                         0      0        0
  MONTH TO DATE   22                        28     -6       82
  SINCE SEP 1     22                        28     -6       82
  SINCE JAN 1    456                       460     -4      572
..................................................................


WIND (MPH)
  RESULTANT WIND SPEED  MM   RESULTANT WIND DIRECTION  MM
  HIGHEST WIND SPEED    MM   HIGHEST WIND DIRECTION    MM
  HIGHEST GUST SPEED    MM   HIGHEST GUST DIRECTION    MM
  AVERAGE WIND SPEED    MM


SKY COVER
  POSSIBLE SUNSHINE  MM
  AVERAGE SKY COVER  MM


WEATHER CONDITIONS
 THE FOLLOWING WEATHER WAS RECORDED YESTERDAY.
  NO SIGNIFICANT WEATHER WAS OBSERVED.


RELATIVE HUMIDITY (PERCENT)
 HIGHEST    MM
 LOWEST     MM
 AVERAGE    MM

..........................................................


THE GRAND FORKS UNIV. (NWS) ND CLIMATE NORMALS FOR TODAY
                         NORMAL    RECORD    YEAR
 MAXIMUM TEMPERATURE (F)   63        90      1976
 MINIMUM TEMPERATURE (F)   40        21      1907


SUNRISE AND SUNSET
SEPTEMBER 30 2016.....SUNRISE   727 AM CDT   SUNSET   709 PM CDT
OCTOBER  1 2016.......SUNRISE   728 AM CDT   SUNSET   707 PM CDT


-  INDICATES NEGATIVE NUMBERS.
R  INDICATES RECORD WAS SET OR TIED.
MM INDICATES DATA IS MISSING.
T  INDICATES TRACE AMOUNT.




$$
