000
CDUS43 KFGF 010639
CLIFGF


CLIMATE REPORT
NATIONAL WEATHER SERVICE EASTERN NORTH DAKOTA/GRAND FORKS
138 AM CDT TUE SEP 1 2015


...................................

...THE GRAND FORKS UNIV. (NWS) ND CLIMATE SUMMARY FOR AUGUST 31 2015...

CLIMATE NORMAL PERIOD 1981 TO 2010
CLIMATE RECORD PERIOD 1890 TO 2015


WEATHER ITEM   OBSERVED TIME   RECORD YEAR NORMAL DEPARTURE LAST
                VALUE   (LST)  VALUE       VALUE  FROM      YEAR
                                                  NORMAL
..................................................................
TEMPERATURE (F)
 YESTERDAY
  MAXIMUM         81        MM  96    1953  77      4       74
  MINIMUM         61        MM  33    1910  53      8       56
  AVERAGE         71                        65      6       65

PRECIPITATION (IN)
  YESTERDAY        0.00          1.55   MM   0.09  -0.09     0.13
  MONTH TO DATE    2.49                      3.14  -0.65     3.24
  SINCE JUN 1      9.76                     10.05  -0.29    13.43
  SINCE JAN 1     15.66                     16.10  -0.44    20.42

SNOWFALL (IN)
  YESTERDAY        0.0           0.0    MM   0.0    0.0      0.0
  MONTH TO DATE    0.0                       0.0    0.0      0.0
  SINCE JUN 1      0.0                       0.0    0.0      0.0
  SINCE JUL 1      0.0                       0.0    0.0      0.0
  SNOW DEPTH       0

DEGREE DAYS
 HEATING
  YESTERDAY        0                         3     -3        0
  MONTH TO DATE   36                        44     -8       24
  SINCE JUN 1     94                       147    -53      108
  SINCE JUL 1     48                        64    -16       56

 COOLING
  YESTERDAY        6                         3      3        0
  MONTH TO DATE  159                       144     15      122
  SINCE JUN 1    479                       406     73      309
  SINCE JAN 1    490                       432     58      364
..................................................................


WIND (MPH)
  RESULTANT WIND SPEED  MM   RESULTANT WIND DIRECTION  MM
  HIGHEST WIND SPEED    MM   HIGHEST WIND DIRECTION    MM
  HIGHEST GUST SPEED    MM   HIGHEST GUST DIRECTION    MM
  AVERAGE WIND SPEED    MM


SKY COVER
  POSSIBLE SUNSHINE  MM
  AVERAGE SKY COVER  MM


WEATHER CONDITIONS
 THE FOLLOWING WEATHER WAS RECORDED YESTERDAY.
  NO SIGNIFICANT WEATHER WAS OBSERVED.


RELATIVE HUMIDITY (PERCENT)
 HIGHEST    MM
 LOWEST     MM
 AVERAGE    MM

..........................................................


THE GRAND FORKS UNIV. (NWS) ND CLIMATE NORMALS FOR TODAY
                         NORMAL    RECORD    YEAR
 MAXIMUM TEMPERATURE (F)   76        97      1983
 MINIMUM TEMPERATURE (F)   52        33      1974


SUNRISE AND SUNSET
SEPTEMBER  1 2015.....SUNRISE   646 AM CDT   SUNSET   810 PM CDT
SEPTEMBER  2 2015.....SUNRISE   648 AM CDT   SUNSET   808 PM CDT


-  INDICATES NEGATIVE NUMBERS.
R  INDICATES RECORD WAS SET OR TIED.
MM INDICATES DATA IS MISSING.
T  INDICATES TRACE AMOUNT.




$$
