698
CDUS43 KFGF 280634
CLIFGF


CLIMATE REPORT
NATIONAL WEATHER SERVICE EASTERN NORTH DAKOTA/GRAND FORKS
132 AM CDT SAT MAY 28 2016


...................................

...THE GRAND FORKS UNIV. (NWS) ND CLIMATE SUMMARY FOR MAY 27 2016...

CLIMATE NORMAL PERIOD 1981 TO 2010
CLIMATE RECORD PERIOD 1890 TO 2016


WEATHER ITEM   OBSERVED TIME   RECORD YEAR NORMAL DEPARTURE LAST
                VALUE   (LST)  VALUE       VALUE  FROM      YEAR
                                                  NORMAL
..................................................................
TEMPERATURE (F)
 YESTERDAY
  MAXIMUM         74        MM  99    1934  72      2       77
  MINIMUM         53        MM  21    1907  47      6       56
  AVERAGE         64                        59      5       67

PRECIPITATION (IN)
  YESTERDAY        0.00          1.29 1931   0.10  -0.10     0.00
  MONTH TO DATE    1.91                      2.31  -0.40     4.01
  SINCE MAR 1      4.70                      4.31   0.39     5.03
  SINCE JAN 1      5.35                      5.61  -0.26     5.56

SNOWFALL (IN)
  YESTERDAY        0.0           0.3  1947   0.0    0.0      0.0
  MONTH TO DATE    T                         0.1   -0.1       T
  SINCE MAR 1      2.3                       8.1   -5.8      3.0
  SINCE JUL 1     29.6                      43.4  -13.8     19.3
  SNOW DEPTH       0

DEGREE DAYS
 HEATING
  YESTERDAY        1                         7     -6        0
  MONTH TO DATE  189                       286    -97      302
  SINCE MAR 1   1796                      2141   -345     1906
  SINCE JUL 1   7728                      9101  -1373     8755

 COOLING
  YESTERDAY        0                         1     -1        2
  MONTH TO DATE   21                        22     -1        9
  SINCE MAR 1     21                        25     -4        9
  SINCE JAN 1     21                        25     -4        9
..................................................................


WIND (MPH)
  RESULTANT WIND SPEED  MM   RESULTANT WIND DIRECTION  MM
  HIGHEST WIND SPEED    MM   HIGHEST WIND DIRECTION    MM
  HIGHEST GUST SPEED    MM   HIGHEST GUST DIRECTION    MM
  AVERAGE WIND SPEED    MM


SKY COVER
  POSSIBLE SUNSHINE  MM
  AVERAGE SKY COVER  MM


WEATHER CONDITIONS
 THE FOLLOWING WEATHER WAS RECORDED YESTERDAY.
  NO SIGNIFICANT WEATHER WAS OBSERVED.


RELATIVE HUMIDITY (PERCENT)
 HIGHEST    MM
 LOWEST     MM
 AVERAGE    MM

..........................................................


THE GRAND FORKS UNIV. (NWS) ND CLIMATE NORMALS FOR TODAY
                         NORMAL    RECORD    YEAR
 MAXIMUM TEMPERATURE (F)   72        95      1934
 MINIMUM TEMPERATURE (F)   48        25      1947


SUNRISE AND SUNSET
MAY 28 2016...........SUNRISE   536 AM CDT   SUNSET   916 PM CDT
MAY 29 2016...........SUNRISE   535 AM CDT   SUNSET   917 PM CDT


-  INDICATES NEGATIVE NUMBERS.
R  INDICATES RECORD WAS SET OR TIED.
MM INDICATES DATA IS MISSING.
T  INDICATES TRACE AMOUNT.




$$
