222
CDUS43 KFGF 220633
CLIFGF


CLIMATE REPORT
NATIONAL WEATHER SERVICE EASTERN NORTH DAKOTA/GRAND FORKS
1232 AM CST SUN JAN 22 2017


...................................

...THE GRAND FORKS UNIV. (NWS) ND CLIMATE SUMMARY FOR JANUARY 21 2017...

CLIMATE NORMAL PERIOD 1981 TO 2010
CLIMATE RECORD PERIOD 1890 TO 2017


WEATHER ITEM   OBSERVED TIME   RECORD YEAR NORMAL DEPARTURE LAST
                VALUE   (LST)  VALUE       VALUE  FROM      YEAR
                                                  NORMAL
..................................................................
TEMPERATURE (F)
 YESTERDAY
  MAXIMUM         37        MM  48    1900  16     21       16
  MINIMUM         34        MM -32    1954  -2     36        0
  AVERAGE         36                         7     29        8

PRECIPITATION (IN)
  YESTERDAY        T             0.31 1952   0.02  -0.02      T
  MONTH TO DATE    0.57                      0.50   0.07     0.25
  SINCE DEC 1      2.41                      1.15   1.26     1.37
  SINCE JAN 1      0.57                      0.50   0.07     0.25

SNOWFALL (IN)
  YESTERDAY        0.0           4.4  1952   0.3   -0.3       T
  MONTH TO DATE   11.0                       7.5    3.5      4.1
  SINCE DEC 1     36.6                      18.4   18.2     18.9
  SINCE JUL 1     37.5                      25.5   12.0     22.3
  SNOW DEPTH      11

DEGREE DAYS
 HEATING
  YESTERDAY       29                        58    -29       57
  MONTH TO DATE 1240                      1216     24     1247
  SINCE DEC 1   2833                      2853    -20     2618
  SINCE JUL 1   4287                      4947   -660     4227

 COOLING
  YESTERDAY        0                         0      0        0
  MONTH TO DATE    0                         0      0        0
  SINCE DEC 1      0                         0      0        0
  SINCE JAN 1      0                         0      0        0
..................................................................


WIND (MPH)
  RESULTANT WIND SPEED  MM   RESULTANT WIND DIRECTION  MM
  HIGHEST WIND SPEED    MM   HIGHEST WIND DIRECTION    MM
  HIGHEST GUST SPEED    MM   HIGHEST GUST DIRECTION    MM
  AVERAGE WIND SPEED    MM


SKY COVER
  POSSIBLE SUNSHINE  MM
  AVERAGE SKY COVER  MM


WEATHER CONDITIONS
 THE FOLLOWING WEATHER WAS RECORDED YESTERDAY.
  NO SIGNIFICANT WEATHER WAS OBSERVED.


RELATIVE HUMIDITY (PERCENT)
 HIGHEST    MM
 LOWEST     MM
 AVERAGE    MM

..........................................................


THE GRAND FORKS UNIV. (NWS) ND CLIMATE NORMALS FOR TODAY
                         NORMAL    RECORD    YEAR
 MAXIMUM TEMPERATURE (F)   16        48      1942
 MINIMUM TEMPERATURE (F)   -2       -39      1936


SUNRISE AND SUNSET
JANUARY 22 2017.......SUNRISE   807 AM CST   SUNSET   514 PM CST
JANUARY 23 2017.......SUNRISE   806 AM CST   SUNSET   515 PM CST


-  INDICATES NEGATIVE NUMBERS.
R  INDICATES RECORD WAS SET OR TIED.
MM INDICATES DATA IS MISSING.
T  INDICATES TRACE AMOUNT.




$$
