000
CDUS45 KFGZ 210207
CLIFLG
CLIMATE REPORT
NATIONAL WEATHER SERVICE FLAGSTAFF, AZ
552 PM MST THU NOV 20 2014


...................................

...THE FLAGSTAFF AZ AIRPORT CLIMATE SUMMARY FOR NOVEMBER 20 2014...
VALID TODAY AS OF 0500 PM LOCAL TIME.

CLIMATE NORMAL PERIOD 1981 TO 2010
CLIMATE RECORD PERIOD 1898 TO 2014


WEATHER ITEM   OBSERVED TIME   RECORD YEAR NORMAL DEPARTURE LAST
                VALUE   (LST)  VALUE       VALUE  FROM      YEAR
                                                  NORMAL
..................................................................
TEMPERATURE (F)
 TODAY
  MAXIMUM         54    223 PM  71    1976  49      5       44
  MINIMUM         21    721 AM  -5    1964  22     -1       32
  AVERAGE         38                        35      3       38

PRECIPITATION (IN)
  TODAY            0.00          1.85 1902   0.07  -0.07     0.16
  MONTH TO DATE    0.60                      1.14  -0.54     0.22
  SINCE SEP 1      4.39                      5.18  -0.79     3.76
  SINCE JAN 1     17.23                     19.37  -2.14    21.44

SNOWFALL (IN)
  TODAY            0.0          20.0  1902   0.4   -0.4      0.0
  MONTH TO DATE    T                         5.7   -5.7      0.0
  SINCE SEP 1      T                         7.2   -7.2      0.6
  SNOW DEPTH       0

DEGREE DAYS
 HEATING
  TODAY           27                        30     -3       27
  MONTH TO DATE  475                       532    -57      500
  SINCE JUL 1   1146                      1415   -269     1433

 COOLING
  TODAY            0                         0      0        0
  MONTH TO DATE    0                         0      0        0
  SINCE JAN 1    109                       117     -8      148
..................................................................


WIND (MPH)
  HIGHEST WIND SPEED    17   HIGHEST WIND DIRECTION    SW (210)
  HIGHEST GUST SPEED    22   HIGHEST GUST DIRECTION    SW (220)
  AVERAGE WIND SPEED     4.3


SKY COVER
  POSSIBLE SUNSHINE  MM
  AVERAGE SKY COVER 0.1


WEATHER CONDITIONS
 THE FOLLOWING WEATHER WAS RECORDED TODAY.
  HAZE


RELATIVE HUMIDITY (PERCENT)
 HIGHEST    52           500 AM
 LOWEST     17          1000 AM
 AVERAGE    35

..........................................................


THE FLAGSTAFF AZ AIRPORT CLIMATE NORMALS FOR TOMORROW
                         NORMAL    RECORD    YEAR
 MAXIMUM TEMPERATURE (F)   48        70      1950
 MINIMUM TEMPERATURE (F)   21        -5      1979


SUNRISE AND SUNSET
NOVEMBER 20 2014......SUNRISE   706 AM MST   SUNSET   518 PM MST
NOVEMBER 21 2014......SUNRISE   707 AM MST   SUNSET   518 PM MST


-  INDICATES NEGATIVE NUMBERS.
R  INDICATES RECORD WAS SET OR TIED.
MM INDICATES DATA IS MISSING.
T  INDICATES TRACE AMOUNT.




$$


&&

-------------------------------------------------------------------
SNOW DEPTH DATA FOR FLAGSTAFF AIRPORT IS REPORTED AT 5 AM MST


-------------------------------------------------------------------
SUPPLEMENTARY CLIMATE DATA FOR NWS BELLEMONT, ARIZONA

SNOW DEPTH (IN) AT 11 AM..........................................0
WATER EQUIVALENT OF SNOW PACK (IN) AT 11 AM*......................0
* ONLY MEASURED IF SNOW DEPTH IS 2.0 INCHES OR GREATER
-------------------------------------------------------------------
