000
CDUS45 KFGZ 090808
CLIFLG
CLIMATE REPORT
NATIONAL WEATHER SERVICE FLAGSTAFF, AZ
107 AM MST FRI DEC 9 2016


...................................

...THE FLAGSTAFF AZ AIRPORT CLIMATE SUMMARY FOR DECEMBER 8 2016...

CLIMATE NORMAL PERIOD 1981 TO 2010
CLIMATE RECORD PERIOD 1898 TO 2016


WEATHER ITEM   OBSERVED TIME   RECORD YEAR NORMAL DEPARTURE LAST
                VALUE   (LST)  VALUE       VALUE  FROM      YEAR
                                                  NORMAL
..................................................................
TEMPERATURE (F)
 YESTERDAY
  MAXIMUM         45    255 PM  63    2015  43      2       63
  MINIMUM         15    745 AM -23    1978  17     -2       24
  AVERAGE         30                        30      0

PRECIPITATION (IN)
  YESTERDAY        0.00          0.83 1972   0.06  -0.06     0.00
  MONTH TO DATE    T                         0.45  -0.45     0.00
  SINCE SEP 1      4.19                      6.25  -2.06     7.80
  SINCE JAN 1     21.38                     20.44   0.94    26.22

SNOWFALL (IN)
  YESTERDAY        0.0           8.3  1972   0.5             0.0
  MONTH TO DATE    T                         4.0             0.0
  SINCE JUL 1      5.5                      16.2            14.6
  SNOW DEPTH       0

DEGREE DAYS
 HEATING
  YESTERDAY       35                        35      0       21
  MONTH TO DATE  267                       273     -6      245
  SINCE JUL 1   1827                      2005   -178     1835

 COOLING
  YESTERDAY        0                         0      0        0
  MONTH TO DATE    0                         0      0        0
  SINCE JAN 1    131                       117     14      115
..................................................................


WIND (MPH)
  HIGHEST WIND SPEED    15   HIGHEST WIND DIRECTION     S (200)
  HIGHEST GUST SPEED    18   HIGHEST GUST DIRECTION    SW (230)
  AVERAGE WIND SPEED     4.0


SKY COVER
  POSSIBLE SUNSHINE  MM
  AVERAGE SKY COVER 0.1


WEATHER CONDITIONS
 THE FOLLOWING WEATHER WAS RECORDED YESTERDAY.
  NO SIGNIFICANT WEATHER WAS OBSERVED.


RELATIVE HUMIDITY (PERCENT)
 HIGHEST    92           200 AM
 LOWEST     41           200 PM
 AVERAGE    67

..........................................................


THE FLAGSTAFF AZ AIRPORT CLIMATE NORMALS FOR TODAY
                         NORMAL    RECORD    YEAR
 MAXIMUM TEMPERATURE (F)   43        62      1977
                                             1910
 MINIMUM TEMPERATURE (F)   17        -9      2013


SUNRISE AND SUNSET
DECEMBER  9 2016......SUNRISE   724 AM MST   SUNSET   515 PM MST
DECEMBER 10 2016......SUNRISE   724 AM MST   SUNSET   515 PM MST


-  INDICATES NEGATIVE NUMBERS.
R  INDICATES RECORD WAS SET OR TIED.
MM INDICATES DATA IS MISSING.
T  INDICATES TRACE AMOUNT.




$$
&&

-------------------------------------------------------------------
SNOW DEPTH DATA FOR FLAGSTAFF AIRPORT IS REPORTED AT 5 AM MST


-------------------------------------------------------------------
SUPPLEMENTARY CLIMATE DATA FOR NWS BELLEMONT, ARIZONA

SNOW DEPTH (IN) AT 11 AM........................................T
WATER EQUIVALENT OF SNOW PACK (IN) AT 11 AM*...................N/A
* ONLY MEASURED IF SNOW DEPTH IS 2.0 INCHES OR GREATER
-------------------------------------------------------------------
