000
CDUS45 KFGZ 120738
CLIFLG
CLIMATE REPORT
NATIONAL WEATHER SERVICE FLAGSTAFF, AZ
1237 AM MST FRI FEB 12 2016


...................................

...THE FLAGSTAFF AZ AIRPORT CLIMATE SUMMARY FOR FEBRUARY 11 2016...

CLIMATE NORMAL PERIOD 1981 TO 2010
CLIMATE RECORD PERIOD 1898 TO 2016


WEATHER ITEM   OBSERVED TIME   RECORD YEAR NORMAL DEPARTURE LAST
                VALUE   (LST)  VALUE       VALUE  FROM      YEAR
                                                  NORMAL
..................................................................
TEMPERATURE (F)
 YESTERDAY
  MAXIMUM         59    428 PM  62    1971  44     15       50
  MINIMUM         17    720 AM -12    1908  19     -2       22
  AVERAGE         38                        31      7

PRECIPITATION (IN)
  YESTERDAY        0.00          1.36 2005   0.08  -0.08     0.00
  MONTH TO DATE    0.37                      0.80  -0.43     0.00
  SINCE SEP 1     12.61                     10.52   2.09    10.02
  SINCE JAN 1      3.78                      2.85   0.93     2.19

SNOWFALL (IN)
  YESTERDAY        0.0           8.7  1973   0.8             0.0
  MONTH TO DATE    7.8                       8.6             0.0
  SINCE JUL 1     71.7                      60.9            29.7
  SNOW DEPTH       7

DEGREE DAYS
 HEATING
  YESTERDAY       27                        34     -7       29
  MONTH TO DATE  407                       374     33      249
  SINCE JUL 1   4266                      4290    -24     3598

 COOLING
  YESTERDAY        0                         0      0        0
  MONTH TO DATE    0                         0      0        0
  SINCE JAN 1      0                         0      0        0
..................................................................


WIND (MPH)
  HIGHEST WIND SPEED    10   HIGHEST WIND DIRECTION     E (70)
  HIGHEST GUST SPEED    15   HIGHEST GUST DIRECTION    NE (60)
  AVERAGE WIND SPEED     2.1


SKY COVER
  POSSIBLE SUNSHINE  MM
  AVERAGE SKY COVER 0.0


WEATHER CONDITIONS
 THE FOLLOWING WEATHER WAS RECORDED YESTERDAY.
  NO SIGNIFICANT WEATHER WAS OBSERVED.


RELATIVE HUMIDITY (PERCENT)
 HIGHEST    84           100 AM
 LOWEST     17           100 PM
 AVERAGE    51

..........................................................


THE FLAGSTAFF AZ AIRPORT CLIMATE NORMALS FOR TODAY
                         NORMAL    RECORD    YEAR
 MAXIMUM TEMPERATURE (F)   44        62      2014
 MINIMUM TEMPERATURE (F)   19       -16      1965


SUNRISE AND SUNSET
FEBRUARY 12 2016......SUNRISE   716 AM MST   SUNSET   606 PM MST
FEBRUARY 13 2016......SUNRISE   715 AM MST   SUNSET   607 PM MST


-  INDICATES NEGATIVE NUMBERS.
R  INDICATES RECORD WAS SET OR TIED.
MM INDICATES DATA IS MISSING.
T  INDICATES TRACE AMOUNT.




$$
&&

-------------------------------------------------------------------
SNOW DEPTH DATA FOR FLAGSTAFF AIRPORT IS REPORTED AT 5 AM MST


-------------------------------------------------------------------
SUPPLEMENTARY CLIMATE DATA FOR NWS BELLEMONT, ARIZONA

SNOW DEPTH (IN) AT 11 AM........................................5
WATER EQUIVALENT OF SNOW PACK (IN) AT 11 AM*....................1.5
* ONLY MEASURED IF SNOW DEPTH IS 2.0 INCHES OR GREATER
-------------------------------------------------------------------
