000
CDUS45 KFGZ 230214
CLIFLG
CLIMATE REPORT
NATIONAL WEATHER SERVICE FLAGSTAFF, AZ
713 PM MST TUE APR 22 2014


...................................

...THE FLAGSTAFF AZ AIRPORT CLIMATE SUMMARY FOR APRIL 22 2014...
VALID TODAY AS OF 0500 PM LOCAL TIME.

CLIMATE NORMAL PERIOD 1981 TO 2010
CLIMATE RECORD PERIOD 1898 TO 2014


WEATHER ITEM   OBSERVED TIME   RECORD YEAR NORMAL DEPARTURE LAST
                VALUE   (LST)  VALUE       VALUE  FROM      YEAR
                                                  NORMAL
..................................................................
TEMPERATURE (F)
 TODAY
  MAXIMUM         68    225 PM  78    2012  60      8       71
  MINIMUM         34    522 AM  11    1963  30      4       29
  AVERAGE         51                        45      6       50

PRECIPITATION (IN)
  TODAY            0.00          1.08 1925   0.03  -0.03     0.00
  MONTH TO DATE    0.35                      0.92  -0.57     0.12
  SINCE SEP 1      9.30                     14.92  -5.62     9.39
  SINCE JAN 1      2.19                      7.25  -5.06     5.00

SNOWFALL (IN)
  TODAY            0.0           7.5  1988   0.2   -0.2      0.0
  MONTH TO DATE    3.6                       5.6   -2.0      1.4
  SINCE SEP 1     38.5                      99.5  -61.0     69.7
  SNOW DEPTH       0

DEGREE DAYS
 HEATING
  TODAY           14                        20     -6       15
  MONTH TO DATE  462                       500    -38      479
  SINCE JUL 1   5824                      6207   -383     6115

 COOLING
  TODAY            0                         0      0        0
  MONTH TO DATE    0                         0      0        0
  SINCE JAN 1      0                         0      0        0
..................................................................


WIND (MPH)
  HIGHEST WIND SPEED    37   HIGHEST WIND DIRECTION    SW (210)
  HIGHEST GUST SPEED    49   HIGHEST GUST DIRECTION    SW (210)
  AVERAGE WIND SPEED    12.0


SKY COVER
  POSSIBLE SUNSHINE  MM
  AVERAGE SKY COVER 0.0


WEATHER CONDITIONS
 THE FOLLOWING WEATHER WAS RECORDED TODAY.
  HAZE


RELATIVE HUMIDITY (PERCENT)
 HIGHEST    70           300 AM
 LOWEST     22           300 PM
 AVERAGE    46

..........................................................


THE FLAGSTAFF AZ AIRPORT CLIMATE NORMALS FOR TOMORROW
                         NORMAL    RECORD    YEAR
 MAXIMUM TEMPERATURE (F)   61        78      2012
 MINIMUM TEMPERATURE (F)   30        14      1963


SUNRISE AND SUNSET
APRIL 22 2014.........SUNRISE   546 AM MST   SUNSET   705 PM MST
APRIL 23 2014.........SUNRISE   545 AM MST   SUNSET   706 PM MST


-  INDICATES NEGATIVE NUMBERS.
R  INDICATES RECORD WAS SET OR TIED.
MM INDICATES DATA IS MISSING.
T  INDICATES TRACE AMOUNT.




$$


&&

-------------------------------------------------------------------
SNOW DEPTH DATA FOR FLAGSTAFF AIRPORT IS REPORTED AT 5 AM MST

SOME SUPPLEMENTARY CLIMATE DATA FOR NWS BELLEMONT, ARIZONA IS NO
LONGER AVAILABLE IN THIS SECTION. IT CAN STILL BE FOUND IN THE
REGIONAL SUMMARY (RTP) AVAILABLE ON THE WEB AT
WWW.NWS.NOAA.GOV/CLIMATE/INDEX.PHP?WFO=FGZ
-------------------------------------------------------------------
SUPPLEMENTARY CLIMATE DATA FOR NWS BELLEMONT, ARIZONA

SNOW DEPTH (IN) AT 11 AM..........................................0
WATER EQUIVALENT OF SNOW PACK (IN) AT 11 AM*.......................
* ONLY MEASURED IF SNOW DEPTH IS 2.0 INCHES OR GREATER
-------------------------------------------------------------------
