000
CDUS45 KFGZ 110056
CLIFLG
CLIMATE REPORT
NATIONAL WEATHER SERVICE FLAGSTAFF, AZ
555 PM MST THU JUL 10 2014


...................................

...THE FLAGSTAFF AZ AIRPORT CLIMATE SUMMARY FOR JULY 10 2014...
VALID TODAY AS OF 0500 PM LOCAL TIME.

CLIMATE NORMAL PERIOD 1981 TO 2010
CLIMATE RECORD PERIOD 1898 TO 2014


WEATHER ITEM   OBSERVED TIME   RECORD YEAR NORMAL DEPARTURE LAST
                VALUE   (LST)  VALUE       VALUE  FROM      YEAR
                                                  NORMAL
..................................................................
TEMPERATURE (F)
 TODAY
  MAXIMUM         78    150 PM  94    2003  82     -4       86
  MINIMUM         52    545 AM  37    1926  50      2       57
  AVERAGE         65                        66     -1       72

PRECIPITATION (IN)
  TODAY            0.00          0.96 2013   0.07  -0.07     0.96
  MONTH TO DATE    2.68                      0.52   2.16     3.28
  SINCE SEP 1     13.00                     16.66  -3.66    12.93
  SINCE JAN 1      5.89                      8.99  -3.10     8.54

SNOWFALL (IN)
  TODAY            0.0           0.0  2002   0.0    0.0      0.0
                                      2001
                                      1999
  MONTH TO DATE    0.0                       0.0    0.0      0.0
  SINCE SEP 1     44.4                     101.7  -57.3     69.7
  SNOW DEPTH       0

DEGREE DAYS
 HEATING
  TODAY            0                         1     -1        0
  MONTH TO DATE    1                        15    -14        0
  SINCE JUL 1      1                        15    -14        0

 COOLING
  TODAY            0                         2     -2        7
  MONTH TO DATE   19                        20     -1       52
  SINCE JAN 1     33                        37     -4      102
..................................................................


WIND (MPH)
  HIGHEST WIND SPEED    23   HIGHEST WIND DIRECTION    SW (240)
  HIGHEST GUST SPEED    32   HIGHEST GUST DIRECTION    SW (230)
  AVERAGE WIND SPEED     5.1


SKY COVER
  POSSIBLE SUNSHINE  MM
  AVERAGE SKY COVER 0.2


WEATHER CONDITIONS
 THE FOLLOWING WEATHER WAS RECORDED TODAY.
  NO SIGNIFICANT WEATHER WAS OBSERVED.


RELATIVE HUMIDITY (PERCENT)
 HIGHEST    89           400 AM
 LOWEST     33           100 PM
 AVERAGE    61

..........................................................


THE FLAGSTAFF AZ AIRPORT CLIMATE NORMALS FOR TOMORROW
                         NORMAL    RECORD    YEAR
 MAXIMUM TEMPERATURE (F)   82        92      2003
                                             1958
 MINIMUM TEMPERATURE (F)   51        40      1979


SUNRISE AND SUNSET
JULY 10 2014..........SUNRISE   521 AM MST   SUNSET   743 PM MST
JULY 11 2014..........SUNRISE   521 AM MST   SUNSET   743 PM MST


-  INDICATES NEGATIVE NUMBERS.
R  INDICATES RECORD WAS SET OR TIED.
MM INDICATES DATA IS MISSING.
T  INDICATES TRACE AMOUNT.




$$


&&

-------------------------------------------------------------------
SNOW DEPTH DATA FOR FLAGSTAFF AIRPORT IS REPORTED AT 5 AM MST


-------------------------------------------------------------------
SUPPLEMENTARY CLIMATE DATA FOR NWS BELLEMONT, ARIZONA

SNOW DEPTH (IN) AT 11 AM..........................................0
WATER EQUIVALENT OF SNOW PACK (IN) AT 11 AM*......................0
* ONLY MEASURED IF SNOW DEPTH IS 2.0 INCHES OR GREATER
-------------------------------------------------------------------
