000
CDUS45 KFGZ 250056
CLIFLG
CLIMATE REPORT
NATIONAL WEATHER SERVICE FLAGSTAFF, AZ
555 PM MST SAT JAN 24 2015


...................................

...THE FLAGSTAFF AZ AIRPORT CLIMATE SUMMARY FOR JANUARY 24 2015...
VALID TODAY AS OF 0500 PM LOCAL TIME.

CLIMATE NORMAL PERIOD 1981 TO 2010
CLIMATE RECORD PERIOD 1898 TO 2015


WEATHER ITEM   OBSERVED TIME   RECORD YEAR NORMAL DEPARTURE LAST
                VALUE   (LST)  VALUE       VALUE  FROM      YEAR
                                                  NORMAL
..................................................................
TEMPERATURE (F)
 TODAY
  MAXIMUM         48    347 PM  61    1982  43      5       41
  MINIMUM         28    734 AM -15    1964  18     10       26
  AVERAGE         38                        30      8       34

PRECIPITATION (IN)
  TODAY            0.00          1.11 1944   0.06  -0.06     0.00
  MONTH TO DATE    1.05                      1.61  -0.56     0.00
  SINCE SEP 1      8.88                      9.28  -0.40     7.11
  SINCE JAN 1      1.05                      1.61  -0.56     0.00

SNOWFALL (IN)
  TODAY            0.0          19.9  1949   0.7   -0.7      0.0
  MONTH TO DATE   10.1                      17.5   -7.4      0.0
  SINCE SEP 1     29.1                      46.6  -17.5     29.9
  SNOW DEPTH       0

DEGREE DAYS
 HEATING
  TODAY           27                        35     -8       31
  MONTH TO DATE  778                       846    -68      722
  SINCE JUL 1   3173                      3674   -501     3635

 COOLING
  TODAY            0                         0      0        0
  MONTH TO DATE    0                         0      0        0
  SINCE JAN 1      0                         0      0        0
..................................................................


WIND (MPH)
  HIGHEST WIND SPEED    21   HIGHEST WIND DIRECTION     E (80)
  HIGHEST GUST SPEED    26   HIGHEST GUST DIRECTION     E (80)
  AVERAGE WIND SPEED    12.3


SKY COVER
  POSSIBLE SUNSHINE  MM
  AVERAGE SKY COVER 0.0


WEATHER CONDITIONS
 THE FOLLOWING WEATHER WAS RECORDED TODAY.
  NO SIGNIFICANT WEATHER WAS OBSERVED.


RELATIVE HUMIDITY (PERCENT)
 HIGHEST    39           600 AM
 LOWEST     23           200 PM
 AVERAGE    31

..........................................................


THE FLAGSTAFF AZ AIRPORT CLIMATE NORMALS FOR TOMORROW
                         NORMAL    RECORD    YEAR
 MAXIMUM TEMPERATURE (F)   43        61      1975
 MINIMUM TEMPERATURE (F)   18       -17      1937


SUNRISE AND SUNSET
JANUARY 24 2015.......SUNRISE   731 AM MST   SUNSET   547 PM MST
JANUARY 25 2015.......SUNRISE   730 AM MST   SUNSET   548 PM MST


-  INDICATES NEGATIVE NUMBERS.
R  INDICATES RECORD WAS SET OR TIED.
MM INDICATES DATA IS MISSING.
T  INDICATES TRACE AMOUNT.




$$


&&

-------------------------------------------------------------------
SNOW DEPTH DATA FOR FLAGSTAFF AIRPORT IS REPORTED AT 5 AM MST


-------------------------------------------------------------------
SUPPLEMENTARY CLIMATE DATA FOR NWS BELLEMONT, ARIZONA

SNOW DEPTH (IN) AT 11 AM........................................0
WATER EQUIVALENT OF SNOW PACK (IN) AT 11 AM*....................
* ONLY MEASURED IF SNOW DEPTH IS 2.0 INCHES OR GREATER
-------------------------------------------------------------------
