000
CDUS42 KMFL 300845
CLIFLL


CLIMATE REPORT
NATIONAL WEATHER SERVICE MIAMI, FL
444 AM EDT SAT MAY 30 2015


...................................

...THE FORT LAUDERDALE CLIMATE SUMMARY FOR MAY 29 2015...

CLIMATE NORMAL PERIOD 1981 TO 2010
CLIMATE RECORD PERIOD 1839 TO 2015


WEATHER ITEM   OBSERVED TIME   RECORD YEAR NORMAL DEPARTURE LAST
                VALUE   (LST)  VALUE       VALUE  FROM      YEAR
                                                  NORMAL
..................................................................
TEMPERATURE (F)
 YESTERDAY
  MAXIMUM         85   1058 AM  95    1915  88     -3       84
  MINIMUM         75    530 AM  57    1934  76     -1       71
  AVERAGE         80                        82     -2       78

PRECIPITATION (IN)
  YESTERDAY        0.03          3.18 1984   0.22  -0.19     1.14
  MONTH TO DATE    1.97                      4.20  -2.23     7.51
  SINCE NOV 1     19.16                     22.74  -3.58    32.02
  SINCE JAN 1     14.05                     17.04  -2.99    19.90

SNOWFALL (IN)
  YESTERDAY        0.0
  MONTH TO DATE    0.0
  SINCE MAR 1      0.0
  SINCE JUL 1      0.0
  SNOW DEPTH       0

DEGREE DAYS
 HEATING
  YESTERDAY        0                         0      0        0
  MONTH TO DATE    0                         0      0        0
  SINCE MAR 1      0                        10    -10        1
  SINCE JUL 1     97                       112    -15       81

 COOLING
  YESTERDAY       15                        17     -2       13
  MONTH TO DATE  441                       437      4      450
  SINCE MAR 1   1221                      1028    193     1114
  SINCE JAN 1   1502                      1384    118     1502
..................................................................


WIND (MPH)
  HIGHEST WIND SPEED    17   HIGHEST WIND DIRECTION     E (90)
  HIGHEST GUST SPEED    22   HIGHEST GUST DIRECTION     E (100)
  AVERAGE WIND SPEED    10.2


SKY COVER
  AVERAGE SKY COVER 0.6


WEATHER CONDITIONS
 THE FOLLOWING WEATHER WAS RECORDED YESTERDAY.
  LIGHT RAIN


RELATIVE HUMIDITY (PERCENT)
 HIGHEST    79
 LOWEST     60
 AVERAGE    70

..........................................................


THE FORT LAUDERDALE CLIMATE NORMALS FOR TODAY
                         NORMAL    RECORD    YEAR
 MAXIMUM TEMPERATURE (F)   88        95      1924
 MINIMUM TEMPERATURE (F)   76        60      1937


SUNRISE AND SUNSET
MAY 30 2015...........SUNRISE   629 AM EDT   SUNSET   807 PM EDT
MAY 31 2015...........SUNRISE   629 AM EDT   SUNSET   808 PM EDT


-  INDICATES NEGATIVE NUMBERS.
R  INDICATES RECORD WAS SET OR TIED.
MM INDICATES DATA IS MISSING.
T  INDICATES TRACE AMOUNT.




$$
