000
CDUS42 KMFL 020821
CLIFLL


CLIMATE REPORT
NATIONAL WEATHER SERVICE MIAMI, FL
421 AM EDT TUE SEP 2 2014


...................................

...THE FORT LAUDERDALE CLIMATE SUMMARY FOR SEPTEMBER 1 2014...

CLIMATE NORMAL PERIOD 1981 TO 2010
CLIMATE RECORD PERIOD 1839 TO 2014


WEATHER ITEM   OBSERVED TIME   RECORD YEAR NORMAL DEPARTURE LAST
                VALUE   (LST)  VALUE       VALUE  FROM      YEAR
                                                  NORMAL
..................................................................
TEMPERATURE (F)
 YESTERDAY
  MAXIMUM         91    244 PM  96    1998  90      1       86
  MINIMUM         78   1139 PM  69    1923  78      0       75
                                      1920
  AVERAGE         85                        84      1       81

PRECIPITATION (IN)
  YESTERDAY        0.05          2.64 1980   0.31  -0.26     0.03
  MONTH TO DATE    0.05                      0.31  -0.26     0.03
  SINCE JUN 1     23.58                     23.89  -0.31    32.28
  SINCE JAN 1     44.18                     41.38   2.80    57.06

SNOWFALL (IN)
  YESTERDAY        0.0
  MONTH TO DATE    0.0
  SINCE SEP 1      0.0
  SINCE JUL 1      0.0
  SNOW DEPTH       0

DEGREE DAYS
 HEATING
  YESTERDAY        0                         0      0        0
  MONTH TO DATE    0                         0      0        0
  SINCE SEP 1      0                         0      0        0
  SINCE JUL 1      0                         0      0        0

 COOLING
  YESTERDAY       20                        19      1       16
  MONTH TO DATE   20                        19      1       16
  SINCE SEP 1     20                        19      1       16
  SINCE JAN 1   3330                      3185    145     3063
..................................................................


WIND (MPH)
  HIGHEST WIND SPEED    14   HIGHEST WIND DIRECTION     E (110)
  HIGHEST GUST SPEED    14   HIGHEST GUST DIRECTION     E (110)
  AVERAGE WIND SPEED     8.8


SKY COVER
  AVERAGE SKY COVER 0.4


WEATHER CONDITIONS
 THE FOLLOWING WEATHER WAS RECORDED YESTERDAY.
  LIGHT RAIN


RELATIVE HUMIDITY (PERCENT)
 HIGHEST    74
 LOWEST     56
 AVERAGE    65

..........................................................


THE FORT LAUDERDALE CLIMATE NORMALS FOR TODAY
                         NORMAL    RECORD    YEAR
 MAXIMUM TEMPERATURE (F)   90        95      1966
 MINIMUM TEMPERATURE (F)   78        70      1934
                                             1920
                                             1919


SUNRISE AND SUNSET
SEPTEMBER  2 2014.....SUNRISE   701 AM EDT   SUNSET   739 PM EDT
SEPTEMBER  3 2014.....SUNRISE   701 AM EDT   SUNSET   738 PM EDT


-  INDICATES NEGATIVE NUMBERS.
R  INDICATES RECORD WAS SET OR TIED.
MM INDICATES DATA IS MISSING.
T  INDICATES TRACE AMOUNT.




$$
