000
CDUS42 KMFL 200840
CLIFLL


CLIMATE REPORT
NATIONAL WEATHER SERVICE MIAMI, FL
440 AM EDT THU JUL 20 2017


...................................

...THE FORT LAUDERDALE CLIMATE SUMMARY FOR JULY 19 2017...

CLIMATE NORMAL PERIOD 1981 TO 2010
CLIMATE RECORD PERIOD 1912 TO 2017


WEATHER ITEM   OBSERVED TIME   RECORD YEAR NORMAL DEPARTURE LAST
                VALUE   (LST)  VALUE       VALUE  FROM      YEAR
                                                  NORMAL
..................................................................
TEMPERATURE (F)
 YESTERDAY
  MAXIMUM         89        MM  96    1981  91     -2       91
                                      1924
  MINIMUM         78        MM  68    1917  78      0       83
  AVERAGE         84                        84      0       87

PRECIPITATION (IN)
  YESTERDAY        0.15          3.29 1987   0.18  -0.03     0.00
  MONTH TO DATE    2.78                      3.85  -1.07     1.33
  SINCE JUN 1     14.56                     14.01   0.55    10.38
  SINCE JAN 1     26.16                     31.50  -5.34    29.33

SNOWFALL (IN)
  YESTERDAY        0.0
  MONTH TO DATE    0.0
  SINCE JUN 1      0.0
  SINCE JUL 1      0.0
  SNOW DEPTH       0

DEGREE DAYS
 HEATING
  YESTERDAY        0                         0      0        0
  MONTH TO DATE    0                         0      0        0
  SINCE JUN 1      0                         0      0        0
  SINCE JUL 1      0                         0      0        0

 COOLING
  YESTERDAY       19                        19      0       22
  MONTH TO DATE  371                       361     10      396
  SINCE JUN 1    904                       904      0      957
  SINCE JAN 1   2481                      2322    159     2371
..................................................................


WIND (MPH)
  HIGHEST WIND SPEED    12   HIGHEST WIND DIRECTION    SE (140)
  HIGHEST GUST SPEED    MM   HIGHEST GUST DIRECTION    MM
  AVERAGE WIND SPEED     3.8


SKY COVER
  AVERAGE SKY COVER 0.7


WEATHER CONDITIONS
 THE FOLLOWING WEATHER WAS RECORDED YESTERDAY.
  THUNDERSTORM
  LIGHT RAIN


RELATIVE HUMIDITY (PERCENT)
 HIGHEST    91
 LOWEST     68
 AVERAGE    80

..........................................................


THE FORT LAUDERDALE CLIMATE NORMALS FOR TODAY
                         NORMAL    RECORD    YEAR
 MAXIMUM TEMPERATURE (F)   91        96      1981
 MINIMUM TEMPERATURE (F)   79        68      1922


SUNRISE AND SUNSET
JULY 20 2017..........SUNRISE   641 AM EDT   SUNSET   813 PM EDT
JULY 21 2017..........SUNRISE   641 AM EDT   SUNSET   813 PM EDT


-  INDICATES NEGATIVE NUMBERS.
R  INDICATES RECORD WAS SET OR TIED.
MM INDICATES DATA IS MISSING.
T  INDICATES TRACE AMOUNT.




$$
