000
CDUS42 KMFL 040925
CLIFLL


CLIMATE REPORT
NATIONAL WEATHER SERVICE MIAMI, FL
424 AM EST WED MAR 4 2015


...................................

...THE FORT LAUDERDALE CLIMATE SUMMARY FOR MARCH 3 2015...

CLIMATE NORMAL PERIOD 1981 TO 2010
CLIMATE RECORD PERIOD 1839 TO 2015


WEATHER ITEM   OBSERVED TIME   RECORD YEAR NORMAL DEPARTURE LAST
                VALUE   (LST)  VALUE       VALUE  FROM      YEAR
                                                  NORMAL
..................................................................
TEMPERATURE (F)
 YESTERDAY
  MAXIMUM         80   1209 PM  89    2007  79      1       82
  MINIMUM         71    557 AM  32    1980  65      6       66
  AVERAGE         76                        72      4       74

PRECIPITATION (IN)
  YESTERDAY        T             0.58 2005   0.08  -0.08     0.00
  MONTH TO DATE    0.02                      0.22  -0.20      T
  SINCE NOV 1     12.47                     12.51  -0.04    17.63
  SINCE JAN 1      7.36                      6.81   0.55     5.51

SNOWFALL (IN)
  YESTERDAY        0.0
  MONTH TO DATE    0.0
  SINCE MAR 1      0.0
  SINCE JUL 1      0.0
  SNOW DEPTH       0

DEGREE DAYS
 HEATING
  YESTERDAY        0                         1     -1        0
  MONTH TO DATE    0                         3     -3        0
  SINCE MAR 1      0                         3     -3        0
  SINCE JUL 1     97                       105     -8       80

 COOLING
  YESTERDAY       11                         7      4        9
  MONTH TO DATE   33                        21     12       24
  SINCE MAR 1     33                        21     12       24
  SINCE JAN 1    314                       377    -63      412
..................................................................


WIND (MPH)
  HIGHEST WIND SPEED    20   HIGHEST WIND DIRECTION     E (100)
  HIGHEST GUST SPEED    26   HIGHEST GUST DIRECTION     E (110)
  AVERAGE WIND SPEED    13.6


SKY COVER
  AVERAGE SKY COVER 0.4


WEATHER CONDITIONS
 THE FOLLOWING WEATHER WAS RECORDED YESTERDAY.
  LIGHT RAIN


RELATIVE HUMIDITY (PERCENT)
 HIGHEST    90
 LOWEST     71
 AVERAGE    81

..........................................................


THE FORT LAUDERDALE CLIMATE NORMALS FOR TODAY
                         NORMAL    RECORD    YEAR
 MAXIMUM TEMPERATURE (F)   79        90      2003
                                             1981
 MINIMUM TEMPERATURE (F)   65        38      1947
                                             1933
                                             1927


SUNRISE AND SUNSET
MARCH  4 2015.........SUNRISE   641 AM EST   SUNSET   624 PM EST
MARCH  5 2015.........SUNRISE   640 AM EST   SUNSET   624 PM EST


-  INDICATES NEGATIVE NUMBERS.
R  INDICATES RECORD WAS SET OR TIED.
MM INDICATES DATA IS MISSING.
T  INDICATES TRACE AMOUNT.




$$
