000
CDUS42 KMFL 162117
CLIFLL


CLIMATE REPORT
NATIONAL WEATHER SERVICE MIAMI, FL
417 PM EST TUE JAN 16 2018


...................................

...THE FORT LAUDERDALE CLIMATE SUMMARY FOR JANUARY 16 2018...
VALID TODAY AS OF 0400 PM LOCAL TIME.

CLIMATE NORMAL PERIOD 1981 TO 2010
CLIMATE RECORD PERIOD 1912 TO 2018


WEATHER ITEM   OBSERVED TIME   RECORD YEAR NORMAL DEPARTURE LAST
                VALUE   (LST)  VALUE       VALUE  FROM      YEAR
                                                  NORMAL
..................................................................
TEMPERATURE (F)
 TODAY
  MAXIMUM         73    132 PM  85    1954  76     -3       79
  MINIMUM         62    855 AM  36    1921  61      1       72
  AVERAGE         68                        69     -1       76

PRECIPITATION (IN)
  TODAY            0.00          4.19 1999   0.07  -0.07      T
  MONTH TO DATE    2.09                      1.30   0.79     0.65
  SINCE NOV 1      8.72                      7.00   1.72     5.28
  SINCE JAN 1      2.09                      1.30   0.79     0.65

SNOWFALL (IN)
  TODAY            0.0
  MONTH TO DATE    0.0
  SINCE DEC 1      0.0
  SINCE JUL 1      0.0
  SNOW DEPTH       0

DEGREE DAYS
 HEATING
  TODAY            0                         2     -2        0
  MONTH TO DATE   57                        32     25       11
  SINCE DEC 1     97                        62     35       13
  SINCE JUL 1     99                        64     35       13

 COOLING
  TODAY            3                         5     -2       11
  MONTH TO DATE   46                        89    -43      126
  SINCE DEC 1    253                       305    -52      469
  SINCE JAN 1     46                        89    -43      126
..................................................................


WIND (MPH)
  HIGHEST WIND SPEED    20   HIGHEST WIND DIRECTION    NE (50)
  HIGHEST GUST SPEED    25   HIGHEST GUST DIRECTION    NE (60)
  AVERAGE WIND SPEED    12.2


SKY COVER
  AVERAGE SKY COVER 0.5


WEATHER CONDITIONS
 THE FOLLOWING WEATHER WAS RECORDED TODAY.
  NO SIGNIFICANT WEATHER WAS OBSERVED.


RELATIVE HUMIDITY (PERCENT)
 HIGHEST    78
 LOWEST     57
 AVERAGE    68

..........................................................


THE FORT LAUDERDALE CLIMATE NORMALS FOR TOMORROW
                         NORMAL    RECORD    YEAR
 MAXIMUM TEMPERATURE (F)   76        86      1957
 MINIMUM TEMPERATURE (F)   61        33      1977


SUNRISE AND SUNSET
JANUARY 16 2018.......SUNRISE   709 AM EST   SUNSET   552 PM EST
JANUARY 17 2018.......SUNRISE   709 AM EST   SUNSET   552 PM EST


-  INDICATES NEGATIVE NUMBERS.
R  INDICATES RECORD WAS SET OR TIED.
MM INDICATES DATA IS MISSING.
T  INDICATES TRACE AMOUNT.




$$
