000
CDUS42 KMFL 290821
CLIFLL


CLIMATE REPORT
NATIONAL WEATHER SERVICE MIAMI, FL
421 AM EDT WED JUL 29 2015


...................................

...THE FORT LAUDERDALE CLIMATE SUMMARY FOR JULY 28 2015...

CLIMATE NORMAL PERIOD 1981 TO 2010
CLIMATE RECORD PERIOD 1839 TO 2015


WEATHER ITEM   OBSERVED TIME   RECORD YEAR NORMAL DEPARTURE LAST
                VALUE   (LST)  VALUE       VALUE  FROM      YEAR
                                                  NORMAL
..................................................................
TEMPERATURE (F)
 YESTERDAY
  MAXIMUM         95    126 PM  96    1980  91      4       93
  MINIMUM         79    447 AM  69    1946  79      0       83
                                      1928
                                      1924
  AVERAGE         87                        85      2       88

PRECIPITATION (IN)
  YESTERDAY        0.00          5.27 1915   0.18  -0.18     0.00
  MONTH TO DATE    2.70                      5.45  -2.75     8.73
  SINCE JUN 1      3.79                     15.61 -11.82    17.37
  SINCE JAN 1     17.84                     33.10 -15.26    37.97

SNOWFALL (IN)
  YESTERDAY        0.0
  MONTH TO DATE    0.0
  SINCE JUN 1      0.0
  SINCE JUL 1      0.0
  SNOW DEPTH       0

DEGREE DAYS
 HEATING
  YESTERDAY        0                         0      0        0
  MONTH TO DATE    0                         0      0        0
  SINCE JUN 1      0                         0      0        0
  SINCE JUL 1      0                         0      0        0

 COOLING
  YESTERDAY       22                        20      2       23
  MONTH TO DATE  559                       541     18      553
  SINCE JUN 1   1121                      1084     37     1069
  SINCE JAN 1   2657                      2502    155     2604
..................................................................


WIND (MPH)
  HIGHEST WIND SPEED    16   HIGHEST WIND DIRECTION     S (180)
  HIGHEST GUST SPEED    19   HIGHEST GUST DIRECTION     S (160)
  AVERAGE WIND SPEED     7.3


SKY COVER
  AVERAGE SKY COVER 0.6


WEATHER CONDITIONS
 THE FOLLOWING WEATHER WAS RECORDED YESTERDAY.
  FOG
  HAZE


RELATIVE HUMIDITY (PERCENT)
 HIGHEST    91
 LOWEST     49
 AVERAGE    70

..........................................................


THE FORT LAUDERDALE CLIMATE NORMALS FOR TODAY
                         NORMAL    RECORD    YEAR
 MAXIMUM TEMPERATURE (F)   91        96      2014
                                             1990
 MINIMUM TEMPERATURE (F)   79        68      1924


SUNRISE AND SUNSET
JULY 29 2015..........SUNRISE   645 AM EDT   SUNSET   809 PM EDT
JULY 30 2015..........SUNRISE   645 AM EDT   SUNSET   808 PM EDT


-  INDICATES NEGATIVE NUMBERS.
R  INDICATES RECORD WAS SET OR TIED.
MM INDICATES DATA IS MISSING.
T  INDICATES TRACE AMOUNT.




$$
