000
CDUS42 KMFL 280832
CLIFLL


CLIMATE REPORT
NATIONAL WEATHER SERVICE MIAMI, FL
432 AM EDT SAT MAR 28 2015


...................................

...THE FORT LAUDERDALE CLIMATE SUMMARY FOR MARCH 27 2015...

CLIMATE NORMAL PERIOD 1981 TO 2010
CLIMATE RECORD PERIOD 1839 TO 2015


WEATHER ITEM   OBSERVED TIME   RECORD YEAR NORMAL DEPARTURE LAST
                VALUE   (LST)  VALUE       VALUE  FROM      YEAR
                                                  NORMAL
..................................................................
TEMPERATURE (F)
 YESTERDAY
  MAXIMUM         91R   158 PM  91    1928  81     10       79
  MINIMUM         68    818 PM  39    1947  67      1       67
  AVERAGE         80                        74      6       73

PRECIPITATION (IN)
  YESTERDAY        0.13          3.84 1986   0.11   0.02      T
  MONTH TO DATE    0.62                      2.85  -2.23     2.27
  SINCE NOV 1     13.07                     15.14  -2.07    19.90
  SINCE JAN 1      7.96                      9.44  -1.48     7.78

SNOWFALL (IN)
  YESTERDAY        0.0
  MONTH TO DATE    0.0
  SINCE MAR 1      0.0
  SINCE JUL 1      0.0
  SNOW DEPTH       0

DEGREE DAYS
 HEATING
  YESTERDAY        0                         0      0        0
  MONTH TO DATE    0                         7     -7        1
  SINCE MAR 1      0                         7     -7        1
  SINCE JUL 1     97                       109    -12       81

 COOLING
  YESTERDAY       15                         9      6        8
  MONTH TO DATE  320                       218    102      234
  SINCE MAR 1    320                       218    102      234
  SINCE JAN 1    601                       574     27      622
..................................................................


WIND (MPH)
  HIGHEST WIND SPEED    32   HIGHEST WIND DIRECTION     W (280)
  HIGHEST GUST SPEED    53   HIGHEST GUST DIRECTION     W (280)
  AVERAGE WIND SPEED    12.2


SKY COVER
  AVERAGE SKY COVER 0.6


WEATHER CONDITIONS
 THE FOLLOWING WEATHER WAS RECORDED YESTERDAY.
  LIGHT RAIN
  FOG
  HAZE


RELATIVE HUMIDITY (PERCENT)
 HIGHEST    90
 LOWEST     44
 AVERAGE    67

..........................................................


THE FORT LAUDERDALE CLIMATE NORMALS FOR TODAY
                         NORMAL    RECORD    YEAR
 MAXIMUM TEMPERATURE (F)   81        91      1948
 MINIMUM TEMPERATURE (F)   67        49      1915


SUNRISE AND SUNSET
MARCH 28 2015.........SUNRISE   716 AM EDT   SUNSET   736 PM EDT
MARCH 29 2015.........SUNRISE   715 AM EDT   SUNSET   736 PM EDT


-  INDICATES NEGATIVE NUMBERS.
R  INDICATES RECORD WAS SET OR TIED.
MM INDICATES DATA IS MISSING.
T  INDICATES TRACE AMOUNT.




$$
