000
CDUS42 KMFL 172116
CLIFLL


CLIMATE REPORT
NATIONAL WEATHER SERVICE MIAMI, FL
415 PM EST FRI NOV 17 2017


...................................

...THE FORT LAUDERDALE CLIMATE SUMMARY FOR NOVEMBER 17 2017...
VALID TODAY AS OF 0400 PM LOCAL TIME.

CLIMATE NORMAL PERIOD 1981 TO 2010
CLIMATE RECORD PERIOD 1912 TO 2017


WEATHER ITEM   OBSERVED TIME   RECORD YEAR NORMAL DEPARTURE LAST
                VALUE   (LST)  VALUE       VALUE  FROM      YEAR
                                                  NORMAL
..................................................................
TEMPERATURE (F)
 TODAY
  MAXIMUM         80    139 PM  87    2014  81     -1       80
  MINIMUM         66    407 AM  42    1970  69     -3       64
  AVERAGE         73                        75     -2       72

PRECIPITATION (IN)
  TODAY            0.00          1.80 1959   0.10  -0.10     0.00
  MONTH TO DATE    1.59                      2.11  -0.52     0.86
  SINCE NOV 1      1.59                      2.11  -0.52     0.86
  SINCE JAN 1     64.26                     58.59   5.67    46.53

SNOWFALL (IN)
  TODAY            0.0
  MONTH TO DATE    0.0
  SINCE SEP 1      0.0
  SINCE JUL 1      0.0
  SNOW DEPTH       0

DEGREE DAYS
 HEATING
  TODAY            0                         0      0        0
  MONTH TO DATE    0                         0      0        0
  SINCE SEP 1      2                         0      2        0
  SINCE JUL 1      2                         0      2        0

 COOLING
  TODAY            8                        10     -2        7
  MONTH TO DATE  202                       196      6      178
  SINCE SEP 1   1234                      1224     10     1200
  SINCE JAN 1   4561                      4390    171     4401
..................................................................


WIND (MPH)
  HIGHEST WIND SPEED    18   HIGHEST WIND DIRECTION     E (70)
  HIGHEST GUST SPEED    24   HIGHEST GUST DIRECTION    NE (50)
  AVERAGE WIND SPEED     9.0


SKY COVER
  AVERAGE SKY COVER 0.4


WEATHER CONDITIONS
 THE FOLLOWING WEATHER WAS RECORDED TODAY.
  NO SIGNIFICANT WEATHER WAS OBSERVED.


RELATIVE HUMIDITY (PERCENT)
 HIGHEST   100
 LOWEST     62
 AVERAGE    81

..........................................................


THE FORT LAUDERDALE CLIMATE NORMALS FOR TOMORROW
                         NORMAL    RECORD    YEAR
 MAXIMUM TEMPERATURE (F)   81        89      1921
 MINIMUM TEMPERATURE (F)   69        42      1951


SUNRISE AND SUNSET
NOVEMBER 17 2017......SUNRISE   641 AM EST   SUNSET   530 PM EST
NOVEMBER 18 2017......SUNRISE   641 AM EST   SUNSET   530 PM EST


-  INDICATES NEGATIVE NUMBERS.
R  INDICATES RECORD WAS SET OR TIED.
MM INDICATES DATA IS MISSING.
T  INDICATES TRACE AMOUNT.




$$
