000
CDUS42 KILM 250842
CLIFLO


CLIMATE REPORT
NATIONAL WEATHER SERVICE WILMINGTON NC
440 AM EDT SUN SEP 25 2016


...................................

...THE FLORENCE SC CLIMATE SUMMARY FOR SEPTEMBER 24 2016...

CLIMATE NORMAL PERIOD 1981 TO 2010
CLIMATE RECORD PERIOD 1948 TO 2016


WEATHER ITEM   OBSERVED TIME   RECORD YEAR NORMAL DEPARTURE LAST
                VALUE   (LST)  VALUE       VALUE  FROM      YEAR
                                                  NORMAL
..................................................................
TEMPERATURE (F)
 YESTERDAY
  MAXIMUM         89    400 PM  94    2005  82      7       72
                                      1986
  MINIMUM         68    622 AM  45    1999  62      6       65
  AVERAGE         79                        72      7       69

PRECIPITATION (IN)
  YESTERDAY        0.00          1.48 1988   0.11  -0.11     0.68
  MONTH TO DATE    9.36                      2.97   6.39     1.51
  SINCE SEP 1      9.36                      2.97   6.39     1.51
  SINCE JAN 1     42.24                     33.45   8.79    29.35

DEGREE DAYS
 HEATING
  YESTERDAY        0                         1     -1        0
  MONTH TO DATE    0                         1     -1        0
  SINCE SEP 1      0                         1     -1        0
  SINCE JUL 1      0                         1     -1        0

 COOLING
  YESTERDAY       14                         7      7        4
  MONTH TO DATE  331                       249     82      291
  SINCE SEP 1    331                       249     82      291
  SINCE JAN 1   2368                      1919    449     2308
..................................................................


WIND (MPH)
  HIGHEST WIND SPEED     9   HIGHEST WIND DIRECTION     N (350)
  HIGHEST GUST SPEED    15   HIGHEST GUST DIRECTION     N (20)
  AVERAGE WIND SPEED     2.8


SKY COVER
  POSSIBLE SUNSHINE  MM
  AVERAGE SKY COVER 0.0


WEATHER CONDITIONS
 THE FOLLOWING WEATHER WAS RECORDED YESTERDAY.
  FOG
  FOG W/VISIBILITY <= 1/4 MILE


RELATIVE HUMIDITY (PERCENT)
 HIGHEST   100           700 AM
 LOWEST     47           400 PM
 AVERAGE    74

..........................................................


THE FLORENCE SC CLIMATE NORMALS FOR TODAY
                         NORMAL    RECORD    YEAR
 MAXIMUM TEMPERATURE (F)   82        95      2010
 MINIMUM TEMPERATURE (F)   61        41      1950


SUNRISE AND SUNSET
SEPTEMBER 25 2016.....SUNRISE   709 AM EDT   SUNSET   711 PM EDT
SEPTEMBER 26 2016.....SUNRISE   710 AM EDT   SUNSET   709 PM EDT


-  INDICATES NEGATIVE NUMBERS.
R  INDICATES RECORD WAS SET OR TIED.
MM INDICATES DATA IS MISSING.
T  INDICATES TRACE AMOUNT.




$$
