000
CDUS42 KILM 292044
CLIFLO


CLIMATE REPORT
NATIONAL WEATHER SERVICE WILMINGTON NC
442 PM EDT WED JUL 29 2015


...................................

...THE FLORENCE SC CLIMATE SUMMARY FOR JULY 29 2015...
VALID TODAY AS OF 0400 PM LOCAL TIME.

CLIMATE NORMAL PERIOD 1981 TO 2010
CLIMATE RECORD PERIOD 1948 TO 2015


WEATHER ITEM   OBSERVED TIME   RECORD YEAR NORMAL DEPARTURE LAST
                VALUE   (LST)  VALUE       VALUE  FROM      YEAR
                                                  NORMAL
..................................................................
TEMPERATURE (F)
 TODAY
  MAXIMUM         96    159 PM 103    1993  91      5       88
  MINIMUM         74    607 AM  66    1984  72      2       68
  AVERAGE         85                        81      4       78

PRECIPITATION (IN)
  TODAY            0.00          3.55 1959   0.18  -0.18     0.00
  MONTH TO DATE    3.40                      4.89  -1.49     5.64
  SINCE JUN 1      6.90                      9.51  -2.61     6.62
  SINCE JAN 1     21.92                     24.87  -2.95    23.98

DEGREE DAYS
 HEATING
  TODAY            0                         0      0        0
  MONTH TO DATE    0                         0      0        0
  SINCE JUN 1      0                         1     -1        0
  SINCE JUL 1      0                         0      0        0

 COOLING
  TODAY           20                        16      4       13
  MONTH TO DATE  550                       464     86      480
  SINCE JUN 1   1091                       861    230      962
  SINCE JAN 1   1476                      1168    308     1344
..................................................................


WIND (MPH)
  HIGHEST WIND SPEED    10   HIGHEST WIND DIRECTION    SE (120)
  HIGHEST GUST SPEED    14   HIGHEST GUST DIRECTION    SE (120)
  AVERAGE WIND SPEED     3.7


SKY COVER
  POSSIBLE SUNSHINE  MM
  AVERAGE SKY COVER 0.2


WEATHER CONDITIONS
 THE FOLLOWING WEATHER WAS RECORDED TODAY.
  NO SIGNIFICANT WEATHER WAS OBSERVED.


RELATIVE HUMIDITY (PERCENT)
 HIGHEST    93           600 AM
 LOWEST     39           100 PM
 AVERAGE    66

..........................................................


THE FLORENCE SC CLIMATE NORMALS FOR TOMORROW
                         NORMAL    RECORD    YEAR
 MAXIMUM TEMPERATURE (F)   91       103      1952
 MINIMUM TEMPERATURE (F)   72        63      1997


SUNRISE AND SUNSET
JULY 29 2015..........SUNRISE   628 AM EDT   SUNSET   823 PM EDT
JULY 30 2015..........SUNRISE   628 AM EDT   SUNSET   822 PM EDT


-  INDICATES NEGATIVE NUMBERS.
R  INDICATES RECORD WAS SET OR TIED.
MM INDICATES DATA IS MISSING.
T  INDICATES TRACE AMOUNT.




$$
