000
CDUS42 KILM 040840
CLIFLO


CLIMATE REPORT
NATIONAL WEATHER SERVICE WILMINGTON NC
440 AM EDT FRI SEP 4 2015


...................................

...THE FLORENCE SC CLIMATE SUMMARY FOR SEPTEMBER 3 2015...

CLIMATE NORMAL PERIOD 1981 TO 2010
CLIMATE RECORD PERIOD 1948 TO 2015


WEATHER ITEM   OBSERVED TIME   RECORD YEAR NORMAL DEPARTURE LAST
                VALUE   (LST)  VALUE       VALUE  FROM      YEAR
                                                  NORMAL
..................................................................
TEMPERATURE (F)
 YESTERDAY
  MAXIMUM         93    357 PM  98    2010  87      6       94
                                      1957
  MINIMUM         75   1157 PM  50    1967  68      7       72
  AVERAGE         84                        78      6       83

PRECIPITATION (IN)
  YESTERDAY        0.00          1.97 1970   0.13  -0.13     0.00
  MONTH TO DATE    0.00                      0.42  -0.42     0.24
  SINCE SEP 1      0.00                      0.42  -0.42     0.24
  SINCE JAN 1     27.84                     30.90  -3.06    28.23

DEGREE DAYS
 HEATING
  YESTERDAY        0                         0      0        0
  MONTH TO DATE    0                         0      0        0
  SINCE SEP 1      0                         0      0        0
  SINCE JUL 1      0                         0      0        0

 COOLING
  YESTERDAY       19                        13      6       18
  MONTH TO DATE   52                        39     13       60
  SINCE SEP 1     52                        39     13       60
  SINCE JAN 1   2069                      1709    360     1892
..................................................................


WIND (MPH)
  HIGHEST WIND SPEED    13   HIGHEST WIND DIRECTION    SW (230)
  HIGHEST GUST SPEED    17   HIGHEST GUST DIRECTION    SW (230)
  AVERAGE WIND SPEED     3.7


SKY COVER
  POSSIBLE SUNSHINE  MM
  AVERAGE SKY COVER 0.1


WEATHER CONDITIONS
 THE FOLLOWING WEATHER WAS RECORDED YESTERDAY.
  NO SIGNIFICANT WEATHER WAS OBSERVED.


RELATIVE HUMIDITY (PERCENT)
 HIGHEST    94           300 AM
 LOWEST     49           400 PM
 AVERAGE    72

..........................................................


THE FLORENCE SC CLIMATE NORMALS FOR TODAY
                         NORMAL    RECORD    YEAR
 MAXIMUM TEMPERATURE (F)   87        99      1954
 MINIMUM TEMPERATURE (F)   68        55      1997


SUNRISE AND SUNSET
SEPTEMBER  4 2015.....SUNRISE   654 AM EDT   SUNSET   741 PM EDT
SEPTEMBER  5 2015.....SUNRISE   655 AM EDT   SUNSET   740 PM EDT


-  INDICATES NEGATIVE NUMBERS.
R  INDICATES RECORD WAS SET OR TIED.
MM INDICATES DATA IS MISSING.
T  INDICATES TRACE AMOUNT.




$$
