000
CDUS42 KILM 070941
CLIFLO


CLIMATE REPORT
NATIONAL WEATHER SERVICE WILMINGTON NC
441 AM EST WED DEC 7 2016


...................................

...THE FLORENCE SC CLIMATE SUMMARY FOR DECEMBER 6 2016...

CLIMATE NORMAL PERIOD 1981 TO 2010
CLIMATE RECORD PERIOD 1948 TO 2016


WEATHER ITEM   OBSERVED TIME   RECORD YEAR NORMAL DEPARTURE LAST
                VALUE   (LST)  VALUE       VALUE  FROM      YEAR
                                                  NORMAL
..................................................................
TEMPERATURE (F)
 YESTERDAY
  MAXIMUM         53    151 PM  81    2013  60     -7       62
                                      1998
  MINIMUM         48    931 AM  23    2010  38     10       39
                                      1987
  AVERAGE         51                        49      2       51

PRECIPITATION (IN)
  YESTERDAY        0.56          0.85 1983   0.09   0.47     0.00
  MONTH TO DATE    1.94                      0.54   1.40     0.20
  SINCE DEC 1      1.94                      0.54   1.40     0.20
  SINCE JAN 1     58.34                     40.44  17.90    50.14

SNOWFALL (IN)
  YESTERDAY       MM
  MONTH TO DATE   MM
  SINCE DEC 1     MM
  SINCE JUL 1     MM
  SNOW DEPTH      MM

DEGREE DAYS
 HEATING
  YESTERDAY       14                        16     -2       14
  MONTH TO DATE   85                        92     -7       73
  SINCE DEC 1     85                        92     -7       73
  SINCE JUL 1    398                       514   -116      337

 COOLING
  YESTERDAY        0                         0      0        0
  MONTH TO DATE    0                         0      0        0
  SINCE DEC 1      0                         0      0        0
  SINCE JAN 1   2582                      2059    523     2470
..................................................................


WIND (MPH)
  HIGHEST WIND SPEED    20   HIGHEST WIND DIRECTION     E (90)
  HIGHEST GUST SPEED    24   HIGHEST GUST DIRECTION     E (90)
  AVERAGE WIND SPEED     7.8


SKY COVER
  POSSIBLE SUNSHINE  MM
  AVERAGE SKY COVER 1.0


WEATHER CONDITIONS
 THE FOLLOWING WEATHER WAS RECORDED YESTERDAY.
  RAIN
  LIGHT RAIN
  FOG


RELATIVE HUMIDITY (PERCENT)
 HIGHEST   100           100 AM
 LOWEST     89           700 PM
 AVERAGE    95

..........................................................


THE FLORENCE SC CLIMATE NORMALS FOR TODAY
                         NORMAL    RECORD    YEAR
 MAXIMUM TEMPERATURE (F)   60        83      1998
 MINIMUM TEMPERATURE (F)   38        17      2010


SUNRISE AND SUNSET
DECEMBER  7 2016......SUNRISE   712 AM EST   SUNSET   509 PM EST
DECEMBER  8 2016......SUNRISE   713 AM EST   SUNSET   509 PM EST


-  INDICATES NEGATIVE NUMBERS.
R  INDICATES RECORD WAS SET OR TIED.
MM INDICATES DATA IS MISSING.
T  INDICATES TRACE AMOUNT.




$$
