000
CDUS42 KILM 172141
CLIFLO


CLIMATE REPORT
NATIONAL WEATHER SERVICE WILMINGTON NC
440 PM EST WED JAN 17 2018


...................................

...THE FLORENCE SC CLIMATE SUMMARY FOR JANUARY 17 2018...
VALID TODAY AS OF 0400 PM LOCAL TIME.

CLIMATE NORMAL PERIOD 1981 TO 2010
CLIMATE RECORD PERIOD 1948 TO 2018


WEATHER ITEM   OBSERVED TIME   RECORD YEAR NORMAL DEPARTURE LAST
                VALUE   (LST)  VALUE       VALUE  FROM      YEAR
                                                  NORMAL
..................................................................
TEMPERATURE (F)
 TODAY
  MAXIMUM         44   1033 AM  80    2013  55    -11       69
  MINIMUM         34    255 AM  12    1977  35     -1       52
  AVERAGE         39                        45     -6       61

PRECIPITATION (IN)
  TODAY            0.03          0.90 2010   0.10  -0.07     0.00
  MONTH TO DATE    0.59                      1.80  -1.21     2.13
  SINCE DEC 1      5.25                      4.81   0.44     6.70
  SINCE JAN 1      0.59                      1.80  -1.21     2.13

SNOWFALL (IN)
  TODAY           MM
  MONTH TO DATE   MM
  SINCE DEC 1     MM
  SINCE JUL 1     MM
  SNOW DEPTH      MM

DEGREE DAYS
 HEATING
  TODAY           26                        20      6        4
  MONTH TO DATE  473                       347    126      240
  SINCE DEC 1   1004                       904    100      735
  SINCE JUL 1   1409                      1326     83     1048

 COOLING
  TODAY            0                         0      0        0
  MONTH TO DATE    2                         0      2        0
  SINCE DEC 1      2                         4     -2        4
  SINCE JAN 1      2                         0      2        0
..................................................................


WIND (MPH)
  HIGHEST WIND SPEED    14   HIGHEST WIND DIRECTION     N (20)
  HIGHEST GUST SPEED    18   HIGHEST GUST DIRECTION     N (340)
  AVERAGE WIND SPEED     2.7


SKY COVER
  POSSIBLE SUNSHINE  MM
  AVERAGE SKY COVER 0.8


WEATHER CONDITIONS
 THE FOLLOWING WEATHER WAS RECORDED TODAY.
  LIGHT RAIN
  FOG
  HAZE


RELATIVE HUMIDITY (PERCENT)
 HIGHEST    89           100 AM
 LOWEST     64          1200 AM
 AVERAGE    77

..........................................................


THE FLORENCE SC CLIMATE NORMALS FOR TOMORROW
                         NORMAL    RECORD    YEAR
 MAXIMUM TEMPERATURE (F)   55        79      2017
                                             1996
 MINIMUM TEMPERATURE (F)   35        17      2003
                                             1959


SUNRISE AND SUNSET
JANUARY 17 2018.......SUNRISE   724 AM EST   SUNSET   534 PM EST
JANUARY 18 2018.......SUNRISE   724 AM EST   SUNSET   535 PM EST


-  INDICATES NEGATIVE NUMBERS.
R  INDICATES RECORD WAS SET OR TIED.
MM INDICATES DATA IS MISSING.
T  INDICATES TRACE AMOUNT.




$$
