000
CDUS42 KILM 052040
CLIFLO


CLIMATE REPORT
NATIONAL WEATHER SERVICE WILMINGTON NC
440 PM EDT SUN JUL 5 2015


...................................

...THE FLORENCE SC CLIMATE SUMMARY FOR JULY 5 2015...
VALID TODAY AS OF 0400 PM LOCAL TIME.

CLIMATE NORMAL PERIOD 1981 TO 2010
CLIMATE RECORD PERIOD 1948 TO 2015


WEATHER ITEM   OBSERVED TIME   RECORD YEAR NORMAL DEPARTURE LAST
                VALUE   (LST)  VALUE       VALUE  FROM      YEAR
                                                  NORMAL
..................................................................
TEMPERATURE (F)
 TODAY
  MAXIMUM         93    253 PM 103    1990  91      2       88
  MINIMUM         71    544 AM  62    2007  71      0       67
                                      1952
  AVERAGE         82                        81      1       78

PRECIPITATION (IN)
  TODAY            0.00          2.34 2011   0.14  -0.14     0.00
  MONTH TO DATE    1.18                      0.73   0.45     0.02
  SINCE JUN 1      4.68                      5.35  -0.67     1.00
  SINCE JAN 1     19.70                     20.71  -1.01    18.36

DEGREE DAYS
 HEATING
  TODAY            0                         0      0        0
  MONTH TO DATE    0                         0      0        0
  SINCE JUN 1      0                         1     -1        0
  SINCE JUL 1      0                         0      0        0

 COOLING
  TODAY           17                        16      1       13
  MONTH TO DATE   77                        80     -3       86
  SINCE JUN 1    618                       477    141      568
  SINCE JAN 1   1003                       784    219      950
..................................................................


WIND (MPH)
  HIGHEST WIND SPEED    15   HIGHEST WIND DIRECTION    SW (220)
  HIGHEST GUST SPEED    21   HIGHEST GUST DIRECTION    SW (220)
  AVERAGE WIND SPEED     7.3


SKY COVER
  POSSIBLE SUNSHINE  MM
  AVERAGE SKY COVER 0.1


WEATHER CONDITIONS
 THE FOLLOWING WEATHER WAS RECORDED TODAY.
  NO SIGNIFICANT WEATHER WAS OBSERVED.


RELATIVE HUMIDITY (PERCENT)
 HIGHEST    93           500 AM
 LOWEST     41           300 PM
 AVERAGE    67

..........................................................


THE FLORENCE SC CLIMATE NORMALS FOR TOMORROW
                         NORMAL    RECORD    YEAR
 MAXIMUM TEMPERATURE (F)   91       101      1990
 MINIMUM TEMPERATURE (F)   71        61      1967


SUNRISE AND SUNSET
JULY  5 2015..........SUNRISE   612 AM EDT   SUNSET   834 PM EDT
JULY  6 2015..........SUNRISE   613 AM EDT   SUNSET   834 PM EDT


-  INDICATES NEGATIVE NUMBERS.
R  INDICATES RECORD WAS SET OR TIED.
MM INDICATES DATA IS MISSING.
T  INDICATES TRACE AMOUNT.




$$
