000
CDUS42 KILM 172141
CLIFLO


CLIMATE REPORT
NATIONAL WEATHER SERVICE WILMINGTON NC
440 PM EST FRI NOV 17 2017


...................................

...THE FLORENCE SC CLIMATE SUMMARY FOR NOVEMBER 17 2017...
VALID TODAY AS OF 0400 PM LOCAL TIME.

CLIMATE NORMAL PERIOD 1981 TO 2010
CLIMATE RECORD PERIOD 1948 TO 2017


WEATHER ITEM   OBSERVED TIME   RECORD YEAR NORMAL DEPARTURE LAST
                VALUE   (LST)  VALUE       VALUE  FROM      YEAR
                                                  NORMAL
..................................................................
TEMPERATURE (F)
 TODAY
  MAXIMUM         62    359 PM  84    1964  67     -5       72
  MINIMUM         39    643 AM  23    1967  43     -4       41
  AVERAGE         51                        55     -4       57

PRECIPITATION (IN)
  TODAY            0.00          0.80 1987   0.09  -0.09     0.00
  MONTH TO DATE    0.68                      1.48  -0.80     0.79
  SINCE SEP 1      6.37                      8.23  -1.86    23.38
  SINCE JAN 1     37.95                     38.71  -0.76    56.26

SNOWFALL (IN)
  TODAY           MM
  MONTH TO DATE   MM
  SINCE SEP 1     MM
  SINCE JUL 1     MM
  SNOW DEPTH      MM

DEGREE DAYS
 HEATING
  TODAY           14                        10      4        8
  MONTH TO DATE  140                       143     -3      148
  SINCE SEP 1    230                       260    -30      180
  SINCE JUL 1    230                       260    -30      180

 COOLING
  TODAY            0                         0      0        0
  MONTH TO DATE   14                        16     -2        6
  SINCE SEP 1    466                       388     78      533
  SINCE JAN 1   2248                      2058    190     2570
..................................................................


WIND (MPH)
  HIGHEST WIND SPEED    15   HIGHEST WIND DIRECTION     E (70)
  HIGHEST GUST SPEED    21   HIGHEST GUST DIRECTION     E (80)
  AVERAGE WIND SPEED     6.5


SKY COVER
  POSSIBLE SUNSHINE  MM
  AVERAGE SKY COVER 0.0


WEATHER CONDITIONS
 THE FOLLOWING WEATHER WAS RECORDED TODAY.
  NO SIGNIFICANT WEATHER WAS OBSERVED.


RELATIVE HUMIDITY (PERCENT)
 HIGHEST    86          1200 AM
 LOWEST     36           200 PM
 AVERAGE    61

..........................................................


THE FLORENCE SC CLIMATE NORMALS FOR TOMORROW
                         NORMAL    RECORD    YEAR
 MAXIMUM TEMPERATURE (F)   67        83      2013
                                             1957
 MINIMUM TEMPERATURE (F)   43        23      2014


SUNRISE AND SUNSET
NOVEMBER 17 2017......SUNRISE   654 AM EST   SUNSET   514 PM EST
NOVEMBER 18 2017......SUNRISE   655 AM EST   SUNSET   513 PM EST


-  INDICATES NEGATIVE NUMBERS.
R  INDICATES RECORD WAS SET OR TIED.
MM INDICATES DATA IS MISSING.
T  INDICATES TRACE AMOUNT.




$$
