000
CDUS42 KILM 210842
CLIFLO


CLIMATE REPORT
NATIONAL WEATHER SERVICE WILMINGTON NC
442 AM EDT THU AUG 21 2014


...................................

...THE FLORENCE SC CLIMATE SUMMARY FOR AUGUST 20 2014...

CLIMATE NORMAL PERIOD 1981 TO 2010
CLIMATE RECORD PERIOD 1948 TO 2014


WEATHER ITEM   OBSERVED TIME   RECORD YEAR NORMAL DEPARTURE LAST
                VALUE   (LST)  VALUE       VALUE  FROM      YEAR
                                                  NORMAL
..................................................................
TEMPERATURE (F)
 YESTERDAY
  MAXIMUM         93    506 PM 100    2007  89      4       89
  MINIMUM         72    512 AM  60    1998  70      2       73
  AVERAGE         83                        80      3       81

PRECIPITATION (IN)
  YESTERDAY        0.00          2.38 1992   0.17  -0.17     0.26
  MONTH TO DATE    3.89                      3.45   0.44     3.58
  SINCE JUN 1     10.63                     13.33  -2.70    26.77
  SINCE JAN 1     27.99                     28.69  -0.70    45.60

DEGREE DAYS
 HEATING
  YESTERDAY        0                         0      0        0
  MONTH TO DATE    0                         0      0        0
  SINCE JUN 1      0                         1     -1        0
  SINCE JUL 1      0                         0      0        0

 COOLING
  YESTERDAY       18                        15      3       16
  MONTH TO DATE  290                       310    -20      288
  SINCE JUN 1   1272                      1209     63     1206
  SINCE JAN 1   1654                      1516    138     1473
..................................................................


WIND (MPH)
  HIGHEST WIND SPEED    10   HIGHEST WIND DIRECTION    SW (240)
  HIGHEST GUST SPEED    12   HIGHEST GUST DIRECTION    SW (240)
  AVERAGE WIND SPEED     2.3


SKY COVER
  POSSIBLE SUNSHINE  MM
  AVERAGE SKY COVER 0.2


WEATHER CONDITIONS
 THE FOLLOWING WEATHER WAS RECORDED YESTERDAY.
  FOG
  FOG W/VISIBILITY <= 1/4 MILE


RELATIVE HUMIDITY (PERCENT)
 HIGHEST   100           700 AM
 LOWEST     46           500 PM
 AVERAGE    73

..........................................................


THE FLORENCE SC CLIMATE NORMALS FOR TODAY
                         NORMAL    RECORD    YEAR
 MAXIMUM TEMPERATURE (F)   89       103      1983
 MINIMUM TEMPERATURE (F)   70        59      1953


SUNRISE AND SUNSET
AUGUST 21 2014........SUNRISE   644 AM EDT   SUNSET   759 PM EDT
AUGUST 22 2014........SUNRISE   645 AM EDT   SUNSET   758 PM EDT


-  INDICATES NEGATIVE NUMBERS.
R  INDICATES RECORD WAS SET OR TIED.
MM INDICATES DATA IS MISSING.
T  INDICATES TRACE AMOUNT.




$$
