000
CDUS42 KILM 300900
CLIFLO


CLIMATE REPORT
NATIONAL WEATHER SERVICE WILMINGTON NC
500 AM EDT SAT APR 30 2016


...................................

...THE FLORENCE SC CLIMATE SUMMARY FOR APRIL 29 2016...

CLIMATE NORMAL PERIOD 1981 TO 2010
CLIMATE RECORD PERIOD 1948 TO 2016


WEATHER ITEM   OBSERVED TIME   RECORD YEAR NORMAL DEPARTURE LAST
                VALUE   (LST)  VALUE       VALUE  FROM      YEAR
                                                  NORMAL
..................................................................
TEMPERATURE (F)
 YESTERDAY
  MAXIMUM         86    448 PM  91    1981  79      7       63
  MINIMUM         66    538 AM  38    1988  54     12       52
  AVERAGE         76                        67      9       58

PRECIPITATION (IN)
  YESTERDAY        0.00          2.57 1959   0.09  -0.09     0.25
  MONTH TO DATE    5.34                      2.54   2.80     3.40
  SINCE MAR 1      6.97                      5.87   1.10     6.80
  SINCE JAN 1     14.43                     12.02   2.41    13.73

SNOWFALL (IN)
  YESTERDAY       MM
  MONTH TO DATE   MM
  SINCE MAR 1     MM
  SINCE JUL 1     MM
  SNOW DEPTH      MM

DEGREE DAYS
 HEATING
  YESTERDAY        0                         2     -2        7
  MONTH TO DATE  113                       121     -8       53
  SINCE MAR 1    278                       431   -153      305
  SINCE JUL 1   1938                      2497   -559     2543

 COOLING
  YESTERDAY       11                         4      7        0
  MONTH TO DATE   73                        67      6       90
  SINCE MAR 1    121                        85     36      114
  SINCE JAN 1    122                        91     31      117
..................................................................


WIND (MPH)
  HIGHEST WIND SPEED    12   HIGHEST WIND DIRECTION     S (170)
  HIGHEST GUST SPEED    16   HIGHEST GUST DIRECTION    NE (50)
  AVERAGE WIND SPEED     5.9


SKY COVER
  POSSIBLE SUNSHINE  MM
  AVERAGE SKY COVER 0.2


WEATHER CONDITIONS
 THE FOLLOWING WEATHER WAS RECORDED YESTERDAY.
  FOG


RELATIVE HUMIDITY (PERCENT)
 HIGHEST    93           300 AM
 LOWEST     42           400 PM
 AVERAGE    68

..........................................................


THE FLORENCE SC CLIMATE NORMALS FOR TODAY
                         NORMAL    RECORD    YEAR
 MAXIMUM TEMPERATURE (F)   79        94      1981
 MINIMUM TEMPERATURE (F)   54        41      2008


SUNRISE AND SUNSET
APRIL 30 2016.........SUNRISE   630 AM EDT   SUNSET   803 PM EDT
MAY  1 2016...........SUNRISE   629 AM EDT   SUNSET   803 PM EDT


-  INDICATES NEGATIVE NUMBERS.
R  INDICATES RECORD WAS SET OR TIED.
MM INDICATES DATA IS MISSING.
T  INDICATES TRACE AMOUNT.




$$
