000
CDUS42 KILM 272040
CLIFLO


CLIMATE REPORT
NATIONAL WEATHER SERVICE WILMINGTON NC
440 PM EDT THU JUL 27 2017


...................................

...THE FLORENCE SC CLIMATE SUMMARY FOR JULY 27 2017...
VALID TODAY AS OF 0400 PM LOCAL TIME.

CLIMATE NORMAL PERIOD 1981 TO 2010
CLIMATE RECORD PERIOD 1948 TO 2017


WEATHER ITEM   OBSERVED TIME   RECORD YEAR NORMAL DEPARTURE LAST
                VALUE   (LST)  VALUE       VALUE  FROM      YEAR
                                                  NORMAL
..................................................................
TEMPERATURE (F)
 TODAY
  MAXIMUM         90    259 PM 101    2005  91     -1       97
  MINIMUM         71    510 AM  65    1962  72     -1       78
  AVERAGE         81                        81      0       88

PRECIPITATION (IN)
  TODAY            0.00          4.10 2013   0.17  -0.17     0.00
  MONTH TO DATE    9.03                      4.53   4.50     5.87
  SINCE JUN 1     13.27                      9.15   4.12     9.83
  SINCE JAN 1     27.98                     24.51   3.47    30.92

DEGREE DAYS
 HEATING
  TODAY            0                         0      0        0
  MONTH TO DATE    0                         0      0        0
  SINCE JUN 1      0                         1     -1        0
  SINCE JUL 1      0                         0      0        0

 COOLING
  TODAY           16                        16      0       23
  MONTH TO DATE  463                       432     31      541
  SINCE JUN 1    832                       829      3     1028
  SINCE JAN 1   1263                      1136    127     1375
..................................................................


WIND (MPH)
  HIGHEST WIND SPEED     9   HIGHEST WIND DIRECTION     S (190)
  HIGHEST GUST SPEED    13   HIGHEST GUST DIRECTION     S (160)
  AVERAGE WIND SPEED     3.7


SKY COVER
  POSSIBLE SUNSHINE  MM
  AVERAGE SKY COVER 0.1


WEATHER CONDITIONS
 THE FOLLOWING WEATHER WAS RECORDED TODAY.
  NO SIGNIFICANT WEATHER WAS OBSERVED.


RELATIVE HUMIDITY (PERCENT)
 HIGHEST   100           100 AM
 LOWEST     56           200 PM
 AVERAGE    78

..........................................................


THE FLORENCE SC CLIMATE NORMALS FOR TOMORROW
                         NORMAL    RECORD    YEAR
 MAXIMUM TEMPERATURE (F)   91       101      1949
 MINIMUM TEMPERATURE (F)   72        60      1962


SUNRISE AND SUNSET
JULY 27 2017..........SUNRISE   627 AM EDT   SUNSET   824 PM EDT
JULY 28 2017..........SUNRISE   627 AM EDT   SUNSET   823 PM EDT


-  INDICATES NEGATIVE NUMBERS.
R  INDICATES RECORD WAS SET OR TIED.
MM INDICATES DATA IS MISSING.
T  INDICATES TRACE AMOUNT.




$$
