000
CDUS42 KILM 290843
CLIFLO


CLIMATE REPORT
NATIONAL WEATHER SERVICE WILMINGTON NC
442 AM EDT MON MAY 29 2017


...................................

...THE FLORENCE SC CLIMATE SUMMARY FOR MAY 28 2017...

CLIMATE NORMAL PERIOD 1981 TO 2010
CLIMATE RECORD PERIOD 1948 TO 2017


WEATHER ITEM   OBSERVED TIME   RECORD YEAR NORMAL DEPARTURE LAST
                VALUE   (LST)  VALUE       VALUE  FROM      YEAR
                                                  NORMAL
..................................................................
TEMPERATURE (F)
 YESTERDAY
  MAXIMUM         91    313 PM 100    1964  85      6       85
  MINIMUM         69   1147 PM  44    1961  63      6       63
  AVERAGE         80                        74      6       74

PRECIPITATION (IN)
  YESTERDAY        0.51          2.42 1995   0.13   0.38     0.10
  MONTH TO DATE    3.53                      2.87   0.66     6.37
  SINCE MAR 1      9.68                      8.82   0.86    13.34
  SINCE JAN 1     14.55                     14.97  -0.42    20.80

DEGREE DAYS
 HEATING
  YESTERDAY        0                         0      0        0
  MONTH TO DATE   11                        22    -11       10
  SINCE MAR 1    391                       456    -65      288
  SINCE JUL 1   1836                      2522   -686     1948

 COOLING
  YESTERDAY       15                         9      6        9
  MONTH TO DATE  201                       180     21      174
  SINCE MAR 1    379                       270    109      305
  SINCE JAN 1    392                       276    116      306
..................................................................


WIND (MPH)
  HIGHEST WIND SPEED    26   HIGHEST WIND DIRECTION     W (250)
  HIGHEST GUST SPEED    39   HIGHEST GUST DIRECTION     W (270)
  AVERAGE WIND SPEED     9.4


SKY COVER
  POSSIBLE SUNSHINE  MM
  AVERAGE SKY COVER 0.1


WEATHER CONDITIONS
 THE FOLLOWING WEATHER WAS RECORDED YESTERDAY.
  THUNDERSTORM
  HEAVY RAIN
  RAIN
  LIGHT RAIN
  FOG


RELATIVE HUMIDITY (PERCENT)
 HIGHEST   100           900 PM
 LOWEST     41           100 PM
 AVERAGE    71

..........................................................


THE FLORENCE SC CLIMATE NORMALS FOR TODAY
                         NORMAL    RECORD    YEAR
 MAXIMUM TEMPERATURE (F)   85        95      1991
 MINIMUM TEMPERATURE (F)   64        51      1961


SUNRISE AND SUNSET
MAY 29 2017...........SUNRISE   609 AM EDT   SUNSET   824 PM EDT
MAY 30 2017...........SUNRISE   609 AM EDT   SUNSET   824 PM EDT


-  INDICATES NEGATIVE NUMBERS.
R  INDICATES RECORD WAS SET OR TIED.
MM INDICATES DATA IS MISSING.
T  INDICATES TRACE AMOUNT.




$$
