000
CDUS42 KTBW 030829
CLIFMY


CLIMATE REPORT
NATIONAL WEATHER SERVICE TAMPA BAY FL
426 AM EDT MON AUG 3 2015


...................................

...THE FORT MYERS CLIMATE SUMMARY FOR AUGUST 2 2015...

CLIMATE NORMAL PERIOD 1981 TO 2010
CLIMATE RECORD PERIOD 1902 TO 2015


WEATHER ITEM   OBSERVED TIME   RECORD YEAR NORMAL DEPARTURE LAST
                VALUE   (LST)  VALUE       VALUE  FROM      YEAR
                                                  NORMAL
..................................................................
TEMPERATURE (F)
 YESTERDAY
  MAXIMUM         91   1216 PM  96    1942  92     -1       95
  MINIMUM         76    416 AM  70    1955  75      1       75
                                      1943
                                      1910
  AVERAGE         84                        84      0       85

PRECIPITATION (IN)
  YESTERDAY        0.00          1.87 1948   0.31  -0.31     0.97
  MONTH TO DATE    0.57                      0.62  -0.05     1.06
  SINCE JUN 1     22.24                     19.75   2.49    12.18
  SINCE JAN 1     31.09                     31.55  -0.46    23.52

DEGREE DAYS
 HEATING
  YESTERDAY        0                         0      0        0
  MONTH TO DATE    0                         0      0        0
  SINCE JUN 1      0                         0      0        0
  SINCE JUL 1      0                         0      0        0

 COOLING
  YESTERDAY       19                        18      1       20
  MONTH TO DATE   35                        36     -1       40
  SINCE JUN 1   1124                      1125     -1     1150
  SINCE JAN 1   2478                      2191    287     2341
..................................................................


WIND (MPH)
  RESULTANT WIND SPEED   3   RESULTANT WIND DIRECTION  SW (240)
  HIGHEST WIND SPEED    22   HIGHEST WIND DIRECTION    NW (310)
  HIGHEST GUST SPEED    29   HIGHEST GUST DIRECTION    NW (300)
  AVERAGE WIND SPEED     6.9


SKY COVER
  POSSIBLE SUNSHINE  MM
  AVERAGE SKY COVER 0.1


WEATHER CONDITIONS
 THE FOLLOWING WEATHER WAS RECORDED YESTERDAY.
  NO SIGNIFICANT WEATHER WAS OBSERVED.


RELATIVE HUMIDITY (PERCENT)
 HIGHEST    97           600 AM
 LOWEST     59           300 PM

..........................................................


THE FORT MYERS CLIMATE NORMALS FOR TODAY
                         NORMAL    RECORD    YEAR
 MAXIMUM TEMPERATURE (F)   92        97      1991
                                             1989
                                             1979
 MINIMUM TEMPERATURE (F)   75        70      1955


SUNRISE AND SUNSET
AUGUST  3 2015........SUNRISE   653 AM EDT   SUNSET   814 PM EDT
AUGUST  4 2015........SUNRISE   654 AM EDT   SUNSET   813 PM EDT


-  INDICATES NEGATIVE NUMBERS.
R  INDICATES RECORD WAS SET OR TIED.
MM INDICATES DATA IS MISSING.
T  INDICATES TRACE AMOUNT.




$$


&&
------------------------------------------------------------------
******************** SUPPLEMENTAL DATA ***************************

...GULF WATER TEMPERATURE AT FORT MYERS BEACH 85
