000
CDUS42 KTBW 222231
CLIFMY


CLIMATE REPORT
NATIONAL WEATHER SERVICE TAMPA BAY FL
530 PM EST WED FEB 22 2017


...................................

...THE FORT MYERS CLIMATE SUMMARY FOR FEBRUARY 22 2017...
VALID TODAY AS OF 0500 PM LOCAL TIME.

CLIMATE NORMAL PERIOD 1981 TO 2010
CLIMATE RECORD PERIOD 1902 TO 2017


WEATHER ITEM   OBSERVED TIME   RECORD YEAR NORMAL DEPARTURE LAST
                VALUE   (LST)  VALUE       VALUE  FROM      YEAR
                                                  NORMAL
..................................................................
TEMPERATURE (F)
 TODAY
  MAXIMUM         76    222 PM  91    1975  78     -2       81
  MINIMUM         63   1113 AM  36    1977  57      6       58
  AVERAGE         70                        67      3       70

PRECIPITATION (IN)
  TODAY            0.62          1.45 1993   0.08   0.54     0.02
  MONTH TO DATE    0.72                      1.64  -0.92     1.70
  SINCE DEC 1      2.49                      5.29  -2.80    18.28
  SINCE JAN 1      2.25                      3.58  -1.33    14.68

DEGREE DAYS
 HEATING
  TODAY            0                         2     -2        0
  MONTH TO DATE    1                        50    -49       65
  SINCE DEC 1     60                       233   -173      172
  SINCE JUL 1     65                       251   -186      172

 COOLING
  TODAY            5                         4      1        5
  MONTH TO DATE  132                        78     54       52
  SINCE DEC 1    561                       282    279      374
  SINCE JAN 1    285                       161    124       96
..................................................................


WIND (MPH)
  RESULTANT WIND SPEED   6   RESULTANT WIND DIRECTION  SE (140)
  HIGHEST WIND SPEED    21   HIGHEST WIND DIRECTION    SW (210)
  HIGHEST GUST SPEED    28   HIGHEST GUST DIRECTION    SW (210)
  AVERAGE WIND SPEED     9.0


SKY COVER
  POSSIBLE SUNSHINE  MM
  AVERAGE SKY COVER 0.6


WEATHER CONDITIONS
 THE FOLLOWING WEATHER WAS RECORDED TODAY.
  HEAVY RAIN
  RAIN
  LIGHT RAIN
  FOG


RELATIVE HUMIDITY (PERCENT)
 HIGHEST    93           800 AM
 LOWEST     68           200 PM

..........................................................


THE FORT MYERS CLIMATE NORMALS FOR TOMORROW
                         NORMAL    RECORD    YEAR
 MAXIMUM TEMPERATURE (F)   78        89      1962
 MINIMUM TEMPERATURE (F)   57        32      1978


SUNRISE AND SUNSET
FEBRUARY 22 2017......SUNRISE   657 AM EST   SUNSET   625 PM EST
FEBRUARY 23 2017......SUNRISE   657 AM EST   SUNSET   625 PM EST


-  INDICATES NEGATIVE NUMBERS.
R  INDICATES RECORD WAS SET OR TIED.
MM INDICATES DATA IS MISSING.
T  INDICATES TRACE AMOUNT.




$$


&&
------------------------------------------------------------------
******************** SUPPLEMENTAL DATA ***************************

...GULF WATER TEMPERATURE AT FORT MYERS BEACH 73 DEGREES
