000
CDUS42 KTBW 302216
CLIFMY


CLIMATE REPORT
NATIONAL WEATHER SERVICE TAMPA BAY FL
513 PM EST FRI JAN 30 2015


...................................

...THE FORT MYERS CLIMATE SUMMARY FOR JANUARY 30 2015...
VALID TODAY AS OF 0500 PM LOCAL TIME.

CLIMATE NORMAL PERIOD 1981 TO 2010
CLIMATE RECORD PERIOD 1902 TO 2015


WEATHER ITEM   OBSERVED TIME   RECORD YEAR NORMAL DEPARTURE LAST
                VALUE   (LST)  VALUE       VALUE  FROM      YEAR
                                                  NORMAL
..................................................................
TEMPERATURE (F)
 TODAY
  MAXIMUM         73    358 PM  86    2002  76     -3       58
                                      1990
                                      1975
  MINIMUM         48    700 AM  35    1978  54     -6       53
                                      1966
  AVERAGE         61                        65     -4       56

PRECIPITATION (IN)
  TODAY            0.00          1.50 1926   0.07  -0.07     1.48
  MONTH TO DATE    0.57                      1.88  -1.31     1.82
  SINCE DEC 1      0.62                      3.59  -2.97     2.32
  SINCE JAN 1      0.57                      1.88  -1.31     1.82

DEGREE DAYS
 HEATING
  TODAY            4                         3      1        9
  MONTH TO DATE   52                       109    -57      138
  SINCE DEC 1    100                       184    -84      142
  SINCE JUL 1    141                       202    -61      151

 COOLING
  TODAY            0                         3     -3        0
  MONTH TO DATE  100                        89     11       82
  SINCE DEC 1    238                       210     28      297
  SINCE JAN 1    100                        89     11       82
..................................................................


WIND (MPH)
  RESULTANT WIND SPEED   4   RESULTANT WIND DIRECTION  NW (320)
  HIGHEST WIND SPEED    17   HIGHEST WIND DIRECTION    NW (300)
  HIGHEST GUST SPEED    21   HIGHEST GUST DIRECTION     W (290)
  AVERAGE WIND SPEED     4.6


SKY COVER
  POSSIBLE SUNSHINE  MM
  AVERAGE SKY COVER 0.0


WEATHER CONDITIONS
 THE FOLLOWING WEATHER WAS RECORDED TODAY.
  NO SIGNIFICANT WEATHER WAS OBSERVED.


RELATIVE HUMIDITY (PERCENT)
 HIGHEST    93           600 AM
 LOWEST     47          1100 AM

..........................................................


THE FORT MYERS CLIMATE NORMALS FOR TOMORROW
                         NORMAL    RECORD    YEAR
 MAXIMUM TEMPERATURE (F)   76        87      1975
 MINIMUM TEMPERATURE (F)   54        28      1966


SUNRISE AND SUNSET
JANUARY 30 2015.......SUNRISE   713 AM EST   SUNSET   608 PM EST
JANUARY 31 2015.......SUNRISE   713 AM EST   SUNSET   609 PM EST


-  INDICATES NEGATIVE NUMBERS.
R  INDICATES RECORD WAS SET OR TIED.
MM INDICATES DATA IS MISSING.
T  INDICATES TRACE AMOUNT.




$$


&&
------------------------------------------------------------------
******************** SUPPLEMENTAL DATA ***************************

...GULF WATER TEMPERATURE AT FORT MYERS BEACH 68
