000
CDUS43 KDTX 310536
CLIFNT


CLIMATE REPORT
NATIONAL WEATHER SERVICE DETROIT/PONTIAC MI
135 AM EDT TUE MAY 31 2016


...................................

...THE FLINT MI CLIMATE SUMMARY FOR MAY 30 2016...

CLIMATE NORMAL PERIOD 1981 TO 2010
CLIMATE RECORD PERIOD 1921 TO 2016


WEATHER ITEM   OBSERVED TIME   RECORD YEAR NORMAL DEPARTURE LAST
                VALUE   (LST)  VALUE       VALUE  FROM      YEAR
                                                  NORMAL
..................................................................
TEMPERATURE (F)
 YESTERDAY
  MAXIMUM         86    425 PM  92    1934  73     13       78
  MINIMUM         62    512 AM  33    1996  50     12       51
                                      1961
  AVERAGE         74                        62     12       65

PRECIPITATION (IN)
  YESTERDAY        0.00          0.92 1989   0.10  -0.10     0.82
  MONTH TO DATE    1.72                      2.98  -1.26     3.12
  SINCE MAR 1      8.38                      7.78   0.60     5.67
  SINCE JAN 1     12.23                     10.89   1.34     7.84

SNOWFALL (IN)
  YESTERDAY        0.0           0.0    MM   0.0    0.0      0.0
  MONTH TO DATE    T                         0.0    0.0      0.0
  SINCE MAR 1     18.4                       8.8    9.6      4.8
  SINCE JUL 1     69.0                      47.4   21.6     45.3
  SNOW DEPTH       0

DEGREE DAYS
 HEATING
  YESTERDAY        0                         5     -5        0
  MONTH TO DATE  200                       274    -74      118
  SINCE MAR 1   1479                      1793   -314     1599
  SINCE JUL 1   5349                      6881  -1532     6907

 COOLING
  YESTERDAY        9                         2      7        0
  MONTH TO DATE   74                        26     48       75
  SINCE MAR 1     75                        30     45       75
  SINCE JAN 1     75                        30     45       75
..................................................................


WIND (MPH)
  HIGHEST WIND SPEED    17   HIGHEST WIND DIRECTION     W (290)
  HIGHEST GUST SPEED    21   HIGHEST GUST DIRECTION     W (280)
  AVERAGE WIND SPEED     6.9


SKY COVER
  POSSIBLE SUNSHINE  MM
  AVERAGE SKY COVER 0.2


WEATHER CONDITIONS
 THE FOLLOWING WEATHER WAS RECORDED YESTERDAY.
  NO SIGNIFICANT WEATHER WAS OBSERVED.


RELATIVE HUMIDITY (PERCENT)
 HIGHEST    78           500 AM
 LOWEST     34           300 PM
 AVERAGE    56

..........................................................


THE FLINT MI CLIMATE NORMALS FOR TODAY
                         NORMAL    RECORD    YEAR
 MAXIMUM TEMPERATURE (F)   73        93      1988
                                             1934
 MINIMUM TEMPERATURE (F)   51        34      1984
                                             1930


SUNRISE AND SUNSET
MAY 31 2016...........SUNRISE   559 AM EDT   SUNSET   907 PM EDT
JUNE  1 2016..........SUNRISE   558 AM EDT   SUNSET   908 PM EDT


-  INDICATES NEGATIVE NUMBERS.
R  INDICATES RECORD WAS SET OR TIED.
MM INDICATES DATA IS MISSING.
T  INDICATES TRACE AMOUNT.




$$
