000
CDUS43 KDTX 212033
CLIFNT


CLIMATE REPORT
NATIONAL WEATHER SERVICE DETROIT/PONTIAC MI
432 PM EDT TUE OCT 21 2014


...................................

...THE FLINT MI CLIMATE SUMMARY FOR OCTOBER 21 2014...
VALID TODAY AS OF 0400 PM LOCAL TIME.

CLIMATE NORMAL PERIOD 1981 TO 2010
CLIMATE RECORD PERIOD 1921 TO 2014


WEATHER ITEM   OBSERVED TIME   RECORD YEAR NORMAL DEPARTURE LAST
                VALUE   (LST)  VALUE       VALUE  FROM      YEAR
                                                  NORMAL
..................................................................
TEMPERATURE (F)
 TODAY
  MAXIMUM         50    153 AM  83    1953  58     -8       57
  MINIMUM         46    259 PM  19    1974  38      8       40
  AVERAGE         48                        48      0       49

PRECIPITATION (IN)
  TODAY            0.07          0.78 1933   0.07   0.00     0.09
  MONTH TO DATE    1.43                      1.72  -0.29     1.56
  SINCE SEP 1      4.68                      5.47  -0.79     2.17
  SINCE JAN 1     31.67                     26.03   5.64    27.76

SNOWFALL (IN)
  TODAY            0.0           0.9  1989   0.0    0.0      0.0
  MONTH TO DATE    0.0                       0.2   -0.2      0.0
  SINCE SEP 1      0.0                       0.2   -0.2      0.0
  SINCE JUL 1      0.0                       0.2   -0.2      0.0
  SNOW DEPTH       0

DEGREE DAYS
 HEATING
  TODAY           17                        17      0       16
  MONTH TO DATE  250                       296    -46      179
  SINCE SEP 1    389                       462    -73      331
  SINCE JUL 1    413                       506    -93      353

 COOLING
  TODAY            0                         0      0        0
  MONTH TO DATE    1                         2     -1       15
  SINCE SEP 1     65                        51     14       88
  SINCE JAN 1    597                       528     69      758
..................................................................


WIND (MPH)
  HIGHEST WIND SPEED    21   HIGHEST WIND DIRECTION     N (10)
  HIGHEST GUST SPEED    27   HIGHEST GUST DIRECTION     N (350)
  AVERAGE WIND SPEED    12.9


SKY COVER
  POSSIBLE SUNSHINE  MM
  AVERAGE SKY COVER 1.0


WEATHER CONDITIONS
 THE FOLLOWING WEATHER WAS RECORDED TODAY.
  LIGHT RAIN
  FOG


RELATIVE HUMIDITY (PERCENT)
 HIGHEST    86           100 AM
 LOWEST     71          1200 PM
 AVERAGE    79

..........................................................


THE FLINT MI CLIMATE NORMALS FOR TOMORROW
                         NORMAL    RECORD    YEAR
 MAXIMUM TEMPERATURE (F)   57        80      1979
 MINIMUM TEMPERATURE (F)   38        23      1930


SUNRISE AND SUNSET
OCTOBER 21 2014.......SUNRISE   756 AM EDT   SUNSET   643 PM EDT
OCTOBER 22 2014.......SUNRISE   757 AM EDT   SUNSET   641 PM EDT


-  INDICATES NEGATIVE NUMBERS.
R  INDICATES RECORD WAS SET OR TIED.
MM INDICATES DATA IS MISSING.
T  INDICATES TRACE AMOUNT.




$$
