000
CDUS43 KDTX 110539
CLIFNT


CLIMATE REPORT
NATIONAL WEATHER SERVICE DETROIT/PONTIAC MI
1239 AM EST SUN DEC 11 2016


...................................

...THE FLINT MI CLIMATE SUMMARY FOR DECEMBER 10 2016...

CLIMATE NORMAL PERIOD 1981 TO 2010
CLIMATE RECORD PERIOD 1921 TO 2016


WEATHER ITEM   OBSERVED TIME   RECORD YEAR NORMAL DEPARTURE LAST
                VALUE   (LST)  VALUE       VALUE  FROM      YEAR
                                                  NORMAL
..................................................................
TEMPERATURE (F)
 YESTERDAY
  MAXIMUM         26    234 PM  63    1971  36    -10       58
  MINIMUM         19    811 PM  -5    1977  23     -4       36
  AVERAGE         23                        29     -6       47

PRECIPITATION (IN)
  YESTERDAY        0.02          0.74 1971   0.07  -0.05     0.00
  MONTH TO DATE    0.29                      0.69  -0.40     0.03
  SINCE DEC 1      0.29                      0.69  -0.40     0.03
  SINCE JAN 1     29.44                     30.14  -0.70    27.41

SNOWFALL (IN)
  YESTERDAY        1.0           3.4  1966   0.4    0.6      0.0
  MONTH TO DATE    3.0                       3.3   -0.3      0.1
  SINCE DEC 1      3.0                       3.3   -0.3      0.1
  SINCE JUL 1      3.0                       6.2   -3.2     10.9
  SNOW DEPTH       T

DEGREE DAYS
 HEATING
  YESTERDAY       42                        36      6       18
  MONTH TO DATE  326                       342    -16      251
  SINCE DEC 1    326                       342    -16      251
  SINCE JUL 1   1367                      1823   -456     1232

 COOLING
  YESTERDAY        0                         0      0        0
  MONTH TO DATE    0                         0      0        0
  SINCE DEC 1      0                         0      0        0
  SINCE JAN 1   1022                       531    491      766
..................................................................


WIND (MPH)
  HIGHEST WIND SPEED    18   HIGHEST WIND DIRECTION     W (280)
  HIGHEST GUST SPEED    20   HIGHEST GUST DIRECTION     W (250)
  AVERAGE WIND SPEED     7.5


SKY COVER
  POSSIBLE SUNSHINE  MM
  AVERAGE SKY COVER 0.8


WEATHER CONDITIONS
 THE FOLLOWING WEATHER WAS RECORDED YESTERDAY.
  LIGHT SNOW
  FOG
  HAZE


RELATIVE HUMIDITY (PERCENT)
 HIGHEST    92          1000 PM
 LOWEST     68           200 AM
 AVERAGE    80

..........................................................


THE FLINT MI CLIMATE NORMALS FOR TODAY
                         NORMAL    RECORD    YEAR
 MAXIMUM TEMPERATURE (F)   35        61      1979
 MINIMUM TEMPERATURE (F)   22        -8      1977
                                             1958


SUNRISE AND SUNSET
DECEMBER 11 2016......SUNRISE   756 AM EST   SUNSET   500 PM EST
DECEMBER 12 2016......SUNRISE   757 AM EST   SUNSET   501 PM EST


-  INDICATES NEGATIVE NUMBERS.
R  INDICATES RECORD WAS SET OR TIED.
MM INDICATES DATA IS MISSING.
T  INDICATES TRACE AMOUNT.




$$
