000
CDUS43 KDTX 232030
CLIFNT


CLIMATE REPORT
NATIONAL WEATHER SERVICE DETROIT/PONTIAC MI
430 PM EDT WED AUG 23 2017


...................................

...THE FLINT MI CLIMATE SUMMARY FOR AUGUST 23 2017...
VALID TODAY AS OF 0400 PM LOCAL TIME.

CLIMATE NORMAL PERIOD 1981 TO 2010
CLIMATE RECORD PERIOD 1921 TO 2017


WEATHER ITEM   OBSERVED TIME   RECORD YEAR NORMAL DEPARTURE LAST
                VALUE   (LST)  VALUE       VALUE  FROM      YEAR
                                                  NORMAL
..................................................................
TEMPERATURE (F)
 TODAY
  MAXIMUM         74    219 PM  98    1936  79     -5       83
  MINIMUM         54    429 AM  41    1952  57     -3       55
  AVERAGE         64                        68     -4       69

PRECIPITATION (IN)
  TODAY            0.00          2.61 1975   0.10  -0.10     0.00
  MONTH TO DATE    3.64                      2.35   1.29     3.62
  SINCE JUN 1      9.02                      8.74   0.28     6.04
  SINCE JAN 1     25.45                     19.73   5.72    18.27

SNOWFALL (IN)
  TODAY            0.0           0.0    MM   0.0    0.0      0.0
  MONTH TO DATE    0.0                       0.0    0.0      0.0
  SINCE JUN 1      0.0                       0.0    0.0      0.0
  SINCE JUL 1      0.0                       0.0    0.0      0.0
  SNOW DEPTH       0

DEGREE DAYS
 HEATING
  TODAY            1                         1      0        0
  MONTH TO DATE    3                        22    -19        0
  SINCE JUN 1     43                       103    -60       28
  SINCE JUL 1      4                        37    -33        0

 COOLING
  TODAY            0                         4     -4        4
  MONTH TO DATE   91                       117    -26      273
  SINCE JUN 1    425                       416      9      800
  SINCE JAN 1    450                       448      2      879
..................................................................


WIND (MPH)
  HIGHEST WIND SPEED    18   HIGHEST WIND DIRECTION     W (290)
  HIGHEST GUST SPEED    23   HIGHEST GUST DIRECTION     N (340)
  AVERAGE WIND SPEED     9.6


SKY COVER
  POSSIBLE SUNSHINE  MM
  AVERAGE SKY COVER 0.3


WEATHER CONDITIONS
 THE FOLLOWING WEATHER WAS RECORDED TODAY.
  NO SIGNIFICANT WEATHER WAS OBSERVED.


RELATIVE HUMIDITY (PERCENT)
 HIGHEST    86           200 AM
 LOWEST     46           200 PM
 AVERAGE    66

..........................................................


THE FLINT MI CLIMATE NORMALS FOR TOMORROW
                         NORMAL    RECORD    YEAR
 MAXIMUM TEMPERATURE (F)   79       101      1947
 MINIMUM TEMPERATURE (F)   57        40      1987
                                             1951


SUNRISE AND SUNSET
AUGUST 23 2017........SUNRISE   650 AM EDT   SUNSET   824 PM EDT
AUGUST 24 2017........SUNRISE   651 AM EDT   SUNSET   823 PM EDT


-  INDICATES NEGATIVE NUMBERS.
R  INDICATES RECORD WAS SET OR TIED.
MM INDICATES DATA IS MISSING.
T  INDICATES TRACE AMOUNT.




$$
