000
CDUS43 KFSD 250629
CLIFSD


CLIMATE REPORT
NATIONAL WEATHER SERVICE SIOUX FALLS SD
129 AM CDT SAT MAR 25 2017


...................................

...THE SIOUX FALLS SD CLIMATE SUMMARY FOR MARCH 24 2017...

CLIMATE NORMAL PERIOD 1981 TO 2010
CLIMATE RECORD PERIOD 1893 TO 2017


WEATHER ITEM   OBSERVED TIME   RECORD YEAR NORMAL DEPARTURE LAST
                VALUE   (LST)  VALUE       VALUE  FROM      YEAR
                                                  NORMAL
..................................................................
TEMPERATURE (F)
 YESTERDAY
  MAXIMUM         43    144 PM  83    1967  47     -4       42
  MINIMUM         37   1159 PM   0    1974  26     11       22
  AVERAGE         40                        36      4       32

PRECIPITATION (IN)
  YESTERDAY        0.03          0.60 2007   0.07  -0.04     0.00
                                      1937
  MONTH TO DATE    0.50                      1.19  -0.69     0.59
  SINCE MAR 1      0.50                      1.19  -0.69     0.59
  SINCE JAN 1      1.61                      2.35  -0.74     2.27

SNOWFALL (IN)
  YESTERDAY        0.0           2.7  1975   0.3   -0.3      0.0
  MONTH TO DATE    8.0                       6.8    1.2      5.8
  SINCE MAR 1      8.0                       6.8    1.2      5.8
  SINCE JUL 1     39.4                      38.3    1.1     62.1
  SNOW DEPTH       0

DEGREE DAYS
 HEATING
  YESTERDAY       25                        29     -4       33
  MONTH TO DATE  771                       807    -36      591
  SINCE MAR 1    771                       807    -36      591
  SINCE JUL 1   5577                      6657  -1080     5627

 COOLING
  YESTERDAY        0                         0      0        0
  MONTH TO DATE    0                         0      0        0
  SINCE MAR 1      0                         0      0        0
  SINCE JAN 1      0                         0      0        0
..................................................................


WIND (MPH)
  HIGHEST WIND SPEED    24   HIGHEST WIND DIRECTION     N (10)
  HIGHEST GUST SPEED    31   HIGHEST GUST DIRECTION     N (10)
  AVERAGE WIND SPEED    14.0


SKY COVER
  POSSIBLE SUNSHINE  MM
  AVERAGE SKY COVER 1.0


WEATHER CONDITIONS
 THE FOLLOWING WEATHER WAS RECORDED YESTERDAY.
  LIGHT RAIN
  FOG


RELATIVE HUMIDITY (PERCENT)
 HIGHEST    96           100 AM
 LOWEST     82          1200 PM
 AVERAGE    89

..........................................................


THE SIOUX FALLS SD CLIMATE NORMALS FOR TODAY
                         NORMAL    RECORD    YEAR
 MAXIMUM TEMPERATURE (F)   48        82      1910
 MINIMUM TEMPERATURE (F)   26        -4      1894


SUNRISE AND SUNSET
MARCH 25 2017.........SUNRISE   721 AM CDT   SUNSET   746 PM CDT
MARCH 26 2017.........SUNRISE   719 AM CDT   SUNSET   747 PM CDT


-  INDICATES NEGATIVE NUMBERS.
R  INDICATES RECORD WAS SET OR TIED.
MM INDICATES DATA IS MISSING.
T  INDICATES TRACE AMOUNT.




$$
