000
CDUS43 KFSD 290702
CLIFSD


CLIMATE REPORT
NATIONAL WEATHER SERVICE SIOUX FALLS SD
202 AM CDT MON MAY 29 2017


...................................

...THE SIOUX FALLS SD CLIMATE SUMMARY FOR MAY 28 2017...

CLIMATE NORMAL PERIOD 1981 TO 2010
CLIMATE RECORD PERIOD 1893 TO 2017


WEATHER ITEM   OBSERVED TIME   RECORD YEAR NORMAL DEPARTURE LAST
                VALUE   (LST)  VALUE       VALUE  FROM      YEAR
                                                  NORMAL
..................................................................
TEMPERATURE (F)
 YESTERDAY
  MAXIMUM         75    523 PM  98    1934  73      2       70
  MINIMUM         49   1019 PM  30    1965  50     -1       58
  AVERAGE         62                        62      0       64

PRECIPITATION (IN)
  YESTERDAY        T             2.83 1970   0.12  -0.12     1.26
  MONTH TO DATE    3.23                      3.04   0.19     2.82
  SINCE MAR 1      6.64                      7.81  -1.17     9.53
  SINCE JAN 1      7.75                      8.97  -1.22    11.21

SNOWFALL (IN)
  YESTERDAY        0.0           T    1947   0.0    0.0      0.0
  MONTH TO DATE    2.2                       0.4    1.8      0.0
  SINCE MAR 1     11.5                      13.4   -1.9     12.2
  SINCE JUL 1     42.9                      44.9   -2.0     68.5
  SNOW DEPTH       0

DEGREE DAYS
 HEATING
  YESTERDAY        3                         5     -2        1
  MONTH TO DATE  227                       235     -8      213
  SINCE MAR 1   1611                      1792   -181     1459
  SINCE JUL 1   6417                      7642  -1225     6495

 COOLING
  YESTERDAY        0                         2     -2        0
  MONTH TO DATE   25                        26     -1       27
  SINCE MAR 1     26                        31     -5       27
  SINCE JAN 1     26                        31     -5       27
..................................................................


WIND (MPH)
  HIGHEST WIND SPEED    29   HIGHEST WIND DIRECTION     N (360)
  HIGHEST GUST SPEED    37   HIGHEST GUST DIRECTION     N (10)
  AVERAGE WIND SPEED    10.3


SKY COVER
  POSSIBLE SUNSHINE  MM
  AVERAGE SKY COVER 0.4


WEATHER CONDITIONS
 THE FOLLOWING WEATHER WAS RECORDED YESTERDAY.
  LIGHT RAIN


RELATIVE HUMIDITY (PERCENT)
 HIGHEST    93           300 AM
 LOWEST     29           600 PM
 AVERAGE    61

..........................................................


THE SIOUX FALLS SD CLIMATE NORMALS FOR TODAY
                         NORMAL    RECORD    YEAR
 MAXIMUM TEMPERATURE (F)   74        99      1934
 MINIMUM TEMPERATURE (F)   51        28      1947


SUNRISE AND SUNSET
MAY 29 2017...........SUNRISE   550 AM CDT   SUNSET   859 PM CDT
MAY 30 2017...........SUNRISE   550 AM CDT   SUNSET   900 PM CDT


-  INDICATES NEGATIVE NUMBERS.
R  INDICATES RECORD WAS SET OR TIED.
MM INDICATES DATA IS MISSING.
T  INDICATES TRACE AMOUNT.




$$
