000
CDUS44 KTSA 272148 RRA
CLIFSM

CLIMATE REPORT
NATIONAL WEATHER SERVICE TULSA OK
418 PM CDT FRI MAY 27 2016


...................................

...THE FORT SMITH ARKANSAS CLIMATE SUMMARY FOR MAY 27 2016...
VALID TODAY AS OF 0400 PM LOCAL TIME.

CLIMATE NORMAL PERIOD 1981 TO 2010
CLIMATE RECORD PERIOD 1882 TO 2016


WEATHER ITEM   OBSERVED TIME   RECORD YEAR NORMAL DEPARTURE LAST
                VALUE   (LST)  VALUE       VALUE  FROM      YEAR
                                                  NORMAL
..................................................................
TEMPERATURE (F)
 TODAY
  MAXIMUM         79    154 PM  95    2012  83     -4       87
                                      1964
  MINIMUM         69    530 AM  44    1961  63      6       65
  AVERAGE         74                        73      1       76

PRECIPITATION (IN)
  TODAY            0.03          2.04 2008   0.17  -0.14     0.01
  MONTH TO DATE    3.68                      4.81  -1.13    18.34
  SINCE MAR 1     15.04                     12.96   2.08    27.13
  SINCE JAN 1     17.19                     18.53  -1.34    31.74

DEGREE DAYS
 COOLING
  TODAY            9                         8      1       11
  MONTH TO DATE  101                       143    -42      144
  SINCE MAR 1    149                       208    -59      212
  SINCE JAN 1    150                       209    -59      212
..................................................................


WIND (MPH)
  HIGHEST WIND SPEED    16   HIGHEST WIND DIRECTION    SE (140)
  HIGHEST GUST SPEED    26   HIGHEST GUST DIRECTION    SE (120)
  AVERAGE WIND SPEED     6.8


SKY COVER
  POSSIBLE SUNSHINE  MM
  AVERAGE SKY COVER 0.3


WEATHER CONDITIONS
 THE FOLLOWING WEATHER WAS RECORDED TODAY.
  FOG


RELATIVE HUMIDITY (PERCENT)
 HIGHEST    90           100 AM
 LOWEST     58           300 PM
 AVERAGE    74

..........................................................


THE FORT SMITH ARKANSAS CLIMATE NORMALS FOR TOMORROW
                         NORMAL    RECORD    YEAR
 MAXIMUM TEMPERATURE (F)   83        97      2012
 MINIMUM TEMPERATURE (F)   63        48      1961
                                             1891


SUNRISE AND SUNSET
MAY 27 2016...........SUNRISE   606 AM CDT   SUNSET   824 PM CDT
MAY 28 2016...........SUNRISE   605 AM CDT   SUNSET   825 PM CDT


-  INDICATES NEGATIVE NUMBERS.
R  INDICATES RECORD WAS SET OR TIED.
MM INDICATES DATA IS MISSING.
T  INDICATES TRACE AMOUNT.




$$

&&
...........................................................

THE ARKANSAS RIVER AT VAN BUREN

                   OBSERVED      24 HOUR     24 HOUR
                    VALUE        CHANGE      FORECAST

 STAGE (FEET)
  THIS AFTERNOON     19.2         -0.2

MEAN FLOW (CFS)
  TODAY                                        -99
...........................................................
ALL DATA MEASURED AT THE FORT SMITH REGIONAL AIRPORT
