000
CDUS44 KTSA 230836 RRA
CLIFSM

CLIMATE REPORT
NATIONAL WEATHER SERVICE TULSA OK
335 AM CDT SUN APR 23 2017

...................................

...THE FORT SMITH ARKANSAS CLIMATE SUMMARY FOR APRIL 22 2017...

CLIMATE NORMAL PERIOD 1981 TO 2010
CLIMATE RECORD PERIOD 1882 TO 2017


WEATHER ITEM   OBSERVED TIME   RECORD YEAR NORMAL DEPARTURE LAST
                VALUE   (LST)  VALUE       VALUE  FROM      YEAR
                                                  NORMAL
..................................................................
TEMPERATURE (F)
 YESTERDAY
  MAXIMUM         61   1219 AM  92    1989  75    -14       81
                                      1965
                                      1955
  MINIMUM         51   1053 PM  33    1982  52     -1       51
  AVERAGE         56                        64     -8       66

PRECIPITATION (IN)
  YESTERDAY        0.02          4.30 1885   0.15  -0.13     0.00
  MONTH TO DATE    3.83                      3.02   0.81     2.25
  SINCE MAR 1      7.58                      6.87   0.71     7.56
  SINCE JAN 1     12.40                     12.44  -0.04     9.71

SNOWFALL (IN)
  YESTERDAY        0.0                                       0.0
  MONTH TO DATE    0.0                                       0.0
  SINCE MAR 1      0.0                                       0.0
  SINCE JUL 1      2.0                                        T

DEGREE DAYS
 HEATING
  YESTERDAY        9                         4      5        0
  MONTH TO DATE   44                       132    -88       71
  SINCE MAR 1    305                       518   -213      339
  SINCE JUL 1   2214                      3191   -977     2408

 COOLING
  YESTERDAY        0                         2     -2        1
  MONTH TO DATE   70                        34     36        8
  SINCE MAR 1    104                        45     59       14
  SINCE JAN 1    120                        46     74       15
..................................................................


WIND (MPH)
  HIGHEST WIND SPEED    22   HIGHEST WIND DIRECTION    NW (330)
  HIGHEST GUST SPEED    28   HIGHEST GUST DIRECTION    NW (330)
  AVERAGE WIND SPEED    11.5


SKY COVER
  POSSIBLE SUNSHINE  MM
  AVERAGE SKY COVER 1.0


WEATHER CONDITIONS
 THE FOLLOWING WEATHER WAS RECORDED YESTERDAY.
  LIGHT RAIN
  FOG


RELATIVE HUMIDITY (PERCENT)
 HIGHEST    89           700 AM
 LOWEST     61           300 PM
 AVERAGE    75

..........................................................


THE FORT SMITH ARKANSAS CLIMATE NORMALS FOR TODAY
                         NORMAL    RECORD    YEAR
 MAXIMUM TEMPERATURE (F)   76        91      1965
                                             1964
 MINIMUM TEMPERATURE (F)   52        36      1893
                                             1884


SUNRISE AND SUNSET
APRIL 23 2017.........SUNRISE   635 AM CDT   SUNSET   757 PM CDT
APRIL 24 2017.........SUNRISE   634 AM CDT   SUNSET   758 PM CDT


-  INDICATES NEGATIVE NUMBERS.
R  INDICATES RECORD WAS SET OR TIED.
MM INDICATES DATA IS MISSING.
T  INDICATES TRACE AMOUNT.




$$

&&
...........................................................

THE ARKANSAS RIVER AT VAN BUREN

                   OBSERVED      24 HOUR     24 HOUR
                    VALUE        CHANGE      FORECAST

 STAGE (FEET)
  THIS MORNING       20.4         +0.2

MEAN FLOW (CFS)
  TODAY                                        -99
...........................................................
ALL DATA MEASURED AT THE FORT SMITH REGIONAL AIRPORT
