000
CDUS44 KTSA 172219
CLIFSM

CLIMATE REPORT
NATIONAL WEATHER SERVICE TULSA OK
418 PM CST WED JAN 17 2018


...................................

...THE FORT SMITH ARKANSAS CLIMATE SUMMARY FOR JANUARY 17 2018...
VALID TODAY AS OF 0400 PM LOCAL TIME.

CLIMATE NORMAL PERIOD 1981 TO 2010
CLIMATE RECORD PERIOD 1882 TO 2018


WEATHER ITEM   OBSERVED TIME   RECORD YEAR NORMAL DEPARTURE LAST
                VALUE   (LST)  VALUE       VALUE  FROM      YEAR
                                                  NORMAL
..................................................................
TEMPERATURE (F)
 TODAY
  MAXIMUM         30    259 PM  73    1952  50    -20       47
  MINIMUM          6    709 AM  -6    1930  29    -23       35
  AVERAGE         18                        39    -21       41

PRECIPITATION (IN)
  TODAY            0.00          1.52 1928   0.10  -0.10     0.00
  MONTH TO DATE    0.54                      1.50  -0.96     1.29
  SINCE DEC 1      2.82                      4.79  -1.97     2.06
  SINCE JAN 1      0.54                      1.50  -0.96     1.29

SNOWFALL (IN)
  TODAY            0.0                                       0.0
  MONTH TO DATE    T                                         2.0
  SINCE DEC 1      T                                         2.0
  SINCE JUL 1      T                                         2.0

DEGREE DAYS
 HEATING
  TODAY           47                        26     21       24
  MONTH TO DATE  554                       442    112      392
  SINCE DEC 1   1231                      1176     55     1085
  SINCE JUL 1   1667                      1741    -74     1371
..................................................................


WIND (MPH)
  HIGHEST WIND SPEED     8   HIGHEST WIND DIRECTION    SW (240)
  HIGHEST GUST SPEED    12   HIGHEST GUST DIRECTION     W (250)
  AVERAGE WIND SPEED     3.2


SKY COVER
  POSSIBLE SUNSHINE  MM
  AVERAGE SKY COVER 0.0


WEATHER CONDITIONS
 THE FOLLOWING WEATHER WAS RECORDED TODAY.
  NO SIGNIFICANT WEATHER WAS OBSERVED.


RELATIVE HUMIDITY (PERCENT)
 HIGHEST    80           500 AM
 LOWEST     33           400 PM
 AVERAGE    57

..........................................................


THE FORT SMITH ARKANSAS CLIMATE NORMALS FOR TOMORROW
                         NORMAL    RECORD    YEAR
 MAXIMUM TEMPERATURE (F)   50        72      1974
                                             1951
                                             1907
 MINIMUM TEMPERATURE (F)   29        -9      1930


SUNRISE AND SUNSET
JANUARY 17 2018.......SUNRISE   725 AM CST   SUNSET   530 PM CST
JANUARY 18 2018.......SUNRISE   725 AM CST   SUNSET   531 PM CST


-  INDICATES NEGATIVE NUMBERS.
R  INDICATES RECORD WAS SET OR TIED.
MM INDICATES DATA IS MISSING.
T  INDICATES TRACE AMOUNT.




$$

&&
...........................................................

THE ARKANSAS RIVER AT VAN BUREN

                   OBSERVED      24 HOUR     24 HOUR
                    VALUE        CHANGE      FORECAST

 STAGE (FEET)
  THIS AFTERNOON     19.5         +0.4

 MEAN FLOW (CFS)
  TODAY                                        761
...........................................................
ALL DATA MEASURED AT THE FORT SMITH REGIONAL AIRPORT
