268
CDUS42 KFFC 262038
CLIFTY


CLIMATE REPORT
NATIONAL WEATHER SERVICE PEACHTREE CITY GA
438 PM EDT MON JUN 26 2017


...................................

...THE FULTON COUNTY AIRPORT CLIMATE SUMMARY FOR JUNE 26 2017...
VALID TODAY AS OF 0400 PM LOCAL TIME.

CLIMATE NORMAL PERIOD 1981 TO 2010
CLIMATE RECORD PERIOD 9999 TO 9999


WEATHER ITEM   OBSERVED TIME   RECORD YEAR NORMAL DEPARTURE LAST
                VALUE   (LST)  VALUE       VALUE  FROM      YEAR
                                                  NORMAL
..................................................................
TEMPERATURE (F)
 TODAY
  MAXIMUM         86    257 PM  MM      MM  89     -3       88
  MINIMUM         60    536 AM  MM      MM  68     -8       71
  AVERAGE         73                        78     -5       80

PRECIPITATION (IN)
  TODAY            0.00         MM      MM   0.17  -0.17     0.43
  MONTH TO DATE    5.34                      3.35   1.99     2.05
  SINCE JUN 1      5.34                      3.35   1.99     2.05
  SINCE JAN 1     27.57                     24.84   2.73    18.86

DEGREE DAYS
 COOLING
  TODAY            8                        13     -5       15
  MONTH TO DATE  306                       294     12      373
  SINCE JUN 1    306                       294     12      373
  SINCE JAN 1    635                       494    141      605
..................................................................


WIND (MPH)
  RESULTANT WIND SPEED   2   RESULTANT WIND DIRECTION  NE (50)
  HIGHEST WIND SPEED    12   HIGHEST WIND DIRECTION    NW (310)
  HIGHEST GUST SPEED    17   HIGHEST GUST DIRECTION    NW (320)
  AVERAGE WIND SPEED     3.0


SKY COVER
  AVERAGE SKY COVER 0.0


WEATHER CONDITIONS
 THE FOLLOWING WEATHER WAS RECORDED TODAY.
  NO SIGNIFICANT WEATHER WAS OBSERVED.


RELATIVE HUMIDITY (PERCENT)
 HIGHEST   100           500 AM
 LOWEST     29           200 PM
 AVERAGE    65

..........................................................


THE FULTON COUNTY AIRPORT CLIMATE NORMALS FOR TOMORROW
                         NORMAL    RECORD    YEAR
 MAXIMUM TEMPERATURE (F)   89        MM        MM
 MINIMUM TEMPERATURE (F)   68        MM        MM


SUNRISE AND SUNSET
JUNE 26 2017..........SUNRISE   629 AM EDT   SUNSET   853 PM EDT
JUNE 27 2017..........SUNRISE   630 AM EDT   SUNSET   853 PM EDT


-  INDICATES NEGATIVE NUMBERS.
R  INDICATES RECORD WAS SET OR TIED.
MM INDICATES DATA IS MISSING.
T  INDICATES TRACE AMOUNT.




$$
