000
CDUS42 KFFC 290020
CLIFTY


CLIMATE REPORT
NATIONAL WEATHER SERVICE PEACHTREE CITY GA
820 PM EDT SAT MAR 28 2015


...................................

...THE FULTON COUNTY AIRPORT CLIMATE SUMMARY FOR MARCH 28 2015...
VALID AS OF 0800 PM LOCAL TIME.

CLIMATE NORMAL PERIOD 1981 TO 2010
CLIMATE RECORD PERIOD 9999 TO 9999


WEATHER ITEM   OBSERVED TIME   RECORD YEAR NORMAL DEPARTURE LAST
                VALUE   (LST)  VALUE       VALUE  FROM      YEAR
                                                  NORMAL
..................................................................
TEMPERATURE (F)
 TODAY
  MAXIMUM         53    320 PM  MM      MM  69    -16       62
  MINIMUM         36    823 AM  MM      MM  45     -9       54
  AVERAGE         45                        57    -12       58

PRECIPITATION (IN)
  TODAY            0.00         MM      MM   0.14  -0.14     0.44
  MONTH TO DATE    1.96                      4.41  -2.45     2.93
  SINCE MAR 1      1.96                      4.41  -2.45     2.93

SNOWFALL (IN)
  TODAY           MM            MM      MM  MM     MM       MM
  MONTH TO DATE    0.0                      MM     MM        0.0
  SINCE MAR 1      0.0                      MM     MM        0.0
  SINCE JUL 1      T                        MM     MM         T
  SNOW DEPTH      MM

DEGREE DAYS
 HEATING
  TODAY           20                         9     11        7
  MONTH TO DATE  242                       335    -93      388
  SINCE MAR 1    242                       335    -93      388
  SINCE JUL 1   2830                      2675    155     2955

 COOLING
  TODAY            0                         0      0        0
  MONTH TO DATE    2                         0      2        0
  SINCE MAR 1      2                         0      2        0
  SINCE JAN 1      2                         0      2        0
..................................................................


WIND (MPH)
  RESULTANT WIND SPEED  10   RESULTANT WIND DIRECTION  NW (310)
  HIGHEST WIND SPEED    20   HIGHEST WIND DIRECTION    NW (300)
  HIGHEST GUST SPEED    31   HIGHEST GUST DIRECTION     W (270)
  AVERAGE WIND SPEED    11.0


SKY COVER
  AVERAGE SKY COVER 0.3


WEATHER CONDITIONS
 THE FOLLOWING WEATHER WAS RECORDED TODAY.
  NO SIGNIFICANT WEATHER WAS OBSERVED.


RELATIVE HUMIDITY (PERCENT)
 HIGHEST    70           200 AM
 LOWEST     21           300 PM
 AVERAGE    46

..........................................................


THE FULTON COUNTY AIRPORT CLIMATE NORMALS FOR TOMORROW
                         NORMAL    RECORD    YEAR
 MAXIMUM TEMPERATURE (F)   69        MM        MM
 MINIMUM TEMPERATURE (F)   45        MM        MM


SUNRISE AND SUNSET
MARCH 28 2015.........SUNRISE   731 AM EDT   SUNSET   756 PM EDT
MARCH 29 2015.........SUNRISE   730 AM EDT   SUNSET   756 PM EDT


-  INDICATES NEGATIVE NUMBERS.
R  INDICATES RECORD WAS SET OR TIED.
MM INDICATES DATA IS MISSING.
T  INDICATES TRACE AMOUNT.




$$
