000
CDUS46 KSGX 010017
CLIFUL


CLIMATE REPORT
NATIONAL WEATHER SERVICE SAN DIEGO, CA
417 PM PST SAT FEB 28 2015


...................................

...THE FULLERTON AIRPORT CA CLIMATE SUMMARY FOR FEBRUARY 28 2015...
VALID TODAY AS OF 0400 PM LOCAL TIME.

CLIMATE NORMAL PERIOD 1981 TO 2010
CLIMATE RECORD PERIOD 1998 TO 2015


WEATHER ITEM   OBSERVED TIME   RECORD YEAR NORMAL DEPARTURE LAST
                VALUE   (LST)  VALUE       VALUE  FROM      YEAR
                                                  NORMAL
..................................................................
TEMPERATURE (F)
 TODAY
  MAXIMUM         66   1259 PM  86    2009  69     -3       64
  MINIMUM         56    720 AM  38    2011  49      7       56
  AVERAGE         61                        59      2       60

PRECIPITATION (IN)
  TODAY            0.00          1.30 2014   0.09  -0.09     1.30
  MONTH TO DATE    0.21                      3.25  -3.04     2.31
  SINCE OCT 1      4.90                     10.18  -5.28     3.64
  SINCE JAN 1      1.08                      6.28  -5.20     2.33

SNOWFALL (IN)
  TODAY            0.0
  MONTH TO DATE    0.0
  SINCE JAN 1      0.0
  SINCE JUL 1      0.0
  SNOW DEPTH       0

DEGREE DAYS
 HEATING
  TODAY            4                         6     -2        5
  MONTH TO DATE   49                       204   -155      115
  SINCE DEC 1    338                       758   -420      422
  SINCE JUL 1    362                       922   -560      498

 COOLING
  TODAY            0                         0      0        0
  MONTH TO DATE   32                         5     27        6
  SINCE DEC 1     55                        10     45       26
  SINCE JAN 1     51                         9     42       20
..................................................................


WIND (MPH)
  RESULTANT WIND SPEED   5   RESULTANT WIND DIRECTION   S (200)
  HIGHEST WIND SPEED    14   HIGHEST WIND DIRECTION     S (200)
  HIGHEST GUST SPEED    20   HIGHEST GUST DIRECTION     S (200)
  AVERAGE WIND SPEED     7.3


SKY COVER
  POSSIBLE SUNSHINE  MM
  AVERAGE SKY COVER 0.7


WEATHER CONDITIONS
 THE FOLLOWING WEATHER WAS RECORDED TODAY.
  NO SIGNIFICANT WEATHER WAS OBSERVED.


RELATIVE HUMIDITY (PERCENT)
 HIGHEST    67          1200 AM
 LOWEST     44           100 PM
 AVERAGE    56

..........................................................


THE FULLERTON AIRPORT CA CLIMATE NORMALS FOR TOMORROW
                         NORMAL    RECORD    YEAR
 MAXIMUM TEMPERATURE (F)   69        92      2013
 MINIMUM TEMPERATURE (F)   50        38      2007


SUNRISE AND SUNSET
FEBRUARY 28 2015......SUNRISE   622 AM PST   SUNSET   547 PM PST
MARCH  1 2015.........SUNRISE   621 AM PST   SUNSET   548 PM PST


-  INDICATES NEGATIVE NUMBERS.
R  INDICATES RECORD WAS SET OR TIED.
MM INDICATES DATA IS MISSING.
T  INDICATES TRACE AMOUNT.




$$
