000
CDUS46 KSGX 292318
CLIFUL


CLIMATE REPORT
NATIONAL WEATHER SERVICE SAN DIEGO, CA
418 PM PDT SAT APR 29 2017


...................................

...THE FULLERTON AIRPORT CA CLIMATE SUMMARY FOR APRIL 29 2017...
VALID TODAY AS OF 0400 PM LOCAL TIME.

CLIMATE NORMAL PERIOD 1981 TO 2010
CLIMATE RECORD PERIOD 1998 TO 2017


WEATHER ITEM   OBSERVED TIME   RECORD YEAR NORMAL DEPARTURE LAST
                VALUE   (LST)  VALUE       VALUE  FROM      YEAR
                                                  NORMAL
..................................................................
TEMPERATURE (F)
 TODAY
  MAXIMUM         88    253 PM  97    2015  74     14       71
  MINIMUM         69    558 AM  47    1999  55     14       56
  AVERAGE         79                        65     14       64

PRECIPITATION (IN)
  TODAY            0.00          0.00   MM   0.02  -0.02     0.00
  MONTH TO DATE    0.03                      0.85  -0.82     0.10
  SINCE OCT 1     16.37                     13.19   3.18     5.20
  SINCE JAN 1     10.46                      9.29   1.17     4.15

DEGREE DAYS
 HEATING
  TODAY            0                         2     -2        1
  MONTH TO DATE   15                       100    -85       17
  SINCE MAR 1     72                       270   -198       80
  SINCE JUL 1    769                      1192   -423      759

 COOLING
  TODAY           14                         2     12        0
  MONTH TO DATE   96                        31     65       84
  SINCE MAR 1    134                        44     90      105
  SINCE JAN 1    137                        53     84      177
..................................................................


WIND (MPH)
  RESULTANT WIND SPEED  10   RESULTANT WIND DIRECTION  NE (60)
  HIGHEST WIND SPEED    20   HIGHEST WIND DIRECTION     E (70)
  HIGHEST GUST SPEED    28   HIGHEST GUST DIRECTION    NE (50)
  AVERAGE WIND SPEED    11.9


SKY COVER
  POSSIBLE SUNSHINE  MM
  AVERAGE SKY COVER 0.0


WEATHER CONDITIONS
 THE FOLLOWING WEATHER WAS RECORDED TODAY.
  NO SIGNIFICANT WEATHER WAS OBSERVED.


RELATIVE HUMIDITY (PERCENT)
 HIGHEST    12           600 AM
 LOWEST      7           100 PM
 AVERAGE    10

..........................................................


THE FULLERTON AIRPORT CA CLIMATE NORMALS FOR TOMORROW
                         NORMAL    RECORD    YEAR
 MAXIMUM TEMPERATURE (F)   74        96      2014
 MINIMUM TEMPERATURE (F)   55        47      2010


SUNRISE AND SUNSET
APRIL 29 2017.........SUNRISE   605 AM PDT   SUNSET   734 PM PDT
APRIL 30 2017.........SUNRISE   604 AM PDT   SUNSET   735 PM PDT


-  INDICATES NEGATIVE NUMBERS.
R  INDICATES RECORD WAS SET OR TIED.
MM INDICATES DATA IS MISSING.
T  INDICATES TRACE AMOUNT.




$$
