000
CDUS46 KSGX 270019
CLIFUL


CLIMATE REPORT
NATIONAL WEATHER SERVICE SAN DIEGO, CA
518 PM PDT THU MAY 26 2016


...................................

...THE FULLERTON AIRPORT CA CLIMATE SUMMARY FOR MAY 26 2016...
VALID TODAY AS OF 0500 PM LOCAL TIME.

CLIMATE NORMAL PERIOD 1981 TO 2010
CLIMATE RECORD PERIOD 1998 TO 2016


WEATHER ITEM   OBSERVED TIME   RECORD YEAR NORMAL DEPARTURE LAST
                VALUE   (LST)  VALUE       VALUE  FROM      YEAR
                                                  NORMAL
..................................................................
TEMPERATURE (F)
 TODAY
  MAXIMUM         74    217 PM  83    2014  75     -1       75
  MINIMUM         57    354 AM  50    2008  59     -2       61
  AVERAGE         66                        67     -1       68

PRECIPITATION (IN)
  TODAY            0.00          T    2015   0.00   0.00      T
  MONTH TO DATE    0.05                      0.24  -0.19     0.80
  SINCE OCT 1      5.26                     13.45  -8.19     6.35
  SINCE JAN 1      4.21                      9.55  -5.34     2.53

DEGREE DAYS
 HEATING
  TODAY            0                         1     -1        0
  MONTH TO DATE   10                        31    -21       26
  SINCE MAR 1     91                       303   -212       90
  SINCE JUL 1    770                      1225   -455      453

 COOLING
  TODAY            1                         3     -2        3
  MONTH TO DATE   45                        56    -11       36
  SINCE MAR 1    150                        99     51      273
  SINCE JAN 1    222                       108    114      324
..................................................................


WIND (MPH)
  RESULTANT WIND SPEED   3   RESULTANT WIND DIRECTION  SE (150)
  HIGHEST WIND SPEED    13   HIGHEST WIND DIRECTION    SW (220)
  HIGHEST GUST SPEED    17   HIGHEST GUST DIRECTION    SW (210)
  AVERAGE WIND SPEED     5.1


SKY COVER
  POSSIBLE SUNSHINE  MM
  AVERAGE SKY COVER 0.5


WEATHER CONDITIONS
 THE FOLLOWING WEATHER WAS RECORDED TODAY.
  NO SIGNIFICANT WEATHER WAS OBSERVED.


RELATIVE HUMIDITY (PERCENT)
 HIGHEST    80           300 AM
 LOWEST     46           300 PM
 AVERAGE    63

..........................................................


THE FULLERTON AIRPORT CA CLIMATE NORMALS FOR TOMORROW
                         NORMAL    RECORD    YEAR
 MAXIMUM TEMPERATURE (F)   75        90      2000
 MINIMUM TEMPERATURE (F)   59        53      2008


SUNRISE AND SUNSET
MAY 26 2016...........SUNRISE   544 AM PDT   SUNSET   754 PM PDT
MAY 27 2016...........SUNRISE   544 AM PDT   SUNSET   755 PM PDT


-  INDICATES NEGATIVE NUMBERS.
R  INDICATES RECORD WAS SET OR TIED.
MM INDICATES DATA IS MISSING.
T  INDICATES TRACE AMOUNT.




$$
