000
CDUS46 KSGX 181131
CLIFUL


CLIMATE REPORT
NATIONAL WEATHER SERVICE SAN DIEGO, CA
430 AM PDT FRI AUG 18 2017


...................................

...THE FULLERTON AIRPORT CA CLIMATE SUMMARY FOR AUGUST 17 2017...

CLIMATE NORMAL PERIOD 1981 TO 2010
CLIMATE RECORD PERIOD 1998 TO 2017


WEATHER ITEM   OBSERVED TIME   RECORD YEAR NORMAL DEPARTURE LAST
                VALUE   (LST)  VALUE       VALUE  FROM      YEAR
                                                  NORMAL
..................................................................
TEMPERATURE (F)
 YESTERDAY
  MAXIMUM         84   1241 PM 101    2012  86     -2       95
  MINIMUM         65    509 AM  60    2005  65      0       61
  AVERAGE         75                        76     -1       78

PRECIPITATION (IN)
  YESTERDAY        0.00          0.00   MM   0.01  -0.01     0.00
  MONTH TO DATE    T                         0.03  -0.03     0.00
  SINCE OCT 1     16.92                     13.62   3.30     5.26
  SINCE JAN 1     11.01                      9.72   1.29     4.21

DEGREE DAYS
 HEATING
  YESTERDAY        0                         0      0        0
  MONTH TO DATE    0                         0      0        0
  SINCE JUN 1      0                         2     -2        0
  SINCE JUL 1      0                         0      0        0

 COOLING
  YESTERDAY       10                        10      0       13
  MONTH TO DATE  215                       170     45      219
  SINCE JUN 1    813                       589    224      882
  SINCE JAN 1   1052                       712    340     1118
..................................................................


WIND (MPH)
  RESULTANT WIND SPEED   2   RESULTANT WIND DIRECTION  SW (210)
  HIGHEST WIND SPEED    12   HIGHEST WIND DIRECTION     S (200)
  HIGHEST GUST SPEED    16   HIGHEST GUST DIRECTION    SW (220)
  AVERAGE WIND SPEED     4.0


SKY COVER
  POSSIBLE SUNSHINE  MM
  AVERAGE SKY COVER 0.1


WEATHER CONDITIONS
 THE FOLLOWING WEATHER WAS RECORDED YESTERDAY.
  NO SIGNIFICANT WEATHER WAS OBSERVED.


RELATIVE HUMIDITY (PERCENT)
 HIGHEST    87           500 AM
 LOWEST     37           200 PM
 AVERAGE    62

..........................................................


THE FULLERTON AIRPORT CA CLIMATE NORMALS FOR TODAY
                         NORMAL    RECORD    YEAR
 MAXIMUM TEMPERATURE (F)   86        96      2010
 MINIMUM TEMPERATURE (F)   65        61      2005


SUNRISE AND SUNSET
AUGUST 18 2017........SUNRISE   616 AM PDT   SUNSET   735 PM PDT
AUGUST 19 2017........SUNRISE   617 AM PDT   SUNSET   733 PM PDT


-  INDICATES NEGATIVE NUMBERS.
R  INDICATES RECORD WAS SET OR TIED.
MM INDICATES DATA IS MISSING.
T  INDICATES TRACE AMOUNT.




$$
