000
CDUS46 KSGX 230030
CLIFUL


CLIMATE REPORT
NATIONAL WEATHER SERVICE SAN DIEGO, CA
530 PM PDT THU JUN 22 2017


...................................

...THE FULLERTON AIRPORT CA CLIMATE SUMMARY FOR JUNE 22 2017...
VALID TODAY AS OF 0500 PM LOCAL TIME.

CLIMATE NORMAL PERIOD 1981 TO 2010
CLIMATE RECORD PERIOD 1998 TO 2017


WEATHER ITEM   OBSERVED TIME   RECORD YEAR NORMAL DEPARTURE LAST
                VALUE   (LST)  VALUE       VALUE  FROM      YEAR
                                                  NORMAL
..................................................................
TEMPERATURE (F)
 TODAY
  MAXIMUM         79    203 PM  94    2008  80     -1       87
  MINIMUM         64    708 AM  57    2009  62      2       64
  AVERAGE         72                        71      1       76

PRECIPITATION (IN)
  TODAY            0.00          T    2003   0.00   0.00     0.00
  MONTH TO DATE    0.01                      0.07  -0.06      T
  SINCE OCT 1     16.92                     13.53   3.39     5.26
  SINCE JAN 1     11.01                      9.63   1.38     4.21

DEGREE DAYS
 HEATING
  TODAY            0                         0      0        0
  MONTH TO DATE    0                         0      0        0
  SINCE JUN 1      0                         0      0        0
  SINCE JUL 1    795                      1224   -429      770

 COOLING
  TODAY            7                         6      1       11
  MONTH TO DATE  135                        92     43      171
  SINCE JUN 1    135                        92     43      171
  SINCE JAN 1    374                       215    159      407
..................................................................


WIND (MPH)
  RESULTANT WIND SPEED   3   RESULTANT WIND DIRECTION   S (180)
  HIGHEST WIND SPEED    10   HIGHEST WIND DIRECTION     S (200)
  HIGHEST GUST SPEED    15   HIGHEST GUST DIRECTION    SW (220)
  AVERAGE WIND SPEED     4.4


SKY COVER
  POSSIBLE SUNSHINE  MM
  AVERAGE SKY COVER 0.7


WEATHER CONDITIONS
 THE FOLLOWING WEATHER WAS RECORDED TODAY.
  FOG


RELATIVE HUMIDITY (PERCENT)
 HIGHEST    93          1200 AM
 LOWEST     58           100 PM
 AVERAGE    76

..........................................................


THE FULLERTON AIRPORT CA CLIMATE NORMALS FOR TOMORROW
                         NORMAL    RECORD    YEAR
 MAXIMUM TEMPERATURE (F)   80        87      2015
                                             2001
 MINIMUM TEMPERATURE (F)   62        58      1999


SUNRISE AND SUNSET
JUNE 22 2017..........SUNRISE   542 AM PDT   SUNSET   806 PM PDT
JUNE 23 2017..........SUNRISE   542 AM PDT   SUNSET   806 PM PDT


-  INDICATES NEGATIVE NUMBERS.
R  INDICATES RECORD WAS SET OR TIED.
MM INDICATES DATA IS MISSING.
T  INDICATES TRACE AMOUNT.




$$
