000
CDUS46 KSGX 310016
CLIFUL


CLIMATE REPORT
NATIONAL WEATHER SERVICE SAN DIEGO, CA
516 PM PDT MON MAR 30 2015


...................................

...THE FULLERTON AIRPORT CA CLIMATE SUMMARY FOR MARCH 30 2015...
VALID TODAY AS OF 0500 PM LOCAL TIME.

CLIMATE NORMAL PERIOD 1981 TO 2010
CLIMATE RECORD PERIOD 1998 TO 2015


WEATHER ITEM   OBSERVED TIME   RECORD YEAR NORMAL DEPARTURE LAST
                VALUE   (LST)  VALUE       VALUE  FROM      YEAR
                                                  NORMAL
..................................................................
TEMPERATURE (F)
 TODAY
  MAXIMUM         81   1249 PM  91    2003  71     10       75
  MINIMUM         60    508 AM  47    2007  50     10       56
  AVERAGE         71                        61     10       66

PRECIPITATION (IN)
  TODAY            0.00          0.02 2008   0.03  -0.03     0.00
  MONTH TO DATE    0.39                      2.13  -1.74     0.71
  SINCE OCT 1      5.33                     12.31  -6.98     4.35
  SINCE JAN 1      1.51                      8.41  -6.90     3.04

SNOWFALL (IN)
  TODAY            0.0
  MONTH TO DATE    0.0
  SINCE MAR 1      0.0
  SINCE JUL 1      0.0
  SNOW DEPTH       0

DEGREE DAYS
 HEATING
  TODAY            0                         5     -5        0
  MONTH TO DATE   33                       165   -132       49
  SINCE MAR 1     33                       165   -132       49
  SINCE JUL 1    396                      1087   -691      547

 COOLING
  TODAY            6                         0      6        1
  MONTH TO DATE  148                         8    140       35
  SINCE MAR 1    148                         8    140       35
  SINCE JAN 1    199                        17    182       55
..................................................................


WIND (MPH)
  RESULTANT WIND SPEED   2   RESULTANT WIND DIRECTION   S (190)
  HIGHEST WIND SPEED    12   HIGHEST WIND DIRECTION     S (200)
  HIGHEST GUST SPEED    15   HIGHEST GUST DIRECTION     S (200)
  AVERAGE WIND SPEED     2.5


SKY COVER
  POSSIBLE SUNSHINE  MM
  AVERAGE SKY COVER 0.4


WEATHER CONDITIONS
 THE FOLLOWING WEATHER WAS RECORDED TODAY.
  FOG
  HAZE


RELATIVE HUMIDITY (PERCENT)
 HIGHEST    90           300 AM
 LOWEST     37          1200 PM
 AVERAGE    64

..........................................................


THE FULLERTON AIRPORT CA CLIMATE NORMALS FOR TOMORROW
                         NORMAL    RECORD    YEAR
 MAXIMUM TEMPERATURE (F)   71        91      2011
 MINIMUM TEMPERATURE (F)   50        47      2000


SUNRISE AND SUNSET
MARCH 30 2015.........SUNRISE   642 AM PDT   SUNSET   711 PM PDT
MARCH 31 2015.........SUNRISE   641 AM PDT   SUNSET   712 PM PDT


-  INDICATES NEGATIVE NUMBERS.
R  INDICATES RECORD WAS SET OR TIED.
MM INDICATES DATA IS MISSING.
T  INDICATES TRACE AMOUNT.




$$
