000
CDUS46 KSGX 301435
CLIFUL


CLIMATE REPORT
NATIONAL WEATHER SERVICE SAN DIEGO, CA
735 AM PDT SAT MAY 30 2015


...................................

...THE FULLERTON AIRPORT CA CLIMATE SUMMARY FOR MAY 29 2015...

CLIMATE NORMAL PERIOD 1981 TO 2010
CLIMATE RECORD PERIOD 1998 TO 2015


WEATHER ITEM   OBSERVED TIME   RECORD YEAR NORMAL DEPARTURE LAST
                VALUE   (LST)  VALUE       VALUE  FROM      YEAR
                                                  NORMAL
..................................................................
TEMPERATURE (F)
 YESTERDAY
  MAXIMUM         79   1258 PM  89    2010  76      3       79
  MINIMUM         61    442 AM  53    2010  59      2       65
  AVERAGE         70                        67      3       72

PRECIPITATION (IN)
  YESTERDAY        0.00          0.00   MM   0.01  -0.01     0.00
  MONTH TO DATE    0.80                      0.25   0.55     0.00
  SINCE OCT 1      6.35                     13.46  -7.11     4.77
  SINCE JAN 1      2.53                      9.56  -7.03     3.46

SNOWFALL (IN)
  YESTERDAY        0.0
  MONTH TO DATE    0.0
  SINCE MAR 1      0.0
  SINCE JUL 1      0.0
  SNOW DEPTH       0

DEGREE DAYS
 HEATING
  YESTERDAY        0                         0      0        0
  MONTH TO DATE   26                        31     -5        2
  SINCE MAR 1     90                       303   -213       93
  SINCE JUL 1    453                      1225   -772      591

 COOLING
  YESTERDAY        5                         3      2        7
  MONTH TO DATE   47                        65    -18      196
  SINCE MAR 1    284                       108    176      323
  SINCE JAN 1    335                       117    218      343
..................................................................


WIND (MPH)
  RESULTANT WIND SPEED   4   RESULTANT WIND DIRECTION   S (170)
  HIGHEST WIND SPEED    12   HIGHEST WIND DIRECTION     S (190)
  HIGHEST GUST SPEED    16   HIGHEST GUST DIRECTION    SW (220)
  AVERAGE WIND SPEED     4.0


SKY COVER
  POSSIBLE SUNSHINE  MM
  AVERAGE SKY COVER 0.4


WEATHER CONDITIONS
 THE FOLLOWING WEATHER WAS RECORDED YESTERDAY.
  FOG
  HAZE


RELATIVE HUMIDITY (PERCENT)
 HIGHEST    84           300 AM
 LOWEST     45           100 PM
 AVERAGE    65

..........................................................


THE FULLERTON AIRPORT CA CLIMATE NORMALS FOR TODAY
                         NORMAL    RECORD    YEAR
 MAXIMUM TEMPERATURE (F)   76        87      2004
 MINIMUM TEMPERATURE (F)   59        52      2011


SUNRISE AND SUNSET
MAY 30 2015...........SUNRISE   543 AM PDT   SUNSET   756 PM PDT
MAY 31 2015...........SUNRISE   542 AM PDT   SUNSET   757 PM PDT


-  INDICATES NEGATIVE NUMBERS.
R  INDICATES RECORD WAS SET OR TIED.
MM INDICATES DATA IS MISSING.
T  INDICATES TRACE AMOUNT.




$$
