000
CDUS46 KSGX 211424
CLIFUL


CLIMATE REPORT
NATIONAL WEATHER SERVICE SAN DIEGO, CA
724 AM PDT TUE OCT 21 2014


...................................

...THE FULLERTON AIRPORT CA CLIMATE SUMMARY FOR OCTOBER 20 2014...

CLIMATE NORMAL PERIOD 1981 TO 2010
CLIMATE RECORD PERIOD 1998 TO 2014


WEATHER ITEM   OBSERVED TIME   RECORD YEAR NORMAL DEPARTURE LAST
                VALUE   (LST)  VALUE       VALUE  FROM      YEAR
                                                  NORMAL
..................................................................
TEMPERATURE (F)
 YESTERDAY
  MAXIMUM         79    159 PM  98    2003  78      1       77
  MINIMUM         62    434 AM  52    2006  56      6       57
  AVERAGE         71                        67      4       67

PRECIPITATION (IN)
  YESTERDAY        0.00          1.94 2004   0.03  -0.03     0.00
  MONTH TO DATE    0.00                      0.41  -0.41     0.11
  SINCE JUL 1      0.12                      0.74  -0.62     0.11
  SINCE JAN 1      3.58                     10.39  -6.81     2.64

SNOWFALL (IN)
  YESTERDAY        0.0
  MONTH TO DATE    0.0
  SINCE JAN 1      0.0
  SINCE JUL 1      0.0
  SNOW DEPTH       0

DEGREE DAYS
 HEATING
  YESTERDAY        0                         1     -1        0
  MONTH TO DATE    0                         5     -5        9
  SINCE SEP 1      0                         6     -6        9
  SINCE JUL 1      0                         6     -6        9

 COOLING
  YESTERDAY        6                         3      3        2
  MONTH TO DATE  197                        86    111      100
  SINCE SEP 1    620                       341    279      461
  SINCE JAN 1   1982                      1204    778     1851
..................................................................


WIND (MPH)
  RESULTANT WIND SPEED   1   RESULTANT WIND DIRECTION   S (190)
  HIGHEST WIND SPEED    10   HIGHEST WIND DIRECTION     S (200)
  HIGHEST GUST SPEED    14   HIGHEST GUST DIRECTION    SW (210)
  AVERAGE WIND SPEED     2.3


SKY COVER
  POSSIBLE SUNSHINE  MM
  AVERAGE SKY COVER 0.3


WEATHER CONDITIONS
 THE FOLLOWING WEATHER WAS RECORDED YESTERDAY.
  NO SIGNIFICANT WEATHER WAS OBSERVED.


RELATIVE HUMIDITY (PERCENT)
 HIGHEST    87           100 AM
 LOWEST     52           100 PM
 AVERAGE    70

..........................................................


THE FULLERTON AIRPORT CA CLIMATE NORMALS FOR TODAY
                         NORMAL    RECORD    YEAR
 MAXIMUM TEMPERATURE (F)   78        98      2003
 MINIMUM TEMPERATURE (F)   56        51      2004


SUNRISE AND SUNSET
OCTOBER 21 2014.......SUNRISE   702 AM PDT   SUNSET   611 PM PDT
OCTOBER 22 2014.......SUNRISE   703 AM PDT   SUNSET   610 PM PDT


-  INDICATES NEGATIVE NUMBERS.
R  INDICATES RECORD WAS SET OR TIED.
MM INDICATES DATA IS MISSING.
T  INDICATES TRACE AMOUNT.




$$
