000
CDUS41 KCAR 212027
CLIFVE


CLIMATE REPORT
NATIONAL WEATHER SERVICE CARIBOU, ME
427 PM EDT FRI JUL 21 2017


...................................

...THE FRENCHVILLE ME CLIMATE SUMMARY FOR JULY 21 2017...
VALID TODAY AS OF 0400 PM LOCAL TIME.

CLIMATE NORMAL PERIOD 1981 TO 2010
CLIMATE RECORD PERIOD 9999 TO 9999


WEATHER ITEM   OBSERVED TIME   RECORD YEAR NORMAL DEPARTURE LAST
                VALUE   (LST)  VALUE       VALUE  FROM      YEAR
                                                  NORMAL
..................................................................
TEMPERATURE (F)
 TODAY
  MAXIMUM         76    247 PM              75      1
  MINIMUM         58    411 AM              56      2
  AVERAGE         67                        65      2

PRECIPITATION (IN)
  TODAY            0.01         MM      MM   0.13  -0.12      T
  MONTH TO DATE    1.59                      3.12  -1.53     3.97
  SINCE JUN 1      7.43                      6.97   0.46     8.72
  SINCE JAN 1     19.12                     16.87   2.25    18.81

SNOWFALL (IN)
  TODAY           MM            MM      MM  MM     MM       MM
  MONTH TO DATE   MM                        MM     MM       MM
  SINCE JUN 1     MM                        MM     MM       MM
  SINCE JUL 1     MM                        MM     MM       MM
  SNOW DEPTH      MM

DEGREE DAYS
 HEATING
  TODAY            0                               -2
  MONTH TO DATE   28                              -21
  SINCE JUL 1     28                              -21

 COOLING
  TODAY            2                                0
  MONTH TO DATE   37                               -4
  SINCE JAN 1     65                               -4
..................................................................


WIND (MPH)
  HIGHEST WIND SPEED    14   HIGHEST WIND DIRECTION     W (270)
  HIGHEST GUST SPEED    17   HIGHEST GUST DIRECTION     W (270)
  AVERAGE WIND SPEED     6.3




..........................................................


THE FRENCHVILLE ME CLIMATE NORMALS FOR TOMORROW
                         NORMAL
 MAXIMUM TEMPERATURE (F)   75
 MINIMUM TEMPERATURE (F)   56


SUNRISE AND SUNSET
JULY 21 2017..........SUNRISE   459 AM EDT   SUNSET   820 PM EDT
JULY 22 2017..........SUNRISE   500 AM EDT   SUNSET   819 PM EDT


-  INDICATES NEGATIVE NUMBERS.
R  INDICATES RECORD WAS SET OR TIED.
MM INDICATES DATA IS MISSING.
T  INDICATES TRACE AMOUNT.




$$
