000
CDUS41 KCAR 270527
CLIFVE


CLIMATE REPORT
NATIONAL WEATHER SERVICE CARIBOU, ME
1226 AM EST THU NOV 27 2014


...................................

...THE FRENCHVILLE ME CLIMATE SUMMARY FOR NOVEMBER 26 2014...

CLIMATE NORMAL PERIOD 1981 TO 2010
CLIMATE RECORD PERIOD 9999 TO 9999


WEATHER ITEM   OBSERVED TIME   RECORD YEAR NORMAL DEPARTURE LAST
                VALUE   (LST)  VALUE       VALUE  FROM      YEAR
                                                  NORMAL
..................................................................
TEMPERATURE (F)
 YESTERDAY
  MAXIMUM         37    121 AM              31      6
  MINIMUM         22   1159 PM              19      3
  AVERAGE         30                        25      5

PRECIPITATION (IN)
  YESTERDAY        0.04         MM      MM   0.10  -0.06     0.01
  MONTH TO DATE    1.36                      2.54  -1.18     1.45
  SINCE SEP 1      9.26                      8.60   0.66     7.37
  SINCE JAN 1     32.05                     30.66   1.39    31.88

SNOWFALL (IN)
  YESTERDAY       MM            MM      MM  MM     MM       MM
  MONTH TO DATE   MM                        MM     MM       MM
  SINCE SEP 1     MM                        MM     MM       MM
  SINCE JUL 1     MM                        MM     MM       MM
  SNOW DEPTH      MM

DEGREE DAYS
 HEATING
  YESTERDAY       35                               -5
  MONTH TO DATE  934                               48
  SINCE JUL 1   2055                              -91

 COOLING
  YESTERDAY        0                                0
  MONTH TO DATE    0                                0
  SINCE JAN 1    139                                5
..................................................................


WIND (MPH)
  HIGHEST WIND SPEED    25   HIGHEST WIND DIRECTION     W (250)
  HIGHEST GUST SPEED    35   HIGHEST GUST DIRECTION     W (250)
  AVERAGE WIND SPEED    10.8




..........................................................


THE FRENCHVILLE ME CLIMATE NORMALS FOR TODAY
                         NORMAL
 MAXIMUM TEMPERATURE (F)   31
 MINIMUM TEMPERATURE (F)   19


SUNRISE AND SUNSET
NOVEMBER 27 2014......SUNRISE   654 AM EST   SUNSET   347 PM EST
NOVEMBER 28 2014......SUNRISE   655 AM EST   SUNSET   347 PM EST


-  INDICATES NEGATIVE NUMBERS.
R  INDICATES RECORD WAS SET OR TIED.
MM INDICATES DATA IS MISSING.
T  INDICATES TRACE AMOUNT.




$$
