000
CDUS41 KCAR 300528
CLIFVE


CLIMATE REPORT
NATIONAL WEATHER SERVICE CARIBOU, ME
128 AM EDT TUE MAY 30 2017


...................................

...THE FRENCHVILLE ME CLIMATE SUMMARY FOR MAY 29 2017...

CLIMATE NORMAL PERIOD 1981 TO 2010
CLIMATE RECORD PERIOD 9999 TO 9999


WEATHER ITEM   OBSERVED TIME   RECORD YEAR NORMAL DEPARTURE LAST
                VALUE   (LST)  VALUE       VALUE  FROM      YEAR
                                                  NORMAL
..................................................................
TEMPERATURE (F)
 YESTERDAY
  MAXIMUM         53    354 PM              65    -12
  MINIMUM         45   1159 PM              44      1
  AVERAGE         49                        54     -5

PRECIPITATION (IN)
  YESTERDAY        0.11         MM      MM   0.11   0.00     0.10
  MONTH TO DATE    4.35                      2.81   1.54     2.52
  SINCE MAR 1      8.64                      7.10   1.54     6.31
  SINCE JAN 1     11.26                      9.67   1.59     9.79

SNOWFALL (IN)
  YESTERDAY       MM            MM      MM  MM     MM       MM
  MONTH TO DATE   MM                        MM     MM       MM
  SINCE MAR 1     MM                        MM     MM       MM
  SINCE JUL 1     MM                        MM     MM       MM
  SNOW DEPTH      MM

DEGREE DAYS
 HEATING
  YESTERDAY       16                                5
  MONTH TO DATE  418                              -16
  SINCE JUL 1   8808                             -758

 COOLING
  YESTERDAY        0                                0
  MONTH TO DATE    5                                5
  SINCE JAN 1      5                                5
..................................................................


WIND (MPH)
  HIGHEST WIND SPEED    16   HIGHEST WIND DIRECTION     E (100)
  HIGHEST GUST SPEED    22   HIGHEST GUST DIRECTION     E (110)
  AVERAGE WIND SPEED     9.5




..........................................................


THE FRENCHVILLE ME CLIMATE NORMALS FOR TODAY
                         NORMAL
 MAXIMUM TEMPERATURE (F)   65
 MINIMUM TEMPERATURE (F)   44


SUNRISE AND SUNSET
MAY 30 2017...........SUNRISE   442 AM EDT   SUNSET   820 PM EDT
MAY 31 2017...........SUNRISE   441 AM EDT   SUNSET   821 PM EDT


-  INDICATES NEGATIVE NUMBERS.
R  INDICATES RECORD WAS SET OR TIED.
MM INDICATES DATA IS MISSING.
T  INDICATES TRACE AMOUNT.




$$
