000
CDUS43 KIWX 120527
CLIFWA


CLIMATE REPORT
NATIONAL WEATHER SERVICE NORTHERN INDIANA
1226 AM EST FRI FEB 12 2016


...................................

...THE FORT WAYNE CLIMATE SUMMARY FOR FEBRUARY 11 2016...

CLIMATE NORMAL PERIOD 1981 TO 2010
CLIMATE RECORD PERIOD 1897 TO 2016


WEATHER ITEM   OBSERVED TIME   RECORD YEAR NORMAL DEPARTURE LAST
                VALUE   (LST)  VALUE       VALUE  FROM      YEAR
                                                  NORMAL
..................................................................
TEMPERATURE (F)
 YESTERDAY
  MAXIMUM         24    138 PM  71    1999  35    -11       34
  MINIMUM         12   1159 PM -16    2014  19     -7       22
  AVERAGE         18                        27     -9       28

PRECIPITATION (IN)
  YESTERDAY        T             2.38 2009   0.07  -0.07      T
  MONTH TO DATE    0.27                      0.77  -0.50     1.11
  SINCE DEC 1      6.04                      5.80   0.24     5.06
  SINCE JAN 1      1.89                      3.03  -1.14     3.34

SNOWFALL (IN)
  YESTERDAY        T             7.5  1988   0.3   -0.3       T
  MONTH TO DATE    1.0                       3.4   -2.4     12.3
  SINCE DEC 1      8.1                      22.0  -13.9     25.6
  SINCE JUL 1     12.3                      24.1  -11.8     29.8
  SNOW DEPTH       T

DEGREE DAYS
 HEATING
  YESTERDAY       47                        38      9       37
  MONTH TO DATE  372                       426    -54      464
  SINCE DEC 1   2279                      2780   -501     2793
  SINCE JUL 1   3248                      3997   -749     4239

 COOLING
  YESTERDAY        0                         0      0        0
  MONTH TO DATE    0                         0      0        0
  SINCE DEC 1      0                         0      0        0
  SINCE JAN 1      0                         0      0        0
..................................................................


WIND (MPH)
  HIGHEST WIND SPEED    15   HIGHEST WIND DIRECTION     W (280)
  HIGHEST GUST SPEED    19   HIGHEST GUST DIRECTION     W (290)
  AVERAGE WIND SPEED     8.0


SKY COVER
  AVERAGE SKY COVER 0.7


WEATHER CONDITIONS
 THE FOLLOWING WEATHER WAS RECORDED YESTERDAY.
  LIGHT SNOW


RELATIVE HUMIDITY (PERCENT)
 HIGHEST    74           800 PM
 LOWEST     42           100 PM
 AVERAGE    58

..........................................................


THE FORT WAYNE CLIMATE NORMALS FOR TODAY
                         NORMAL    RECORD    YEAR
 MAXIMUM TEMPERATURE (F)   35        58      1984
 MINIMUM TEMPERATURE (F)   20       -15      2014


SUNRISE AND SUNSET
FEBRUARY 12 2016......SUNRISE   740 AM EST   SUNSET   611 PM EST
FEBRUARY 13 2016......SUNRISE   738 AM EST   SUNSET   612 PM EST


-  INDICATES NEGATIVE NUMBERS.
R  INDICATES RECORD WAS SET OR TIED.
MM INDICATES DATA IS MISSING.
T  INDICATES TRACE AMOUNT.




$$
