224
CDUS43 KIWX 200522
CLIFWA


CLIMATE REPORT
NATIONAL WEATHER SERVICE NORTHERN INDIANA
122 AM EDT WED SEP 20 2017


...................................

...THE FORT WAYNE CLIMATE SUMMARY FOR SEPTEMBER 19 2017...

CLIMATE NORMAL PERIOD 1981 TO 2010
CLIMATE RECORD PERIOD 1897 TO 2017


WEATHER ITEM   OBSERVED TIME   RECORD YEAR NORMAL DEPARTURE LAST
                VALUE   (LST)  VALUE       VALUE  FROM      YEAR
                                                  NORMAL
..................................................................
TEMPERATURE (F)
 YESTERDAY
  MAXIMUM         76   1240 PM  94    1955  75      1       86
  MINIMUM         63   1157 PM  36    1916  51     12       55
  AVERAGE         70                        63      7       71

PRECIPITATION (IN)
  YESTERDAY        1.07          2.13 1997   0.09   0.98     0.00
  MONTH TO DATE    1.67                      1.78  -0.11     4.08
  SINCE SEP 1      1.67                      1.78  -0.11     4.08
  SINCE JAN 1     39.95                     28.62  11.33    27.89

DEGREE DAYS
 HEATING
  YESTERDAY        0                         4     -4        0
  MONTH TO DATE   60                        39     21        0
  SINCE SEP 1     60                        39     21        0
  SINCE JUL 1     75                        51     24        3

 COOLING
  YESTERDAY        5                         2      3        6
  MONTH TO DATE   34                        67    -33       99
  SINCE SEP 1     34                        67    -33       99
  SINCE JAN 1    722                       784    -62     1025
..................................................................


WIND (MPH)
  HIGHEST WIND SPEED    15   HIGHEST WIND DIRECTION     W (280)
  HIGHEST GUST SPEED    19   HIGHEST GUST DIRECTION     W (280)
  AVERAGE WIND SPEED     4.8


SKY COVER
  AVERAGE SKY COVER 0.8


WEATHER CONDITIONS
 THE FOLLOWING WEATHER WAS RECORDED YESTERDAY.
  THUNDERSTORM
  HEAVY RAIN
  RAIN
  LIGHT RAIN
  FOG
  FOG W/VISIBILITY <= 1/4 MILE


RELATIVE HUMIDITY (PERCENT)
 HIGHEST   100           400 AM
 LOWEST     79          1200 PM
 AVERAGE    90

..........................................................


THE FORT WAYNE CLIMATE NORMALS FOR TODAY
                         NORMAL    RECORD    YEAR
 MAXIMUM TEMPERATURE (F)   75        92      1940
 MINIMUM TEMPERATURE (F)   51        35      1991


SUNRISE AND SUNSET
SEPTEMBER 20 2017.....SUNRISE   727 AM EDT   SUNSET   741 PM EDT
SEPTEMBER 21 2017.....SUNRISE   728 AM EDT   SUNSET   739 PM EDT


-  INDICATES NEGATIVE NUMBERS.
R  INDICATES RECORD WAS SET OR TIED.
MM INDICATES DATA IS MISSING.
T  INDICATES TRACE AMOUNT.




$$
