000
CDUS43 KIWX 010524
CLIFWA


CLIMATE REPORT
NATIONAL WEATHER SERVICE NORTHERN INDIANA
124 AM EDT THU SEP 1 2016


...................................

...THE FORT WAYNE CLIMATE SUMMARY FOR AUGUST 31 2016...

CLIMATE NORMAL PERIOD 1981 TO 2010
CLIMATE RECORD PERIOD 1897 TO 2016


WEATHER ITEM   OBSERVED TIME   RECORD YEAR NORMAL DEPARTURE LAST
                VALUE   (LST)  VALUE       VALUE  FROM      YEAR
                                                  NORMAL
..................................................................
TEMPERATURE (F)
 YESTERDAY
  MAXIMUM         85    250 PM  98    1951  81      4       87
  MINIMUM         67   1159 PM  43    1915  58      9       63
  AVERAGE         76                        70      6       75

PRECIPITATION (IN)
  YESTERDAY        0.00          1.17 1950   0.11  -0.11     0.00
  MONTH TO DATE    3.06                      3.64  -0.58     3.57
  SINCE JUN 1      9.62                     12.04  -2.42    21.52
  SINCE JAN 1     23.81                     26.84  -3.03    35.65

SNOWFALL (IN)
  YESTERDAY        0.0           0.0  2002   0.0    0.0      0.0
                                      2001
  MONTH TO DATE    0.0                       0.0    0.0      0.0
  SINCE JUN 1      T                         0.0    0.0      0.0
  SINCE JUL 1      0.0                       0.0    0.0      0.0
  SNOW DEPTH       0

DEGREE DAYS
 HEATING
  YESTERDAY        0                         1     -1        0
  MONTH TO DATE    0                         4     -4        9
  SINCE JUN 1     14                        41    -27       37
  SINCE JUL 1      3                        12     -9        9

 COOLING
  YESTERDAY       11                         5      6       10
  MONTH TO DATE  336                       211    125      183
  SINCE JUN 1    852                       660    192      576
  SINCE JAN 1    926                       717    209      672
..................................................................


WIND (MPH)
  HIGHEST WIND SPEED    17   HIGHEST WIND DIRECTION    NW (320)
  HIGHEST GUST SPEED    23   HIGHEST GUST DIRECTION    NW (320)
  AVERAGE WIND SPEED     5.6


SKY COVER
  AVERAGE SKY COVER 0.8


WEATHER CONDITIONS
 THE FOLLOWING WEATHER WAS RECORDED YESTERDAY.
  FOG
  FOG W/VISIBILITY <= 1/4 MILE
  HAZE


RELATIVE HUMIDITY (PERCENT)
 HIGHEST    97           300 AM
 LOWEST     55           300 PM
 AVERAGE    76

..........................................................


THE FORT WAYNE CLIMATE NORMALS FOR TODAY
                         NORMAL    RECORD    YEAR
 MAXIMUM TEMPERATURE (F)   81       100      1953
 MINIMUM TEMPERATURE (F)   58        42      1909


SUNRISE AND SUNSET
SEPTEMBER  1 2016.....SUNRISE   708 AM EDT   SUNSET   812 PM EDT
SEPTEMBER  2 2016.....SUNRISE   709 AM EDT   SUNSET   811 PM EDT


-  INDICATES NEGATIVE NUMBERS.
R  INDICATES RECORD WAS SET OR TIED.
MM INDICATES DATA IS MISSING.
T  INDICATES TRACE AMOUNT.




$$
