000
CDUS43 KIWX 050526
CLIFWA


CLIMATE REPORT
NATIONAL WEATHER SERVICE NORTHERN INDIANA
124 AM EDT WED AUG 5 2015


...................................

...THE FORT WAYNE CLIMATE SUMMARY FOR AUGUST 4 2015...

CLIMATE NORMAL PERIOD 1981 TO 2010
CLIMATE RECORD PERIOD 1897 TO 2015


WEATHER ITEM   OBSERVED TIME   RECORD YEAR NORMAL DEPARTURE LAST
                VALUE   (LST)  VALUE       VALUE  FROM      YEAR
                                                  NORMAL
..................................................................
TEMPERATURE (F)
 YESTERDAY
  MAXIMUM         81    404 PM  98    1904  83     -2       85
  MINIMUM         59    609 AM  49    1966  62     -3       59
  AVERAGE         70                        72     -2       72

PRECIPITATION (IN)
  YESTERDAY        0.00          2.34 1998   0.13  -0.13      T
  MONTH TO DATE    0.63                      0.50   0.13     0.13
  SINCE JUN 1     18.58                      8.90   9.68     7.94
  SINCE JAN 1     32.71                     23.70   9.01    24.64

SNOWFALL (IN)
  YESTERDAY        0.0           0.0  2002   0.0    0.0      0.0
                                      2001
  MONTH TO DATE    0.0                       0.0    0.0      0.0
  SINCE JUN 1      0.0                       0.0    0.0       T
  SINCE JUL 1      0.0                       0.0    0.0       T
  SNOW DEPTH       0

DEGREE DAYS
 HEATING
  YESTERDAY        0                         0      0        0
  MONTH TO DATE    0                         0      0        0
  SINCE JUN 1     28                        32     -4       28
  SINCE JUL 1      0                         3     -3       14

 COOLING
  YESTERDAY        5                         8     -3        7
  MONTH TO DATE   32                        32      0       25
  SINCE JUN 1    425                       481    -56      405
  SINCE JAN 1    521                       538    -17      486
..................................................................


WIND (MPH)
  HIGHEST WIND SPEED    20   HIGHEST WIND DIRECTION     W (260)
  HIGHEST GUST SPEED    25   HIGHEST GUST DIRECTION     W (270)
  AVERAGE WIND SPEED     7.3


SKY COVER
  AVERAGE SKY COVER 0.5


WEATHER CONDITIONS
 THE FOLLOWING WEATHER WAS RECORDED YESTERDAY.
  NO SIGNIFICANT WEATHER WAS OBSERVED.


RELATIVE HUMIDITY (PERCENT)
 HIGHEST    87           200 AM
 LOWEST     45           100 PM
 AVERAGE    66

..........................................................


THE FORT WAYNE CLIMATE NORMALS FOR TODAY
                         NORMAL    RECORD    YEAR
 MAXIMUM TEMPERATURE (F)   83       102      1918
 MINIMUM TEMPERATURE (F)   62        48      1910


SUNRISE AND SUNSET
AUGUST  5 2015........SUNRISE   640 AM EDT   SUNSET   853 PM EDT
AUGUST  6 2015........SUNRISE   641 AM EDT   SUNSET   851 PM EDT


-  INDICATES NEGATIVE NUMBERS.
R  INDICATES RECORD WAS SET OR TIED.
MM INDICATES DATA IS MISSING.
T  INDICATES TRACE AMOUNT.




$$
