000
CDUS43 KIWX 200555
CLIFWA


CLIMATE REPORT
NATIONAL WEATHER SERVICE NORTHERN INDIANA
1254 AM EST FRI JAN 20 2017


...................................

...THE FORT WAYNE CLIMATE SUMMARY FOR JANUARY 19 2017...

CLIMATE NORMAL PERIOD 1981 TO 2010
CLIMATE RECORD PERIOD 1897 TO 2017


WEATHER ITEM   OBSERVED TIME   RECORD YEAR NORMAL DEPARTURE LAST
                VALUE   (LST)  VALUE       VALUE  FROM      YEAR
                                                  NORMAL
..................................................................
TEMPERATURE (F)
 YESTERDAY
  MAXIMUM         44    125 PM  63    1907  32     12       20
  MINIMUM         35   1010 AM -18    1994  17     18        4
  AVERAGE         40                        25     15       12

PRECIPITATION (IN)
  YESTERDAY        0.07          1.90 1907   0.07   0.00      T
  MONTH TO DATE    3.28                      1.45   1.83     1.51
  SINCE DEC 1      5.59                      4.22   1.37     5.66
  SINCE JAN 1      3.28                      1.45   1.83     1.51

SNOWFALL (IN)
  YESTERDAY        0.0           8.2  1987   0.4   -0.4       T
  MONTH TO DATE    0.7                       6.1   -5.4      5.0
  SINCE DEC 1     11.6                      14.6   -3.0      5.2
  SINCE JUL 1     12.0                      16.7   -4.7      9.4
  SNOW DEPTH       0

DEGREE DAYS
 HEATING
  YESTERDAY       25                        40    -15       53
  MONTH TO DATE  665                       759    -94      757
  SINCE DEC 1   1831                      1870    -39     1475
  SINCE JUL 1   2676                      3087   -411     2444

 COOLING
  YESTERDAY        0                         0      0        0
  MONTH TO DATE    0                         0      0        0
  SINCE DEC 1      0                         0      0        0
  SINCE JAN 1      0                         0      0        0
..................................................................


WIND (MPH)
  HIGHEST WIND SPEED    13   HIGHEST WIND DIRECTION     E (70)
  HIGHEST GUST SPEED    16   HIGHEST GUST DIRECTION     E (90)
  AVERAGE WIND SPEED     7.5


SKY COVER
  AVERAGE SKY COVER 1.0


WEATHER CONDITIONS
 THE FOLLOWING WEATHER WAS RECORDED YESTERDAY.
  LIGHT RAIN
  FOG
  HAZE


RELATIVE HUMIDITY (PERCENT)
 HIGHEST    92          1000 AM
 LOWEST     73           100 PM
 AVERAGE    83

..........................................................


THE FORT WAYNE CLIMATE NORMALS FOR TODAY
                         NORMAL    RECORD    YEAR
 MAXIMUM TEMPERATURE (F)   32        68      1906
 MINIMUM TEMPERATURE (F)   17       -22      1985


SUNRISE AND SUNSET
JANUARY 20 2017.......SUNRISE   801 AM EST   SUNSET   543 PM EST
JANUARY 21 2017.......SUNRISE   800 AM EST   SUNSET   545 PM EST


-  INDICATES NEGATIVE NUMBERS.
R  INDICATES RECORD WAS SET OR TIED.
MM INDICATES DATA IS MISSING.
T  INDICATES TRACE AMOUNT.




$$
