000
CDUS43 KIWX 030532
CLIFWA


CLIMATE REPORT
NATIONAL WEATHER SERVICE NORTHERN INDIANA
1231 AM EST TUE MAR 3 2015


...................................

...THE FORT WAYNE CLIMATE SUMMARY FOR MARCH 2 2015...

CLIMATE NORMAL PERIOD 1981 TO 2010
CLIMATE RECORD PERIOD 1897 TO 2015


WEATHER ITEM   OBSERVED TIME   RECORD YEAR NORMAL DEPARTURE LAST
                VALUE   (LST)  VALUE       VALUE  FROM      YEAR
                                                  NORMAL
..................................................................
TEMPERATURE (F)
 YESTERDAY
  MAXIMUM         29    137 PM  69    1992  42    -13       21
  MINIMUM          3    634 AM  -7    1980  24    -21       13
  AVERAGE         16                        33    -17       17

PRECIPITATION (IN)
  YESTERDAY        0.00          0.72 1940   0.07  -0.07     0.30
  MONTH TO DATE    0.33                      0.15   0.18     0.33
  SINCE MAR 1      0.33                      0.15   0.18     0.33
  SINCE JAN 1      4.10                      4.45  -0.35     6.57

SNOWFALL (IN)
  YESTERDAY        0.0           4.0  2014   0.2   -0.2      4.0
  MONTH TO DATE    3.6                       0.4    3.2      4.2
  SINCE MAR 1      3.6                       0.4    3.2      4.2
  SINCE JUL 1     40.1                      28.8   11.3     66.0
  SNOW DEPTH       6

DEGREE DAYS
 HEATING
  YESTERDAY       49                        32     17       48
  MONTH TO DATE   92                        64     28       85
  SINCE MAR 1     92                        64     28       85
  SINCE JUL 1   5241                      4662    579     5338

 COOLING
  YESTERDAY        0                         0      0        0
  MONTH TO DATE    0                         0      0        0
  SINCE MAR 1      0                         0      0        0
  SINCE JAN 1      0                         0      0        0
..................................................................


WIND (MPH)
  HIGHEST WIND SPEED    14   HIGHEST WIND DIRECTION     W (270)
  HIGHEST GUST SPEED    17   HIGHEST GUST DIRECTION     W (270)
  AVERAGE WIND SPEED     7.2


SKY COVER
  AVERAGE SKY COVER 0.6


WEATHER CONDITIONS
 THE FOLLOWING WEATHER WAS RECORDED YESTERDAY.
  FOG


RELATIVE HUMIDITY (PERCENT)
 HIGHEST    92           400 AM
 LOWEST     53           300 PM
 AVERAGE    73

..........................................................


THE FORT WAYNE CLIMATE NORMALS FOR TODAY
                         NORMAL    RECORD    YEAR
 MAXIMUM TEMPERATURE (F)   42        73      1983
 MINIMUM TEMPERATURE (F)   25        -6      1943


SUNRISE AND SUNSET
MARCH  3 2015.........SUNRISE   712 AM EST   SUNSET   634 PM EST
MARCH  4 2015.........SUNRISE   711 AM EST   SUNSET   635 PM EST


-  INDICATES NEGATIVE NUMBERS.
R  INDICATES RECORD WAS SET OR TIED.
MM INDICATES DATA IS MISSING.
T  INDICATES TRACE AMOUNT.




$$
