000
CDUS43 KIWX 210021
CLIFWA


CLIMATE REPORT
NATIONAL WEATHER SERVICE NORTHERN INDIANA
720 PM EST MON NOV 20 2017


...................................

...THE FORT WAYNE CLIMATE SUMMARY FOR NOVEMBER 20 2017...
VALID AS OF 0700 PM LOCAL TIME.

CLIMATE NORMAL PERIOD 1981 TO 2010
CLIMATE RECORD PERIOD 1897 TO 2017


WEATHER ITEM   OBSERVED TIME   RECORD YEAR NORMAL DEPARTURE LAST
                VALUE   (LST)  VALUE       VALUE  FROM      YEAR
                                                  NORMAL
..................................................................
TEMPERATURE (F)
 TODAY
  MAXIMUM         49    300 PM  70    1942  48      1       35
                                      1930
  MINIMUM         27    334 AM  11    1903  31     -4       32
  AVERAGE         38                        40     -2       34

PRECIPITATION (IN)
  TODAY            0.00          1.58 1906   0.11  -0.11      T
  MONTH TO DATE    5.36                      2.02   3.34     0.79
  SINCE SEP 1      9.27                      7.66   1.61     9.88
  SINCE JAN 1     47.55                     34.50  13.05    33.69

SNOWFALL (IN)
  TODAY            0.0           3.9  1987   0.1   -0.1       T
  MONTH TO DATE    T                         0.8   -0.8      0.4
  SINCE SEP 1      T                         1.1   -1.1      0.4
  SINCE JUL 1      T                         1.1   -1.1      0.4

DEGREE DAYS
 HEATING
  TODAY           27                        26      1       31
  MONTH TO DATE  452                       428     24      316
  SINCE SEP 1    809                       925   -116      589
  SINCE JUL 1    824                       937   -113      592

 COOLING
  TODAY            0                         0      0        0
  MONTH TO DATE    0                         0      0        4
  SINCE SEP 1    148                        92     56      178
  SINCE JAN 1    836                       809     27     1104
..................................................................


WIND (MPH)
  RESULTANT WIND SPEED  14   RESULTANT WIND DIRECTION  SW (210)
  HIGHEST WIND SPEED    25   HIGHEST WIND DIRECTION    SW (220)
  HIGHEST GUST SPEED    31   HIGHEST GUST DIRECTION    SW (220)
  AVERAGE WIND SPEED    14.1


SKY COVER
  POSSIBLE SUNSHINE  MM
  AVERAGE SKY COVER 0.3


WEATHER CONDITIONS
 THE FOLLOWING WEATHER WAS RECORDED TODAY.
  NO SIGNIFICANT WEATHER WAS OBSERVED.


RELATIVE HUMIDITY (PERCENT)
 HIGHEST    85           400 AM
 LOWEST     49           100 PM
 AVERAGE    67

..........................................................


THE FORT WAYNE CLIMATE NORMALS FOR TOMORROW
                         NORMAL    RECORD    YEAR
 MAXIMUM TEMPERATURE (F)   47        70      1913
 MINIMUM TEMPERATURE (F)   31         9      2014


SUNRISE AND SUNSET
NOVEMBER 20 2017......SUNRISE   734 AM EST   SUNSET   518 PM EST
NOVEMBER 21 2017......SUNRISE   736 AM EST   SUNSET   518 PM EST


-  INDICATES NEGATIVE NUMBERS.
R  INDICATES RECORD WAS SET OR TIED.
MM INDICATES DATA IS MISSING.
T  INDICATES TRACE AMOUNT.




$$
