000
CDUS43 KIWX 310523
CLIFWA


CLIMATE REPORT
NATIONAL WEATHER SERVICE NORTHERN INDIANA
122 AM EDT THU JUL 31 2014


...................................

...THE FORT WAYNE CLIMATE SUMMARY FOR JULY 30 2014...

CLIMATE NORMAL PERIOD 1981 TO 2010
CLIMATE RECORD PERIOD 1897 TO 2014


WEATHER ITEM   OBSERVED TIME   RECORD YEAR NORMAL DEPARTURE LAST
                VALUE   (LST)  VALUE       VALUE  FROM      YEAR
                                                  NORMAL
..................................................................
TEMPERATURE (F)
 YESTERDAY
  MAXIMUM         78    413 PM 100    1999  83     -5       78
  MINIMUM         57    231 AM  48    1904  62     -5       53
  AVERAGE         68                        73     -5       66

PRECIPITATION (IN)
  YESTERDAY        0.00          1.88 1988   0.14  -0.14     0.00
  MONTH TO DATE    2.00                      4.11  -2.11     3.67
  SINCE JUN 1      7.81                      8.27  -0.46     9.58
  SINCE JAN 1     24.35                     23.07   1.28    27.25

SNOWFALL (IN)
  YESTERDAY        0.0           0.0  2002   0.0    0.0      0.0
                                      2001
  MONTH TO DATE    T                         0.0    0.0      0.0
  SINCE JUN 1      T                         0.0    0.0      0.0
  SINCE JUL 1      T                         0.0    0.0      0.0
  SNOW DEPTH       0

DEGREE DAYS
 HEATING
  YESTERDAY        0                         0      0        0
  MONTH TO DATE   14                         0     14       10
  SINCE JUN 1     28                        29     -1       29
  SINCE JUL 1     14                         0     14       10

 COOLING
  YESTERDAY        3                         8     -5        1
  MONTH TO DATE  146                       261   -115      237
  SINCE JUN 1    376                       443    -67      425
  SINCE JAN 1    457                       500    -43      530
..................................................................


WIND (MPH)
  HIGHEST WIND SPEED    14   HIGHEST WIND DIRECTION     W (290)
  HIGHEST GUST SPEED    18   HIGHEST GUST DIRECTION    NW (310)
  AVERAGE WIND SPEED     4.9


SKY COVER
  AVERAGE SKY COVER 0.6


WEATHER CONDITIONS
 THE FOLLOWING WEATHER WAS RECORDED YESTERDAY.
  FOG


RELATIVE HUMIDITY (PERCENT)
 HIGHEST   100           300 AM
 LOWEST     47           400 PM
 AVERAGE    74

..........................................................


THE FORT WAYNE CLIMATE NORMALS FOR TODAY
                         NORMAL    RECORD    YEAR
 MAXIMUM TEMPERATURE (F)   83        98      1999
 MINIMUM TEMPERATURE (F)   62        46      1899


SUNRISE AND SUNSET
JULY 31 2014..........SUNRISE   636 AM EDT   SUNSET   858 PM EDT
AUGUST  1 2014........SUNRISE   637 AM EDT   SUNSET   857 PM EDT


-  INDICATES NEGATIVE NUMBERS.
R  INDICATES RECORD WAS SET OR TIED.
MM INDICATES DATA IS MISSING.
T  INDICATES TRACE AMOUNT.




$$
