000
CDUS43 KIWX 210524
CLIFWA


CLIMATE REPORT
NATIONAL WEATHER SERVICE NORTHERN INDIANA
124 AM EDT SUN SEP 21 2014


...................................

...THE FORT WAYNE CLIMATE SUMMARY FOR SEPTEMBER 20 2014...

CLIMATE NORMAL PERIOD 1981 TO 2010
CLIMATE RECORD PERIOD 1897 TO 2014


WEATHER ITEM   OBSERVED TIME   RECORD YEAR NORMAL DEPARTURE LAST
                VALUE   (LST)  VALUE       VALUE  FROM      YEAR
                                                  NORMAL
..................................................................
TEMPERATURE (F)
 YESTERDAY
  MAXIMUM         80    301 PM  92    1940  75      5       80
  MINIMUM         50    458 AM  35    1991  51     -1       66
  AVERAGE         65                        63      2       73

PRECIPITATION (IN)
  YESTERDAY        0.56          1.47 1971   0.09   0.47     0.43
  MONTH TO DATE    4.86                      1.87   2.99     1.71
  SINCE SEP 1      4.86                      1.87   2.99     1.71
  SINCE JAN 1     35.25                     28.71   6.54    34.05

SNOWFALL (IN)
  YESTERDAY        0.0           0.0  2002   0.0    0.0      0.0
                                      2001
  MONTH TO DATE    0.0                       0.0    0.0      0.0
  SINCE SEP 1      0.0                       0.0    0.0      0.0
  SINCE JUL 1      T                         0.0    0.0      0.0
  SNOW DEPTH       0

DEGREE DAYS
 HEATING
  YESTERDAY        0                         4     -4        0
  MONTH TO DATE   79                        43     36       44
  SINCE SEP 1     79                        43     36       44
  SINCE JUL 1    103                        55     48       64

 COOLING
  YESTERDAY        0                         2     -2        8
  MONTH TO DATE   53                        69    -16       98
  SINCE SEP 1     53                        69    -16       98
  SINCE JAN 1    727                       786    -59      827
..................................................................


WIND (MPH)
  HIGHEST WIND SPEED    25   HIGHEST WIND DIRECTION     W (280)
  HIGHEST GUST SPEED    35   HIGHEST GUST DIRECTION     W (280)
  AVERAGE WIND SPEED    11.5


SKY COVER
  AVERAGE SKY COVER 0.7


WEATHER CONDITIONS
 THE FOLLOWING WEATHER WAS RECORDED YESTERDAY.
  THUNDERSTORM
  HEAVY RAIN
  RAIN
  LIGHT RAIN
  FOG


RELATIVE HUMIDITY (PERCENT)
 HIGHEST    93           700 AM
 LOWEST     58           200 PM
 AVERAGE    76

..........................................................


THE FORT WAYNE CLIMATE NORMALS FOR TODAY
                         NORMAL    RECORD    YEAR
 MAXIMUM TEMPERATURE (F)   74        93      2010
 MINIMUM TEMPERATURE (F)   50        32      1897


SUNRISE AND SUNSET
SEPTEMBER 21 2014.....SUNRISE   727 AM EDT   SUNSET   740 PM EDT
SEPTEMBER 22 2014.....SUNRISE   728 AM EDT   SUNSET   738 PM EDT


-  INDICATES NEGATIVE NUMBERS.
R  INDICATES RECORD WAS SET OR TIED.
MM INDICATES DATA IS MISSING.
T  INDICATES TRACE AMOUNT.




$$
