000
CDUS43 KIWX 280523
CLIFWA


CLIMATE REPORT
NATIONAL WEATHER SERVICE NORTHERN INDIANA
123 AM EDT FRI APR 28 2017


...................................

...THE FORT WAYNE CLIMATE SUMMARY FOR APRIL 27 2017...

CLIMATE NORMAL PERIOD 1981 TO 2010
CLIMATE RECORD PERIOD 1897 TO 2017


WEATHER ITEM   OBSERVED TIME   RECORD YEAR NORMAL DEPARTURE LAST
                VALUE   (LST)  VALUE       VALUE  FROM      YEAR
                                                  NORMAL
..................................................................
TEMPERATURE (F)
 YESTERDAY
  MAXIMUM         69    316 AM  85    1990  66      3       60
                                      1986
                                      1899
  MINIMUM         49   1159 PM  28    2012  43      6       43
                                      1976
  AVERAGE         59                        54      5       52

PRECIPITATION (IN)
  YESTERDAY        0.03          1.14 1959   0.11  -0.08     0.05
  MONTH TO DATE    2.59                      3.20  -0.61     1.85
  SINCE MAR 1      6.40                      5.91   0.49     5.81
  SINCE JAN 1     12.87                     10.21   2.66     8.86

SNOWFALL (IN)
  YESTERDAY        0.0           T    2004   0.0    0.0      0.0
                                      1988
                                      1931
  MONTH TO DATE    0.4                       1.0   -0.6      1.1
  SINCE MAR 1      3.4                       5.1   -1.7      3.9
  SINCE JUL 1     18.5                      33.5  -15.0     20.1
  SNOW DEPTH       0

DEGREE DAYS
 HEATING
  YESTERDAY        6                        11     -5       13
  MONTH TO DATE  270                       427   -157      411
  SINCE MAR 1   1054                      1253   -199     1041
  SINCE JUL 1   4748                      5851  -1103     4868

 COOLING
  YESTERDAY        0                         0      0        0
  MONTH TO DATE   20                         0     20        0
  SINCE MAR 1     20                         0     20        0
  SINCE JAN 1     20                         0     20        0
..................................................................


WIND (MPH)
  HIGHEST WIND SPEED    33   HIGHEST WIND DIRECTION    SW (240)
  HIGHEST GUST SPEED    42   HIGHEST GUST DIRECTION    SW (240)
  AVERAGE WIND SPEED    16.6


SKY COVER
  AVERAGE SKY COVER 0.9


WEATHER CONDITIONS
 THE FOLLOWING WEATHER WAS RECORDED YESTERDAY.
  LIGHT RAIN
  FOG
  HAZE


RELATIVE HUMIDITY (PERCENT)
 HIGHEST    84           500 AM
 LOWEST     62           100 PM
 AVERAGE    73

..........................................................


THE FORT WAYNE CLIMATE NORMALS FOR TODAY
                         NORMAL    RECORD    YEAR
 MAXIMUM TEMPERATURE (F)   66        86      1899
 MINIMUM TEMPERATURE (F)   43        27      1946


SUNRISE AND SUNSET
APRIL 28 2017.........SUNRISE   642 AM EDT   SUNSET   835 PM EDT
APRIL 29 2017.........SUNRISE   641 AM EDT   SUNSET   836 PM EDT


-  INDICATES NEGATIVE NUMBERS.
R  INDICATES RECORD WAS SET OR TIED.
MM INDICATES DATA IS MISSING.
T  INDICATES TRACE AMOUNT.




$$
