635
CDUS44 KTSA 280817
CLIFYV

CLIMATE REPORT
NATIONAL WEATHER SERVICE TULSA OK
317 AM CDT TUE MAR 28 2017


...................................

...THE FAYETTEVILLE ARKANSAS CLIMATE SUMMARY FOR MARCH 27 2017...

CLIMATE NORMAL PERIOD 1981 TO 2010
CLIMATE RECORD PERIOD 1905 TO 2017


WEATHER ITEM   OBSERVED TIME   RECORD YEAR NORMAL DEPARTURE LAST
                VALUE   (LST)  VALUE       VALUE  FROM      YEAR
                                                  NORMAL
..................................................................
TEMPERATURE (F)
 YESTERDAY
  MAXIMUM         61   1019 AM  78    2012  64     -3       54
                                      2008
                                      1956
  MINIMUM         52   1159 PM  15    1955  39     13       30
  AVERAGE         57                        51      6       42

PRECIPITATION (IN)
  YESTERDAY        0.48                      0.13   0.35     0.00
  MONTH TO DATE    5.89                      3.37   2.52     3.66
  SINCE MAR 1      5.89                      3.37   2.52     3.66
  SINCE JAN 1      9.39                      9.02   0.37     4.81

SNOWFALL (IN)
  YESTERDAY        0.0                                       0.0
  MONTH TO DATE    0.2                                       0.0
  SINCE MAR 1      0.2                                       0.0
  SINCE JUL 1      1.0                                        T

DEGREE DAYS
 HEATING
  YESTERDAY        8                        14     -6       23
  MONTH TO DATE  359                       473   -114      379
  SINCE MAR 1    359                       473   -114      379
  SINCE JUL 1   2930                      3776   -846     3195

 COOLING
  YESTERDAY        0                         0      0        0
  MONTH TO DATE   13                         0     13        1
  SINCE MAR 1     13                         0     13        1
  SINCE JAN 1     18                         0     18        1
..................................................................


WIND (MPH)
  HIGHEST WIND SPEED    17   HIGHEST WIND DIRECTION     N (340)
  HIGHEST GUST SPEED    22   HIGHEST GUST DIRECTION    NW (330)
  AVERAGE WIND SPEED     6.4


SKY COVER
  POSSIBLE SUNSHINE  MM
  AVERAGE SKY COVER 0.9


WEATHER CONDITIONS
 THE FOLLOWING WEATHER WAS RECORDED YESTERDAY.
  THUNDERSTORM
  HEAVY RAIN
  RAIN
  LIGHT RAIN
  FOG


RELATIVE HUMIDITY (PERCENT)
 HIGHEST   100           300 AM
 LOWEST     86           200 AM
 AVERAGE    93

..........................................................


THE FAYETTEVILLE ARKANSAS CLIMATE NORMALS FOR TODAY
                         NORMAL    RECORD    YEAR
 MAXIMUM TEMPERATURE (F)   64        86      1963
 MINIMUM TEMPERATURE (F)   39        24      2016


SUNRISE AND SUNSET
MARCH 28 2017.........SUNRISE   708 AM CDT   SUNSET   735 PM CDT
MARCH 29 2017.........SUNRISE   707 AM CDT   SUNSET   736 PM CDT


-  INDICATES NEGATIVE NUMBERS.
R  INDICATES RECORD WAS SET OR TIED.
MM INDICATES DATA IS MISSING.
T  INDICATES TRACE AMOUNT.




$$
