000
CDUS44 KTSA 301758
CLIFYV

CLIMATE REPORT
NATIONAL WEATHER SERVICE TULSA OK
912 AM CDT SAT MAY 30 2015


...................................

...THE FAYETTEVILLE ARKANSAS CLIMATE SUMMARY FOR MAY 30 2015...
VALID AS OF 0900 AM LOCAL TIME.

CLIMATE NORMAL PERIOD 1981 TO 2010
CLIMATE RECORD PERIOD 1905 TO 2015


WEATHER ITEM   OBSERVED RECORD YEAR NORMAL DEPARTURE LAST
                VALUE   VALUE       VALUE  FROM      YEAR
                                           NORMAL
...........................................................
TEMPERATURE (F)
 TODAY
  MAXIMUM         67     93    1977  79
  MINIMUM         63     40    1984  58
  AVERAGE         65

PRECIPITATION (IN)
  TODAY            0.01   2.28 2013   0.17  -0.16     0.11
  MONTH TO DATE   13.00               5.86   7.14     3.42
  SINCE MAR 1     20.39              14.38   6.01    12.03
  SINCE JAN 1     23.45              20.03   3.42    14.51

DEGREE DAYS
 COOLING
  TODAY            0
...........................................................


WIND (MPH)
  RESULTANT WIND SPEED   5   RESULTANT WIND DIRECTION  NW (320)
  HIGHEST WIND SPEED    12   HIGHEST WIND DIRECTION     N (340)
  HIGHEST GUST SPEED    15   HIGHEST GUST DIRECTION     N (350)


SKY COVER
  POSSIBLE SUNSHINE  MM
  AVERAGE SKY COVER 0.8


WEATHER CONDITIONS
 THE FOLLOWING WEATHER WAS RECORDED TODAY.
  LIGHT RAIN


RELATIVE HUMIDITY (PERCENT)
 HIGHEST   100
 LOWEST     93
 AVERAGE    97

..........................................................


THE FAYETTEVILLE ARKANSAS CLIMATE NORMALS FOR TOMORROW
                         NORMAL    RECORD    YEAR
 MAXIMUM TEMPERATURE (F)   80        91      1951
 MINIMUM TEMPERATURE (F)   58        42      1984


SUNRISE AND SUNSET
MAY 30 2015...........SUNRISE   602 AM CDT   SUNSET   827 PM CDT
MAY 31 2015...........SUNRISE   602 AM CDT   SUNSET   827 PM CDT


-  INDICATES NEGATIVE NUMBERS.
R  INDICATES RECORD WAS SET OR TIED.
MM INDICATES DATA IS MISSING.
T  INDICATES TRACE AMOUNT.




$$
