000
CDUS44 KTSA 170802 RRA
CLIFYV

CLIMATE REPORT
NATIONAL WEATHER SERVICE TULSA OK
300 AM CDT TUE OCT 17 2017

...................................

...THE FAYETTEVILLE ARKANSAS CLIMATE SUMMARY FOR OCTOBER 16 2017...

CLIMATE NORMAL PERIOD 1981 TO 2010
CLIMATE RECORD PERIOD 1905 TO 2017


WEATHER ITEM   OBSERVED TIME   RECORD YEAR NORMAL DEPARTURE LAST
                VALUE   (LST)  VALUE       VALUE  FROM      YEAR
                                                  NORMAL
..................................................................
TEMPERATURE (F)
 YESTERDAY
  MAXIMUM         68    349 PM  85    1989  70     -2       84
                                      1953
  MINIMUM         35    646 AM  24    1952  45    -10       63
  AVERAGE         52                        58     -6       74

PRECIPITATION (IN)
  YESTERDAY        0.00                      0.13  -0.13     0.00
  MONTH TO DATE    1.88                      2.26  -0.38     2.46
  SINCE SEP 1      3.38                      7.08  -3.70     5.10
  SINCE JAN 1     46.22                     38.97   7.25    30.28

SNOWFALL (IN)
  YESTERDAY        0.0                                       0.0
  MONTH TO DATE    0.0                                       0.0
  SINCE SEP 1      0.0                                       0.0
  SINCE JUL 1      0.0                                       0.0

DEGREE DAYS
 HEATING
  YESTERDAY       13                         8      5        0
  MONTH TO DATE   57                       100    -43       50
  SINCE SEP 1     73                       151    -78       74
  SINCE JUL 1     73                       152    -79       74

 COOLING
  YESTERDAY        0                         0      0        9
  MONTH TO DATE   51                        18     33       31
  SINCE SEP 1    216                       176     40      239
  SINCE JAN 1   1228                      1301    -73     1458
..................................................................


WIND (MPH)
  HIGHEST WIND SPEED    13   HIGHEST WIND DIRECTION     E (80)
  HIGHEST GUST SPEED    18   HIGHEST GUST DIRECTION    NE (60)
  AVERAGE WIND SPEED     2.0


SKY COVER
  POSSIBLE SUNSHINE  MM
  AVERAGE SKY COVER 0.0


WEATHER CONDITIONS
 THE FOLLOWING WEATHER WAS RECORDED YESTERDAY.
  FOG


RELATIVE HUMIDITY (PERCENT)
 HIGHEST   100          1200 AM
 LOWEST     32           200 PM
 AVERAGE    66

..........................................................


THE FAYETTEVILLE ARKANSAS CLIMATE NORMALS FOR TODAY
                         NORMAL    RECORD    YEAR
 MAXIMUM TEMPERATURE (F)   70        86      1950
 MINIMUM TEMPERATURE (F)   45        28      1976


SUNRISE AND SUNSET
OCTOBER 17 2017.......SUNRISE   725 AM CDT   SUNSET   638 PM CDT
OCTOBER 18 2017.......SUNRISE   726 AM CDT   SUNSET   637 PM CDT


-  INDICATES NEGATIVE NUMBERS.
R  INDICATES RECORD WAS SET OR TIED.
MM INDICATES DATA IS MISSING.
T  INDICATES TRACE AMOUNT.




$$
