000
CDUS44 KTSA 201418
CLIFYV

CLIMATE REPORT
NATIONAL WEATHER SERVICE TULSA OK
912 AM CDT SUN AUG 20 2017


...................................

...THE FAYETTEVILLE ARKANSAS CLIMATE SUMMARY FOR AUGUST 20 2017...
VALID AS OF 0900 AM LOCAL TIME.

CLIMATE NORMAL PERIOD 1981 TO 2010
CLIMATE RECORD PERIOD 1905 TO 2017


WEATHER ITEM   OBSERVED RECORD YEAR NORMAL DEPARTURE LAST
                VALUE   VALUE       VALUE  FROM      YEAR
                                           NORMAL
...........................................................
TEMPERATURE (F)
 TODAY
  MAXIMUM         81    100    1993  89
                               1980
  MINIMUM         70     50    2015  65
                               1991
                               1953
  AVERAGE         76

PRECIPITATION (IN)
  TODAY            0.00   1.37 1965   0.11  -0.11     0.06
  MONTH TO DATE    5.52               2.07   3.45     0.97
  SINCE JUN 1     14.15              10.51   3.64    10.72
  SINCE JAN 1     42.70              30.72  11.98    25.06

DEGREE DAYS
 COOLING
  TODAY           11
...........................................................


WIND (MPH)
  RESULTANT WIND SPEED   2   RESULTANT WIND DIRECTION   S (180)
  HIGHEST WIND SPEED     7   HIGHEST WIND DIRECTION     S (180)
  HIGHEST GUST SPEED     7   HIGHEST GUST DIRECTION     S (180)


SKY COVER
  POSSIBLE SUNSHINE  MM
  AVERAGE SKY COVER 0.0


WEATHER CONDITIONS
 THE FOLLOWING WEATHER WAS RECORDED TODAY.
  FOG


RELATIVE HUMIDITY (PERCENT)
 HIGHEST   100
 LOWEST     85
 AVERAGE    93

..........................................................


THE FAYETTEVILLE ARKANSAS CLIMATE NORMALS FOR TOMORROW
                         NORMAL    RECORD    YEAR
 MAXIMUM TEMPERATURE (F)   89       100      2010
 MINIMUM TEMPERATURE (F)   65        46      1956


SUNRISE AND SUNSET
AUGUST 20 2017........SUNRISE   639 AM CDT   SUNSET   800 PM CDT
AUGUST 21 2017........SUNRISE   640 AM CDT   SUNSET   759 PM CDT


-  INDICATES NEGATIVE NUMBERS.
R  INDICATES RECORD WAS SET OR TIED.
MM INDICATES DATA IS MISSING.
T  INDICATES TRACE AMOUNT.




$$
