000
CDUS44 KTSA 202225 RRA
CLIFYV

CLIMATE REPORT
NATIONAL WEATHER SERVICE TULSA OK
425 PM CST TUE FEB 20 2018


...................................

...THE FAYETTEVILLE ARKANSAS CLIMATE SUMMARY FOR FEBRUARY 20 2018...
VALID TODAY AS OF 0400 PM LOCAL TIME.

CLIMATE NORMAL PERIOD 1981 TO 2010
CLIMATE RECORD PERIOD 1905 TO 2018


WEATHER ITEM   OBSERVED TIME   RECORD YEAR NORMAL DEPARTURE LAST
                VALUE   (LST)  VALUE       VALUE  FROM      YEAR
                                                  NORMAL
..................................................................
TEMPERATURE (F)
 TODAY
  MAXIMUM         69   1050 AM  77    1996  53     16       68
  MINIMUM         55    259 PM  15    1978  30     25       55
  AVERAGE         62                        41     21       62

PRECIPITATION (IN)
  TODAY            0.89                      0.10   0.79     0.09
  MONTH TO DATE    1.71                      1.92  -0.21     1.07
  SINCE DEC 1      5.33                      8.00  -2.67     5.29
  SINCE JAN 1      3.42                      4.76  -1.34     3.46

SNOWFALL (IN)
  TODAY            0.0                                       0.0
  MONTH TO DATE    T                                         0.0
  SINCE DEC 1      0.4                                       0.8
  SINCE JUL 1      0.4                                       0.8

DEGREE DAYS
 HEATING
  TODAY            3                        24    -21        3
  MONTH TO DATE  471                       527    -56      342
  SINCE DEC 1   2267                      2292    -25     1939
  SINCE JUL 1   2967                      3121   -154     2466
..................................................................


WIND (MPH)
  HIGHEST WIND SPEED    30   HIGHEST WIND DIRECTION     S (180)
  HIGHEST GUST SPEED    43   HIGHEST GUST DIRECTION     S (170)
  AVERAGE WIND SPEED    15.9


SKY COVER
  POSSIBLE SUNSHINE  MM
  AVERAGE SKY COVER 0.8


WEATHER CONDITIONS
 THE FOLLOWING WEATHER WAS RECORDED TODAY.
  THUNDERSTORM
  HEAVY RAIN
  RAIN
  LIGHT RAIN
  FOG


RELATIVE HUMIDITY (PERCENT)
 HIGHEST   100           900 AM
 LOWEST     68          1200 AM
 AVERAGE    84

..........................................................


THE FAYETTEVILLE ARKANSAS CLIMATE NORMALS FOR TOMORROW
                         NORMAL    RECORD    YEAR
 MAXIMUM TEMPERATURE (F)   53        83      1996
 MINIMUM TEMPERATURE (F)   30         6      1963


SUNRISE AND SUNSET
FEBRUARY 20 2018......SUNRISE   658 AM CST   SUNSET   603 PM CST
FEBRUARY 21 2018......SUNRISE   657 AM CST   SUNSET   604 PM CST


-  INDICATES NEGATIVE NUMBERS.
R  INDICATES RECORD WAS SET OR TIED.
MM INDICATES DATA IS MISSING.
T  INDICATES TRACE AMOUNT.




$$
