000
CDUS44 KTSA 222122 RRA
CLIFYV

CLIMATE REPORT
NATIONAL WEATHER SERVICE TULSA OK
422 PM CDT THU JUN 22 2017


...................................

...THE FAYETTEVILLE ARKANSAS CLIMATE SUMMARY FOR JUNE 22 2017...
VALID TODAY AS OF 0400 PM LOCAL TIME.

CLIMATE NORMAL PERIOD 1981 TO 2010
CLIMATE RECORD PERIOD 1905 TO 2017


WEATHER ITEM   OBSERVED TIME   RECORD YEAR NORMAL DEPARTURE LAST
                VALUE   (LST)  VALUE       VALUE  FROM      YEAR
                                                  NORMAL
..................................................................
TEMPERATURE (F)
 TODAY
  MAXIMUM         84    258 PM  95    1988  85     -1       92
                                      1954
  MINIMUM         67   1216 AM  50    1992  64      3       71
  AVERAGE         76                        75      1       82

PRECIPITATION (IN)
  TODAY            0.00                      0.17  -0.17      T
  MONTH TO DATE    4.64                      3.78   0.86     2.42
  SINCE JUN 1      4.64                      3.78   0.86     2.42
  SINCE JAN 1     33.19                     23.99   9.20    16.76

DEGREE DAYS
 COOLING
  TODAY           11                        10      1       17
  MONTH TO DATE  172                       160     12      226
  SINCE JUN 1    172                       160     12      226
  SINCE JAN 1    276                       273      3      293
..................................................................


WIND (MPH)
  HIGHEST WIND SPEED    14   HIGHEST WIND DIRECTION    SE (130)
  HIGHEST GUST SPEED    17   HIGHEST GUST DIRECTION    SE (140)
  AVERAGE WIND SPEED     4.7


SKY COVER
  POSSIBLE SUNSHINE  MM
  AVERAGE SKY COVER 0.9


WEATHER CONDITIONS
 THE FOLLOWING WEATHER WAS RECORDED TODAY.
  FOG


RELATIVE HUMIDITY (PERCENT)
 HIGHEST   100           400 AM
 LOWEST     65           300 PM
 AVERAGE    83

..........................................................


THE FAYETTEVILLE ARKANSAS CLIMATE NORMALS FOR TOMORROW
                         NORMAL    RECORD    YEAR
 MAXIMUM TEMPERATURE (F)   86        98      1988
 MINIMUM TEMPERATURE (F)   64        53      2001
                                             1972
                                             1958


SUNRISE AND SUNSET
JUNE 22 2017..........SUNRISE   601 AM CDT   SUNSET   837 PM CDT
JUNE 23 2017..........SUNRISE   601 AM CDT   SUNSET   837 PM CDT


-  INDICATES NEGATIVE NUMBERS.
R  INDICATES RECORD WAS SET OR TIED.
MM INDICATES DATA IS MISSING.
T  INDICATES TRACE AMOUNT.




$$
