000
CDUS44 KTSA 250804
CLIFYV

CLIMATE REPORT
NATIONAL WEATHER SERVICE TULSA OK
302 AM CDT FRI APR 25 2014


...................................

...THE FAYETTEVILLE ARKANSAS CLIMATE SUMMARY FOR APRIL 24 2014...

CLIMATE NORMAL PERIOD 1981 TO 2010
CLIMATE RECORD PERIOD 1905 TO 2014


WEATHER ITEM   OBSERVED TIME   RECORD YEAR NORMAL DEPARTURE LAST
                VALUE   (LST)  VALUE       VALUE  FROM      YEAR
                                                  NORMAL
..................................................................
TEMPERATURE (F)
 YESTERDAY
  MAXIMUM         69   1126 AM  86    1989  71     -2       55
  MINIMUM         45   1151 PM  30    2005  47     -2       32
  AVERAGE         57                        59     -2       44

PRECIPITATION (IN)
  YESTERDAY        0.09                      0.16  -0.07      T
  MONTH TO DATE    2.66                      3.54  -0.88     3.89
  SINCE MAR 1      8.24                      7.49   0.75     8.37
  SINCE JAN 1     10.72                     13.14  -2.42    14.22

SNOWFALL (IN)
  YESTERDAY        0.0                                       0.0
  MONTH TO DATE    0.0                                       0.0
  SINCE MAR 1      3.8                                        T
  SINCE JUL 1     17.9                                       2.6

DEGREE DAYS
 HEATING
  YESTERDAY        8                         7      1       21
  MONTH TO DATE  248                       234     14      265
  SINCE MAR 1    908                       760    148      910
  SINCE JUL 1   4628                      4063    565     3981

 COOLING
  YESTERDAY        0                         1     -1        0
  MONTH TO DATE    9                        21    -12       28
  SINCE MAR 1      9                        25    -16       29
  SINCE JAN 1      9                        25    -16       29
..................................................................


WIND (MPH)
  HIGHEST WIND SPEED    30   HIGHEST WIND DIRECTION     S (170)
  HIGHEST GUST SPEED    41   HIGHEST GUST DIRECTION     S (180)
  AVERAGE WIND SPEED    12.7


SKY COVER
  POSSIBLE SUNSHINE  MM
  AVERAGE SKY COVER 0.5


WEATHER CONDITIONS
 THE FOLLOWING WEATHER WAS RECORDED YESTERDAY.
  THUNDERSTORM
  RAIN
  LIGHT RAIN
  FOG


RELATIVE HUMIDITY (PERCENT)
 HIGHEST    84           100 PM
 LOWEST     48          1200 AM
 AVERAGE    66

..........................................................


THE FAYETTEVILLE ARKANSAS CLIMATE NORMALS FOR TODAY
                         NORMAL    RECORD    YEAR
 MAXIMUM TEMPERATURE (F)   72        85      1989
 MINIMUM TEMPERATURE (F)   48        27      2013


SUNRISE AND SUNSET
APRIL 25 2014.........SUNRISE   631 AM CDT   SUNSET   759 PM CDT
APRIL 26 2014.........SUNRISE   630 AM CDT   SUNSET   800 PM CDT


-  INDICATES NEGATIVE NUMBERS.
R  INDICATES RECORD WAS SET OR TIED.
MM INDICATES DATA IS MISSING.
T  INDICATES TRACE AMOUNT.




$$
