000
CDUS44 KTSA 110911 RRA
CLIFYV

CLIMATE REPORT
NATIONAL WEATHER SERVICE TULSA OK
1247 AM CST MON DEC 11 2017


...................................

...THE FAYETTEVILLE ARKANSAS CLIMATE SUMMARY FOR DECEMBER 10 2017...

CLIMATE NORMAL PERIOD 1981 TO 2010
CLIMATE RECORD PERIOD 1905 TO 2017


WEATHER ITEM   OBSERVED TIME   RECORD YEAR NORMAL DEPARTURE LAST
                VALUE   (LST)  VALUE       VALUE  FROM      YEAR
                                                  NORMAL
..................................................................
TEMPERATURE (F)
 YESTERDAY
  MAXIMUM         60    205 PM  72    1996  49     11       44
  MINIMUM         20    512 AM   5    1995  28     -8       31
  AVERAGE         40                        38      2       38

PRECIPITATION (IN)
  YESTERDAY        0.00                      0.11  -0.11     0.00
  MONTH TO DATE    T                         1.17  -1.17     0.40
  SINCE DEC 1      T                         1.17  -1.17     0.40
  SINCE JAN 1     49.31                     46.44   2.87    32.02

SNOWFALL (IN)
  YESTERDAY        0.0                                       0.0
  MONTH TO DATE    0.0                                       0.0
  SINCE DEC 1      0.0                                       0.0
  SINCE JUL 1      0.0                                       0.0

DEGREE DAYS
 HEATING
  YESTERDAY       25                        27     -2       27
  MONTH TO DATE  240                       254    -14      290
  SINCE DEC 1    240                       254    -14      290
  SINCE JUL 1    940                      1083   -143      817
..................................................................


WIND (MPH)
  HIGHEST WIND SPEED    20   HIGHEST WIND DIRECTION    SW (220)
  HIGHEST GUST SPEED    24   HIGHEST GUST DIRECTION    SW (210)
  AVERAGE WIND SPEED     7.5


SKY COVER
  POSSIBLE SUNSHINE  MM
  AVERAGE SKY COVER 0.0


WEATHER CONDITIONS
 THE FOLLOWING WEATHER WAS RECORDED YESTERDAY.
  NO SIGNIFICANT WEATHER WAS OBSERVED.


RELATIVE HUMIDITY (PERCENT)
 HIGHEST    92           100 AM
 LOWEST     23           300 PM
 AVERAGE    58

..........................................................


THE FAYETTEVILLE ARKANSAS CLIMATE NORMALS FOR TODAY
                         NORMAL    RECORD    YEAR
 MAXIMUM TEMPERATURE (F)   49        73      1949
 MINIMUM TEMPERATURE (F)   28         9      2000
                                             1962


SUNRISE AND SUNSET
DECEMBER 11 2017......SUNRISE   717 AM CST   SUNSET   503 PM CST
DECEMBER 12 2017......SUNRISE   718 AM CST   SUNSET   503 PM CST


-  INDICATES NEGATIVE NUMBERS.
R  INDICATES RECORD WAS SET OR TIED.
MM INDICATES DATA IS MISSING.
T  INDICATES TRACE AMOUNT.




$$
