000
CDUS44 KTSA 181515
CLIFYV

CLIMATE REPORT
NATIONAL WEATHER SERVICE TULSA OK
915 AM CST WED JAN 18 2017


...................................

...THE FAYETTEVILLE ARKANSAS CLIMATE SUMMARY FOR JANUARY 18 2017...
VALID AS OF 0900 AM LOCAL TIME.

CLIMATE NORMAL PERIOD 1981 TO 2010
CLIMATE RECORD PERIOD 1905 TO 2017


WEATHER ITEM   OBSERVED RECORD YEAR NORMAL DEPARTURE LAST
                VALUE   VALUE       VALUE  FROM      YEAR
                                           NORMAL
...........................................................
TEMPERATURE (F)
 TODAY
  MAXIMUM         39     70    1951  46
  MINIMUM         30     -5    1984  25
  AVERAGE         35

PRECIPITATION (IN)
  TODAY            0.00   1.73 1996   0.10  -0.10      T
  MONTH TO DATE    1.16               1.69  -0.53     0.37
  SINCE DEC 1      2.99               4.93  -1.94    11.32
  SINCE JAN 1      1.16               1.69  -0.53     0.37

SNOWFALL (IN)
  TODAY            0.0                                 T
  MONTH TO DATE    0.5                                 T
  SINCE DEC 1      0.8                                 T
  SINCE JUL 1      0.8                                 T

DEGREE DAYS
 HEATING
  TODAY           30
...........................................................


WIND (MPH)
  RESULTANT WIND SPEED   1   RESULTANT WIND DIRECTION   N (10)
  HIGHEST WIND SPEED     6   HIGHEST WIND DIRECTION     N (340)
  HIGHEST GUST SPEED     7   HIGHEST GUST DIRECTION    NE (50)


SKY COVER
  POSSIBLE SUNSHINE  MM
  AVERAGE SKY COVER 0.6


WEATHER CONDITIONS
 THE FOLLOWING WEATHER WAS RECORDED TODAY.
  FOG


RELATIVE HUMIDITY (PERCENT)
 HIGHEST   100
 LOWEST     92
 AVERAGE    96

..........................................................


THE FAYETTEVILLE ARKANSAS CLIMATE NORMALS FOR TOMORROW
                         NORMAL    RECORD    YEAR
 MAXIMUM TEMPERATURE (F)   46        76      1952
 MINIMUM TEMPERATURE (F)   25       -10      1984


SUNRISE AND SUNSET
JANUARY 18 2017.......SUNRISE   725 AM CST   SUNSET   529 PM CST
JANUARY 19 2017.......SUNRISE   725 AM CST   SUNSET   530 PM CST


-  INDICATES NEGATIVE NUMBERS.
R  INDICATES RECORD WAS SET OR TIED.
MM INDICATES DATA IS MISSING.
T  INDICATES TRACE AMOUNT.




$$
