000
CDUS43 KUNR 050849
CLIGCC


CLIMATE REPORT
NATIONAL WEATHER SERVICE RAPID CITY SD
146 AM MST THU MAR 5 2015


...................................

...THE GILLETTE AIRPORT WY CLIMATE SUMMARY FOR MARCH 4 2015...

CLIMATE NORMAL PERIOD 1981 TO 2010
CLIMATE RECORD PERIOD 9999 TO 9999


WEATHER ITEM   OBSERVED TIME   NORMAL DEPARTURE LAST
                VALUE   (LST)  VALUE  FROM      YEAR
                                      NORMAL
......................................................
TEMPERATURE (F)
 YESTERDAY
  MAXIMUM         18    416 PM  43    -25       45
  MINIMUM         -3    545 AM  20    -23       30
  AVERAGE          8            32    -24       38

PRECIPITATION (IN)
  YESTERDAY        0.00          0.03  -0.03     0.00
  MONTH TO DATE    0.04          0.09  -0.05     0.16
  SINCE MAR 1      0.04          0.09  -0.05     0.16
  SINCE JAN 1      0.89          0.87   0.02     1.44

DEGREE DAYS
 HEATING
  YESTERDAY       57            33     24       27
  MONTH TO DATE  197           135     62      206
  SINCE MAR 1    197           135     62      206
  SINCE JUL 1   5287          5543   -256     5851

 COOLING
  YESTERDAY        0             0      0        0
  MONTH TO DATE    0             0      0        0
  SINCE MAR 1      0             0      0        0
  SINCE JAN 1      0             0      0        0
......................................................


WIND (MPH)
  HIGHEST WIND SPEED    20   HIGHEST WIND DIRECTION    SW (210)
  HIGHEST GUST SPEED    23   HIGHEST GUST DIRECTION    NW (300)
  AVERAGE WIND SPEED    10.2


SKY COVER
  AVERAGE SKY COVER 0.1


WEATHER CONDITIONS
 THE FOLLOWING WEATHER WAS RECORDED YESTERDAY.
  NO SIGNIFICANT WEATHER WAS OBSERVED.


RELATIVE HUMIDITY (PERCENT)
 HIGHEST    87           700 PM
 LOWEST     46          1100 PM
 AVERAGE    67

..........................................................




SUNRISE AND SUNSET
MARCH  5 2015.........SUNRISE   633 AM MST   SUNSET   555 PM MST
MARCH  6 2015.........SUNRISE   631 AM MST   SUNSET   557 PM MST


-  INDICATES NEGATIVE NUMBERS.
R  INDICATES RECORD WAS SET OR TIED.
MM INDICATES DATA IS MISSING.
T  INDICATES TRACE AMOUNT.




$$
