000
CDUS43 KUNR 230834
CLIGCC


CLIMATE REPORT
NATIONAL WEATHER SERVICE RAPID CITY SD
233 AM MDT SAT SEP 23 2017


...................................

...THE GILLETTE AIRPORT WY CLIMATE SUMMARY FOR SEPTEMBER 22 2017...

CLIMATE NORMAL PERIOD 1981 TO 2010
CLIMATE RECORD PERIOD 9999 TO 9999


WEATHER ITEM   OBSERVED TIME   NORMAL DEPARTURE LAST
                VALUE   (LST)  VALUE  FROM      YEAR
                                      NORMAL
......................................................
TEMPERATURE (F)
 YESTERDAY
  MAXIMUM         51    315 PM  70    -19       65
  MINIMUM         40   1140 PM  41     -1       52
  AVERAGE         46            55     -9       59

PRECIPITATION (IN)
  YESTERDAY        0.00          0.05  -0.05      T
  MONTH TO DATE    1.20          0.82   0.38     0.91
  SINCE SEP 1      1.20          0.82   0.38     0.91
  SINCE JAN 1     11.35         11.30   0.05    10.07

DEGREE DAYS
 HEATING
  YESTERDAY       19            10      9        6
  MONTH TO DATE  160           140     20      129
  SINCE SEP 1    160           140     20      129
  SINCE JUL 1    195           197     -2      183

 COOLING
  YESTERDAY        0             1     -1        0
  MONTH TO DATE   65            40     25       25
  SINCE SEP 1     65            40     25       25
  SINCE JAN 1    617           500    117      569
......................................................


WIND (MPH)
  HIGHEST WIND SPEED    22   HIGHEST WIND DIRECTION     N (340)
  HIGHEST GUST SPEED    25   HIGHEST GUST DIRECTION    NW (330)
  AVERAGE WIND SPEED    13.1


SKY COVER
  AVERAGE SKY COVER 0.8


WEATHER CONDITIONS
 THE FOLLOWING WEATHER WAS RECORDED YESTERDAY.
  NO SIGNIFICANT WEATHER WAS OBSERVED.


RELATIVE HUMIDITY (PERCENT)
 HIGHEST    79           300 AM
 LOWEST     61           200 PM
 AVERAGE    70

..........................................................




SUNRISE AND SUNSET
SEPTEMBER 23 2017.....SUNRISE   651 AM MDT   SUNSET   657 PM MDT
SEPTEMBER 24 2017.....SUNRISE   652 AM MDT   SUNSET   655 PM MDT


-  INDICATES NEGATIVE NUMBERS.
R  INDICATES RECORD WAS SET OR TIED.
MM INDICATES DATA IS MISSING.
T  INDICATES TRACE AMOUNT.




$$
