000
CDUS43 KUNR 190831
CLIGCC


CLIMATE REPORT
NATIONAL WEATHER SERVICE RAPID CITY SD
130 AM MST SUN NOV 19 2017


...................................

...THE GILLETTE AIRPORT WY CLIMATE SUMMARY FOR NOVEMBER 18 2017...

CLIMATE NORMAL PERIOD 1981 TO 2010
CLIMATE RECORD PERIOD 9999 TO 9999


WEATHER ITEM   OBSERVED TIME   NORMAL DEPARTURE LAST
                VALUE   (LST)  VALUE  FROM      YEAR
                                      NORMAL
......................................................
TEMPERATURE (F)
 YESTERDAY
  MAXIMUM         42    215 PM  43     -1       27
  MINIMUM         21    746 PM  20      1       13
  AVERAGE         32            32      0       20

PRECIPITATION (IN)
  YESTERDAY        0.00          0.02  -0.02     0.00
  MONTH TO DATE    0.41          0.37   0.04     0.27
  SINCE SEP 1      3.11          2.83   0.28     4.22
  SINCE JAN 1     13.26         13.31  -0.05    13.38

DEGREE DAYS
 HEATING
  YESTERDAY       33            33      0       45
  MONTH TO DATE  572           528     44      337
  SINCE SEP 1   1463          1380     83      995
  SINCE JUL 1   1498          1437     61     1049

 COOLING
  YESTERDAY        0             0      0        0
  MONTH TO DATE    0             0      0        0
  SINCE SEP 1     65            42     23       25
  SINCE JAN 1    617           502    115      569
......................................................


WIND (MPH)
  HIGHEST WIND SPEED    21   HIGHEST WIND DIRECTION    NW (300)
  HIGHEST GUST SPEED    26   HIGHEST GUST DIRECTION    NW (300)
  AVERAGE WIND SPEED    10.5


SKY COVER
  AVERAGE SKY COVER 0.1


WEATHER CONDITIONS
 THE FOLLOWING WEATHER WAS RECORDED YESTERDAY.
  NO SIGNIFICANT WEATHER WAS OBSERVED.


RELATIVE HUMIDITY (PERCENT)
 HIGHEST    77           600 PM
 LOWEST     30           100 PM
 AVERAGE    54

..........................................................




SUNRISE AND SUNSET
NOVEMBER 19 2017......SUNRISE   704 AM MST   SUNSET   431 PM MST
NOVEMBER 20 2017......SUNRISE   705 AM MST   SUNSET   430 PM MST


-  INDICATES NEGATIVE NUMBERS.
R  INDICATES RECORD WAS SET OR TIED.
MM INDICATES DATA IS MISSING.
T  INDICATES TRACE AMOUNT.




$$
