000
CDUS43 KUNR 040834
CLIGCC


CLIMATE REPORT
NATIONAL WEATHER SERVICE RAPID CITY SD
233 AM MDT TUE AUG 4 2015


...................................

...THE GILLETTE AIRPORT WY CLIMATE SUMMARY FOR AUGUST 3 2015...

CLIMATE NORMAL PERIOD 1981 TO 2010
CLIMATE RECORD PERIOD 9999 TO 9999


WEATHER ITEM   OBSERVED TIME   NORMAL DEPARTURE LAST
                VALUE   (LST)  VALUE  FROM      YEAR
                                      NORMAL
......................................................
TEMPERATURE (F)
 YESTERDAY
  MAXIMUM         87    419 PM  88     -1       91
  MINIMUM         52    459 AM  56     -4       62
  AVERAGE         70            72     -2       77

PRECIPITATION (IN)
  YESTERDAY        0.00          0.04  -0.04     0.00
  MONTH TO DATE    0.00          0.13  -0.13     0.00
  SINCE JUN 1      4.15          4.00   0.15     3.51
  SINCE JAN 1     11.27          9.66   1.61    13.11

DEGREE DAYS
 HEATING
  YESTERDAY        0             0      0        0
  MONTH TO DATE    0             0      0        0
  SINCE JUN 1     61           161   -100      205
  SINCE JUL 1     22            19      3       13

 COOLING
  YESTERDAY        5             8     -3       12
  MONTH TO DATE   27            24      3       24
  SINCE JUN 1    265           298    -33      218
  SINCE JAN 1    265           306    -41      226
......................................................


WIND (MPH)
  HIGHEST WIND SPEED    30   HIGHEST WIND DIRECTION    SW (210)
  HIGHEST GUST SPEED    39   HIGHEST GUST DIRECTION    SW (220)
  AVERAGE WIND SPEED     8.3


SKY COVER
  AVERAGE SKY COVER 0.1


WEATHER CONDITIONS
 THE FOLLOWING WEATHER WAS RECORDED YESTERDAY.
  THUNDERSTORM


RELATIVE HUMIDITY (PERCENT)
 HIGHEST    89           500 AM
 LOWEST     31           300 PM
 AVERAGE    60

..........................................................




SUNRISE AND SUNSET
AUGUST  4 2015........SUNRISE   552 AM MDT   SUNSET   823 PM MDT
AUGUST  5 2015........SUNRISE   554 AM MDT   SUNSET   822 PM MDT


-  INDICATES NEGATIVE NUMBERS.
R  INDICATES RECORD WAS SET OR TIED.
MM INDICATES DATA IS MISSING.
T  INDICATES TRACE AMOUNT.




$$
