000
CDUS43 KUNR 220845
CLIGCC


CLIMATE REPORT
NATIONAL WEATHER SERVICE RAPID CITY SD
243 AM MDT TUE JUL 22 2014


...................................

...THE GILLETTE AIRPORT WY CLIMATE SUMMARY FOR JULY 21 2014...

CLIMATE NORMAL PERIOD 1981 TO 2010
CLIMATE RECORD PERIOD 9999 TO 9999


WEATHER ITEM   OBSERVED TIME   NORMAL DEPARTURE LAST
                VALUE   (LST)  VALUE  FROM      YEAR
                                      NORMAL
......................................................
TEMPERATURE (F)
 YESTERDAY
  MAXIMUM         95    309 PM  88      7       92
  MINIMUM         58   1117 PM  57      1       59
  AVERAGE         77            72      5       76

PRECIPITATION (IN)
  YESTERDAY        0.05          0.05   0.00     0.00
  MONTH TO DATE    0.16          1.16  -1.00     2.22
  SINCE JUN 1      3.29          3.37  -0.08     4.73
  SINCE JAN 1     12.89          9.03   3.86    11.77

DEGREE DAYS
 HEATING
  YESTERDAY        0             0      0        0
  MONTH TO DATE   13            14     -1        0
  SINCE JUN 1    205           156     49      117
  SINCE JUL 1     13            14     -1        0

 COOLING
  YESTERDAY       12             8      4       11
  MONTH TO DATE  117           136    -19      176
  SINCE JUN 1    132           196    -64      222
  SINCE JAN 1    140           204    -64      230
......................................................


WIND (MPH)
  HIGHEST WIND SPEED    30   HIGHEST WIND DIRECTION     W (280)
  HIGHEST GUST SPEED    41   HIGHEST GUST DIRECTION    NW (310)
  AVERAGE WIND SPEED    12.0


SKY COVER
  AVERAGE SKY COVER 0.0


WEATHER CONDITIONS
 THE FOLLOWING WEATHER WAS RECORDED YESTERDAY.
  THUNDERSTORM
  LIGHT RAIN
  HAZE


RELATIVE HUMIDITY (PERCENT)
 HIGHEST    84          1100 PM
 LOWEST     17           300 PM
 AVERAGE    51

..........................................................




SUNRISE AND SUNSET
JULY 22 2014..........SUNRISE   539 AM MDT   SUNSET   838 PM MDT
JULY 23 2014..........SUNRISE   540 AM MDT   SUNSET   837 PM MDT


-  INDICATES NEGATIVE NUMBERS.
R  INDICATES RECORD WAS SET OR TIED.
MM INDICATES DATA IS MISSING.
T  INDICATES TRACE AMOUNT.




$$
