176
CDUS43 KUNR 260833
CLIGCC


CLIMATE REPORT
NATIONAL WEATHER SERVICE RAPID CITY SD
132 AM MST SUN FEB 26 2017


...................................

...THE GILLETTE AIRPORT WY CLIMATE SUMMARY FOR FEBRUARY 25 2017...

CLIMATE NORMAL PERIOD 1981 TO 2010
CLIMATE RECORD PERIOD 9999 TO 9999


WEATHER ITEM   OBSERVED TIME   NORMAL DEPARTURE LAST
                VALUE   (LST)  VALUE  FROM      YEAR
                                      NORMAL
......................................................
TEMPERATURE (F)
 YESTERDAY
  MAXIMUM         30    349 PM  41    -11       50
  MINIMUM         17   1027 PM  18     -1       10
  AVERAGE         24            30     -6       30

PRECIPITATION (IN)
  YESTERDAY        0.01          0.01   0.00     0.00
  MONTH TO DATE    0.30          0.35  -0.05     0.96
  SINCE DEC 1      1.69          1.14   0.55     1.84
  SINCE JAN 1      0.84          0.74   0.10     1.36

DEGREE DAYS
 HEATING
  YESTERDAY       41            36      5       35
  MONTH TO DATE  797           949   -152      776
  SINCE DEC 1   3251          3429   -178     3087
  SINCE JUL 1   4644          5304   -660     4647

 COOLING
  YESTERDAY        0             0      0        0
  MONTH TO DATE    0             0      0        0
  SINCE DEC 1      0             0      0        0
  SINCE JAN 1      0             0      0        0
......................................................


WIND (MPH)
  HIGHEST WIND SPEED    18   HIGHEST WIND DIRECTION     N (340)
  HIGHEST GUST SPEED    22   HIGHEST GUST DIRECTION     N (340)
  AVERAGE WIND SPEED     8.6


SKY COVER
  AVERAGE SKY COVER 0.5


WEATHER CONDITIONS
 THE FOLLOWING WEATHER WAS RECORDED YESTERDAY.
  LIGHT SNOW
  FOG


RELATIVE HUMIDITY (PERCENT)
 HIGHEST    91           400 AM
 LOWEST     46           400 PM
 AVERAGE    69

..........................................................




SUNRISE AND SUNSET
FEBRUARY 26 2017......SUNRISE   644 AM MST   SUNSET   547 PM MST
FEBRUARY 27 2017......SUNRISE   642 AM MST   SUNSET   548 PM MST


-  INDICATES NEGATIVE NUMBERS.
R  INDICATES RECORD WAS SET OR TIED.
MM INDICATES DATA IS MISSING.
T  INDICATES TRACE AMOUNT.




$$
