000
CDUS43 KUNR 220835
CLIGCC


CLIMATE REPORT
NATIONAL WEATHER SERVICE RAPID CITY SD
133 AM MST MON JAN 22 2018


...................................

...THE GILLETTE AIRPORT WY CLIMATE SUMMARY FOR JANUARY 21 2018...

CLIMATE NORMAL PERIOD 1981 TO 2010
CLIMATE RECORD PERIOD 9999 TO 9999


WEATHER ITEM   OBSERVED TIME   NORMAL DEPARTURE LAST
                VALUE   (LST)  VALUE  FROM      YEAR
                                      NORMAL
......................................................
TEMPERATURE (F)
 YESTERDAY
  MAXIMUM         32    242 PM  37     -5       39
  MINIMUM         16    558 PM  15      1       14
  AVERAGE         24            26     -2       27

PRECIPITATION (IN)
  YESTERDAY        0.00          0.01  -0.01     0.00
  MONTH TO DATE    0.50          0.22   0.28     0.14
  SINCE DEC 1      1.21          0.62   0.59     0.99
  SINCE JAN 1      0.50          0.22   0.28     0.14

DEGREE DAYS
 HEATING
  YESTERDAY       41            39      2       38
  MONTH TO DATE  760           824    -64      790
  SINCE DEC 1   2031          2090    -59     2059
  SINCE JUL 1   3802          3965   -163     3452

 COOLING
  YESTERDAY        0             0      0        0
  MONTH TO DATE    0             0      0        0
  SINCE DEC 1      0             0      0        0
  SINCE JAN 1      0             0      0        0
......................................................


WIND (MPH)
  HIGHEST WIND SPEED    15   HIGHEST WIND DIRECTION    SW (240)
  HIGHEST GUST SPEED    16   HIGHEST GUST DIRECTION    SW (240)
  AVERAGE WIND SPEED     6.4


SKY COVER
  AVERAGE SKY COVER 0.5


WEATHER CONDITIONS
 THE FOLLOWING WEATHER WAS RECORDED YESTERDAY.
  NO SIGNIFICANT WEATHER WAS OBSERVED.


RELATIVE HUMIDITY (PERCENT)
 HIGHEST    92           600 PM
 LOWEST     66           200 PM
 AVERAGE    79

..........................................................




SUNRISE AND SUNSET
JANUARY 22 2018.......SUNRISE   730 AM MST   SUNSET   458 PM MST
JANUARY 23 2018.......SUNRISE   729 AM MST   SUNSET   459 PM MST


-  INDICATES NEGATIVE NUMBERS.
R  INDICATES RECORD WAS SET OR TIED.
MM INDICATES DATA IS MISSING.
T  INDICATES TRACE AMOUNT.




$$
