000
CDUS43 KUNR 270832
CLIGCC


CLIMATE REPORT
NATIONAL WEATHER SERVICE RAPID CITY SD
231 AM MDT WED AUG 27 2014


...................................

...THE GILLETTE AIRPORT WY CLIMATE SUMMARY FOR AUGUST 26 2014...

CLIMATE NORMAL PERIOD 1981 TO 2010
CLIMATE RECORD PERIOD 9999 TO 9999


WEATHER ITEM   OBSERVED TIME   NORMAL DEPARTURE LAST
                VALUE   (LST)  VALUE  FROM      YEAR
                                      NORMAL
......................................................
TEMPERATURE (F)
 YESTERDAY
  MAXIMUM         77    355 PM  84     -7       92
  MINIMUM         47   1218 AM  51     -4       69
  AVERAGE         62            67     -5       81

PRECIPITATION (IN)
  YESTERDAY        0.00          0.03  -0.03     0.00
  MONTH TO DATE    1.84          0.81   1.03     0.99
  SINCE JUN 1      5.35          4.68   0.67     6.39
  SINCE JAN 1     14.95         10.34   4.61    13.43

DEGREE DAYS
 HEATING
  YESTERDAY        3             2      1        0
  MONTH TO DATE   29            26      3        0
  SINCE JUN 1    234           187     47      117
  SINCE JUL 1     42            45     -3        0

 COOLING
  YESTERDAY        0             4     -4       16
  MONTH TO DATE  142           160    -18      198
  SINCE JUN 1    336           434    -98      462
  SINCE JAN 1    344           442    -98      470
......................................................


WIND (MPH)
  HIGHEST WIND SPEED    18   HIGHEST WIND DIRECTION     S (170)
  HIGHEST GUST SPEED    22   HIGHEST GUST DIRECTION     S (170)
  AVERAGE WIND SPEED     6.9


SKY COVER
  AVERAGE SKY COVER 0.1


WEATHER CONDITIONS
 THE FOLLOWING WEATHER WAS RECORDED YESTERDAY.
  NO SIGNIFICANT WEATHER WAS OBSERVED.


RELATIVE HUMIDITY (PERCENT)
 HIGHEST    93          1200 AM
 LOWEST     36           300 PM
 AVERAGE    65

..........................................................




SUNRISE AND SUNSET
AUGUST 27 2014........SUNRISE   619 AM MDT   SUNSET   747 PM MDT
AUGUST 28 2014........SUNRISE   620 AM MDT   SUNSET   745 PM MDT


-  INDICATES NEGATIVE NUMBERS.
R  INDICATES RECORD WAS SET OR TIED.
MM INDICATES DATA IS MISSING.
T  INDICATES TRACE AMOUNT.




$$
