000
CDUS43 KUNR 260832
CLIGCC


CLIMATE REPORT
NATIONAL WEATHER SERVICE RAPID CITY SD
231 AM MDT MON SEP 26 2016


...................................

...THE GILLETTE AIRPORT WY CLIMATE SUMMARY FOR SEPTEMBER 25 2016...

CLIMATE NORMAL PERIOD 1981 TO 2010
CLIMATE RECORD PERIOD 9999 TO 9999


WEATHER ITEM   OBSERVED TIME   NORMAL DEPARTURE LAST
                VALUE   (LST)  VALUE  FROM      YEAR
                                      NORMAL
......................................................
TEMPERATURE (F)
 YESTERDAY
  MAXIMUM         61    324 PM  68     -7       89
  MINIMUM         42    951 PM  40      2       55
  AVERAGE         52            54     -2       72

PRECIPITATION (IN)
  YESTERDAY        0.00          0.05  -0.05     0.00
  MONTH TO DATE    2.50          0.97   1.53     0.12
  SINCE SEP 1      2.50          0.97   1.53     0.12
  SINCE JAN 1     11.66         11.45   0.21    13.26

DEGREE DAYS
 HEATING
  YESTERDAY       13            12      1        0
  MONTH TO DATE  165           174     -9       70
  SINCE SEP 1    165           174     -9       70
  SINCE JUL 1    219           231    -12      135

 COOLING
  YESTERDAY        0             0      0        7
  MONTH TO DATE   25            40    -15       76
  SINCE SEP 1     25            40    -15       76
  SINCE JAN 1    569           500     69      529
......................................................


WIND (MPH)
  HIGHEST WIND SPEED    18   HIGHEST WIND DIRECTION    NW (300)
  HIGHEST GUST SPEED    23   HIGHEST GUST DIRECTION    NW (330)
  AVERAGE WIND SPEED     8.9


SKY COVER
  AVERAGE SKY COVER 0.2


WEATHER CONDITIONS
 THE FOLLOWING WEATHER WAS RECORDED YESTERDAY.
  NO SIGNIFICANT WEATHER WAS OBSERVED.


RELATIVE HUMIDITY (PERCENT)
 HIGHEST   100          1200 AM
 LOWEST     35          1100 AM
 AVERAGE    68

..........................................................




SUNRISE AND SUNSET
SEPTEMBER 26 2016.....SUNRISE   655 AM MDT   SUNSET   651 PM MDT
SEPTEMBER 27 2016.....SUNRISE   656 AM MDT   SUNSET   649 PM MDT


-  INDICATES NEGATIVE NUMBERS.
R  INDICATES RECORD WAS SET OR TIED.
MM INDICATES DATA IS MISSING.
T  INDICATES TRACE AMOUNT.




$$
