000
CDUS43 KDDC 241426
CLIGCK


CLIMATE REPORT
NATIONAL WEATHER SERVICE DODGE CITY KS
926 AM CDT SAT JUN 24 2017


...................................

...THE GARDEN CITY REGIONAL ARPT KS CLIMATE SUMMARY FOR JUNE 24 2017...
VALID AS OF 0800 AM LOCAL TIME.

CLIMATE NORMAL PERIOD 1981 TO 2010
CLIMATE RECORD PERIOD 1948 TO 2017


WEATHER ITEM   OBSERVED TIME   RECORD YEAR NORMAL DEPARTURE LAST
                VALUE   (LST)  VALUE       VALUE  FROM      YEAR
                                                  NORMAL
..................................................................
TEMPERATURE (F)
 TODAY
  MAXIMUM         64    759 AM 110    1953  89    -25       94
  MINIMUM         56    307 AM  52    1967  62     -6       65
  AVERAGE         60                        75    -15       80

PRECIPITATION (IN)
  TODAY            0.00          1.79 2014   0.12  -0.12     0.15
  MONTH TO DATE    0.56                      2.80  -2.24     3.08
  SINCE JUN 1      0.56                      2.80  -2.24     3.08
  SINCE JAN 1      8.87                      9.74  -0.87     8.54

..................................................................


WIND (MPH)
  HIGHEST WIND SPEED     8   HIGHEST WIND DIRECTION     E (90)
  HIGHEST GUST SPEED    10   HIGHEST GUST DIRECTION     N (350)



WEATHER CONDITIONS
 THE FOLLOWING WEATHER WAS RECORDED TODAY.
  NO SIGNIFICANT WEATHER WAS OBSERVED.


RELATIVE HUMIDITY (PERCENT)
 HIGHEST    80           300 AM
 LOWEST     63          1200 AM

..........................................................


THE GARDEN CITY REGIONAL ARPT KS CLIMATE NORMALS FOR TOMORROW
                         NORMAL    RECORD    YEAR
 MAXIMUM TEMPERATURE (F)   89       109      1978
 MINIMUM TEMPERATURE (F)   62        49      1993


SUNRISE AND SUNSET
JUNE 24 2017..........SUNRISE   622 AM CDT   SUNSET   909 PM CDT
JUNE 25 2017..........SUNRISE   622 AM CDT   SUNSET   909 PM CDT


-  INDICATES NEGATIVE NUMBERS.
R  INDICATES RECORD WAS SET OR TIED.
MM INDICATES DATA IS MISSING.
T  INDICATES TRACE AMOUNT.




$$
