000
CDUS43 KDDC 241010
CLIGCK


CLIMATE REPORT
NATIONAL WEATHER SERVICE DODGE CITY KS
508 AM CDT FRI OCT 24 2014


...................................

...THE GARDEN CITY REGIONAL ARPT KS CLIMATE SUMMARY FOR OCTOBER 23 2014...

CLIMATE NORMAL PERIOD 1981 TO 2010
CLIMATE RECORD PERIOD 1948 TO 2014


WEATHER ITEM   OBSERVED TIME   RECORD YEAR NORMAL DEPARTURE LAST
                VALUE   (LST)  VALUE       VALUE  FROM      YEAR
                                                  NORMAL
..................................................................
TEMPERATURE (F)
 YESTERDAY
  MAXIMUM         74    410 PM  91    2003  67      7       73
  MINIMUM         54    704 AM  26    1995  38     16       37
  AVERAGE         64                        53     11       55

PRECIPITATION (IN)
  YESTERDAY        T             0.49 2000   0.04  -0.04     0.00
  MONTH TO DATE    1.74                      1.03   0.71     1.07
  SINCE SEP 1      3.73                      2.50   1.23     3.49
  SINCE JAN 1     21.38                     18.15   3.23    13.66

DEGREE DAYS
 HEATING
  YESTERDAY        1                        13    -12
  MONTH TO DATE  150                       204    -54
  SINCE SEP 1    206                       272    -66
  SINCE JUL 1    216                       276    -60

 COOLING
  YESTERDAY        0                         0      0
  MONTH TO DATE    4                        18    -14
  SINCE SEP 1    176                       180     -4
  SINCE JAN 1   1336                      1296     40
..................................................................


WIND (MPH)
  HIGHEST WIND SPEED    13   HIGHEST WIND DIRECTION    SW (210)
  HIGHEST GUST SPEED    17   HIGHEST GUST DIRECTION    SW (210)
  AVERAGE WIND SPEED     4.2



WEATHER CONDITIONS
 THE FOLLOWING WEATHER WAS RECORDED YESTERDAY.
  LIGHT RAIN
  FOG
  FOG W/VISIBILITY <= 1/4 MILE
  HAZE


RELATIVE HUMIDITY (PERCENT)
 HIGHEST   100           300 AM
 LOWEST     53           300 PM
 AVERAGE    77

..........................................................


THE GARDEN CITY REGIONAL ARPT KS CLIMATE NORMALS FOR TODAY
                         NORMAL    RECORD    YEAR
 MAXIMUM TEMPERATURE (F)   67        85      2011
                                             1952
 MINIMUM TEMPERATURE (F)   38        20      1980


SUNRISE AND SUNSET
OCTOBER 24 2014.......SUNRISE   800 AM CDT   SUNSET   653 PM CDT
OCTOBER 25 2014.......SUNRISE   801 AM CDT   SUNSET   652 PM CDT


-  INDICATES NEGATIVE NUMBERS.
R  INDICATES RECORD WAS SET OR TIED.
MM INDICATES DATA IS MISSING.
T  INDICATES TRACE AMOUNT.




$$
