000
CDUS43 KDDC 180706
CLIGCK


CLIMATE REPORT
NATIONAL WEATHER SERVICE DODGE CITY KS
206 AM CDT WED OCT 18 2017


...................................

...THE GARDEN CITY REGIONAL ARPT KS CLIMATE SUMMARY FOR OCTOBER 17 2017...

CLIMATE NORMAL PERIOD 1981 TO 2010
CLIMATE RECORD PERIOD 1948 TO 2017


WEATHER ITEM   OBSERVED TIME   RECORD YEAR NORMAL DEPARTURE LAST
                VALUE   (LST)  VALUE       VALUE  FROM      YEAR
                                                  NORMAL
..................................................................
TEMPERATURE (F)
 YESTERDAY
  MAXIMUM         81    318 PM 100    2016  69     12      100
  MINIMUM         34    710 AM  26    1980  41     -7       47
  AVERAGE         58                        55      3       74

PRECIPITATION (IN)
  YESTERDAY        0.00          2.40 1965   0.04  -0.04     0.00
  MONTH TO DATE    0.97                      0.79   0.18      T
  SINCE SEP 1      5.68                      2.26   3.42     0.19
  SINCE JAN 1     20.50                     17.91   2.59    20.02

DEGREE DAYS
 HEATING
  YESTERDAY        7                        10     -3
  MONTH TO DATE  102                       134    -32
  SINCE SEP 1    151                       202    -51
  SINCE JUL 1    151                       206    -55

 COOLING
  YESTERDAY        0                         0      0
  MONTH TO DATE   25                        18      7
  SINCE SEP 1    224                       180     44
  SINCE JAN 1   1371                      1296     75
..................................................................


WIND (MPH)
  HIGHEST WIND SPEED    16   HIGHEST WIND DIRECTION    SE (150)
  HIGHEST GUST SPEED    20   HIGHEST GUST DIRECTION    SE (150)
  AVERAGE WIND SPEED     7.4



WEATHER CONDITIONS
 THE FOLLOWING WEATHER WAS RECORDED YESTERDAY.
  NO SIGNIFICANT WEATHER WAS OBSERVED.


RELATIVE HUMIDITY (PERCENT)
 HIGHEST    92           800 AM
 LOWEST     18           300 PM
 AVERAGE    55

..........................................................


THE GARDEN CITY REGIONAL ARPT KS CLIMATE NORMALS FOR TODAY
                         NORMAL    RECORD    YEAR
 MAXIMUM TEMPERATURE (F)   69        93      2003
 MINIMUM TEMPERATURE (F)   40        24      1996


SUNRISE AND SUNSET
OCTOBER 18 2017.......SUNRISE   755 AM CDT   SUNSET   701 PM CDT
OCTOBER 19 2017.......SUNRISE   756 AM CDT   SUNSET   659 PM CDT


-  INDICATES NEGATIVE NUMBERS.
R  INDICATES RECORD WAS SET OR TIED.
MM INDICATES DATA IS MISSING.
T  INDICATES TRACE AMOUNT.




$$
