000
CDUS43 KDDC 192326
CLIGCK


CLIMATE REPORT
NATIONAL WEATHER SERVICE DODGE CITY KS
625 PM CDT TUE AUG 19 2014


...................................

...THE GARDEN CITY REGIONAL ARPT KS CLIMATE SUMMARY FOR AUGUST 19 2014...
VALID TODAY AS OF 0500 PM LOCAL TIME.

CLIMATE NORMAL PERIOD 1981 TO 2010
CLIMATE RECORD PERIOD 1948 TO 2014


WEATHER ITEM   OBSERVED TIME   RECORD YEAR NORMAL DEPARTURE LAST
                VALUE   (LST)  VALUE       VALUE  FROM      YEAR
                                                  NORMAL
..................................................................
TEMPERATURE (F)
 TODAY
  MAXIMUM         95    120 PM 103    2011  90      5       86
  MINIMUM         64    627 AM  49    2012  64      0       63
  AVERAGE         80                        77      3       75

PRECIPITATION (IN)
  TODAY            0.03          0.74 2006   0.08  -0.05     0.00
  MONTH TO DATE    0.71                      1.67  -0.96     4.92
  SINCE JUN 1     15.15                      7.93   7.22     8.59
  SINCE JAN 1     16.51                     14.87   1.64    10.16

DEGREE DAYS
 HEATING
  TODAY            0                         0      0        0
  MONTH TO DATE    0                         0      0        0
  SINCE JUN 1     21                        17      4       12
  SINCE JUL 1     10                         1      9        0

 COOLING
  TODAY           15                        12      3       10
  MONTH TO DATE  239                       239      0      170
  SINCE JUN 1    855                       901    -46     1005
  SINCE JAN 1    998                       990      8     1152
..................................................................


WIND (MPH)
  HIGHEST WIND SPEED    23   HIGHEST WIND DIRECTION    SE (130)
  HIGHEST GUST SPEED    28   HIGHEST GUST DIRECTION    SE (120)
  AVERAGE WIND SPEED    14.6



WEATHER CONDITIONS
 THE FOLLOWING WEATHER WAS RECORDED TODAY.
  NO SIGNIFICANT WEATHER WAS OBSERVED.


RELATIVE HUMIDITY (PERCENT)
 HIGHEST    87           500 AM
 LOWEST     28           300 PM
 AVERAGE    58

..........................................................


THE GARDEN CITY REGIONAL ARPT KS CLIMATE NORMALS FOR TOMORROW
                         NORMAL    RECORD    YEAR
 MAXIMUM TEMPERATURE (F)   89       104      2007
                                             1987
 MINIMUM TEMPERATURE (F)   64        46      1950


SUNRISE AND SUNSET
AUGUST 19 2014........SUNRISE   702 AM CDT   SUNSET   831 PM CDT
AUGUST 20 2014........SUNRISE   702 AM CDT   SUNSET   829 PM CDT


-  INDICATES NEGATIVE NUMBERS.
R  INDICATES RECORD WAS SET OR TIED.
MM INDICATES DATA IS MISSING.
T  INDICATES TRACE AMOUNT.




$$
