000
CDUS43 KDDC 181426
CLIGCK


CLIMATE REPORT
NATIONAL WEATHER SERVICE DODGE CITY KS
825 AM CST MON DEC 18 2017


...................................

...THE GARDEN CITY REGIONAL ARPT KS CLIMATE SUMMARY FOR DECEMBER 18 2017...
VALID AS OF 0800 AM LOCAL TIME.

CLIMATE NORMAL PERIOD 1981 TO 2010
CLIMATE RECORD PERIOD 1948 TO 2017


WEATHER ITEM   OBSERVED TIME   RECORD YEAR NORMAL DEPARTURE LAST
                VALUE   (LST)  VALUE       VALUE  FROM      YEAR
                                                  NORMAL
..................................................................
TEMPERATURE (F)
 TODAY
  MAXIMUM         26    331 AM  73    1979  44    -18       21
  MINIMUM         16    542 AM -19    2016  18     -2      -19
  AVERAGE         21                        31    -10        1

PRECIPITATION (IN)
  TODAY            0.00          0.11 1995   0.02  -0.02     0.00
  MONTH TO DATE    0.00                      0.31  -0.31     0.03
  SINCE DEC 1      0.00                      0.31  -0.31     0.03
  SINCE JAN 1     20.57                     19.26   1.31    20.12

..................................................................


WIND (MPH)
  HIGHEST WIND SPEED    10   HIGHEST WIND DIRECTION    SE (150)
  HIGHEST GUST SPEED    12   HIGHEST GUST DIRECTION    SE (150)



WEATHER CONDITIONS
 THE FOLLOWING WEATHER WAS RECORDED TODAY.
  FOG
  HAZE


RELATIVE HUMIDITY (PERCENT)
 HIGHEST    92          1200 AM
 LOWEST     81           300 AM

..........................................................


THE GARDEN CITY REGIONAL ARPT KS CLIMATE NORMALS FOR TOMORROW
                         NORMAL    RECORD    YEAR
 MAXIMUM TEMPERATURE (F)   44        70      1978
 MINIMUM TEMPERATURE (F)   18       -12      2016


SUNRISE AND SUNSET
DECEMBER 18 2017......SUNRISE   754 AM CST   SUNSET   526 PM CST
DECEMBER 19 2017......SUNRISE   754 AM CST   SUNSET   526 PM CST


-  INDICATES NEGATIVE NUMBERS.
R  INDICATES RECORD WAS SET OR TIED.
MM INDICATES DATA IS MISSING.
T  INDICATES TRACE AMOUNT.




$$
