000
CDUS43 KDDC 222328
CLIGCK


CLIMATE REPORT
NATIONAL WEATHER SERVICE DODGE CITY KS
527 PM CST MON DEC 22 2014


...................................

...THE GARDEN CITY REGIONAL ARPT KS CLIMATE SUMMARY FOR DECEMBER 22 2014...
VALID TODAY AS OF 0500 PM LOCAL TIME.

CLIMATE NORMAL PERIOD 1981 TO 2010
CLIMATE RECORD PERIOD 1948 TO 2014


WEATHER ITEM   OBSERVED TIME   RECORD YEAR NORMAL DEPARTURE LAST
                VALUE   (LST)  VALUE       VALUE  FROM      YEAR
                                                  NORMAL
..................................................................
TEMPERATURE (F)
 TODAY
  MAXIMUM         51    321 PM  78    1955  43      8       40
  MINIMUM         31   1235 AM -17    1989  18     13        9
  AVERAGE         41                        31     10       25

PRECIPITATION (IN)
  TODAY            T             0.21 1966   0.02  -0.02     0.00
  MONTH TO DATE    0.05                      0.38  -0.33     0.01
  SINCE DEC 1      0.05                      0.38  -0.33     0.01
  SINCE JAN 1     21.44                     19.33   2.11    14.85

DEGREE DAYS
 HEATING
  TODAY           24                        34    -10       40
  MONTH TO DATE  594                       722   -128      788
  SINCE DEC 1    594                       722   -128      788
  SINCE JUL 1   1633                      1811   -178     1832

 COOLING
  TODAY            0                         0      0        0
  MONTH TO DATE    0                         0      0        0
  SINCE DEC 1      0                         0      0        0
  SINCE JAN 1   1342                      1298     44     1591
..................................................................


WIND (MPH)
  HIGHEST WIND SPEED    30   HIGHEST WIND DIRECTION    NW (330)
  HIGHEST GUST SPEED    37   HIGHEST GUST DIRECTION    NW (330)
  AVERAGE WIND SPEED    17.1



WEATHER CONDITIONS
 THE FOLLOWING WEATHER WAS RECORDED TODAY.
  FOG


RELATIVE HUMIDITY (PERCENT)
 HIGHEST   100          1200 AM
 LOWEST     27           400 PM
 AVERAGE    64

..........................................................


THE GARDEN CITY REGIONAL ARPT KS CLIMATE NORMALS FOR TOMORROW
                         NORMAL    RECORD    YEAR
 MAXIMUM TEMPERATURE (F)   43        75      1955
 MINIMUM TEMPERATURE (F)   18       -12      1989


SUNRISE AND SUNSET
DECEMBER 22 2014......SUNRISE   756 AM CST   SUNSET   528 PM CST
DECEMBER 23 2014......SUNRISE   756 AM CST   SUNSET   528 PM CST


-  INDICATES NEGATIVE NUMBERS.
R  INDICATES RECORD WAS SET OR TIED.
MM INDICATES DATA IS MISSING.
T  INDICATES TRACE AMOUNT.




$$
