000
CDUS43 KDDC 080715
CLIGCK


CLIMATE REPORT
NATIONAL WEATHER SERVICE DODGE CITY KS
115 AM CST THU DEC 8 2016


...................................

...THE GARDEN CITY REGIONAL ARPT KS CLIMATE SUMMARY FOR DECEMBER 7 2016...

CLIMATE NORMAL PERIOD 1981 TO 2010
CLIMATE RECORD PERIOD 1948 TO 2016


WEATHER ITEM   OBSERVED TIME   RECORD YEAR NORMAL DEPARTURE LAST
                VALUE   (LST)  VALUE       VALUE  FROM      YEAR
                                                  NORMAL
..................................................................
TEMPERATURE (F)
 YESTERDAY
  MAXIMUM         27    710 AM  73    1984  46    -19       60
  MINIMUM         10   1159 PM  -4    2005  20    -10       26
  AVERAGE         19                        33    -14       43

PRECIPITATION (IN)
  YESTERDAY        T             0.46 1986   0.02  -0.02     0.00
  MONTH TO DATE    0.03                      0.13  -0.10     0.00
  SINCE DEC 1      0.03                      0.13  -0.10     0.00
  SINCE JAN 1     20.12                     19.08   1.04    24.05

DEGREE DAYS
 HEATING
  YESTERDAY       46                        32     14
  MONTH TO DATE  236                       219     17
  SINCE DEC 1    236                       219     17
  SINCE JUL 1    924                      1308   -384

 COOLING
  YESTERDAY        0                         0      0
  MONTH TO DATE    0                         0      0
  SINCE DEC 1      0                         0      0
  SINCE JAN 1   1433                      1298    135
..................................................................


WIND (MPH)
  HIGHEST WIND SPEED    25   HIGHEST WIND DIRECTION    NE (30)
  HIGHEST GUST SPEED    29   HIGHEST GUST DIRECTION    NE (30)
  AVERAGE WIND SPEED    14.2



WEATHER CONDITIONS
 THE FOLLOWING WEATHER WAS RECORDED YESTERDAY.
  LIGHT SNOW
  FOG


RELATIVE HUMIDITY (PERCENT)
 HIGHEST    84          1100 AM
 LOWEST     50          1200 AM
 AVERAGE    67

..........................................................


THE GARDEN CITY REGIONAL ARPT KS CLIMATE NORMALS FOR TODAY
                         NORMAL    RECORD    YEAR
 MAXIMUM TEMPERATURE (F)   45        72      1984
 MINIMUM TEMPERATURE (F)   20       -10      2005


SUNRISE AND SUNSET
DECEMBER  8 2016......SUNRISE   747 AM CST   SUNSET   523 PM CST
DECEMBER  9 2016......SUNRISE   747 AM CST   SUNSET   523 PM CST


-  INDICATES NEGATIVE NUMBERS.
R  INDICATES RECORD WAS SET OR TIED.
MM INDICATES DATA IS MISSING.
T  INDICATES TRACE AMOUNT.




$$
