000
CDUS41 KPHI 230627
CLIGED


CLIMATE REPORT
NATIONAL WEATHER SERVICE MOUNT HOLLY NJ
227 AM EDT THU OCT 23 2014


...................................

...THE GEORGETOWN DE CLIMATE SUMMARY FOR OCTOBER 22 2014...

CLIMATE NORMAL PERIOD 1981 TO 2010
CLIMATE RECORD PERIOD 1948 TO 2014


WEATHER ITEM   OBSERVED TIME   RECORD YEAR NORMAL DEPARTURE LAST
                VALUE   (LST)  VALUE       VALUE  FROM      YEAR
                                                  NORMAL
..................................................................
TEMPERATURE (F)
 YESTERDAY
  MAXIMUM         60   1147 AM  83    1979  66     -6       69
  MINIMUM         53   1159 PM  22    1952  45      8       48
  AVERAGE         57                        56      1       59

PRECIPITATION (IN)
  YESTERDAY        0.06          1.67 1970   0.12  -0.06      T
  MONTH TO DATE    2.49                      2.67  -0.18     4.47
  SINCE SEP 1      6.39                      6.80  -0.41     5.16
  SINCE JAN 1     36.69                     36.07   0.62    47.15

SNOWFALL (IN)
  YESTERDAY       MM            MM      MM  MM     MM       MM
  MONTH TO DATE   MM                        MM     MM       MM
  SINCE SEP 1     MM                        MM     MM       MM
  SINCE JUL 1     MM                        MM     MM       MM
  SNOW DEPTH      MM

DEGREE DAYS
 HEATING
  YESTERDAY        8                        10     -2        6
  MONTH TO DATE   95                       147    -52       63
  SINCE SEP 1    110                       184    -74      115
  SINCE JUL 1    110                       185    -75      115

 COOLING
  YESTERDAY        0                         0      0        0
  MONTH TO DATE   23                        18      5       68
  SINCE SEP 1    198                       160     38      204
  SINCE JAN 1   1149                      1189    -40     1391
..................................................................


WIND (MPH)
  HIGHEST WIND SPEED    18   HIGHEST WIND DIRECTION     N (350)
  HIGHEST GUST SPEED    29   HIGHEST GUST DIRECTION     N (360)
  AVERAGE WIND SPEED     9.8


SKY COVER
  POSSIBLE SUNSHINE  MM
  AVERAGE SKY COVER 0.9


WEATHER CONDITIONS
 THE FOLLOWING WEATHER WAS RECORDED YESTERDAY.
  RAIN
  LIGHT RAIN
  FOG


RELATIVE HUMIDITY (PERCENT)
 HIGHEST    93          1200 AM
 LOWEST     75          1000 AM
 AVERAGE    84

..........................................................


THE GEORGETOWN DE CLIMATE NORMALS FOR TODAY
                         NORMAL    RECORD    YEAR
 MAXIMUM TEMPERATURE (F)   66        83      1984
 MINIMUM TEMPERATURE (F)   45        25      1976


SUNRISE AND SUNSET
OCTOBER 23 2014.......SUNRISE   719 AM EDT   SUNSET   612 PM EDT
OCTOBER 24 2014.......SUNRISE   720 AM EDT   SUNSET   611 PM EDT


-  INDICATES NEGATIVE NUMBERS.
R  INDICATES RECORD WAS SET OR TIED.
MM INDICATES DATA IS MISSING.
T  INDICATES TRACE AMOUNT.




$$
