000
CDUS41 KPHI 140630
CLIGED


CLIMATE REPORT
NATIONAL WEATHER SERVICE MOUNT HOLLY NJ
126 AM EST SUN FEB 14 2016


...................................

...THE GEORGETOWN DE CLIMATE SUMMARY FOR FEBRUARY 13 2016...

CLIMATE NORMAL PERIOD 1981 TO 2010
CLIMATE RECORD PERIOD 1948 TO 2016


WEATHER ITEM   OBSERVED TIME   RECORD YEAR NORMAL DEPARTURE LAST
                VALUE   (LST)  VALUE       VALUE  FROM      YEAR
                                                  NORMAL
..................................................................
TEMPERATURE (F)
 YESTERDAY
  MAXIMUM         25    124 PM  73    1951  46    -21       26
  MINIMUM         15   1159 PM  -1    1967  28    -13       14
  AVERAGE         20                        37    -17       20

PRECIPITATION (IN)
  YESTERDAY        T             2.05 1966   0.10  -0.10     0.00
  MONTH TO DATE    1.51                      1.27   0.24     0.98
  SINCE DEC 1      8.54                      7.48   1.06     9.04
  SINCE JAN 1      4.38                      4.19   0.19     5.51

SNOWFALL (IN)
  YESTERDAY       MM            MM      MM  MM     MM       MM
  MONTH TO DATE   MM                        MM     MM       MM
  SINCE DEC 1     MM                        MM     MM       MM
  SINCE JUL 1     MM                        MM     MM       MM
  SNOW DEPTH      MM

DEGREE DAYS
 HEATING
  YESTERDAY       45                        28     17       45
  MONTH TO DATE  360                       373    -13      417
  SINCE DEC 1   1675                      2099   -424     2080
  SINCE JUL 1   2315                      2883   -568     2843

 COOLING
  YESTERDAY        0                         0      0        0
  MONTH TO DATE    0                         0      0        0
  SINCE DEC 1      9                         0      9        0
  SINCE JAN 1      0                         0      0        0
..................................................................


WIND (MPH)
  HIGHEST WIND SPEED    26   HIGHEST WIND DIRECTION     W (290)
  HIGHEST GUST SPEED    38   HIGHEST GUST DIRECTION    NW (310)
  AVERAGE WIND SPEED    11.4


SKY COVER
  POSSIBLE SUNSHINE  MM
  AVERAGE SKY COVER 0.2


WEATHER CONDITIONS
 THE FOLLOWING WEATHER WAS RECORDED YESTERDAY.
  SNOW
  LIGHT SNOW
  FOG
  HAZE


RELATIVE HUMIDITY (PERCENT)
 HIGHEST    92          1200 AM
 LOWEST     31           100 PM
 AVERAGE    62

..........................................................


THE GEORGETOWN DE CLIMATE NORMALS FOR TODAY
                         NORMAL    RECORD    YEAR
 MAXIMUM TEMPERATURE (F)   47        70      1951
 MINIMUM TEMPERATURE (F)   28        -7      1979


SUNRISE AND SUNSET
FEBRUARY 14 2016......SUNRISE   654 AM EST   SUNSET   538 PM EST
FEBRUARY 15 2016......SUNRISE   653 AM EST   SUNSET   539 PM EST


-  INDICATES NEGATIVE NUMBERS.
R  INDICATES RECORD WAS SET OR TIED.
MM INDICATES DATA IS MISSING.
T  INDICATES TRACE AMOUNT.




$$
