000
CDUS41 KPHI 290641
CLIGED


CLIMATE REPORT
NATIONAL WEATHER SERVICE MOUNT HOLLY NJ
240 AM EDT SUN MAY 29 2016


...................................

...THE GEORGETOWN DE CLIMATE SUMMARY FOR MAY 28 2016...

CLIMATE NORMAL PERIOD 1981 TO 2010
CLIMATE RECORD PERIOD 1948 TO 2016


WEATHER ITEM   OBSERVED TIME   RECORD YEAR NORMAL DEPARTURE LAST
                VALUE   (LST)  VALUE       VALUE  FROM      YEAR
                                                  NORMAL
..................................................................
TEMPERATURE (F)
 YESTERDAY
  MAXIMUM         89    220 PM  93    1965  77     12       87
  MINIMUM         62   1159 PM  39    1972  57      5       68
  AVERAGE         76                        67      9       78

PRECIPITATION (IN)
  YESTERDAY        0.00          1.30 1968   0.12  -0.12     0.00
  MONTH TO DATE    4.97                      3.16   1.81     1.19
  SINCE MAR 1     10.33                     10.84  -0.51     7.91
  SINCE JAN 1     16.80                     16.55   0.25    14.74

SNOWFALL (IN)
  YESTERDAY       MM            MM      MM  MM     MM       MM
  MONTH TO DATE   MM                        MM     MM       MM
  SINCE MAR 1     MM                        MM     MM       MM
  SINCE JUL 1     MM                        MM     MM       MM
  SNOW DEPTH      MM

DEGREE DAYS
 HEATING
  YESTERDAY        0                         2     -2        0
  MONTH TO DATE  159                       129     30       63
  SINCE MAR 1    981                      1109   -128     1128
  SINCE JUL 1   3659                      4389   -730     4616

 COOLING
  YESTERDAY       11                         4      7       13
  MONTH TO DATE   47                        62    -15      134
  SINCE MAR 1     68                        82    -14      139
  SINCE JAN 1     68                        82    -14      139
..................................................................


WIND (MPH)
  HIGHEST WIND SPEED    15   HIGHEST WIND DIRECTION     S (170)
  HIGHEST GUST SPEED    20   HIGHEST GUST DIRECTION    SW (220)
  AVERAGE WIND SPEED     8.0


SKY COVER
  POSSIBLE SUNSHINE  MM
  AVERAGE SKY COVER 0.0


WEATHER CONDITIONS
 THE FOLLOWING WEATHER WAS RECORDED YESTERDAY.
  NO SIGNIFICANT WEATHER WAS OBSERVED.


RELATIVE HUMIDITY (PERCENT)
 HIGHEST    87           400 AM
 LOWEST     40           600 PM
 AVERAGE    64

..........................................................


THE GEORGETOWN DE CLIMATE NORMALS FOR TODAY
                         NORMAL    RECORD    YEAR
 MAXIMUM TEMPERATURE (F)   78        92      1955
 MINIMUM TEMPERATURE (F)   57        39      1997


SUNRISE AND SUNSET
MAY 29 2016...........SUNRISE   540 AM EDT   SUNSET   819 PM EDT
MAY 30 2016...........SUNRISE   539 AM EDT   SUNSET   819 PM EDT


-  INDICATES NEGATIVE NUMBERS.
R  INDICATES RECORD WAS SET OR TIED.
MM INDICATES DATA IS MISSING.
T  INDICATES TRACE AMOUNT.




$$
