000
CDUS41 KPHI 280630
CLIGED


CLIMATE REPORT
NATIONAL WEATHER SERVICE MOUNT HOLLY NJ
229 AM EDT WED SEP 28 2016


...................................

...THE GEORGETOWN DE CLIMATE SUMMARY FOR SEPTEMBER 27 2016...

CLIMATE NORMAL PERIOD 1981 TO 2010
CLIMATE RECORD PERIOD 1948 TO 2016


WEATHER ITEM   OBSERVED TIME   RECORD YEAR NORMAL DEPARTURE LAST
                VALUE   (LST)  VALUE       VALUE  FROM      YEAR
                                                  NORMAL
..................................................................
TEMPERATURE (F)
 YESTERDAY
  MAXIMUM         69    330 PM  93    1970  74     -5       76
  MINIMUM         62   1036 PM  36    1978  54      8       65
  AVERAGE         66                        64      2       71

PRECIPITATION (IN)
  YESTERDAY        0.29          4.30 1985   0.13   0.16     0.00
  MONTH TO DATE    3.64                      3.74  -0.10     1.37
  SINCE SEP 1      3.64                      3.74  -0.10     1.37
  SINCE JAN 1     33.00                     33.01  -0.01    26.57

SNOWFALL (IN)
  YESTERDAY       MM            MM      MM  MM     MM       MM
  MONTH TO DATE   MM                        MM     MM       MM
  SINCE SEP 1     MM                        MM     MM       MM
  SINCE JUL 1     MM                        MM     MM       MM
  SNOW DEPTH      MM

DEGREE DAYS
 HEATING
  YESTERDAY        0                         3     -3        0
  MONTH TO DATE    7                        27    -20        1
  SINCE SEP 1      7                        27    -20        1
  SINCE JUL 1      7                        28    -21        1

 COOLING
  YESTERDAY        1                         2     -1        6
  MONTH TO DATE  225                       136     89      200
  SINCE SEP 1    225                       136     89      200
  SINCE JAN 1   1439                      1165    274     1369
..................................................................


WIND (MPH)
  HIGHEST WIND SPEED    10   HIGHEST WIND DIRECTION    SW (220)
  HIGHEST GUST SPEED    14   HIGHEST GUST DIRECTION     S (200)
  AVERAGE WIND SPEED     2.7


SKY COVER
  POSSIBLE SUNSHINE  MM
  AVERAGE SKY COVER 0.9


WEATHER CONDITIONS
 THE FOLLOWING WEATHER WAS RECORDED YESTERDAY.
  LIGHT RAIN
  FOG


RELATIVE HUMIDITY (PERCENT)
 HIGHEST   100          1200 PM
 LOWEST     73           300 PM
 AVERAGE    87

..........................................................


THE GEORGETOWN DE CLIMATE NORMALS FOR TODAY
                         NORMAL    RECORD    YEAR
 MAXIMUM TEMPERATURE (F)   74        88      1970
 MINIMUM TEMPERATURE (F)   54        34      1957


SUNRISE AND SUNSET
SEPTEMBER 28 2016.....SUNRISE   655 AM EDT   SUNSET   648 PM EDT
SEPTEMBER 29 2016.....SUNRISE   656 AM EDT   SUNSET   647 PM EDT


-  INDICATES NEGATIVE NUMBERS.
R  INDICATES RECORD WAS SET OR TIED.
MM INDICATES DATA IS MISSING.
T  INDICATES TRACE AMOUNT.




$$
