000
CDUS41 KPHI 060632
CLIGED


CLIMATE REPORT
NATIONAL WEATHER SERVICE MOUNT HOLLY NJ
226 AM EDT MON JUL 6 2015


...................................

...THE GEORGETOWN DE CLIMATE SUMMARY FOR JULY 5 2015...

CLIMATE NORMAL PERIOD 1981 TO 2010
CLIMATE RECORD PERIOD 1948 TO 2015


WEATHER ITEM   OBSERVED TIME   RECORD YEAR NORMAL DEPARTURE LAST
                VALUE   (LST)  VALUE       VALUE  FROM      YEAR
                                                  NORMAL
..................................................................
TEMPERATURE (F)
 YESTERDAY
  MAXIMUM         84    237 PM 100    2012  86     -2       82
  MINIMUM         66    542 AM  50    1971  67     -1       61
  AVERAGE         75                        76     -1       72

PRECIPITATION (IN)
  YESTERDAY        0.00          1.56 1987   0.15  -0.15     0.00
  MONTH TO DATE    0.81                      0.79   0.02     2.60
  SINCE JUN 1      5.64                      5.40   0.24     4.37
  SINCE JAN 1     20.38                     22.34  -1.96    21.56

SNOWFALL (IN)
  YESTERDAY       MM            MM      MM  MM     MM       MM
  MONTH TO DATE   MM                        MM     MM       MM
  SINCE JUN 1     MM                        MM     MM       MM
  SINCE JUL 1     MM                        MM     MM       MM
  SNOW DEPTH      MM

DEGREE DAYS
 HEATING
  YESTERDAY        0                         0      0        0
  MONTH TO DATE    0                         0      0        0
  SINCE JUN 1     21                        13      8        5
  SINCE JUL 1      0                         0      0        0

 COOLING
  YESTERDAY       10                        11     -1        7
  MONTH TO DATE   45                        55    -10       71
  SINCE JUN 1    338                       294     44      325
  SINCE JAN 1    513                       388    125      426
..................................................................


WIND (MPH)
  HIGHEST WIND SPEED    14   HIGHEST WIND DIRECTION     E (110)
  HIGHEST GUST SPEED    17   HIGHEST GUST DIRECTION     E (110)
  AVERAGE WIND SPEED     3.3


SKY COVER
  POSSIBLE SUNSHINE  MM
  AVERAGE SKY COVER 0.4


WEATHER CONDITIONS
 THE FOLLOWING WEATHER WAS RECORDED YESTERDAY.
  FOG


RELATIVE HUMIDITY (PERCENT)
 HIGHEST   100           300 AM
 LOWEST     58           200 PM
 AVERAGE    79

..........................................................


THE GEORGETOWN DE CLIMATE NORMALS FOR TODAY
                         NORMAL    RECORD    YEAR
 MAXIMUM TEMPERATURE (F)   86       102      2010
 MINIMUM TEMPERATURE (F)   67        48      1979


SUNRISE AND SUNSET
JULY  6 2015..........SUNRISE   543 AM EDT   SUNSET   829 PM EDT
JULY  7 2015..........SUNRISE   544 AM EDT   SUNSET   829 PM EDT


-  INDICATES NEGATIVE NUMBERS.
R  INDICATES RECORD WAS SET OR TIED.
MM INDICATES DATA IS MISSING.
T  INDICATES TRACE AMOUNT.




$$
