000
CDUS41 KPHI 242127
CLIGED


CLIMATE REPORT
NATIONAL WEATHER SERVICE MOUNT HOLLY NJ
527 PM EDT FRI MAR 24 2017


...................................

...THE GEORGETOWN DE CLIMATE SUMMARY FOR MARCH 24 2017...
VALID TODAY AS OF 0500 PM LOCAL TIME.

CLIMATE NORMAL PERIOD 1981 TO 2010
CLIMATE RECORD PERIOD 1948 TO 2017


WEATHER ITEM   OBSERVED TIME   RECORD YEAR NORMAL DEPARTURE LAST
                VALUE   (LST)  VALUE       VALUE  FROM      YEAR
                                                  NORMAL
..................................................................
TEMPERATURE (F)
 TODAY
  MAXIMUM         63    236 PM  76    2016  57      6       76
                                      1966
  MINIMUM         29    351 AM  21    1983  37     -8       49
  AVERAGE         46                        47     -1       63

PRECIPITATION (IN)
  TODAY            0.00          1.56 1989   0.14  -0.14     0.00
  MONTH TO DATE    3.35                      2.99   0.36     1.12
  SINCE MAR 1      3.35                      2.99   0.36     1.12
  SINCE JAN 1      7.59                      8.70  -1.11     7.59

DEGREE DAYS
 HEATING
  TODAY           19                        18      1        2
  MONTH TO DATE  546                       515     31      375
  SINCE MAR 1    546                       515     31      375
  SINCE JUL 1   3231                      3795   -564     3053

 COOLING
  TODAY            0                         0      0        0
  MONTH TO DATE    3                         0      3        2
  SINCE MAR 1      3                         0      3        2
  SINCE JAN 1      3                         0      3        2
..................................................................


WIND (MPH)
  HIGHEST WIND SPEED    28   HIGHEST WIND DIRECTION    SW (220)
  HIGHEST GUST SPEED    36   HIGHEST GUST DIRECTION    SW (220)
  AVERAGE WIND SPEED     8.7


SKY COVER
  POSSIBLE SUNSHINE  MM
  AVERAGE SKY COVER 0.1


WEATHER CONDITIONS
 THE FOLLOWING WEATHER WAS RECORDED TODAY.
  NO SIGNIFICANT WEATHER WAS OBSERVED.


RELATIVE HUMIDITY (PERCENT)
 HIGHEST    85           300 AM
 LOWEST     29           100 PM
 AVERAGE    57

..........................................................


THE GEORGETOWN DE CLIMATE NORMALS FOR TOMORROW
                         NORMAL    RECORD    YEAR
 MAXIMUM TEMPERATURE (F)   57        79      1959
 MINIMUM TEMPERATURE (F)   38        20      1956


SUNRISE AND SUNSET
MARCH 24 2017.........SUNRISE   658 AM EDT   SUNSET   718 PM EDT
MARCH 25 2017.........SUNRISE   657 AM EDT   SUNSET   718 PM EDT


-  INDICATES NEGATIVE NUMBERS.
R  INDICATES RECORD WAS SET OR TIED.
MM INDICATES DATA IS MISSING.
T  INDICATES TRACE AMOUNT.




$$
