000
CDUS41 KPHI 012130
CLIGED


CLIMATE REPORT
NATIONAL WEATHER SERVICE MOUNT HOLLY NJ
530 PM EDT FRI AUG 1 2014


...................................

...THE GEORGETOWN DE CLIMATE SUMMARY FOR AUGUST 1 2014...
VALID TODAY AS OF 0500 PM LOCAL TIME.

CLIMATE NORMAL PERIOD 1981 TO 2010
CLIMATE RECORD PERIOD 1948 TO 2014


WEATHER ITEM   OBSERVED TIME   RECORD YEAR NORMAL DEPARTURE LAST
                VALUE   (LST)  VALUE       VALUE  FROM      YEAR
                                                  NORMAL
..................................................................
TEMPERATURE (F)
 TODAY
  MAXIMUM         79   1003 AM  97    1983  86     -7       78
  MINIMUM         68    442 AM  50    1964  68      0       68
  AVERAGE         74                        77     -3       73

PRECIPITATION (IN)
  TODAY            0.02          2.99 1948   0.10  -0.08     2.34
  MONTH TO DATE    0.02                      0.10  -0.08     2.34
  SINCE JUN 1      8.81                      8.90  -0.09    21.21
  SINCE JAN 1     26.00                     25.84   0.16    36.06

SNOWFALL (IN)
  TODAY           MM            MM      MM  MM     MM       MM
  MONTH TO DATE   MM                        MM     MM       MM
  SINCE JUN 1     MM                        MM     MM       MM
  SINCE JUL 1     MM                        MM     MM       MM
  SNOW DEPTH      MM

DEGREE DAYS
 HEATING
  TODAY            0                         0      0        0
  MONTH TO DATE    0                         0      0        0
  SINCE JUN 1      5                        13     -8        0
  SINCE JUL 1      0                         0      0        0

 COOLING
  TODAY            9                        12     -3        8
  MONTH TO DATE    9                        12     -3        8
  SINCE JUN 1    607                       618    -11      758
  SINCE JAN 1    708                       712     -4      915
..................................................................


WIND (MPH)
  HIGHEST WIND SPEED    14   HIGHEST WIND DIRECTION     S (160)
  HIGHEST GUST SPEED    25   HIGHEST GUST DIRECTION    NE (50)
  AVERAGE WIND SPEED     9.5


SKY COVER
  POSSIBLE SUNSHINE  MM
  AVERAGE SKY COVER 0.1


WEATHER CONDITIONS
 THE FOLLOWING WEATHER WAS RECORDED TODAY.
  LIGHT RAIN
  FOG
  HAZE


RELATIVE HUMIDITY (PERCENT)
 HIGHEST    90           100 AM
 LOWEST     62          1000 AM
 AVERAGE    76

..........................................................


THE GEORGETOWN DE CLIMATE NORMALS FOR TOMORROW
                         NORMAL    RECORD    YEAR
 MAXIMUM TEMPERATURE (F)   86        97      2006
 MINIMUM TEMPERATURE (F)   68        53      1981


SUNRISE AND SUNSET
AUGUST  1 2014........SUNRISE   603 AM EDT   SUNSET   812 PM EDT
AUGUST  2 2014........SUNRISE   604 AM EDT   SUNSET   811 PM EDT


-  INDICATES NEGATIVE NUMBERS.
R  INDICATES RECORD WAS SET OR TIED.
MM INDICATES DATA IS MISSING.
T  INDICATES TRACE AMOUNT.




$$
