000
CDUS41 KPHI 220628
CLIGED


CLIMATE REPORT
NATIONAL WEATHER SERVICE MOUNT HOLLY NJ
126 AM EST MON DEC 22 2014


...................................

...THE GEORGETOWN DE CLIMATE SUMMARY FOR DECEMBER 21 2014...

CLIMATE NORMAL PERIOD 1981 TO 2010
CLIMATE RECORD PERIOD 1948 TO 2014


WEATHER ITEM   OBSERVED TIME   RECORD YEAR NORMAL DEPARTURE LAST
                VALUE   (LST)  VALUE       VALUE  FROM      YEAR
                                                  NORMAL
..................................................................
TEMPERATURE (F)
 YESTERDAY
  MAXIMUM         43    330 PM  71    2013  46     -3       71
  MINIMUM         26   1150 PM   4    1989  29     -3       56
  AVERAGE         35                        38     -3       64

PRECIPITATION (IN)
  YESTERDAY        0.00          1.75 1973   0.11  -0.11     0.00
  MONTH TO DATE    2.20                      2.38  -0.18     2.97
  SINCE DEC 1      2.20                      2.38  -0.18     2.97
  SINCE JAN 1     42.44                     42.86  -0.42    52.53

SNOWFALL (IN)
  YESTERDAY       MM            MM      MM  MM     MM       MM
  MONTH TO DATE   MM                        MM     MM       MM
  SINCE DEC 1     MM                        MM     MM       MM
  SINCE JUL 1     MM                        MM     MM       MM
  SNOW DEPTH      MM

DEGREE DAYS
 HEATING
  YESTERDAY       30                        27      3        1
  MONTH TO DATE  490                       514    -24      479
  SINCE DEC 1    490                       514    -24      479
  SINCE JUL 1   1253                      1298    -45     1282

 COOLING
  YESTERDAY        0                         0      0        0
  MONTH TO DATE    0                         0      0        0
  SINCE DEC 1      0                         0      0        0
  SINCE JAN 1   1151                      1196    -45     1396
..................................................................


WIND (MPH)
  HIGHEST WIND SPEED     9   HIGHEST WIND DIRECTION    NW (300)
  HIGHEST GUST SPEED    14   HIGHEST GUST DIRECTION    NW (300)
  AVERAGE WIND SPEED     1.6


SKY COVER
  POSSIBLE SUNSHINE  MM
  AVERAGE SKY COVER 0.4


WEATHER CONDITIONS
 THE FOLLOWING WEATHER WAS RECORDED YESTERDAY.
  FOG
  HAZE


RELATIVE HUMIDITY (PERCENT)
 HIGHEST    85           100 AM
 LOWEST     46           100 PM
 AVERAGE    66

..........................................................


THE GEORGETOWN DE CLIMATE NORMALS FOR TODAY
                         NORMAL    RECORD    YEAR
 MAXIMUM TEMPERATURE (F)   46        76      2013
 MINIMUM TEMPERATURE (F)   29         5      1989


SUNRISE AND SUNSET
DECEMBER 22 2014......SUNRISE   716 AM EST   SUNSET   444 PM EST
DECEMBER 23 2014......SUNRISE   717 AM EST   SUNSET   444 PM EST


-  INDICATES NEGATIVE NUMBERS.
R  INDICATES RECORD WAS SET OR TIED.
MM INDICATES DATA IS MISSING.
T  INDICATES TRACE AMOUNT.




$$
