000
CDUS41 KPHI 270629
CLIGED


CLIMATE REPORT
NATIONAL WEATHER SERVICE MOUNT HOLLY NJ
129 AM EST FRI FEB 27 2015


...................................

...THE GEORGETOWN DE CLIMATE SUMMARY FOR FEBRUARY 26 2015...

CLIMATE NORMAL PERIOD 1981 TO 2010
CLIMATE RECORD PERIOD 1948 TO 2015


WEATHER ITEM   OBSERVED TIME   RECORD YEAR NORMAL DEPARTURE LAST
                VALUE   (LST)  VALUE       VALUE  FROM      YEAR
                                                  NORMAL
..................................................................
TEMPERATURE (F)
 YESTERDAY
  MAXIMUM         38    352 PM  70    1996  49    -11       36
  MINIMUM         17   1157 PM  11    1970  30    -13       20
  AVERAGE         28                        40    -12       28

PRECIPITATION (IN)
  YESTERDAY        0.15          1.55 1979   0.10   0.05     0.01
  MONTH TO DATE    2.30                      2.57  -0.27     4.14
  SINCE DEC 1     10.36                      8.78   1.58    12.07
  SINCE JAN 1      6.83                      5.49   1.34     7.18

SNOWFALL (IN)
  YESTERDAY       MM            MM      MM  MM     MM       MM
  MONTH TO DATE   MM                        MM     MM       MM
  SINCE DEC 1     MM                        MM     MM       MM
  SINCE JUL 1     MM                        MM     MM       MM
  SNOW DEPTH      MM

DEGREE DAYS
 HEATING
  YESTERDAY       37                        25     12       37
  MONTH TO DATE  981                       719    262      729
  SINCE DEC 1   2644                      2445    199     2472
  SINCE JUL 1   3407                      3229    178     3275

 COOLING
  YESTERDAY        0                         0      0        0
  MONTH TO DATE    0                         0      0        0
  SINCE DEC 1      0                         0      0        4
  SINCE JAN 1      0                         0      0        0
..................................................................


WIND (MPH)
  HIGHEST WIND SPEED    23   HIGHEST WIND DIRECTION    NE (40)
  HIGHEST GUST SPEED    29   HIGHEST GUST DIRECTION     N (20)
  AVERAGE WIND SPEED     7.5


SKY COVER
  POSSIBLE SUNSHINE  MM
  AVERAGE SKY COVER 0.7


WEATHER CONDITIONS
 THE FOLLOWING WEATHER WAS RECORDED YESTERDAY.
  SNOW
  LIGHT SNOW
  FOG
  HAZE


RELATIVE HUMIDITY (PERCENT)
 HIGHEST    85           600 AM
 LOWEST     44           400 PM
 AVERAGE    65

..........................................................


THE GEORGETOWN DE CLIMATE NORMALS FOR TODAY
                         NORMAL    RECORD    YEAR
 MAXIMUM TEMPERATURE (F)   49        69      2009
                                             1977
 MINIMUM TEMPERATURE (F)   30        10      1963


SUNRISE AND SUNSET
FEBRUARY 27 2015......SUNRISE   637 AM EST   SUNSET   552 PM EST
FEBRUARY 28 2015......SUNRISE   635 AM EST   SUNSET   553 PM EST


-  INDICATES NEGATIVE NUMBERS.
R  INDICATES RECORD WAS SET OR TIED.
MM INDICATES DATA IS MISSING.
T  INDICATES TRACE AMOUNT.




$$
