000
CDUS41 KPHI 242131
CLIGED


CLIMATE REPORT
NATIONAL WEATHER SERVICE MOUNT HOLLY NJ
428 PM EST SAT FEB 24 2018


...................................

...THE GEORGETOWN DE CLIMATE SUMMARY FOR FEBRUARY 24 2018...
VALID TODAY AS OF 0400 PM LOCAL TIME.

CLIMATE NORMAL PERIOD 1981 TO 2010
CLIMATE RECORD PERIOD 1948 TO 2018


WEATHER ITEM   OBSERVED TIME   RECORD YEAR NORMAL DEPARTURE LAST
                VALUE   (LST)  VALUE       VALUE  FROM      YEAR
                                                  NORMAL
..................................................................
TEMPERATURE (F)
 TODAY
  MAXIMUM         56   1249 PM  76    2017  49      7       76
  MINIMUM         48    113 AM  11    2015  30     18       51
  AVERAGE         52                        39     13       64

PRECIPITATION (IN)
  TODAY            T             2.16 1994   0.10  -0.10     0.00
  MONTH TO DATE    3.91                      2.37   1.54     0.56
  SINCE DEC 1      7.72                      8.58  -0.86     6.49
  SINCE JAN 1      6.76                      5.29   1.47     3.69

DEGREE DAYS
 HEATING
  TODAY           13                        26    -13        1
  MONTH TO DATE  476                       668   -192      475
  SINCE DEC 1   2275                      2394   -119     1995
  SINCE JUL 1   2892                      3178   -286     2629

 COOLING
  TODAY            0                         0      0        0
  MONTH TO DATE    7                         0      7        0
  SINCE DEC 1      7                         0      7        0
  SINCE JAN 1      7                         0      7        0
..................................................................


WIND (MPH)
  HIGHEST WIND SPEED    12   HIGHEST WIND DIRECTION    NE (30)
  HIGHEST GUST SPEED    14   HIGHEST GUST DIRECTION     N (20)
  AVERAGE WIND SPEED     4.2


SKY COVER
  POSSIBLE SUNSHINE  MM
  AVERAGE SKY COVER 1.0


WEATHER CONDITIONS
 THE FOLLOWING WEATHER WAS RECORDED TODAY.
  LIGHT RAIN
  FOG
  FOG W/VISIBILITY <= 1/4 MILE


RELATIVE HUMIDITY (PERCENT)
 HIGHEST   100           200 AM
 LOWEST     89           300 PM
 AVERAGE    95

..........................................................


THE GEORGETOWN DE CLIMATE NORMALS FOR TOMORROW
                         NORMAL    RECORD    YEAR
 MAXIMUM TEMPERATURE (F)   49        77      2017
 MINIMUM TEMPERATURE (F)   30         8      1967


SUNRISE AND SUNSET
FEBRUARY 24 2018......SUNRISE   641 AM EST   SUNSET   549 PM EST
FEBRUARY 25 2018......SUNRISE   639 AM EST   SUNSET   550 PM EST


-  INDICATES NEGATIVE NUMBERS.
R  INDICATES RECORD WAS SET OR TIED.
MM INDICATES DATA IS MISSING.
T  INDICATES TRACE AMOUNT.




$$
