000
CDUS46 KOTX 020821
CLIGEG


CLIMATE REPORT
NATIONAL WEATHER SERVICE SPOKANE, WA
120 AM PDT SAT AUG 2 2014


...................................

...THE SPOKANE WA AIRPORT CLIMATE SUMMARY FOR AUGUST 1 2014...

CLIMATE NORMAL PERIOD 1981 TO 2010
CLIMATE RECORD PERIOD 1881 TO 2014


WEATHER ITEM   OBSERVED TIME   RECORD YEAR NORMAL DEPARTURE LAST
                VALUE   (LST)  VALUE       VALUE  FROM      YEAR
                                                  NORMAL
..................................................................
TEMPERATURE (F)
 YESTERDAY
  MAXIMUM         96    407 PM 101    2009  86     10       71
                                      1971
  MINIMUM         66    503 AM  44    1987  58      8       59
  AVERAGE         81                        72      9       65

PRECIPITATION (IN)
  YESTERDAY        0.00          0.51 1976   0.02  -0.02     0.04
  MONTH TO DATE    0.00                      0.02  -0.02     0.04
  SINCE OCT 1     11.75                     15.32  -3.57    14.19
  SINCE JAN 1      9.42                      9.54  -0.12     6.83

SNOWFALL (IN)
  YESTERDAY        0.0           0.0  2002   0.0    0.0      0.0
                                      2001
                                      1999
  MONTH TO DATE    0.0                       0.0    0.0      0.0
  SINCE JUN 1      0.0                       0.0    0.0      0.0
  SINCE JUL 1      0.0                       0.0    0.0      0.0
  SNOW DEPTH       0

DEGREE DAYS
 HEATING
  YESTERDAY        0                         0      0        0
  MONTH TO DATE    0                         0      0        0
  SINCE JUN 1    113                       168    -55      140
  SINCE JUL 1      7                        32    -25        0

 COOLING
  YESTERDAY       16                         7      9        0
  MONTH TO DATE   16                         7      9        0
  SINCE JUN 1    378                       236    142      332
  SINCE JAN 1    384                       250    134      362
..................................................................


WIND (MPH)
  HIGHEST WIND SPEED    21   HIGHEST WIND DIRECTION    SE (130)
  HIGHEST GUST SPEED    26   HIGHEST GUST DIRECTION    SE (130)
  AVERAGE WIND SPEED     5.9


SKY COVER
  POSSIBLE SUNSHINE  MM
  AVERAGE SKY COVER 0.8


WEATHER CONDITIONS
 THE FOLLOWING WEATHER WAS RECORDED YESTERDAY.
  NO SIGNIFICANT WEATHER WAS OBSERVED.


RELATIVE HUMIDITY (PERCENT)
 HIGHEST    44           700 AM
 LOWEST     11           400 PM
 AVERAGE    28

..........................................................


THE SPOKANE WA AIRPORT CLIMATE NORMALS FOR TODAY
                         NORMAL    RECORD    YEAR
 MAXIMUM TEMPERATURE (F)   86       100      1961
                                             1914
 MINIMUM TEMPERATURE (F)   58        43      1956


SUNRISE AND SUNSET
AUGUST  2 2014........SUNRISE   529 AM PDT   SUNSET   823 PM PDT
AUGUST  3 2014........SUNRISE   530 AM PDT   SUNSET   822 PM PDT


-  INDICATES NEGATIVE NUMBERS.
R  INDICATES RECORD WAS SET OR TIED.
MM INDICATES DATA IS MISSING.
T  INDICATES TRACE AMOUNT.




$$
