000
CDUS46 KOTX 202326
CLIGEG


CLIMATE REPORT
NATIONAL WEATHER SERVICE SPOKANE, WA
424 PM PDT SAT SEP 20 2014


...................................

...THE SPOKANE WA AIRPORT CLIMATE SUMMARY FOR SEPTEMBER 20 2014...
VALID AS OF 0400 PM LOCAL TIME.

CLIMATE NORMAL PERIOD 1981 TO 2010
CLIMATE RECORD PERIOD 1881 TO 2014


WEATHER ITEM   OBSERVED TIME   RECORD YEAR NORMAL DEPARTURE LAST
                VALUE   (LST)  VALUE       VALUE  FROM      YEAR
                                                  NORMAL
..................................................................
TEMPERATURE (F)
 TODAY
  MAXIMUM         81    254 PM  90    1939  71     10       79
  MINIMUM         54    612 AM  32    1983  46      8       46
                                      1887
  AVERAGE         68                        59      9       63

PRECIPITATION (IN)
  TODAY            0.00        0.71   1945  0.02  -0.02     0.00
  MONTH TO DATE    0.22                     0.43  -0.21     0.50
  SINCE OCT 1     12.55                    16.32  -3.77    15.33
  SINCE JAN 1     10.22                    10.54  -0.32     7.97

SNOWFALL (IN)
  TODAY            0.0                      0.0    0.0      0.0
  MONTH TO DATE    0.0                      0.0    0.0      0.0
  SINCE SEP 1      0.0                      0.0    0.0      0.0
  SINCE JUL 1      0.0                      0.0    0.0      0.0
  SNOW DEPTH       0

DEGREE DAYS
 HEATING
  TODAY            0                         7     -7        2
  MONTH TO DATE   68                        93    -25       30
  SINCE SEP 1     68                        93    -25       30
  SINCE JUL 1     80                       158    -78       37

 COOLING
  TODAY            3                         1      2        0
  MONTH TO DATE   27                        33     -6      108
  SINCE SEP 1     27                        33     -6      108
  SINCE JAN 1    633                       444    189      709
..................................................................


WIND (MPH)
  HIGHEST WIND SPEED    15   HIGHEST WIND DIRECTION     N (20)
  HIGHEST GUST SPEED    17   HIGHEST GUST DIRECTION    NE (40)
  AVERAGE WIND SPEED     7.1


SKY COVER
  POSSIBLE SUNSHINE  MM
  AVERAGE SKY COVER 0.2


WEATHER CONDITIONS
 THE FOLLOWING WEATHER WAS RECORDED TODAY.
  NO SIGNIFICANT WEATHER WAS OBSERVED.


RELATIVE HUMIDITY (PERCENT)
 HIGHEST    77           500 AM
 LOWEST     30           200 PM
 AVERAGE    54

..........................................................


THE SPOKANE WA AIRPORT CLIMATE NORMALS FOR TOMORROW
                         NORMAL    RECORD    YEAR
 MAXIMUM TEMPERATURE (F)   71        92      1967
                                             1938
 MINIMUM TEMPERATURE (F)   46        30      1895


SUNRISE AND SUNSET
SEPTEMBER 20 2014.....SUNRISE   634 AM PDT   SUNSET   652 PM PDT
SEPTEMBER 21 2014.....SUNRISE   636 AM PDT   SUNSET   650 PM PDT


-  INDICATES NEGATIVE NUMBERS.
R  INDICATES RECORD WAS SET OR TIED.
MM INDICATES DATA IS MISSING.
T  INDICATES TRACE AMOUNT.

$$
