000
CDUS46 KOTX 080826
CLIGEG


CLIMATE REPORT
NATIONAL WEATHER SERVICE SPOKANE, WA
1226 AM PST THU DEC 8 2016


...................................

...THE SPOKANE WA AIRPORT CLIMATE SUMMARY FOR DECEMBER 7 2016...

CLIMATE NORMAL PERIOD 1981 TO 2010
CLIMATE RECORD PERIOD 1881 TO 2016


WEATHER ITEM   OBSERVED TIME   RECORD YEAR NORMAL DEPARTURE LAST
                VALUE   (LST)  VALUE       VALUE  FROM      YEAR
                                                  NORMAL
..................................................................
TEMPERATURE (F)
 YESTERDAY
  MAXIMUM         27    254 PM  54    1938  33     -6       41
  MINIMUM         16   1159 PM  -5    1972  24     -8       36
  AVERAGE         22                        28     -6       39

PRECIPITATION (IN)
  YESTERDAY        T             1.08 2015   0.08  -0.08     1.08
  MONTH TO DATE    0.04                      0.59  -0.55     1.63
  SINCE OCT 1      7.84                      4.07   3.77     3.54
  SINCE JAN 1     16.85                     14.85   2.00    11.26

SNOWFALL (IN)
  YESTERDAY        T             4.8  1966   0.4   -0.4       T
  MONTH TO DATE    0.2                       2.9   -2.7      0.8
  SINCE DEC 1      0.2                       2.9   -2.7      0.8
  SINCE JUL 1      3.5                      10.4   -6.9      2.3
  SNOW DEPTH       0

DEGREE DAYS
 HEATING
  YESTERDAY       43                        37      6       26
  MONTH TO DATE  249                       252     -3      210
  SINCE DEC 1    249                       252     -3      210
  SINCE JUL 1   1582                      1919   -337     1644

 COOLING
  YESTERDAY        0                         0      0        0
  MONTH TO DATE    0                         0      0        0
  SINCE DEC 1      0                         0      0        0
  SINCE JAN 1    494                       450     44      828
..................................................................


WIND (MPH)
  HIGHEST WIND SPEED    12   HIGHEST WIND DIRECTION     E (70)
  HIGHEST GUST SPEED    13   HIGHEST GUST DIRECTION     E (70)
  AVERAGE WIND SPEED     5.8


SKY COVER
  POSSIBLE SUNSHINE  MM
  AVERAGE SKY COVER 0.7


WEATHER CONDITIONS
 THE FOLLOWING WEATHER WAS RECORDED YESTERDAY.
  LIGHT SNOW


RELATIVE HUMIDITY (PERCENT)
 HIGHEST    77           600 AM
 LOWEST     55           200 PM
 AVERAGE    66

..........................................................


THE SPOKANE WA AIRPORT CLIMATE NORMALS FOR TODAY
                         NORMAL    RECORD    YEAR
 MAXIMUM TEMPERATURE (F)   33        56      2015
                                             1938
 MINIMUM TEMPERATURE (F)   23       -11      1972


SUNRISE AND SUNSET
DECEMBER  8 2016......SUNRISE   726 AM PST   SUNSET   358 PM PST
DECEMBER  9 2016......SUNRISE   727 AM PST   SUNSET   358 PM PST


-  INDICATES NEGATIVE NUMBERS.
R  INDICATES RECORD WAS SET OR TIED.
MM INDICATES DATA IS MISSING.
T  INDICATES TRACE AMOUNT.




$$
