005
CDUS46 KOTX 202342
CLIGEG


CLIMATE REPORT
NATIONAL WEATHER SERVICE SPOKANE, WA
441 PM PDT FRI OCT 20 2017


...................................

...THE SPOKANE WA AIRPORT CLIMATE SUMMARY FOR OCTOBER 20 2017...
VALID AS OF 0400 PM LOCAL TIME.

CLIMATE NORMAL PERIOD 1981 TO 2010
CLIMATE RECORD PERIOD 1881 TO 2017


WEATHER ITEM   OBSERVED TIME   RECORD YEAR NORMAL DEPARTURE LAST
                VALUE   (LST)  VALUE       VALUE  FROM      YEAR
                                                  NORMAL
..................................................................
TEMPERATURE (F)
 TODAY
  MAXIMUM         52    246 PM  77    1940  56     -4       52
  MINIMUM         42    804 AM  18    1984  36      6       44
  AVERAGE         47                        46      1       48

PRECIPITATION (IN)
  TODAY            0.09          0.89 1947   0.04   0.05     0.55
  MONTH TO DATE    0.87                      0.61   0.26     3.83
  SINCE OCT 1      0.87                      0.61   0.26     3.83
  SINCE JAN 1     16.05                     11.39   4.66    12.84

SNOWFALL (IN)
  TODAY            0.0           0.1  1933   0.0    0.0      0.0
  MONTH TO DATE    T                         0.0    0.0      0.0
  SINCE SEP 1      T                         0.0    0.0      0.0
  SINCE JUL 1      T                         0.0    0.0      0.0
  SNOW DEPTH       0

DEGREE DAYS
 HEATING
  TODAY           18                        19     -1       17
  MONTH TO DATE  335                       304     31      320
  SINCE SEP 1    501                       487     14      478
  SINCE JUL 1    504                       552    -48      508

 COOLING
  TODAY            0                         0      0        0
  MONTH TO DATE    0                         0      0        0
  SINCE SEP 1     89                        38     51        7
  SINCE JAN 1    794                       449    345      494
..................................................................


WIND (MPH)
  HIGHEST WIND SPEED    29   HIGHEST WIND DIRECTION     W (250)
  HIGHEST GUST SPEED    34   HIGHEST GUST DIRECTION    SW (240)
  AVERAGE WIND SPEED    17.6


SKY COVER
  POSSIBLE SUNSHINE  MM
  AVERAGE SKY COVER 0.9


WEATHER CONDITIONS
 THE FOLLOWING WEATHER WAS RECORDED TODAY.
  LIGHT RAIN


RELATIVE HUMIDITY (PERCENT)
 HIGHEST    96           700 AM
 LOWEST     54           200 PM
 AVERAGE    75

..........................................................


THE SPOKANE WA AIRPORT CLIMATE NORMALS FOR TOMORROW
                         NORMAL    RECORD    YEAR
 MAXIMUM TEMPERATURE (F)   55        77      2003
 MINIMUM TEMPERATURE (F)   36        18      1984


SUNRISE AND SUNSET
OCTOBER 20 2017.......SUNRISE   717 AM PDT   SUNSET   552 PM PDT
OCTOBER 21 2017.......SUNRISE   718 AM PDT   SUNSET   550 PM PDT


-  INDICATES NEGATIVE NUMBERS.
R  INDICATES RECORD WAS SET OR TIED.
MM INDICATES DATA IS MISSING.
T  INDICATES TRACE AMOUNT.




$$
