000
CDUS46 KOTX 242329
CLIGEG


CLIMATE REPORT
NATIONAL WEATHER SERVICE SPOKANE, WA
428 PM PDT SUN JUL 24 2016


...................................

...THE SPOKANE WA AIRPORT CLIMATE SUMMARY FOR JULY 24 2016...
VALID AS OF 0400 PM LOCAL TIME.

CLIMATE NORMAL PERIOD 1981 TO 2010
CLIMATE RECORD PERIOD 1881 TO 2016


WEATHER ITEM   OBSERVED TIME   RECORD YEAR NORMAL DEPARTURE LAST
                VALUE   (LST)  VALUE       VALUE  FROM      YEAR
                                                  NORMAL
..................................................................
TEMPERATURE (F)
 TODAY
  MAXIMUM         86    246 PM 104    1928  86      0       82
  MINIMUM         57    459 AM  46    1948  58     -1       59
  AVERAGE         72                        72      0       71

PRECIPITATION (IN)
  TODAY            0.00          1.06 1990   0.02  -0.02     0.00
  MONTH TO DATE    0.27                      0.53  -0.26     0.19
  SINCE OCT 1     15.00                     15.19  -0.19    11.75
  SINCE JAN 1      8.64                      9.41  -0.77     7.02

SNOWFALL (IN)
  TODAY            0.0           0.0  2002   0.0    0.0      0.0
                                      2001
                                      2000
  MONTH TO DATE    0.0                       0.0    0.0      0.0
  SINCE JUN 1      0.0                       0.0    0.0      0.0
  SINCE JUL 1      0.0                       0.0    0.0      0.0
  SNOW DEPTH       0

DEGREE DAYS
 HEATING
  TODAY            0                         1     -1        0
  MONTH TO DATE   20                        31    -11        0
  SINCE JUN 1    130                       167    -37       25
  SINCE JUL 1     20                        31    -11        0

 COOLING
  TODAY            7                         7      0        6
  MONTH TO DATE   59                       129    -70      257
  SINCE JUN 1    173                       178     -5      482
  SINCE JAN 1    185                       192     -7      514
..................................................................


WIND (MPH)
  HIGHEST WIND SPEED    12   HIGHEST WIND DIRECTION    NE (30)
  HIGHEST GUST SPEED    16   HIGHEST GUST DIRECTION    NE (30)
  AVERAGE WIND SPEED     4.5


SKY COVER
  POSSIBLE SUNSHINE  MM
  AVERAGE SKY COVER 0.1


WEATHER CONDITIONS
 THE FOLLOWING WEATHER WAS RECORDED TODAY.
  NO SIGNIFICANT WEATHER WAS OBSERVED.


RELATIVE HUMIDITY (PERCENT)
 HIGHEST    72           400 AM
 LOWEST     23           200 PM
 AVERAGE    48

..........................................................


THE SPOKANE WA AIRPORT CLIMATE NORMALS FOR TOMORROW
                         NORMAL    RECORD    YEAR
 MAXIMUM TEMPERATURE (F)   86       104      1928
 MINIMUM TEMPERATURE (F)   58        46      1882


SUNRISE AND SUNSET
JULY 24 2016..........SUNRISE   518 AM PDT   SUNSET   834 PM PDT
JULY 25 2016..........SUNRISE   520 AM PDT   SUNSET   833 PM PDT


-  INDICATES NEGATIVE NUMBERS.
R  INDICATES RECORD WAS SET OR TIED.
MM INDICATES DATA IS MISSING.
T  INDICATES TRACE AMOUNT.




$$
