000
CDUS46 KOTX 280827
CLIGEG


CLIMATE REPORT
NATIONAL WEATHER SERVICE SPOKANE, WA
123 AM PDT TUE JUL 28 2015


...................................

...THE SPOKANE WA AIRPORT CLIMATE SUMMARY FOR JULY 27 2015...

CLIMATE NORMAL PERIOD 1981 TO 2010
CLIMATE RECORD PERIOD 1881 TO 2015


WEATHER ITEM   OBSERVED TIME   RECORD YEAR NORMAL DEPARTURE LAST
                VALUE   (LST)  VALUE       VALUE  FROM      YEAR
                                                  NORMAL
..................................................................
TEMPERATURE (F)
 YESTERDAY
  MAXIMUM         73    236 PM 106    1934  86    -13       93
  MINIMUM         51    504 AM  43    1888  58     -7       62
  AVERAGE         62                        72    -10       78

PRECIPITATION (IN)
  YESTERDAY        T             0.66 1940   0.02  -0.02     0.00
  MONTH TO DATE    0.19                      0.58  -0.39     0.18
  SINCE OCT 1     11.75                     15.24  -3.49    11.75
  SINCE JAN 1      7.02                      9.46  -2.44     9.42

SNOWFALL (IN)
  YESTERDAY        0.0           0.0  2002   0.0    0.0      0.0
                                      2001
                                      2000
  MONTH TO DATE    0.0                       0.0    0.0      0.0
  SINCE JUN 1      0.0                       0.0    0.0      0.0
  SINCE JUL 1      0.0                       0.0    0.0      0.0
  SNOW DEPTH       0

DEGREE DAYS
 HEATING
  YESTERDAY        3                         0      3        0
  MONTH TO DATE    5                        31    -26        7
  SINCE JUN 1     30                       167   -137      113
  SINCE JUL 1      5                        31    -26        7

 COOLING
  YESTERDAY        0                         7     -7       13
  MONTH TO DATE  262                       150    112      272
  SINCE JUN 1    487                       199    288      286
  SINCE JAN 1    519                       213    306      292
..................................................................


WIND (MPH)
  HIGHEST WIND SPEED    23   HIGHEST WIND DIRECTION     W (280)
  HIGHEST GUST SPEED    26   HIGHEST GUST DIRECTION     W (290)
  AVERAGE WIND SPEED     7.9


SKY COVER
  POSSIBLE SUNSHINE  MM
  AVERAGE SKY COVER 0.6


WEATHER CONDITIONS
 THE FOLLOWING WEATHER WAS RECORDED YESTERDAY.
  THUNDERSTORM
  LIGHT RAIN


RELATIVE HUMIDITY (PERCENT)
 HIGHEST    71           400 AM
 LOWEST     27           300 PM
 AVERAGE    49

..........................................................


THE SPOKANE WA AIRPORT CLIMATE NORMALS FOR TODAY
                         NORMAL    RECORD    YEAR
 MAXIMUM TEMPERATURE (F)   86       102      1939
 MINIMUM TEMPERATURE (F)   58        44      1959


SUNRISE AND SUNSET
JULY 28 2015..........SUNRISE   522 AM PDT   SUNSET   830 PM PDT
JULY 29 2015..........SUNRISE   524 AM PDT   SUNSET   829 PM PDT


-  INDICATES NEGATIVE NUMBERS.
R  INDICATES RECORD WAS SET OR TIED.
MM INDICATES DATA IS MISSING.
T  INDICATES TRACE AMOUNT.




$$
