000
CDUS46 KOTX 200534
CLIGEG


CLIMATE REPORT
NATIONAL WEATHER SERVICE SPOKANE, WA
1033 PM PDT SAT APR 19 2014


...................................

...THE SPOKANE WA AIRPORT CLIMATE SUMMARY FOR APRIL 19 2014...
VALID TODAY AS OF 0800 PM LOCAL TIME.

CLIMATE NORMAL PERIOD 1981 TO 2010
CLIMATE RECORD PERIOD 1881 TO 2014


WEATHER ITEM   OBSERVED TIME   RECORD YEAR NORMAL DEPARTURE LAST
                VALUE   (LST)  VALUE       VALUE  FROM      YEAR
                                                  NORMAL
..................................................................
TEMPERATURE (F)
 TODAY
  MAXIMUM         63    335 PM  81    1908  58      5       56
  MINIMUM         33    521 AM  17    1966  37     -4       40
  AVERAGE         48                        48      0       48

PRECIPITATION (IN)
  TODAY            T             0.96 1997   0.04  -0.04     0.13
  MONTH TO DATE    0.47                      0.85  -0.38     0.83
  SINCE OCT 1      8.50                     11.36  -2.86    11.38
  SINCE JAN 1      6.17                      5.58   0.59     4.02

DEGREE DAYS
 HEATING
  TODAY           17                        17      0       17
  MONTH TO DATE  338                       364    -26      375
  SINCE MAR 1   1118                      1131    -13     1105
  SINCE JUL 1   6161                      5960    201     5642

 COOLING
  TODAY            0                         0      0        0
  MONTH TO DATE    0                         0      0        0
  SINCE MAR 1      0                         0      0        0
  SINCE JAN 1      0                         0      0        0
..................................................................


WIND (MPH)
  HIGHEST WIND SPEED    36   HIGHEST WIND DIRECTION     W (260)
  HIGHEST GUST SPEED    44   HIGHEST GUST DIRECTION     W (260)
  AVERAGE WIND SPEED    10.5


SKY COVER
  POSSIBLE SUNSHINE  MM
  AVERAGE SKY COVER 0.5


WEATHER CONDITIONS
 THE FOLLOWING WEATHER WAS RECORDED TODAY.
  LIGHT RAIN


RELATIVE HUMIDITY (PERCENT)
 HIGHEST    82           500 AM
 LOWEST     23           300 PM
 AVERAGE    53

..........................................................


THE SPOKANE WA AIRPORT CLIMATE NORMALS FOR TOMORROW
                         NORMAL    RECORD    YEAR
 MAXIMUM TEMPERATURE (F)   58        83      1942
 MINIMUM TEMPERATURE (F)   37        21      1927


SUNRISE AND SUNSET
APRIL 19 2014.........SUNRISE   554 AM PDT   SUNSET   746 PM PDT
APRIL 20 2014.........SUNRISE   552 AM PDT   SUNSET   747 PM PDT


-  INDICATES NEGATIVE NUMBERS.
R  INDICATES RECORD WAS SET OR TIED.
MM INDICATES DATA IS MISSING.
T  INDICATES TRACE AMOUNT.




$$
