000
CDUS46 KOTX 240823
CLIGEG


CLIMATE REPORT
NATIONAL WEATHER SERVICE SPOKANE, WA
123 AM PDT MON APR 24 2017


...................................

...THE SPOKANE WA AIRPORT CLIMATE SUMMARY FOR APRIL 23 2017...

CLIMATE NORMAL PERIOD 1981 TO 2010
CLIMATE RECORD PERIOD 1881 TO 2017


WEATHER ITEM   OBSERVED TIME   RECORD YEAR NORMAL DEPARTURE LAST
                VALUE   (LST)  VALUE       VALUE  FROM      YEAR
                                                  NORMAL
..................................................................
TEMPERATURE (F)
 YESTERDAY
  MAXIMUM         57    413 PM  87    1977  59     -2       64
  MINIMUM         44    554 AM  25    2002  38      6       48
  AVERAGE         51                        48      3       56

PRECIPITATION (IN)
  YESTERDAY        0.01          0.70 1996   0.05  -0.04     0.06
  MONTH TO DATE    1.42                      1.02   0.40     0.24
  SINCE OCT 1     21.06                     11.53   9.53    13.36
  SINCE JAN 1     11.77                      5.75   6.02     7.00

SNOWFALL (IN)
  YESTERDAY        0.0           1.5  1964   0.0    0.0      0.0
  MONTH TO DATE    0.5                       0.9   -0.4      0.0
  SINCE MAR 1      5.9                       4.4    1.5      0.6
  SINCE JUL 1     61.5                      44.7   16.8     34.2
  SNOW DEPTH       0

DEGREE DAYS
 HEATING
  YESTERDAY       14                        17     -3        9
  MONTH TO DATE  435                       432      3      219
  SINCE MAR 1   1176                      1199    -23      902
  SINCE JUL 1   6169                      6028    141     5191

 COOLING
  YESTERDAY        0                         0      0        0
  MONTH TO DATE    0                         0      0        6
  SINCE MAR 1      0                         0      0        6
  SINCE JAN 1      0                         0      0        6
..................................................................


WIND (MPH)
  HIGHEST WIND SPEED    24   HIGHEST WIND DIRECTION    SW (220)
  HIGHEST GUST SPEED    31   HIGHEST GUST DIRECTION    SW (220)
  AVERAGE WIND SPEED    12.4


SKY COVER
  POSSIBLE SUNSHINE  MM
  AVERAGE SKY COVER 0.9


WEATHER CONDITIONS
 THE FOLLOWING WEATHER WAS RECORDED YESTERDAY.
  LIGHT RAIN


RELATIVE HUMIDITY (PERCENT)
 HIGHEST    83           200 AM
 LOWEST     41           500 PM
 AVERAGE    62

..........................................................


THE SPOKANE WA AIRPORT CLIMATE NORMALS FOR TODAY
                         NORMAL    RECORD    YEAR
 MAXIMUM TEMPERATURE (F)   60        90      1977
 MINIMUM TEMPERATURE (F)   38        21      2002


SUNRISE AND SUNSET
APRIL 24 2017.........SUNRISE   544 AM PDT   SUNSET   753 PM PDT
APRIL 25 2017.........SUNRISE   542 AM PDT   SUNSET   754 PM PDT


-  INDICATES NEGATIVE NUMBERS.
R  INDICATES RECORD WAS SET OR TIED.
MM INDICATES DATA IS MISSING.
T  INDICATES TRACE AMOUNT.




$$
