000
CDUS46 KOTX 250831
CLIGEG


CLIMATE REPORT
NATIONAL WEATHER SERVICE SPOKANE, WA
130 AM PDT FRI JUL 25 2014


...................................

...THE SPOKANE WA AIRPORT CLIMATE SUMMARY FOR JULY 24 2014...

CLIMATE NORMAL PERIOD 1981 TO 2010
CLIMATE RECORD PERIOD 1881 TO 2014


WEATHER ITEM   OBSERVED TIME   RECORD YEAR NORMAL DEPARTURE LAST
                VALUE   (LST)  VALUE       VALUE  FROM      YEAR
                                                  NORMAL
..................................................................
TEMPERATURE (F)
 YESTERDAY
  MAXIMUM         69    535 PM 104    1928  86    -17       95
  MINIMUM         48    503 AM  46    1948  58    -10       64
  AVERAGE         59                        72    -13       80

PRECIPITATION (IN)
  YESTERDAY        0.00          1.06 1990   0.02  -0.02     0.00
  MONTH TO DATE    0.18                      0.53  -0.35      T
  SINCE OCT 1     11.75                     15.19  -3.44    14.15
  SINCE JAN 1      9.42                      9.41   0.01     6.79

SNOWFALL (IN)
  YESTERDAY        0.0           0.0  2002   0.0    0.0      0.0
                                      2001
                                      2000
  MONTH TO DATE    0.0                       0.0    0.0      0.0
  SINCE JUN 1      0.0                       0.0    0.0      0.0
  SINCE JUL 1      0.0                       0.0    0.0      0.0
  SNOW DEPTH       0

DEGREE DAYS
 HEATING
  YESTERDAY        6                         1      5        0
  MONTH TO DATE    6                        31    -25        0
  SINCE JUN 1    112                       167    -55      140
  SINCE JUL 1      6                        31    -25        0

 COOLING
  YESTERDAY        0                         7     -7       15
  MONTH TO DATE  253                       129    124      216
  SINCE JUN 1    267                       178     89      264
  SINCE JAN 1    273                       192     81      294
..................................................................


WIND (MPH)
  HIGHEST WIND SPEED    28   HIGHEST WIND DIRECTION    SW (240)
  HIGHEST GUST SPEED    34   HIGHEST GUST DIRECTION    SW (220)
  AVERAGE WIND SPEED    16.0


SKY COVER
  POSSIBLE SUNSHINE  MM
  AVERAGE SKY COVER 0.6


WEATHER CONDITIONS
 THE FOLLOWING WEATHER WAS RECORDED YESTERDAY.
  NO SIGNIFICANT WEATHER WAS OBSERVED.


RELATIVE HUMIDITY (PERCENT)
 HIGHEST    80           400 AM
 LOWEST     37           500 PM
 AVERAGE    59

..........................................................


THE SPOKANE WA AIRPORT CLIMATE NORMALS FOR TODAY
                         NORMAL    RECORD    YEAR
 MAXIMUM TEMPERATURE (F)   86       104      1928
 MINIMUM TEMPERATURE (F)   58        46      1882


SUNRISE AND SUNSET
JULY 25 2014..........SUNRISE   519 AM PDT   SUNSET   834 PM PDT
JULY 26 2014..........SUNRISE   520 AM PDT   SUNSET   832 PM PDT


-  INDICATES NEGATIVE NUMBERS.
R  INDICATES RECORD WAS SET OR TIED.
MM INDICATES DATA IS MISSING.
T  INDICATES TRACE AMOUNT.




$$
