000
CDUS45 KRIW 240728
CLIGEY


CLIMATE REPORT
NATIONAL WEATHER SERVICE RIVERTON WY
127 AM MDT THU JUL 24 2014


...................................

...THE GREYBULL WY CLIMATE SUMMARY FOR JULY 23 2014...

CLIMATE NORMAL PERIOD 1981 TO 2010
CLIMATE RECORD PERIOD 1998 TO 2014


WEATHER ITEM   OBSERVED TIME   RECORD YEAR NORMAL DEPARTURE LAST
                VALUE   (LST)  VALUE       VALUE  FROM      YEAR
                                                  NORMAL
..................................................................
TEMPERATURE (F)
 YESTERDAY
  MAXIMUM        103    406 PM 105    2007  92     11       94
                                      2003
  MINIMUM         60    507 AM  54    2004  58      2       62
  AVERAGE         82                        75      7       78

PRECIPITATION (IN)
  YESTERDAY        0.00          0.30 2004   0.01  -0.01     0.00
  MONTH TO DATE    0.21                      0.53  -0.32     0.27
  SINCE JUN 1      1.15                      1.73  -0.58     0.67
  SINCE JAN 1      2.85                      4.90  -2.05     2.57

DEGREE DAYS
 HEATING
  YESTERDAY        0                         0      0        0
  MONTH TO DATE    0                         1     -1        0
  SINCE JUN 1     56                        71    -15       36
  SINCE JUL 1      0                         1     -1        0

 COOLING
  YESTERDAY       17                        10      7       13
  MONTH TO DATE  262                       198     64      306
  SINCE JUN 1    311                       304      7      479
  SINCE JAN 1    353                       324     29      506
..................................................................


WIND (MPH)
  HIGHEST WIND SPEED    22   HIGHEST WIND DIRECTION    SE (150)
  HIGHEST GUST SPEED    27   HIGHEST GUST DIRECTION    SE (150)
  AVERAGE WIND SPEED     5.9


SKY COVER
  POSSIBLE SUNSHINE  MM
  AVERAGE SKY COVER 0.0


WEATHER CONDITIONS
 THE FOLLOWING WEATHER WAS RECORDED YESTERDAY.
  THUNDERSTORM


RELATIVE HUMIDITY (PERCENT)
 HIGHEST    69           500 AM
 LOWEST     11           400 PM
 AVERAGE    40

..........................................................


THE GREYBULL WY CLIMATE NORMALS FOR TODAY
                         NORMAL    RECORD    YEAR
 MAXIMUM TEMPERATURE (F)   92       104      2007
 MINIMUM TEMPERATURE (F)   58        49      2004


SUNRISE AND SUNSET
JULY 24 2014..........SUNRISE   550 AM MDT   SUNSET   846 PM MDT
JULY 25 2014..........SUNRISE   552 AM MDT   SUNSET   845 PM MDT


-  INDICATES NEGATIVE NUMBERS.
R  INDICATES RECORD WAS SET OR TIED.
MM INDICATES DATA IS MISSING.
T  INDICATES TRACE AMOUNT.




$$
