000
CDUS45 KRIW 300733
CLIGEY


CLIMATE REPORT
NATIONAL WEATHER SERVICE RIVERTON WY
132 AM MDT TUE SEP 30 2014


...................................

...THE GREYBULL WY CLIMATE SUMMARY FOR SEPTEMBER 29 2014...

CLIMATE NORMAL PERIOD 1981 TO 2010
CLIMATE RECORD PERIOD 1998 TO 2014


WEATHER ITEM   OBSERVED TIME   RECORD YEAR NORMAL DEPARTURE LAST
                VALUE   (LST)  VALUE       VALUE  FROM      YEAR
                                                  NORMAL
..................................................................
TEMPERATURE (F)
 YESTERDAY
  MAXIMUM         67    407 PM  87    2009  67      0       70
  MINIMUM         48    633 AM  27    1999  38     10       45
  AVERAGE         58                        53      5       58

PRECIPITATION (IN)
  YESTERDAY        0.26R         0.02 2007   0.03   0.23     0.00
  MONTH TO DATE    0.78                      0.85  -0.07     1.11
  SINCE SEP 1      0.78                      0.85  -0.07     1.11
  SINCE JAN 1      4.64                      6.30  -1.66     3.73

DEGREE DAYS
 HEATING
  YESTERDAY        7                        12     -5        7
  MONTH TO DATE  140                       196    -56      118
  SINCE SEP 1    140                       196    -56      118
  SINCE JUL 1    167                       217    -50      118

 COOLING
  YESTERDAY        0                         0      0        0
  MONTH TO DATE   43                        34      9       96
  SINCE SEP 1     43                        34      9       96
  SINCE JAN 1    698                       667     31     1005
..................................................................


WIND (MPH)
  HIGHEST WIND SPEED    13   HIGHEST WIND DIRECTION    NW (300)
  HIGHEST GUST SPEED    17   HIGHEST GUST DIRECTION     S (160)
  AVERAGE WIND SPEED     4.7


SKY COVER
  POSSIBLE SUNSHINE  MM
  AVERAGE SKY COVER 0.6


WEATHER CONDITIONS
 THE FOLLOWING WEATHER WAS RECORDED YESTERDAY.
  RAIN
  LIGHT RAIN
  FOG


RELATIVE HUMIDITY (PERCENT)
 HIGHEST   100           500 AM
 LOWEST     48           300 PM
 AVERAGE    74

..........................................................


THE GREYBULL WY CLIMATE NORMALS FOR TODAY
                         NORMAL    RECORD    YEAR
 MAXIMUM TEMPERATURE (F)   67        85      2011
 MINIMUM TEMPERATURE (F)   37        38      2009
                                             2008
                                             2007


SUNRISE AND SUNSET
SEPTEMBER 30 2014.....SUNRISE   709 AM MDT   SUNSET   655 PM MDT
OCTOBER  1 2014.......SUNRISE   710 AM MDT   SUNSET   653 PM MDT


-  INDICATES NEGATIVE NUMBERS.
R  INDICATES RECORD WAS SET OR TIED.
MM INDICATES DATA IS MISSING.
T  INDICATES TRACE AMOUNT.




$$
