000
CDUS45 KRIW 230758
CLIGEY


CLIMATE REPORT
NATIONAL WEATHER SERVICE RIVERTON WY
157 AM MDT WED APR 23 2014


...................................

...THE GREYBULL WY CLIMATE SUMMARY FOR APRIL 22 2014...

CLIMATE NORMAL PERIOD 1981 TO 2010
CLIMATE RECORD PERIOD 1998 TO 2014


WEATHER ITEM   OBSERVED TIME   RECORD YEAR NORMAL DEPARTURE LAST
                VALUE   (LST)  VALUE       VALUE  FROM      YEAR
                                                  NORMAL
..................................................................
TEMPERATURE (F)
 YESTERDAY
  MAXIMUM         77    336 PM  81    2009  63     14       36
                                      2006
  MINIMUM         45    519 AM  19    2008  34     11       23
  AVERAGE         61                        48     13       30

PRECIPITATION (IN)
  YESTERDAY        0.00          0.04 2003   0.03  -0.03     0.02
  MONTH TO DATE    0.46                      0.47  -0.01     0.31
  SINCE MAR 1      0.64                      0.87  -0.23     0.40
  SINCE JAN 1      0.90                      1.28  -0.38     0.82

DEGREE DAYS
 HEATING
  YESTERDAY        4                        17    -13       35
  MONTH TO DATE  427                       436     -9      537
  SINCE MAR 1   1332                      1307     25     1395
  SINCE JUL 1   7219                      7278    -59     7269

 COOLING
  YESTERDAY        0                         0      0        0
  MONTH TO DATE    0                         0      0        0
  SINCE MAR 1      0                         0      0        0
  SINCE JAN 1      0                         0      0        0
..................................................................


WIND (MPH)
  HIGHEST WIND SPEED    24   HIGHEST WIND DIRECTION    SE (130)
  HIGHEST GUST SPEED    33   HIGHEST GUST DIRECTION    SE (130)
  AVERAGE WIND SPEED     8.4


SKY COVER
  POSSIBLE SUNSHINE  MM
  AVERAGE SKY COVER 0.2


WEATHER CONDITIONS
 THE FOLLOWING WEATHER WAS RECORDED YESTERDAY.
  HAZE


RELATIVE HUMIDITY (PERCENT)
 HIGHEST    65           700 AM
 LOWEST     18           200 PM
 AVERAGE    42

..........................................................


THE GREYBULL WY CLIMATE NORMALS FOR TODAY
                         NORMAL    RECORD    YEAR
 MAXIMUM TEMPERATURE (F)   63        88      2012
 MINIMUM TEMPERATURE (F)   35        14      2013


SUNRISE AND SUNSET
APRIL 23 2014.........SUNRISE   615 AM MDT   SUNSET   807 PM MDT
APRIL 24 2014.........SUNRISE   613 AM MDT   SUNSET   808 PM MDT


-  INDICATES NEGATIVE NUMBERS.
R  INDICATES RECORD WAS SET OR TIED.
MM INDICATES DATA IS MISSING.
T  INDICATES TRACE AMOUNT.




$$
