000
CDUS45 KRIW 220748
CLIGEY


CLIMATE REPORT
NATIONAL WEATHER SERVICE RIVERTON WY
144 AM MDT WED OCT 22 2014


...................................

...THE GREYBULL WY CLIMATE SUMMARY FOR OCTOBER 21 2014...

CLIMATE NORMAL PERIOD 1981 TO 2010
CLIMATE RECORD PERIOD 1998 TO 2014


WEATHER ITEM   OBSERVED TIME   RECORD YEAR NORMAL DEPARTURE LAST
                VALUE   (LST)  VALUE       VALUE  FROM      YEAR
                                                  NORMAL
..................................................................
TEMPERATURE (F)
 YESTERDAY
  MAXIMUM         73    137 PM  83    2003  58     15       55
  MINIMUM         34    636 AM  23    1998  30      4       36
  AVERAGE         54                        44     10       46

PRECIPITATION (IN)
  YESTERDAY        0.00          0.01 2008   0.02  -0.02     0.00
                                      2004
  MONTH TO DATE    0.01                      0.49  -0.48     1.04
  SINCE SEP 1      0.87                      1.37  -0.50     2.15
  SINCE JAN 1      4.73                      6.82  -2.09     4.77

DEGREE DAYS
 HEATING
  YESTERDAY       11                        21    -10       19
  MONTH TO DATE  234                       358   -124      459
  SINCE SEP 1    386                       568   -182      581
  SINCE JUL 1    413                       589   -176      581

 COOLING
  YESTERDAY        0                         0      0        0
  MONTH TO DATE    0                         0      0        0
  SINCE SEP 1     43                        36      7       96
  SINCE JAN 1    698                       669     29     1005
..................................................................


WIND (MPH)
  HIGHEST WIND SPEED    23   HIGHEST WIND DIRECTION    NW (330)
  HIGHEST GUST SPEED    31   HIGHEST GUST DIRECTION    NW (330)
  AVERAGE WIND SPEED     6.6


SKY COVER
  POSSIBLE SUNSHINE  MM
  AVERAGE SKY COVER 0.1


WEATHER CONDITIONS
 THE FOLLOWING WEATHER WAS RECORDED YESTERDAY.
  NO SIGNIFICANT WEATHER WAS OBSERVED.


RELATIVE HUMIDITY (PERCENT)
 HIGHEST    70           700 AM
 LOWEST     25           600 PM
 AVERAGE    48

..........................................................


THE GREYBULL WY CLIMATE NORMALS FOR TODAY
                         NORMAL    RECORD    YEAR
 MAXIMUM TEMPERATURE (F)   58        80      2003
 MINIMUM TEMPERATURE (F)   30        21      2002


SUNRISE AND SUNSET
OCTOBER 22 2014.......SUNRISE   737 AM MDT   SUNSET   616 PM MDT
OCTOBER 23 2014.......SUNRISE   738 AM MDT   SUNSET   615 PM MDT


-  INDICATES NEGATIVE NUMBERS.
R  INDICATES RECORD WAS SET OR TIED.
MM INDICATES DATA IS MISSING.
T  INDICATES TRACE AMOUNT.




$$
