391
CDUS45 KRIW 050738
CLIGEY


CLIMATE REPORT
NATIONAL WEATHER SERVICE RIVERTON WY
129 AM MDT THU MAY 5 2016


...................................

...THE GREYBULL WY CLIMATE SUMMARY FOR MAY 4 2016...

CLIMATE NORMAL PERIOD 1981 TO 2010
CLIMATE RECORD PERIOD 1998 TO 2016


WEATHER ITEM   OBSERVED TIME   RECORD YEAR NORMAL DEPARTURE LAST
                VALUE   (LST)  VALUE       VALUE  FROM      YEAR
                                                  NORMAL
..................................................................
TEMPERATURE (F)
 YESTERDAY
  MAXIMUM         83    426 PM  85    2004  67     16       76
  MINIMUM         45    542 AM  31    2001  39      6       46
  AVERAGE         64                        53     11       61

PRECIPITATION (IN)
  YESTERDAY        0.00          0.17 1999   0.02  -0.02      T
  MONTH TO DATE    0.00                      0.11  -0.11      T
  SINCE MAR 1      0.82                      1.22  -0.40     0.25
  SINCE JAN 1      0.93                      1.63  -0.70     0.51

DEGREE DAYS
 HEATING
  YESTERDAY        1                        13    -12        4
  MONTH TO DATE   37                        53    -16       21
  SINCE MAR 1   1232                      1481   -249     1222
  SINCE JUL 1   6385                      7452  -1067     6866

 COOLING
  YESTERDAY        0                         0      0        0
  MONTH TO DATE    0                         0      0        0
  SINCE MAR 1      0                         1     -1        0
  SINCE JAN 1      0                         1     -1        0
..................................................................


WIND (MPH)
  HIGHEST WIND SPEED    13   HIGHEST WIND DIRECTION    SE (150)
  HIGHEST GUST SPEED    17   HIGHEST GUST DIRECTION     S (160)
  AVERAGE WIND SPEED     5.0


SKY COVER
  POSSIBLE SUNSHINE  MM
  AVERAGE SKY COVER 0.0


WEATHER CONDITIONS
 THE FOLLOWING WEATHER WAS RECORDED YESTERDAY.
  NO SIGNIFICANT WEATHER WAS OBSERVED.


RELATIVE HUMIDITY (PERCENT)
 HIGHEST    65           500 AM
 LOWEST      9           200 PM
 AVERAGE    37

..........................................................


THE GREYBULL WY CLIMATE NORMALS FOR TODAY
                         NORMAL    RECORD    YEAR
 MAXIMUM TEMPERATURE (F)   67        89      2004
 MINIMUM TEMPERATURE (F)   39        28      2010


SUNRISE AND SUNSET
MAY  5 2016...........SUNRISE   556 AM MDT   SUNSET   822 PM MDT
MAY  6 2016...........SUNRISE   555 AM MDT   SUNSET   823 PM MDT


-  INDICATES NEGATIVE NUMBERS.
R  INDICATES RECORD WAS SET OR TIED.
MM INDICATES DATA IS MISSING.
T  INDICATES TRACE AMOUNT.




$$
