000
CDUS43 KIND 210533
CLIGEZ


CLIMATE REPORT
NATIONAL WEATHER SERVICE INDIANAPOLIS IN
133 AM EDT MON APR 21 2014


...................................

...THE SHELBYVILLE IN CLIMATE SUMMARY FOR APRIL 20 2014...

CLIMATE NORMAL PERIOD 1981 TO 2010
CLIMATE RECORD PERIOD 9999 TO 9999


WEATHER ITEM   OBSERVED TIME   NORMAL DEPARTURE LAST
                VALUE   (LST)  VALUE  FROM      YEAR
                                      NORMAL
......................................................
TEMPERATURE (F)
 YESTERDAY
  MAXIMUM         77    323 PM  65     12       51
  MINIMUM         43    629 AM  44     -1       33
  AVERAGE         60            54      6       42

PRECIPITATION (IN)
  YESTERDAY        0.00          0.14  -0.14     0.00
  MONTH TO DATE    3.92          2.60   1.32     2.28
  SINCE MAR 1      5.98          6.03  -0.05     3.54
  SINCE JAN 1      9.86         10.78  -0.92     8.74

DEGREE DAYS
 HEATING
  YESTERDAY        5            11     -6       23
  MONTH TO DATE  232           283    -51      232
  SINCE MAR 1   1050          1003     47     1079
  SINCE JUL 1   5548          5166    382     4881

 COOLING
  YESTERDAY        0             0      0        0
  MONTH TO DATE    8             0      8       15
  SINCE MAR 1      8             1      7       15
  SINCE JAN 1      8             1      7       15
......................................................


WIND (MPH)
  HIGHEST WIND SPEED    16   HIGHEST WIND DIRECTION     S (190)
  HIGHEST GUST SPEED    19   HIGHEST GUST DIRECTION     S (160)
  AVERAGE WIND SPEED     6.6


SKY COVER
  AVERAGE SKY COVER 0.0


WEATHER CONDITIONS
 THE FOLLOWING WEATHER WAS RECORDED YESTERDAY.
  NO SIGNIFICANT WEATHER WAS OBSERVED.


RELATIVE HUMIDITY (PERCENT)
 HIGHEST    65           300 AM
 LOWEST     25           300 PM
 AVERAGE    45

..........................................................


THE SHELBYVILLE IN CLIMATE NORMALS FOR TODAY
                         NORMAL
 MAXIMUM TEMPERATURE (F)   65
 MINIMUM TEMPERATURE (F)   44


SUNRISE AND SUNSET
APRIL 21 2014.........SUNRISE   657 AM EDT   SUNSET   827 PM EDT
APRIL 22 2014.........SUNRISE   656 AM EDT   SUNSET   828 PM EDT


-  INDICATES NEGATIVE NUMBERS.
R  INDICATES RECORD WAS SET OR TIED.
MM INDICATES DATA IS MISSING.
T  INDICATES TRACE AMOUNT.




$$
