537
CDUS43 KIND 290531
CLIGEZ


CLIMATE REPORT
NATIONAL WEATHER SERVICE INDIANAPOLIS IN
131 AM EDT FRI JUL 29 2016


...................................

...THE SHELBYVILLE IN CLIMATE SUMMARY FOR JULY 28 2016...

CLIMATE NORMAL PERIOD 1981 TO 2010
CLIMATE RECORD PERIOD 9999 TO 9999


WEATHER ITEM   OBSERVED TIME   NORMAL DEPARTURE LAST
                VALUE   (LST)  VALUE  FROM      YEAR
                                      NORMAL
......................................................
TEMPERATURE (F)
 YESTERDAY
  MAXIMUM         87    231 PM  84      3       92
  MINIMUM         69   1159 PM  63      6       71
  AVERAGE         78            74      4       82

PRECIPITATION (IN)
  YESTERDAY        0.21          0.14   0.07     0.20
  MONTH TO DATE    5.29          4.30   0.99     7.94
  SINCE JUN 1      9.44          8.70   0.74    15.76
  SINCE JAN 1     25.98         26.48  -0.50    29.80

DEGREE DAYS
 HEATING
  YESTERDAY        0             0      0        0
  MONTH TO DATE    2             0      2        0
  SINCE JUN 1      2            15    -13       21
  SINCE JUL 1      2             0      2        0

 COOLING
  YESTERDAY       13             9      4       17
  MONTH TO DATE  320           252     68      272
  SINCE JUN 1    634           461    173      563
  SINCE JAN 1    757           542    215      751
......................................................


WIND (MPH)
  HIGHEST WIND SPEED    18   HIGHEST WIND DIRECTION     W (270)
  HIGHEST GUST SPEED    23   HIGHEST GUST DIRECTION     W (290)
  AVERAGE WIND SPEED     3.1


SKY COVER
  AVERAGE SKY COVER 0.5


WEATHER CONDITIONS
 THE FOLLOWING WEATHER WAS RECORDED YESTERDAY.
  THUNDERSTORM
  HEAVY RAIN
  RAIN
  LIGHT RAIN
  FOG


RELATIVE HUMIDITY (PERCENT)
 HIGHEST    90           900 PM
 LOWEST     61           100 PM
 AVERAGE    76

..........................................................


THE SHELBYVILLE IN CLIMATE NORMALS FOR TODAY
                         NORMAL
 MAXIMUM TEMPERATURE (F)   84
 MINIMUM TEMPERATURE (F)   63


SUNRISE AND SUNSET
JULY 29 2016..........SUNRISE   640 AM EDT   SUNSET   858 PM EDT
JULY 30 2016..........SUNRISE   641 AM EDT   SUNSET   857 PM EDT


-  INDICATES NEGATIVE NUMBERS.
R  INDICATES RECORD WAS SET OR TIED.
MM INDICATES DATA IS MISSING.
T  INDICATES TRACE AMOUNT.




$$
