000
CDUS43 KIND 280532
CLIGEZ


CLIMATE REPORT
NATIONAL WEATHER SERVICE INDIANAPOLIS IN
132 AM EDT WED SEP 28 2016


...................................

...THE SHELBYVILLE IN CLIMATE SUMMARY FOR SEPTEMBER 27 2016...

CLIMATE NORMAL PERIOD 1981 TO 2010
CLIMATE RECORD PERIOD 9999 TO 9999


WEATHER ITEM   OBSERVED TIME   NORMAL DEPARTURE LAST
                VALUE   (LST)  VALUE  FROM      YEAR
                                      NORMAL
......................................................
TEMPERATURE (F)
 YESTERDAY
  MAXIMUM         77    337 PM  73      4       82
  MINIMUM         48    700 AM  49     -1       60
  AVERAGE         63            61      2       71

PRECIPITATION (IN)
  YESTERDAY        0.00          0.11  -0.11     0.00
  MONTH TO DATE    3.18          2.83   0.35     0.88
  SINCE SEP 1      3.18          2.83   0.35     0.88
  SINCE JAN 1     36.37         33.11   3.26    31.85

DEGREE DAYS
 HEATING
  YESTERDAY        2             6     -4        0
  MONTH TO DATE    4            60    -56       13
  SINCE SEP 1      4            60    -56       13
  SINCE JUL 1      6            66    -60       15

 COOLING
  YESTERDAY        0             2     -2        6
  MONTH TO DATE  218            91    127      176
  SINCE SEP 1    218            91    127      176
  SINCE JAN 1   1397           897    500     1194
......................................................


WIND (MPH)
  HIGHEST WIND SPEED    22   HIGHEST WIND DIRECTION    SW (240)
  HIGHEST GUST SPEED    29   HIGHEST GUST DIRECTION    SW (220)
  AVERAGE WIND SPEED     9.5


SKY COVER
  AVERAGE SKY COVER 0.1


WEATHER CONDITIONS
 THE FOLLOWING WEATHER WAS RECORDED YESTERDAY.
  NO SIGNIFICANT WEATHER WAS OBSERVED.


RELATIVE HUMIDITY (PERCENT)
 HIGHEST    86           400 AM
 LOWEST     35           500 PM
 AVERAGE    61

..........................................................


THE SHELBYVILLE IN CLIMATE NORMALS FOR TODAY
                         NORMAL
 MAXIMUM TEMPERATURE (F)   73
 MINIMUM TEMPERATURE (F)   48


SUNRISE AND SUNSET
SEPTEMBER 28 2016.....SUNRISE   737 AM EDT   SUNSET   730 PM EDT
SEPTEMBER 29 2016.....SUNRISE   738 AM EDT   SUNSET   728 PM EDT


-  INDICATES NEGATIVE NUMBERS.
R  INDICATES RECORD WAS SET OR TIED.
MM INDICATES DATA IS MISSING.
T  INDICATES TRACE AMOUNT.




$$
