000
CDUS43 KIND 210538
CLIGEZ


CLIMATE REPORT
NATIONAL WEATHER SERVICE INDIANAPOLIS IN
1237 AM EST SAT JAN 21 2017


...................................

...THE SHELBYVILLE IN CLIMATE SUMMARY FOR JANUARY 20 2017...

CLIMATE NORMAL PERIOD 1981 TO 2010
CLIMATE RECORD PERIOD 9999 TO 9999


WEATHER ITEM   OBSERVED TIME   NORMAL DEPARTURE LAST
                VALUE   (LST)  VALUE  FROM      YEAR
                                      NORMAL
......................................................
TEMPERATURE (F)
 YESTERDAY
  MAXIMUM         57    337 PM  36     21       23
  MINIMUM         46    507 AM  21     25       18
  AVERAGE         52            29     23       21

PRECIPITATION (IN)
  YESTERDAY        0.62          0.05   0.57     0.09
  MONTH TO DATE    4.03          1.77   2.26     1.21
  SINCE DEC 1      6.22          5.04   1.18     7.37
  SINCE JAN 1      4.03          1.77   2.26     1.21

DEGREE DAYS
 HEATING
  YESTERDAY       13            36    -23       44
  MONTH TO DATE  601           720   -119      658
  SINCE DEC 1   1630          1749   -119     1291
  SINCE JUL 1   2316          2824   -508     2018

 COOLING
  YESTERDAY        0             0      0        0
  MONTH TO DATE    0             0      0        0
  SINCE DEC 1      0             0      0        1
  SINCE JAN 1      0             0      0        0
......................................................


WIND (MPH)
  HIGHEST WIND SPEED    17   HIGHEST WIND DIRECTION    SW (210)
  HIGHEST GUST SPEED    22   HIGHEST GUST DIRECTION    SW (210)
  AVERAGE WIND SPEED     7.7


SKY COVER
  AVERAGE SKY COVER 1.0


WEATHER CONDITIONS
 THE FOLLOWING WEATHER WAS RECORDED YESTERDAY.
  RAIN
  LIGHT RAIN
  FOG


RELATIVE HUMIDITY (PERCENT)
 HIGHEST    93           300 AM
 LOWEST     72           300 PM
 AVERAGE    83

..........................................................


THE SHELBYVILLE IN CLIMATE NORMALS FOR TODAY
                         NORMAL
 MAXIMUM TEMPERATURE (F)   36
 MINIMUM TEMPERATURE (F)   21


SUNRISE AND SUNSET
JANUARY 21 2017.......SUNRISE   759 AM EST   SUNSET   551 PM EST
JANUARY 22 2017.......SUNRISE   758 AM EST   SUNSET   552 PM EST


-  INDICATES NEGATIVE NUMBERS.
R  INDICATES RECORD WAS SET OR TIED.
MM INDICATES DATA IS MISSING.
T  INDICATES TRACE AMOUNT.




$$
