000
CDUS43 KIND 230531
CLIGEZ


CLIMATE REPORT
NATIONAL WEATHER SERVICE INDIANAPOLIS IN
131 AM EDT TUE SEP 23 2014


...................................

...THE SHELBYVILLE IN CLIMATE SUMMARY FOR SEPTEMBER 22 2014...

CLIMATE NORMAL PERIOD 1981 TO 2010
CLIMATE RECORD PERIOD 9999 TO 9999


WEATHER ITEM   OBSERVED TIME   NORMAL DEPARTURE LAST
                VALUE   (LST)  VALUE  FROM      YEAR
                                      NORMAL
......................................................
TEMPERATURE (F)
 YESTERDAY
  MAXIMUM         68    428 PM  76     -8       71
  MINIMUM         46   1159 PM  51     -5       46
  AVERAGE         57            63     -6       59

PRECIPITATION (IN)
  YESTERDAY        0.00          0.10  -0.10     0.00
  MONTH TO DATE    2.72          2.33   0.39     2.03
  SINCE SEP 1      2.72          2.33   0.39     2.03
  SINCE JAN 1     29.63         32.61  -2.98    23.44

DEGREE DAYS
 HEATING
  YESTERDAY        8             4      4        6
  MONTH TO DATE   55            36     19       24
  SINCE SEP 1     55            36     19       24
  SINCE JUL 1     60            42     18       32

 COOLING
  YESTERDAY        0             2     -2        0
  MONTH TO DATE   79            81     -2      150
  SINCE SEP 1     79            81     -2      150
  SINCE JAN 1   1049           887    162     1135
......................................................


WIND (MPH)
  HIGHEST WIND SPEED    13   HIGHEST WIND DIRECTION     N (360)
  HIGHEST GUST SPEED    17   HIGHEST GUST DIRECTION     N (350)
  AVERAGE WIND SPEED     4.9


SKY COVER
  AVERAGE SKY COVER 0.1


WEATHER CONDITIONS
 THE FOLLOWING WEATHER WAS RECORDED YESTERDAY.
  NO SIGNIFICANT WEATHER WAS OBSERVED.


RELATIVE HUMIDITY (PERCENT)
 HIGHEST    86           300 AM
 LOWEST     40           500 PM
 AVERAGE    63

..........................................................


THE SHELBYVILLE IN CLIMATE NORMALS FOR TODAY
                         NORMAL
 MAXIMUM TEMPERATURE (F)   75
 MINIMUM TEMPERATURE (F)   50


SUNRISE AND SUNSET
SEPTEMBER 23 2014.....SUNRISE   732 AM EDT   SUNSET   739 PM EDT
SEPTEMBER 24 2014.....SUNRISE   733 AM EDT   SUNSET   737 PM EDT


-  INDICATES NEGATIVE NUMBERS.
R  INDICATES RECORD WAS SET OR TIED.
MM INDICATES DATA IS MISSING.
T  INDICATES TRACE AMOUNT.




$$
