000
CDUS43 KIND 190537
CLIGEZ


CLIMATE REPORT
NATIONAL WEATHER SERVICE INDIANAPOLIS IN
134 AM EDT TUE SEP 19 2017


...................................

...THE SHELBYVILLE IN CLIMATE SUMMARY FOR SEPTEMBER 18 2017...

CLIMATE NORMAL PERIOD 1981 TO 2010
CLIMATE RECORD PERIOD 9999 TO 9999


WEATHER ITEM   OBSERVED TIME   NORMAL DEPARTURE LAST
                VALUE   (LST)  VALUE  FROM      YEAR
                                      NORMAL
......................................................
TEMPERATURE (F)
 YESTERDAY
  MAXIMUM         84    355 PM  77      7       84
  MINIMUM         67    510 AM  52     15       63
  AVERAGE         76            65     11       74

PRECIPITATION (IN)
  YESTERDAY        0.45          0.10   0.35     0.00
  MONTH TO DATE    1.36          1.93  -0.57     2.51
  SINCE SEP 1      1.36          1.93  -0.57     2.51
  SINCE JAN 1     34.25         32.21   2.04    35.70

DEGREE DAYS
 HEATING
  YESTERDAY        0             3     -3        0
  MONTH TO DATE   41            22     19        0
  SINCE SEP 1     41            22     19        0
  SINCE JUL 1     41            28     13        2

 COOLING
  YESTERDAY       11             2      9        9
  MONTH TO DATE   43            73    -30      150
  SINCE SEP 1     43            73    -30      150
  SINCE JAN 1    979           879    100     1329
......................................................


WIND (MPH)
  HIGHEST WIND SPEED    10   HIGHEST WIND DIRECTION     S (180)
  HIGHEST GUST SPEED    18   HIGHEST GUST DIRECTION     E (110)
  AVERAGE WIND SPEED     4.3


SKY COVER
  AVERAGE SKY COVER 0.6


WEATHER CONDITIONS
 THE FOLLOWING WEATHER WAS RECORDED YESTERDAY.
  THUNDERSTORM
  HEAVY RAIN
  RAIN
  LIGHT RAIN
  FOG


RELATIVE HUMIDITY (PERCENT)
 HIGHEST    90           900 AM
 LOWEST     51           400 PM
 AVERAGE    71

..........................................................


THE SHELBYVILLE IN CLIMATE NORMALS FOR TODAY
                         NORMAL
 MAXIMUM TEMPERATURE (F)   77
 MINIMUM TEMPERATURE (F)   52


SUNRISE AND SUNSET
SEPTEMBER 19 2017.....SUNRISE   728 AM EDT   SUNSET   745 PM EDT
SEPTEMBER 20 2017.....SUNRISE   729 AM EDT   SUNSET   743 PM EDT


-  INDICATES NEGATIVE NUMBERS.
R  INDICATES RECORD WAS SET OR TIED.
MM INDICATES DATA IS MISSING.
T  INDICATES TRACE AMOUNT.




$$
