000
CDUS43 KIND 290538
CLIGEZ


CLIMATE REPORT
NATIONAL WEATHER SERVICE INDIANAPOLIS IN
136 AM EDT MON AUG 29 2016


...................................

...THE SHELBYVILLE IN CLIMATE SUMMARY FOR AUGUST 28 2016...

CLIMATE NORMAL PERIOD 1981 TO 2010
CLIMATE RECORD PERIOD 9999 TO 9999


WEATHER ITEM   OBSERVED TIME   NORMAL DEPARTURE LAST
                VALUE   (LST)  VALUE  FROM      YEAR
                                      NORMAL
......................................................
TEMPERATURE (F)
 YESTERDAY
  MAXIMUM         92    428 PM  83      9       81
  MINIMUM         70    615 AM  60     10       54
  AVERAGE         81            71     10       68

PRECIPITATION (IN)
  YESTERDAY        0.00          0.14  -0.14     0.00
  MONTH TO DATE    5.95          2.99   2.96     1.17
  SINCE JUN 1     15.39         12.10   3.29    16.93
  SINCE JAN 1     31.93         29.88   2.05    30.97

DEGREE DAYS
 HEATING
  YESTERDAY        0             0      0        0
  MONTH TO DATE    0             0      0        2
  SINCE JUN 1      2            16    -14       23
  SINCE JUL 1      2             1      1        2

 COOLING
  YESTERDAY       16             6     10        3
  MONTH TO DATE  347           213    134      192
  SINCE JUN 1   1014           705    309      794
  SINCE JAN 1   1137           786    351      982
......................................................


WIND (MPH)
  HIGHEST WIND SPEED    13   HIGHEST WIND DIRECTION    NE (40)
  HIGHEST GUST SPEED    18   HIGHEST GUST DIRECTION    NE (40)
  AVERAGE WIND SPEED     3.4


SKY COVER
  AVERAGE SKY COVER 0.2


WEATHER CONDITIONS
 THE FOLLOWING WEATHER WAS RECORDED YESTERDAY.
  FOG


RELATIVE HUMIDITY (PERCENT)
 HIGHEST    93           200 AM
 LOWEST     56           200 PM
 AVERAGE    75

..........................................................


THE SHELBYVILLE IN CLIMATE NORMALS FOR TODAY
                         NORMAL
 MAXIMUM TEMPERATURE (F)   83
 MINIMUM TEMPERATURE (F)   59


SUNRISE AND SUNSET
AUGUST 29 2016........SUNRISE   709 AM EDT   SUNSET   818 PM EDT
AUGUST 30 2016........SUNRISE   710 AM EDT   SUNSET   817 PM EDT


-  INDICATES NEGATIVE NUMBERS.
R  INDICATES RECORD WAS SET OR TIED.
MM INDICATES DATA IS MISSING.
T  INDICATES TRACE AMOUNT.




$$
