000
CDUS43 KFGF 040632
CLIGFK


CLIMATE REPORT
NATIONAL WEATHER SERVICE EASTERN NORTH DAKOTA/GRAND FORKS
131 AM CDT FRI SEP 4 2015


...................................

...THE GRAND FORKS INTL AP ND CLIMATE SUMMARY FOR SEPTEMBER 3 2015...

CLIMATE NORMAL PERIOD 1981 TO 2010
CLIMATE RECORD PERIOD 1941 TO 2015


WEATHER ITEM   OBSERVED TIME   RECORD YEAR NORMAL DEPARTURE LAST
                VALUE   (LST)  VALUE       VALUE  FROM      YEAR
                                                  NORMAL
..................................................................
TEMPERATURE (F)
 YESTERDAY
  MAXIMUM         93    410 PM  96    1948  75     18       82
  MINIMUM         69    343 AM  33    1974  49     20       48
  AVERAGE         81                        62     19       65

PRECIPITATION (IN)
  YESTERDAY        0.00          0.67 1989   0.08  -0.08     0.00
  MONTH TO DATE    0.00                      0.23  -0.23     0.04
  SINCE SEP 1      0.00                      0.23  -0.23     0.04
  SINCE JAN 1     16.81                     15.46   1.35    20.72

SNOWFALL (IN)
  YESTERDAY        0.0           0.0  2002   0.0    0.0      0.0
                                      2001
  MONTH TO DATE    0.0                       0.0    0.0      0.0
  SINCE SEP 1      0.0                       0.0    0.0      0.0
  SINCE JUL 1      0.0                       0.0    0.0      0.0
  SNOW DEPTH       0

DEGREE DAYS
 HEATING
  YESTERDAY        0                         5     -5        0
  MONTH TO DATE    0                        13    -13        1
  SINCE SEP 1      0                        13    -13        1
  SINCE JUL 1     64                        95    -31       55

 COOLING
  YESTERDAY       16                         2     14        0
  MONTH TO DATE   32                         6     26        0
  SINCE SEP 1     32                         6     26        0
  SINCE JAN 1    429                       358     71      361
..................................................................


WIND (MPH)
  HIGHEST WIND SPEED    30   HIGHEST WIND DIRECTION    SE (150)
  HIGHEST GUST SPEED    37   HIGHEST GUST DIRECTION     S (160)
  AVERAGE WIND SPEED    17.5


SKY COVER
  POSSIBLE SUNSHINE  MM
  AVERAGE SKY COVER 0.5


WEATHER CONDITIONS
 THE FOLLOWING WEATHER WAS RECORDED YESTERDAY.
  FOG


RELATIVE HUMIDITY (PERCENT)
 HIGHEST    97           500 AM
 LOWEST     49           400 PM
 AVERAGE    73

..........................................................


THE GRAND FORKS INTL AP ND CLIMATE NORMALS FOR TODAY
                         NORMAL    RECORD    YEAR
 MAXIMUM TEMPERATURE (F)   75        95      1979
                                             1978
 MINIMUM TEMPERATURE (F)   49        33      1981


SUNRISE AND SUNSET
SEPTEMBER  4 2015.....SUNRISE   651 AM CDT   SUNSET   804 PM CDT
SEPTEMBER  5 2015.....SUNRISE   652 AM CDT   SUNSET   802 PM CDT


-  INDICATES NEGATIVE NUMBERS.
R  INDICATES RECORD WAS SET OR TIED.
MM INDICATES DATA IS MISSING.
T  INDICATES TRACE AMOUNT.




$$
