000
CDUS43 KFGF 270639
CLIGFK


CLIMATE REPORT
NATIONAL WEATHER SERVICE EASTERN NORTH DAKOTA/GRAND FORKS
137 AM CDT FRI MAY 27 2016


...................................

...THE GRAND FORKS INTL AP ND CLIMATE SUMMARY FOR MAY 26 2016...

CLIMATE NORMAL PERIOD 1981 TO 2010
CLIMATE RECORD PERIOD 1941 TO 2016


WEATHER ITEM   OBSERVED TIME   RECORD YEAR NORMAL DEPARTURE LAST
                VALUE   (LST)  VALUE       VALUE  FROM      YEAR
                                                  NORMAL
..................................................................
TEMPERATURE (F)
 YESTERDAY
  MAXIMUM         73    342 PM  89    1980  71      2       85
                                      1969
                                      1948
  MINIMUM         56   1159 PM  29    1984  45     11       51
                                      1961
  AVERAGE         65                        58      7       68

PRECIPITATION (IN)
  YESTERDAY        0.00          1.12 2007   0.10  -0.10      T
                                      1998
  MONTH TO DATE    1.82                      2.18  -0.36     3.80
  SINCE MAR 1      3.93                      4.15  -0.22     4.84
  SINCE JAN 1      4.51                      5.22  -0.71     5.66

SNOWFALL (IN)
  YESTERDAY        0.0          MM      MM   0.0    0.0      0.0
  MONTH TO DATE    T                         0.1   -0.1       T
  SINCE MAR 1      2.5                      10.2   -7.7      2.7
  SINCE JUL 1     28.4                      47.4  -19.0     17.0
  SNOW DEPTH       0

DEGREE DAYS
 HEATING
  YESTERDAY        0                         8     -8        0
  MONTH TO DATE  213                       300    -87      327
  SINCE MAR 1   1826                      2228   -402     1985
  SINCE JUL 1   7805                      9378  -1573     8902

 COOLING
  YESTERDAY        0                         1     -1        3
  MONTH TO DATE   20                        11      9        3
  SINCE MAR 1     20                        12      8        3
  SINCE JAN 1     20                        12      8        3
..................................................................


WIND (MPH)
  HIGHEST WIND SPEED    20   HIGHEST WIND DIRECTION     W (250)
  HIGHEST GUST SPEED    23   HIGHEST GUST DIRECTION     W (250)
  AVERAGE WIND SPEED     9.2


SKY COVER
  POSSIBLE SUNSHINE  MM
  AVERAGE SKY COVER 0.7


WEATHER CONDITIONS
 THE FOLLOWING WEATHER WAS RECORDED YESTERDAY.
  NO SIGNIFICANT WEATHER WAS OBSERVED.


RELATIVE HUMIDITY (PERCENT)
 HIGHEST    93          1200 AM
 LOWEST     57           400 PM
 AVERAGE    75

..........................................................


THE GRAND FORKS INTL AP ND CLIMATE NORMALS FOR TODAY
                         NORMAL    RECORD    YEAR
 MAXIMUM TEMPERATURE (F)   71        97      1969
 MINIMUM TEMPERATURE (F)   46        27      2008
                                             1947


SUNRISE AND SUNSET
MAY 27 2016...........SUNRISE   537 AM CDT   SUNSET   916 PM CDT
MAY 28 2016...........SUNRISE   536 AM CDT   SUNSET   917 PM CDT


-  INDICATES NEGATIVE NUMBERS.
R  INDICATES RECORD WAS SET OR TIED.
MM INDICATES DATA IS MISSING.
T  INDICATES TRACE AMOUNT.




$$
