000
CDUS43 KFGF 310637
CLIGFK


CLIMATE REPORT
NATIONAL WEATHER SERVICE EASTERN NORTH DAKOTA/GRAND FORKS
136 AM CDT FRI OCT 31 2014


...................................

...THE GRAND FORKS INTL AP ND CLIMATE SUMMARY FOR OCTOBER 30 2014...

CLIMATE NORMAL PERIOD 1981 TO 2010
CLIMATE RECORD PERIOD 1941 TO 2014


WEATHER ITEM   OBSERVED TIME   RECORD YEAR NORMAL DEPARTURE LAST
                VALUE   (LST)  VALUE       VALUE  FROM      YEAR
                                                  NORMAL
..................................................................
TEMPERATURE (F)
 YESTERDAY
  MAXIMUM         40    321 PM  73    1950  46     -6       40
  MINIMUM         18   1159 PM   7    1991  26     -8       33
  AVERAGE         29                        36     -7       37

PRECIPITATION (IN)
  YESTERDAY        0.00          0.96 1971   0.05  -0.05     0.00
  MONTH TO DATE    0.37                      1.92  -1.55     2.48
  SINCE SEP 1      1.66                      3.97  -2.31     4.45
  SINCE JAN 1     22.34                     19.20   3.14    18.68

SNOWFALL (IN)
  YESTERDAY        0.0           2.0  1971   0.1   -0.1      0.0
  MONTH TO DATE    T                         1.4   -1.4       T
  SINCE SEP 1      T                         1.4   -1.4       T
  SINCE JUL 1      T                         1.4   -1.4       T
  SNOW DEPTH       0

DEGREE DAYS
 HEATING
  YESTERDAY       36                        29      7       28
  MONTH TO DATE  538                       651   -113      665
  SINCE SEP 1    730                       920   -190      797
  SINCE JUL 1    784                      1002   -218      879

 COOLING
  YESTERDAY        0                         0      0        0
  MONTH TO DATE    0                         0      0        0
  SINCE SEP 1     34                        26      8       39
  SINCE JAN 1    395                       378     17      487
..................................................................


WIND (MPH)
  HIGHEST WIND SPEED    30   HIGHEST WIND DIRECTION     N (340)
  HIGHEST GUST SPEED    36   HIGHEST GUST DIRECTION     N (360)
  AVERAGE WIND SPEED    14.1


SKY COVER
  POSSIBLE SUNSHINE  MM
  AVERAGE SKY COVER 0.7


WEATHER CONDITIONS
 THE FOLLOWING WEATHER WAS RECORDED YESTERDAY.
  FOG
  HAZE


RELATIVE HUMIDITY (PERCENT)
 HIGHEST    92           600 AM
 LOWEST     44           400 PM
 AVERAGE    68

..........................................................


THE GRAND FORKS INTL AP ND CLIMATE NORMALS FOR TODAY
                         NORMAL    RECORD    YEAR
 MAXIMUM TEMPERATURE (F)   45        77      1999
 MINIMUM TEMPERATURE (F)   26         6      1991


SUNRISE AND SUNSET
OCTOBER 31 2014.......SUNRISE   812 AM CDT   SUNSET   612 PM CDT
NOVEMBER  1 2014......SUNRISE   814 AM CDT   SUNSET   610 PM CDT


-  INDICATES NEGATIVE NUMBERS.
R  INDICATES RECORD WAS SET OR TIED.
MM INDICATES DATA IS MISSING.
T  INDICATES TRACE AMOUNT.




$$
