000
CDUS43 KFGF 120646
CLIGFK


CLIMATE REPORT
NATIONAL WEATHER SERVICE EASTERN NORTH DAKOTA/GRAND FORKS
1245 AM CST TUE DEC 12 2017


...................................

...THE GRAND FORKS INTL AP ND CLIMATE SUMMARY FOR DECEMBER 11 2017...

CLIMATE NORMAL PERIOD 1981 TO 2010
CLIMATE RECORD PERIOD 1948 TO 2017


WEATHER ITEM   OBSERVED TIME   RECORD YEAR NORMAL DEPARTURE LAST
                VALUE   (LST)  VALUE       VALUE  FROM      YEAR
                                                  NORMAL
..................................................................
TEMPERATURE (F)
 YESTERDAY
  MAXIMUM         38    334 AM  49    2002  21     17        8
  MINIMUM          2   1039 PM -21    2013   4     -2      -15
  AVERAGE         20                        13      7       -3

PRECIPITATION (IN)
  YESTERDAY        0.01          0.38 1996   0.01   0.00     0.15
  MONTH TO DATE    0.28                      0.21   0.07     0.85
  SINCE DEC 1      0.28                      0.21   0.07     0.85
  SINCE JAN 1     16.76                     20.41  -3.65    25.96

SNOWFALL (IN)
  YESTERDAY        T             4.5  1949   0.3   -0.3      0.7
  MONTH TO DATE    4.3                       3.6    0.7     18.3
  SINCE DEC 1      4.3                       3.6    0.7     18.3
  SINCE JUL 1     14.5                      12.8    1.7     19.4
  SNOW DEPTH       3

DEGREE DAYS
 HEATING
  YESTERDAY       45                        52     -7       68
  MONTH TO DATE  466                       552    -86      515
  SINCE DEC 1    466                       552    -86      515
  SINCE JUL 1   2451                      2751   -300     1983

 COOLING
  YESTERDAY        0                         0      0        0
  MONTH TO DATE    0                         0      0        0
  SINCE DEC 1      0                         0      0        0
  SINCE JAN 1    411                       379     32      434
..................................................................


WIND (MPH)
  HIGHEST WIND SPEED    40   HIGHEST WIND DIRECTION     N (350)
  HIGHEST GUST SPEED    50   HIGHEST GUST DIRECTION     N (350)
  AVERAGE WIND SPEED    17.9


SKY COVER
  POSSIBLE SUNSHINE  MM
  AVERAGE SKY COVER 0.7


WEATHER CONDITIONS
 THE FOLLOWING WEATHER WAS RECORDED YESTERDAY.
  LIGHT SNOW
  FOG
  BLOWING SNOW


RELATIVE HUMIDITY (PERCENT)
 HIGHEST   100           100 AM
 LOWEST     73           300 PM
 AVERAGE    87

..........................................................


THE GRAND FORKS INTL AP ND CLIMATE NORMALS FOR TODAY
                         NORMAL    RECORD    YEAR
 MAXIMUM TEMPERATURE (F)   21        43      1999
 MINIMUM TEMPERATURE (F)    4       -21      1956


SUNRISE AND SUNSET
DECEMBER 12 2017......SUNRISE   809 AM CST   SUNSET   436 PM CST
DECEMBER 13 2017......SUNRISE   810 AM CST   SUNSET   436 PM CST


-  INDICATES NEGATIVE NUMBERS.
R  INDICATES RECORD WAS SET OR TIED.
MM INDICATES DATA IS MISSING.
T  INDICATES TRACE AMOUNT.




$$
