000
CDUS43 KFGF 260719
CLIGFK


CLIMATE REPORT
NATIONAL WEATHER SERVICE EASTERN NORTH DAKOTA/GRAND FORKS
219 AM CDT MON JUN 26 2017


...................................

...THE GRAND FORKS INTL AP ND CLIMATE SUMMARY FOR JUNE 25 2017...

CLIMATE NORMAL PERIOD 1981 TO 2010
CLIMATE RECORD PERIOD 1948 TO 2017


WEATHER ITEM   OBSERVED TIME   RECORD YEAR NORMAL DEPARTURE LAST
                VALUE   (LST)  VALUE       VALUE  FROM      YEAR
                                                  NORMAL
..................................................................
TEMPERATURE (F)
 YESTERDAY
  MAXIMUM         68    322 PM  92    2007  78    -10       83
  MINIMUM         41    456 AM  37    1982  55    -14       63
  AVERAGE         55                        66    -11       73

PRECIPITATION (IN)
  YESTERDAY        0.00          1.78 1969   0.13  -0.13     0.00
  MONTH TO DATE    1.36                      2.87  -1.51     3.30
  SINCE JUN 1      1.36                      2.87  -1.51     3.30
  SINCE JAN 1      5.51                      8.59  -3.08     9.69

SNOWFALL (IN)
  YESTERDAY        0.0          MM      MM   0.0    0.0      0.0
  MONTH TO DATE    0.0                       0.0    0.0      0.0
  SINCE JUN 1      0.0                       0.0    0.0      0.0
  SINCE JUL 1     44.1                      47.4   -3.3     28.4
  SNOW DEPTH       0

DEGREE DAYS
 HEATING
  YESTERDAY       10                         2      8        0
  MONTH TO DATE   36                        95    -59       41
  SINCE JUN 1     36                        95    -59       41
  SINCE JUL 1   8050                      9507  -1457     7854

 COOLING
  YESTERDAY        0                         3     -3        8
  MONTH TO DATE   95                        55     40       72
  SINCE JUN 1     95                        55     40       72
  SINCE JAN 1     97                        72     25       94
..................................................................


WIND (MPH)
  HIGHEST WIND SPEED    21   HIGHEST WIND DIRECTION     N (360)
  HIGHEST GUST SPEED    25   HIGHEST GUST DIRECTION    NW (330)
  AVERAGE WIND SPEED     9.1


SKY COVER
  POSSIBLE SUNSHINE  MM
  AVERAGE SKY COVER 0.4


WEATHER CONDITIONS
 THE FOLLOWING WEATHER WAS RECORDED YESTERDAY.
  NO SIGNIFICANT WEATHER WAS OBSERVED.


RELATIVE HUMIDITY (PERCENT)
 HIGHEST    93           400 AM
 LOWEST     40           300 PM
 AVERAGE    67

..........................................................


THE GRAND FORKS INTL AP ND CLIMATE NORMALS FOR TODAY
                         NORMAL    RECORD    YEAR
 MAXIMUM TEMPERATURE (F)   79        97      1961
 MINIMUM TEMPERATURE (F)   55        41      2004


SUNRISE AND SUNSET
JUNE 26 2017..........SUNRISE   531 AM CDT   SUNSET   932 PM CDT
JUNE 27 2017..........SUNRISE   532 AM CDT   SUNSET   932 PM CDT


-  INDICATES NEGATIVE NUMBERS.
R  INDICATES RECORD WAS SET OR TIED.
MM INDICATES DATA IS MISSING.
T  INDICATES TRACE AMOUNT.




$$
