633
CDUS43 KFGF 060723
CLIGFK


CLIMATE REPORT
NATIONAL WEATHER SERVICE EASTERN NORTH DAKOTA/GRAND FORKS
123 AM CST SAT FEB 6 2016


...................................

...THE GRAND FORKS INTL AP ND CLIMATE SUMMARY FOR FEBRUARY 5 2016...

CLIMATE NORMAL PERIOD 1981 TO 2010
CLIMATE RECORD PERIOD 1941 TO 2016


WEATHER ITEM   OBSERVED TIME   RECORD YEAR NORMAL DEPARTURE LAST
                VALUE   (LST)  VALUE       VALUE  FROM      YEAR
                                                  NORMAL
..................................................................
TEMPERATURE (F)
 YESTERDAY
  MAXIMUM         29    429 PM  47    1991  19     10       33
                                      1963
  MINIMUM         15    852 AM -31    2007  -1     16       -3
  AVERAGE         22                         9     13       15

PRECIPITATION (IN)
  YESTERDAY        0.00          0.15 2010   0.01  -0.01     0.00
  MONTH TO DATE    0.02                      0.07  -0.05      T
  SINCE DEC 1      1.40                      1.23   0.17     0.64
  SINCE JAN 1      0.34                      0.62  -0.28     0.42

SNOWFALL (IN)
  YESTERDAY        0.0           1.4  2010   0.3   -0.3      0.0
  MONTH TO DATE    0.5                       1.2   -0.7       T
  SINCE DEC 1     21.1                      22.6   -1.5      5.6
  SINCE JUL 1     23.8                      31.8   -8.0      9.6
  SNOW DEPTH       1

DEGREE DAYS
 HEATING
  YESTERDAY       43                        56    -13       50
  MONTH TO DATE  215                       283    -68      296
  SINCE DEC 1   3272                      3750   -478     3370
  SINCE JUL 1   4937                      5949  -1012     5514

 COOLING
  YESTERDAY        0                         0      0        0
  MONTH TO DATE    0                         0      0        0
  SINCE DEC 1      0                         0      0        0
  SINCE JAN 1      0                         0      0        0
..................................................................


WIND (MPH)
  HIGHEST WIND SPEED    15   HIGHEST WIND DIRECTION     S (160)
  HIGHEST GUST SPEED    18   HIGHEST GUST DIRECTION    SE (150)
  AVERAGE WIND SPEED     6.6


SKY COVER
  POSSIBLE SUNSHINE  MM
  AVERAGE SKY COVER 0.4


WEATHER CONDITIONS
 THE FOLLOWING WEATHER WAS RECORDED YESTERDAY.
  NO SIGNIFICANT WEATHER WAS OBSERVED.


RELATIVE HUMIDITY (PERCENT)
 HIGHEST    84           800 PM
 LOWEST     63           300 PM
 AVERAGE    74

..........................................................


THE GRAND FORKS INTL AP ND CLIMATE NORMALS FOR TODAY
                         NORMAL    RECORD    YEAR
 MAXIMUM TEMPERATURE (F)   19        47      2002
                                             1991
 MINIMUM TEMPERATURE (F)   -1       -34      1967


SUNRISE AND SUNSET
FEBRUARY  6 2016......SUNRISE   750 AM CST   SUNSET   536 PM CST
FEBRUARY  7 2016......SUNRISE   748 AM CST   SUNSET   538 PM CST


-  INDICATES NEGATIVE NUMBERS.
R  INDICATES RECORD WAS SET OR TIED.
MM INDICATES DATA IS MISSING.
T  INDICATES TRACE AMOUNT.




$$
