000
CDUS43 KFGF 270635
CLIGFK


CLIMATE REPORT
NATIONAL WEATHER SERVICE EASTERN NORTH DAKOTA/GRAND FORKS
134 AM CDT WED JUL 27 2016


...................................

...THE GRAND FORKS INTL AP ND CLIMATE SUMMARY FOR JULY 26 2016...

CLIMATE NORMAL PERIOD 1981 TO 2010
CLIMATE RECORD PERIOD 1941 TO 2016


WEATHER ITEM   OBSERVED TIME   RECORD YEAR NORMAL DEPARTURE LAST
                VALUE   (LST)  VALUE       VALUE  FROM      YEAR
                                                  NORMAL
..................................................................
TEMPERATURE (F)
 YESTERDAY
  MAXIMUM         88    334 PM 103    1941  82      6       88
  MINIMUM         65    531 AM  39    1981  56      9       65
  AVERAGE         77                        69      8       77

PRECIPITATION (IN)
  YESTERDAY        0.07          0.90 1955   0.09  -0.02     0.00
  MONTH TO DATE    5.27                      2.71   2.56     5.09
  SINCE JUN 1      8.57                      6.19   2.38     7.60
  SINCE JAN 1     14.96                     11.91   3.05    13.91

SNOWFALL (IN)
  YESTERDAY        0.0          MM      MM   0.0    0.0      0.0
  MONTH TO DATE    0.0                       0.0    0.0      0.0
  SINCE JUN 1      0.0                       0.0    0.0      0.0
  SINCE JUL 1      0.0                       0.0    0.0      0.0
  SNOW DEPTH       0

DEGREE DAYS
 HEATING
  YESTERDAY        0                         1     -1        0
  MONTH TO DATE   12                        27    -15       14
  SINCE JUN 1     66                       130    -64       72
  SINCE JUL 1     12                        27    -15       14

 COOLING
  YESTERDAY       12                         5      7       12
  MONTH TO DATE  143                       120     23      160
  SINCE JUN 1    221                       195     26      225
  SINCE JAN 1    243                       212     31      231
..................................................................


WIND (MPH)
  HIGHEST WIND SPEED    18   HIGHEST WIND DIRECTION    NE (30)
  HIGHEST GUST SPEED    24   HIGHEST GUST DIRECTION     N (20)
  AVERAGE WIND SPEED     7.5


SKY COVER
  POSSIBLE SUNSHINE  MM
  AVERAGE SKY COVER 0.5


WEATHER CONDITIONS
 THE FOLLOWING WEATHER WAS RECORDED YESTERDAY.
  RAIN


RELATIVE HUMIDITY (PERCENT)
 HIGHEST    93           400 AM
 LOWEST     46           100 PM
 AVERAGE    70

..........................................................


THE GRAND FORKS INTL AP ND CLIMATE NORMALS FOR TODAY
                         NORMAL    RECORD    YEAR
 MAXIMUM TEMPERATURE (F)   82       101      1941
 MINIMUM TEMPERATURE (F)   56        45      2013
                                             1971
                                             1965


SUNRISE AND SUNSET
JULY 27 2016..........SUNRISE   559 AM CDT   SUNSET   910 PM CDT
JULY 28 2016..........SUNRISE   601 AM CDT   SUNSET   909 PM CDT


-  INDICATES NEGATIVE NUMBERS.
R  INDICATES RECORD WAS SET OR TIED.
MM INDICATES DATA IS MISSING.
T  INDICATES TRACE AMOUNT.




$$
