000
CDUS43 KFGF 310726
CLIGFK


CLIMATE REPORT
NATIONAL WEATHER SERVICE EASTERN NORTH DAKOTA/GRAND FORKS
226 AM CDT FRI JUL 31 2015


...................................

...THE GRAND FORKS INTL AP ND CLIMATE SUMMARY FOR JULY 30 2015...

CLIMATE NORMAL PERIOD 1981 TO 2010
CLIMATE RECORD PERIOD 1941 TO 2015


WEATHER ITEM   OBSERVED TIME   RECORD YEAR NORMAL DEPARTURE LAST
                VALUE   (LST)  VALUE       VALUE  FROM      YEAR
                                                  NORMAL
..................................................................
TEMPERATURE (F)
 YESTERDAY
  MAXIMUM         83    418 PM  99    1955  82      1       82
  MINIMUM         57   1159 PM  41    1971  56      1       53
                                      1960
  AVERAGE         70                        69      1       68

PRECIPITATION (IN)
  YESTERDAY        0.00          1.29 1983   0.09  -0.09     0.00
  MONTH TO DATE    5.10                      3.07   2.03     3.70
  SINCE JUN 1      7.61                      6.55   1.06    10.30
  SINCE JAN 1     13.92                     12.27   1.65    17.48

SNOWFALL (IN)
  YESTERDAY        0.0          MM      MM   0.0    0.0      0.0
  MONTH TO DATE    0.0                       0.0    0.0      0.0
  SINCE JUN 1      0.0                       0.0    0.0      0.0
  SINCE JUL 1      0.0                       0.0    0.0      0.0
  SNOW DEPTH       0

DEGREE DAYS
 HEATING
  YESTERDAY        0                         1     -1        0
  MONTH TO DATE   14                        31    -17       29
  SINCE JUN 1     72                       134    -62       75
  SINCE JUL 1     14                        31    -17       29

 COOLING
  YESTERDAY        5                         5      0        3
  MONTH TO DATE  191                       140     51      105
  SINCE JUN 1    256                       215     41      172
  SINCE JAN 1    262                       232     30      225
..................................................................


WIND (MPH)
  HIGHEST WIND SPEED    22   HIGHEST WIND DIRECTION    NW (300)
  HIGHEST GUST SPEED    29   HIGHEST GUST DIRECTION    NW (300)
  AVERAGE WIND SPEED    12.0


SKY COVER
  POSSIBLE SUNSHINE  MM
  AVERAGE SKY COVER 0.2


WEATHER CONDITIONS
 THE FOLLOWING WEATHER WAS RECORDED YESTERDAY.
  NO SIGNIFICANT WEATHER WAS OBSERVED.


RELATIVE HUMIDITY (PERCENT)
 HIGHEST    84           100 AM
 LOWEST     34           500 PM
 AVERAGE    59

..........................................................


THE GRAND FORKS INTL AP ND CLIMATE NORMALS FOR TODAY
                         NORMAL    RECORD    YEAR
 MAXIMUM TEMPERATURE (F)   82        96      1957
 MINIMUM TEMPERATURE (F)   56        43      1985


SUNRISE AND SUNSET
JULY 31 2015..........SUNRISE   604 AM CDT   SUNSET   906 PM CDT
AUGUST  1 2015........SUNRISE   605 AM CDT   SUNSET   904 PM CDT


-  INDICATES NEGATIVE NUMBERS.
R  INDICATES RECORD WAS SET OR TIED.
MM INDICATES DATA IS MISSING.
T  INDICATES TRACE AMOUNT.




$$
