000
CDUS43 KFGF 010645
CLIGFK


CLIMATE REPORT
NATIONAL WEATHER SERVICE EASTERN NORTH DAKOTA/GRAND FORKS
145 AM CDT WED JUL 1 2015


...................................

...THE GRAND FORKS INTL AP ND CLIMATE SUMMARY FOR JUNE 30 2015...

CLIMATE NORMAL PERIOD 1981 TO 2010
CLIMATE RECORD PERIOD 1941 TO 2015


WEATHER ITEM   OBSERVED TIME   RECORD YEAR NORMAL DEPARTURE LAST
                VALUE   (LST)  VALUE       VALUE  FROM      YEAR
                                                  NORMAL
..................................................................
TEMPERATURE (F)
 YESTERDAY
  MAXIMUM         76    346 PM 100    1921  79     -3       73
  MINIMUM         54    520 AM  41    2001  55     -1       63
                                      1965
                                      1960
  AVERAGE         65                        67     -2       68

PRECIPITATION (IN)
  YESTERDAY        0.00          1.40 1991   0.12  -0.12     0.10
  MONTH TO DATE    2.51                      3.48  -0.97     6.60
  SINCE JUN 1      2.51                      3.48  -0.97     6.60
  SINCE JAN 1      8.82                      9.20  -0.38    13.78

SNOWFALL (IN)
  YESTERDAY        0.0          MM      MM   0.0    0.0      0.0
  MONTH TO DATE    0.0                       0.0    0.0      0.0
  SINCE JUN 1      0.0                       0.0    0.0      0.0
  SINCE JUL 1     17.0                      47.4  -30.4     60.3
  SNOW DEPTH       0

DEGREE DAYS
 HEATING
  YESTERDAY        0                         2     -2        0
  MONTH TO DATE   58                       105    -47       46
  SINCE JUN 1     58                       103    -45       46
  SINCE JUL 1   9006                      9515   -509    10587

 COOLING
  YESTERDAY        0                         4     -4        3
  MONTH TO DATE   65                        75    -10       67
  SINCE JUN 1     65                        75    -10       67
  SINCE JAN 1     71                        92    -21      120
..................................................................


WIND (MPH)
  HIGHEST WIND SPEED     9   HIGHEST WIND DIRECTION     E (90)
  HIGHEST GUST SPEED    12   HIGHEST GUST DIRECTION    SE (120)
  AVERAGE WIND SPEED     2.7


SKY COVER
  POSSIBLE SUNSHINE  MM
  AVERAGE SKY COVER 0.8


WEATHER CONDITIONS
 THE FOLLOWING WEATHER WAS RECORDED YESTERDAY.
  FOG


RELATIVE HUMIDITY (PERCENT)
 HIGHEST   100          1200 AM
 LOWEST     50           200 PM
 AVERAGE    75

..........................................................


THE GRAND FORKS INTL AP ND CLIMATE NORMALS FOR TODAY
                         NORMAL    RECORD    YEAR
 MAXIMUM TEMPERATURE (F)   79        94      2010
                                             1921
 MINIMUM TEMPERATURE (F)   56        37      2001


SUNRISE AND SUNSET
JULY  1 2015..........SUNRISE   533 AM CDT   SUNSET   931 PM CDT
JULY  2 2015..........SUNRISE   534 AM CDT   SUNSET   931 PM CDT


-  INDICATES NEGATIVE NUMBERS.
R  INDICATES RECORD WAS SET OR TIED.
MM INDICATES DATA IS MISSING.
T  INDICATES TRACE AMOUNT.




$$
