000
CDUS43 KFGF 030637
CLIGFK


CLIMATE REPORT
NATIONAL WEATHER SERVICE EASTERN NORTH DAKOTA/GRAND FORKS
136 AM CDT WED JUN 3 2015


...................................

...THE GRAND FORKS INTL AP ND CLIMATE SUMMARY FOR JUNE 2 2015...

CLIMATE NORMAL PERIOD 1981 TO 2010
CLIMATE RECORD PERIOD 1941 TO 2015


WEATHER ITEM   OBSERVED TIME   RECORD YEAR NORMAL DEPARTURE LAST
                VALUE   (LST)  VALUE       VALUE  FROM      YEAR
                                                  NORMAL
..................................................................
TEMPERATURE (F)
 YESTERDAY
  MAXIMUM         69    545 PM  97    1948  73     -4       68
  MINIMUM         56    511 AM  28    1910  48      8       53
  AVERAGE         63                        60      3       61

PRECIPITATION (IN)
  YESTERDAY        0.70          1.52 2014   0.10   0.60     1.52
  MONTH TO DATE    0.70                      0.20   0.50     1.52
  SINCE JUN 1      0.70                      0.20   0.50     1.52
  SINCE JAN 1      7.01                      5.92   1.09     8.70

SNOWFALL (IN)
  YESTERDAY        0.0          MM      MM   0.0    0.0      0.0
  MONTH TO DATE    0.0                       0.0    0.0      0.0
  SINCE JUN 1      0.0                       0.0    0.0      0.0
  SINCE JUL 1     17.0                      47.4  -30.4     60.3
  SNOW DEPTH       0

DEGREE DAYS
 HEATING
  YESTERDAY        2                         6     -4        4
  MONTH TO DATE    7                        12     -5        4
  SINCE JUN 1      7                        12     -5        4
  SINCE JUL 1   8955                      9424   -469    10545

 COOLING
  YESTERDAY        0                         1     -1        0
  MONTH TO DATE    0                         2     -2        4
  SINCE JUN 1      0                         2     -2        4
  SINCE JAN 1      6                        19    -13       57
..................................................................


WIND (MPH)
  HIGHEST WIND SPEED    20   HIGHEST WIND DIRECTION     S (180)
  HIGHEST GUST SPEED    31   HIGHEST GUST DIRECTION    NW (300)
  AVERAGE WIND SPEED     9.4


SKY COVER
  POSSIBLE SUNSHINE  MM
  AVERAGE SKY COVER 0.9


WEATHER CONDITIONS
 THE FOLLOWING WEATHER WAS RECORDED YESTERDAY.
  THUNDERSTORM
  HEAVY RAIN
  RAIN
  LIGHT RAIN
  FOG


RELATIVE HUMIDITY (PERCENT)
 HIGHEST    93           200 AM
 LOWEST     73           100 PM
 AVERAGE    83

..........................................................


THE GRAND FORKS INTL AP ND CLIMATE NORMALS FOR TODAY
                         NORMAL    RECORD    YEAR
 MAXIMUM TEMPERATURE (F)   73        94      1968
 MINIMUM TEMPERATURE (F)   48        28      1910


SUNRISE AND SUNSET
JUNE  3 2015..........SUNRISE   533 AM CDT   SUNSET   922 PM CDT
JUNE  4 2015..........SUNRISE   532 AM CDT   SUNSET   922 PM CDT


-  INDICATES NEGATIVE NUMBERS.
R  INDICATES RECORD WAS SET OR TIED.
MM INDICATES DATA IS MISSING.
T  INDICATES TRACE AMOUNT.




$$
