000
CDUS41 KALY 210626
CLIGFL


CLIMATE REPORT
NATIONAL WEATHER SERVICE ALBANY NY
226 AM EDT TUE OCT 21 2014


...................................

...THE GLENS FALLS NY CLIMATE SUMMARY FOR OCTOBER 20 2014...

CLIMATE NORMAL PERIOD 1981 TO 2010
CLIMATE RECORD PERIOD 1949 TO 2014


WEATHER ITEM   OBSERVED TIME   RECORD YEAR NORMAL DEPARTURE LAST
                VALUE   (LST)  VALUE       VALUE  FROM      YEAR
                                                  NORMAL
..................................................................
TEMPERATURE (F)
 YESTERDAY
  MAXIMUM         54    214 PM  75    1965  57     -3       56
  MINIMUM         28    545 AM  19    1972  34     -6       35
  AVERAGE         41                        45     -4       46

PRECIPITATION (IN)
  YESTERDAY        0.00          1.59 1989   0.11  -0.11     0.00
  MONTH TO DATE    2.23                      2.29  -0.06     1.75
  SINCE SEP 1      3.36                      5.67  -2.31     4.18
  SINCE JAN 1     29.40                     31.48  -2.08    29.45

DEGREE DAYS
 HEATING
  YESTERDAY       24                        20      4       19
  MONTH TO DATE  217                       332   -115      214
  SINCE SEP 1    394                       551   -157      461
  SINCE JUL 1    409                       617   -208      499

 COOLING
  YESTERDAY        0                         0      0        0
  MONTH TO DATE    7                         0      7        0
  SINCE SEP 1     54                        24     30       43
  SINCE JAN 1    392                       351     41      537
..................................................................


WIND (MPH)
  HIGHEST WIND SPEED    14   HIGHEST WIND DIRECTION    SW (210)
  HIGHEST GUST SPEED    17   HIGHEST GUST DIRECTION    SW (210)
  AVERAGE WIND SPEED     4.3


SKY COVER
  AVERAGE SKY COVER 0.5



RELATIVE HUMIDITY (PERCENT)
 HIGHEST    92           600 AM
 LOWEST     50           200 PM
 AVERAGE    71

..........................................................


THE GLENS FALLS NY CLIMATE NORMALS FOR TODAY
                         NORMAL    RECORD    YEAR
 MAXIMUM TEMPERATURE (F)   56        80      1979
 MINIMUM TEMPERATURE (F)   34        18      1972


SUNRISE AND SUNSET
OCTOBER 21 2014.......SUNRISE   716 AM EDT   SUNSET   602 PM EDT
OCTOBER 22 2014.......SUNRISE   717 AM EDT   SUNSET   600 PM EDT


-  INDICATES NEGATIVE NUMBERS.
R  INDICATES RECORD WAS SET OR TIED.
MM INDICATES DATA IS MISSING.
T  INDICATES TRACE AMOUNT.




$$
