000
CDUS41 KALY 220623
CLIGFL


CLIMATE REPORT
NATIONAL WEATHER SERVICE ALBANY NY
222 AM EDT SUN OCT 22 2017


...................................

...THE GLENS FALLS NY CLIMATE SUMMARY FOR OCTOBER 21 2017...

CLIMATE NORMAL PERIOD 1981 TO 2010
CLIMATE RECORD PERIOD 1949 TO 2017


WEATHER ITEM   OBSERVED TIME   RECORD YEAR NORMAL DEPARTURE LAST
                VALUE   (LST)  VALUE       VALUE  FROM      YEAR
                                                  NORMAL
..................................................................
TEMPERATURE (F)
 YESTERDAY
  MAXIMUM         71    334 PM  80    1979  56     15       74
  MINIMUM         33    633 AM  18    1972  34     -1       52
  AVERAGE         52                        45      7       63

PRECIPITATION (IN)
  YESTERDAY        0.00          1.77 1995   0.11  -0.11     0.16
  MONTH TO DATE    1.12                      2.40  -1.28     1.16
  SINCE SEP 1      3.44                      5.78  -2.34     2.37
  SINCE JAN 1     30.57                     31.59  -1.02    23.53

DEGREE DAYS
 HEATING
  YESTERDAY       13                        20     -7        2
  MONTH TO DATE  227                       352   -125      223
  SINCE SEP 1    359                       571   -212      326
  SINCE JUL 1    426                       637   -211      332

 COOLING
  YESTERDAY        0                         0      0        0
  MONTH TO DATE    3                         0      3        3
  SINCE SEP 1     70                        24     46       58
  SINCE JAN 1    384                       351     33      643
..................................................................


WIND (MPH)
  HIGHEST WIND SPEED     9   HIGHEST WIND DIRECTION     S (160)
  HIGHEST GUST SPEED    12   HIGHEST GUST DIRECTION     S (190)
  AVERAGE WIND SPEED     1.8


SKY COVER
  AVERAGE SKY COVER 0.0



RELATIVE HUMIDITY (PERCENT)
 HIGHEST   100           200 AM
 LOWEST     38           200 PM
 AVERAGE    69

..........................................................


THE GLENS FALLS NY CLIMATE NORMALS FOR TODAY
                         NORMAL    RECORD    YEAR
 MAXIMUM TEMPERATURE (F)   56        81      1979
 MINIMUM TEMPERATURE (F)   33        20      1959


SUNRISE AND SUNSET
OCTOBER 22 2017.......SUNRISE   717 AM EDT   SUNSET   600 PM EDT
OCTOBER 23 2017.......SUNRISE   718 AM EDT   SUNSET   558 PM EDT


-  INDICATES NEGATIVE NUMBERS.
R  INDICATES RECORD WAS SET OR TIED.
MM INDICATES DATA IS MISSING.
T  INDICATES TRACE AMOUNT.




$$
