000
CDUS41 KALY 230623
CLIGFL


CLIMATE REPORT
NATIONAL WEATHER SERVICE ALBANY NY
223 AM EDT FRI JUN 23 2017


...................................

...THE GLENS FALLS NY CLIMATE SUMMARY FOR JUNE 22 2017...

CLIMATE NORMAL PERIOD 1981 TO 2010
CLIMATE RECORD PERIOD 1949 TO 2017


WEATHER ITEM   OBSERVED TIME   RECORD YEAR NORMAL DEPARTURE LAST
                VALUE   (LST)  VALUE       VALUE  FROM      YEAR
                                                  NORMAL
..................................................................
TEMPERATURE (F)
 YESTERDAY
  MAXIMUM         79    143 PM  94    1983  78      1       77
  MINIMUM         48    430 AM  44    1982  54     -6       47
  AVERAGE         64                        66     -2       62

PRECIPITATION (IN)
  YESTERDAY        0.00          3.44 1987   0.12  -0.12     0.14
  MONTH TO DATE    2.66                      2.60   0.06     2.43
  SINCE JUN 1      2.66                      2.60   0.06     2.43
  SINCE JAN 1     19.00                     17.09   1.91    14.05

DEGREE DAYS
 HEATING
  YESTERDAY        1                         2     -1        3
  MONTH TO DATE   74                        79     -5       42
  SINCE JUN 1     74                        79     -5       42
  SINCE JUL 1   6391                      7665  -1274     5925

 COOLING
  YESTERDAY        0                         3     -3        0
  MONTH TO DATE   68                        42     26       64
  SINCE JUN 1     68                        42     26       64
  SINCE JAN 1     89                        54     35      120
..................................................................


WIND (MPH)
  HIGHEST WIND SPEED    14   HIGHEST WIND DIRECTION    SW (240)
  HIGHEST GUST SPEED    24   HIGHEST GUST DIRECTION    SW (230)
  AVERAGE WIND SPEED     4.2


SKY COVER
  AVERAGE SKY COVER 0.4



RELATIVE HUMIDITY (PERCENT)
 HIGHEST    96           500 AM
 LOWEST     47           100 PM
 AVERAGE    72

..........................................................


THE GLENS FALLS NY CLIMATE NORMALS FOR TODAY
                         NORMAL    RECORD    YEAR
 MAXIMUM TEMPERATURE (F)   79        91      1983
 MINIMUM TEMPERATURE (F)   54        42      2005


SUNRISE AND SUNSET
JUNE 23 2017..........SUNRISE   515 AM EDT   SUNSET   839 PM EDT
JUNE 24 2017..........SUNRISE   515 AM EDT   SUNSET   839 PM EDT


-  INDICATES NEGATIVE NUMBERS.
R  INDICATES RECORD WAS SET OR TIED.
MM INDICATES DATA IS MISSING.
T  INDICATES TRACE AMOUNT.




$$
