000
CDUS41 KALY 230622
CLIGFL


CLIMATE REPORT
NATIONAL WEATHER SERVICE ALBANY NY
221 AM EDT WED JUL 23 2014


...................................

...THE GLENS FALLS NY CLIMATE SUMMARY FOR JULY 22 2014...

CLIMATE NORMAL PERIOD 1981 TO 2010
CLIMATE RECORD PERIOD 1949 TO 2014


WEATHER ITEM   OBSERVED TIME   RECORD YEAR NORMAL DEPARTURE LAST
                VALUE   (LST)  VALUE       VALUE  FROM      YEAR
                                                  NORMAL
..................................................................
TEMPERATURE (F)
 YESTERDAY
  MAXIMUM         88    332 PM  99    2011  81      7       84
  MINIMUM         61    457 AM  46    1970  57      4       57
  AVERAGE         75                        69      6       71

PRECIPITATION (IN)
  YESTERDAY        0.00          3.20 2006   0.13  -0.13     0.68
  MONTH TO DATE    3.69                      2.85   0.84     3.11
  SINCE JUN 1      8.09                      6.40   1.69     8.80
  SINCE JAN 1     21.20                     20.89   0.31    20.73

DEGREE DAYS
 HEATING
  YESTERDAY        0                         1     -1        0
  MONTH TO DATE    1                        22    -21        0
  SINCE JUN 1     33                       112    -79       89
  SINCE JUL 1      1                        22    -21        0

 COOLING
  YESTERDAY       10                         5      5        6
  MONTH TO DATE  128                       102     26      239
  SINCE JUN 1    202                       171     31      339
  SINCE JAN 1    222                       183     39      372
..................................................................


WIND (MPH)
  HIGHEST WIND SPEED    15   HIGHEST WIND DIRECTION     S (190)
  HIGHEST GUST SPEED    19   HIGHEST GUST DIRECTION     S (190)
  AVERAGE WIND SPEED     5.2


SKY COVER
  AVERAGE SKY COVER 0.3



RELATIVE HUMIDITY (PERCENT)
 HIGHEST    97           500 AM
 LOWEST     55           300 PM
 AVERAGE    76

..........................................................


THE GLENS FALLS NY CLIMATE NORMALS FOR TODAY
                         NORMAL    RECORD    YEAR
 MAXIMUM TEMPERATURE (F)   81        95      1952
 MINIMUM TEMPERATURE (F)   57        45      1977


SUNRISE AND SUNSET
JULY 23 2014..........SUNRISE   535 AM EDT   SUNSET   826 PM EDT
JULY 24 2014..........SUNRISE   536 AM EDT   SUNSET   825 PM EDT


-  INDICATES NEGATIVE NUMBERS.
R  INDICATES RECORD WAS SET OR TIED.
MM INDICATES DATA IS MISSING.
T  INDICATES TRACE AMOUNT.




$$
