000
CDUS41 KALY 150634
CLIGFL


CLIMATE REPORT
NATIONAL WEATHER SERVICE ALBANY NY
133 AM EST FRI DEC 15 2017


...................................

...THE GLENS FALLS NY CLIMATE SUMMARY FOR DECEMBER 14 2017...

CLIMATE NORMAL PERIOD 1981 TO 2010
CLIMATE RECORD PERIOD 1949 TO 2017


WEATHER ITEM   OBSERVED TIME   RECORD YEAR NORMAL DEPARTURE LAST
                VALUE   (LST)  VALUE       VALUE  FROM      YEAR
                                                  NORMAL
..................................................................
TEMPERATURE (F)
 YESTERDAY
  MAXIMUM         23    209 PM  54    2015  34    -11       34
  MINIMUM         -3   1149 PM -17    2005  17    -20       18
  AVERAGE         10                        26    -16       26

PRECIPITATION (IN)
  YESTERDAY        T             0.87 1954   0.10  -0.10     0.00
  MONTH TO DATE    1.15                      1.51  -0.36     0.99
  SINCE DEC 1      1.15                      1.51  -0.36     0.99
  SINCE JAN 1     34.67                     37.52  -2.85    29.29

DEGREE DAYS
 HEATING
  YESTERDAY       55                        39     16       39
  MONTH TO DATE  489                       513    -24      462
  SINCE DEC 1    489                       513    -24      462
  SINCE JUL 1   1900                      2211   -311     1778

 COOLING
  YESTERDAY        0                         0      0        0
  MONTH TO DATE    0                         0      0        0
  SINCE DEC 1      0                         0      0        0
  SINCE JAN 1    388                       352     36      643
..................................................................


WIND (MPH)
  HIGHEST WIND SPEED    20   HIGHEST WIND DIRECTION     W (290)
  HIGHEST GUST SPEED    24   HIGHEST GUST DIRECTION    NW (300)
  AVERAGE WIND SPEED     4.4


SKY COVER
  AVERAGE SKY COVER 0.3



RELATIVE HUMIDITY (PERCENT)
 HIGHEST    95          1100 PM
 LOWEST     33           300 PM
 AVERAGE    64

..........................................................


THE GLENS FALLS NY CLIMATE NORMALS FOR TODAY
                         NORMAL    RECORD    YEAR
 MAXIMUM TEMPERATURE (F)   34        57      2015
 MINIMUM TEMPERATURE (F)   16       -14      2005


SUNRISE AND SUNSET
DECEMBER 15 2017......SUNRISE   720 AM EST   SUNSET   419 PM EST
DECEMBER 16 2017......SUNRISE   721 AM EST   SUNSET   420 PM EST


-  INDICATES NEGATIVE NUMBERS.
R  INDICATES RECORD WAS SET OR TIED.
MM INDICATES DATA IS MISSING.
T  INDICATES TRACE AMOUNT.




$$
