000
CDUS41 KALY 250627
CLIGFL


CLIMATE REPORT
NATIONAL WEATHER SERVICE ALBANY NY
227 AM EDT SUN SEP 25 2016


...................................

...THE GLENS FALLS NY CLIMATE SUMMARY FOR SEPTEMBER 24 2016...

CLIMATE NORMAL PERIOD 1981 TO 2010
CLIMATE RECORD PERIOD 1949 TO 2016


WEATHER ITEM   OBSERVED TIME   RECORD YEAR NORMAL DEPARTURE LAST
                VALUE   (LST)  VALUE       VALUE  FROM      YEAR
                                                  NORMAL
..................................................................
TEMPERATURE (F)
 YESTERDAY
  MAXIMUM         67    226 PM  86    1961  67      0       75
  MINIMUM         40    434 AM  29    1979  43     -3       47
  AVERAGE         54                        55     -1       61

PRECIPITATION (IN)
  YESTERDAY        0.00          1.36 1955   0.12  -0.12     0.00
  MONTH TO DATE    1.09                      2.65  -1.56     1.87
  SINCE SEP 1      1.09                      2.65  -1.56     1.87
  SINCE JAN 1     22.25                     28.46  -6.21    19.39

DEGREE DAYS
 HEATING
  YESTERDAY       11                        10      1        4
  MONTH TO DATE   43                       150   -107       39
  SINCE SEP 1     43                       150   -107       39
  SINCE JUL 1     49                       216   -167       52

 COOLING
  YESTERDAY        0                         0      0        0
  MONTH TO DATE   55                        23     32       93
  SINCE SEP 1     55                        23     32       93
  SINCE JAN 1    640                       350    290      592
..................................................................


WIND (MPH)
  HIGHEST WIND SPEED    16   HIGHEST WIND DIRECTION    NW (300)
  HIGHEST GUST SPEED    20   HIGHEST GUST DIRECTION    NW (300)
  AVERAGE WIND SPEED     5.3


SKY COVER
  AVERAGE SKY COVER 0.3



RELATIVE HUMIDITY (PERCENT)
 HIGHEST    96           200 AM
 LOWEST     34           400 PM
 AVERAGE    65

..........................................................


THE GLENS FALLS NY CLIMATE NORMALS FOR TODAY
                         NORMAL    RECORD    YEAR
 MAXIMUM TEMPERATURE (F)   67        84      2007
 MINIMUM TEMPERATURE (F)   43        26      1950


SUNRISE AND SUNSET
SEPTEMBER 25 2016.....SUNRISE   646 AM EDT   SUNSET   645 PM EDT
SEPTEMBER 26 2016.....SUNRISE   647 AM EDT   SUNSET   644 PM EDT


-  INDICATES NEGATIVE NUMBERS.
R  INDICATES RECORD WAS SET OR TIED.
MM INDICATES DATA IS MISSING.
T  INDICATES TRACE AMOUNT.




$$
