000
CDUS44 KSHV 270739
CLIGGG


CLIMATE REPORT
NATIONAL WEATHER SERVICE SHREVEPORT, LA
239 AM CDT FRI MAY 27 2016


...................................

...THE LONGVIEW CLIMATE SUMMARY FOR MAY 26 2016...

CLIMATE NORMAL PERIOD 1981 TO 2010
CLIMATE RECORD PERIOD 1902 TO 2016


WEATHER ITEM   OBSERVED TIME   RECORD YEAR NORMAL DEPARTURE LAST
                VALUE   (LST)  VALUE       VALUE  FROM      YEAR
                                                  NORMAL
..................................................................
TEMPERATURE (F)
 YESTERDAY
  MAXIMUM         79   1046 AM  98    1942  86     -7       87
  MINIMUM         69   1054 PM  50    1930  65      4       64
  AVERAGE         74                        75     -1       76

PRECIPITATION (IN)
  YESTERDAY        1.21          1.66 1957   0.17   1.04     0.11
  MONTH TO DATE    3.04                      3.99  -0.95    10.03
  SINCE DEC 1     33.39                     23.41   9.98    35.57
  SINCE JAN 1     27.33                     18.92   8.41    33.27

SNOWFALL (IN)
  YESTERDAY        0.0
  MONTH TO DATE    0.0
  SINCE MAR 1      0.0
  SINCE JUL 1      0.0
  SNOW DEPTH       0

DEGREE DAYS
 HEATING
  YESTERDAY        0                         0      0        0
  MONTH TO DATE   15                         8      7        0
  SINCE MAR 1    205                       353   -148      309
  SINCE JUL 1   1654                      2257   -603     2282

 COOLING
  YESTERDAY        9                        10     -1       11
  MONTH TO DATE  167                       200    -33      235
  SINCE MAR 1    304                       311     -7      398
  SINCE JAN 1    310                       323    -13      398
..................................................................


WIND (MPH)
  HIGHEST WIND SPEED    32   HIGHEST WIND DIRECTION    SE (150)
  HIGHEST GUST SPEED    42   HIGHEST GUST DIRECTION    SE (140)
  AVERAGE WIND SPEED    11.1


SKY COVER
  POSSIBLE SUNSHINE  MM
  AVERAGE SKY COVER 0.7


WEATHER CONDITIONS
 THE FOLLOWING WEATHER WAS RECORDED YESTERDAY.
  THUNDERSTORM
  HEAVY RAIN
  RAIN
  LIGHT RAIN
  FOG
  HAZE


RELATIVE HUMIDITY (PERCENT)
 HIGHEST   100           200 PM
 LOWEST     79           900 PM
 AVERAGE    90

..........................................................


THE LONGVIEW CLIMATE NORMALS FOR TODAY
                         NORMAL    RECORD    YEAR
 MAXIMUM TEMPERATURE (F)   86        97      1902
 MINIMUM TEMPERATURE (F)   65        48      1961


SUNRISE AND SUNSET
MAY 27 2016...........SUNRISE   614 AM CDT   SUNSET   818 PM CDT
MAY 28 2016...........SUNRISE   614 AM CDT   SUNSET   819 PM CDT


-  INDICATES NEGATIVE NUMBERS.
R  INDICATES RECORD WAS SET OR TIED.
MM INDICATES DATA IS MISSING.
T  INDICATES TRACE AMOUNT.




$$
