000
CDUS44 KSHV 210736
CLIGGG


CLIMATE REPORT
NATIONAL WEATHER SERVICE SHREVEPORT, LA
236 AM CDT MON APR 21 2014


...................................

...THE LONGVIEW CLIMATE SUMMARY FOR APRIL 20 2014...

CLIMATE NORMAL PERIOD 1981 TO 2010
CLIMATE RECORD PERIOD 1902 TO 2014


WEATHER ITEM   OBSERVED TIME   RECORD YEAR NORMAL DEPARTURE LAST
                VALUE   (LST)  VALUE       VALUE  FROM      YEAR
                                                  NORMAL
..................................................................
TEMPERATURE (F)
 YESTERDAY
  MAXIMUM         80    334 PM  92    1929  77      3       71
  MINIMUM         57    142 AM  38    2013  55      2       38
  AVERAGE         69                        66      3       55

PRECIPITATION (IN)
  YESTERDAY        0.00          2.27 1979   0.10  -0.10     0.00
  MONTH TO DATE    2.20                      2.10   0.10     2.34
  SINCE DEC 1     13.08                     18.30  -5.22    18.16
  SINCE JAN 1      8.93                     13.81  -4.88    13.81

SNOWFALL (IN)
  YESTERDAY        0.0
  MONTH TO DATE    0.0
  SINCE MAR 1      0.1
  SINCE JUL 1      0.3
  SNOW DEPTH       0

DEGREE DAYS
 HEATING
  YESTERDAY        0                         2     -2       10
  MONTH TO DATE  107                        76     31      105
  SINCE MAR 1    455                       331    124      404
  SINCE JUL 1   2579                      2235    344     1994

 COOLING
  YESTERDAY        4                         3      1        0
  MONTH TO DATE   52                        48      4       64
  SINCE MAR 1     62                        75    -13       82
  SINCE JAN 1     67                        87    -20       90
..................................................................


WIND (MPH)
  HIGHEST WIND SPEED    15   HIGHEST WIND DIRECTION     S (190)
  HIGHEST GUST SPEED    18   HIGHEST GUST DIRECTION    SE (150)
  AVERAGE WIND SPEED     4.4


SKY COVER
  POSSIBLE SUNSHINE  MM
  AVERAGE SKY COVER 0.6


WEATHER CONDITIONS
 THE FOLLOWING WEATHER WAS RECORDED YESTERDAY.
  FOG


RELATIVE HUMIDITY (PERCENT)
 HIGHEST    90           700 AM
 LOWEST     42           300 PM
 AVERAGE    66

..........................................................


THE LONGVIEW CLIMATE NORMALS FOR TODAY
                         NORMAL    RECORD    YEAR
 MAXIMUM TEMPERATURE (F)   78        90      2011
                                             1925
 MINIMUM TEMPERATURE (F)   55        40      1918


SUNRISE AND SUNSET
APRIL 21 2014.........SUNRISE   643 AM CDT   SUNSET   753 PM CDT
APRIL 22 2014.........SUNRISE   642 AM CDT   SUNSET   754 PM CDT


-  INDICATES NEGATIVE NUMBERS.
R  INDICATES RECORD WAS SET OR TIED.
MM INDICATES DATA IS MISSING.
T  INDICATES TRACE AMOUNT.




$$
