000
CDUS44 KSHV 282139
CLIGGG


CLIMATE REPORT
NATIONAL WEATHER SERVICE SHREVEPORT, LA
439 PM CDT SUN MAY 28 2017


...................................

...THE LONGVIEW CLIMATE SUMMARY FOR MAY 28 2017...
VALID TODAY AS OF 0400 PM LOCAL TIME.

CLIMATE NORMAL PERIOD 1981 TO 2010
CLIMATE RECORD PERIOD 1902 TO 2017


WEATHER ITEM   OBSERVED TIME   RECORD YEAR NORMAL DEPARTURE LAST
                VALUE   (LST)  VALUE       VALUE  FROM      YEAR
                                                  NORMAL
..................................................................
TEMPERATURE (F)
 TODAY
  MAXIMUM         86    238 PM  98    1937  86      0       85
  MINIMUM         67    758 AM  48    1961  65      2       65
  AVERAGE         77                        76      1       75

PRECIPITATION (IN)
  TODAY            0.31          2.42 1965   0.16   0.15     0.00
  MONTH TO DATE    4.25                      4.33  -0.08     4.02
  SINCE DEC 1     26.05                     23.75   2.30    34.37
  SINCE JAN 1     21.25                     19.26   1.99    28.31

DEGREE DAYS
 HEATING
  TODAY            0                         0      0        0
  MONTH TO DATE    7                         8     -1       15
  SINCE MAR 1    190                       353   -163      205
  SINCE JUL 1   1291                      2257   -966     1654

 COOLING
  TODAY           12                        11      1       10
  MONTH TO DATE  193                       222    -29      180
  SINCE MAR 1    431                       333     98      317
  SINCE JAN 1    502                       345    157      323
..................................................................


WIND (MPH)
  HIGHEST WIND SPEED    22   HIGHEST WIND DIRECTION     S (190)
  HIGHEST GUST SPEED    32   HIGHEST GUST DIRECTION     S (190)
  AVERAGE WIND SPEED    12.8


SKY COVER
  POSSIBLE SUNSHINE  MM
  AVERAGE SKY COVER 0.6


WEATHER CONDITIONS
 THE FOLLOWING WEATHER WAS RECORDED TODAY.
  THUNDERSTORM
  HEAVY RAIN
  LIGHT RAIN
  FOG


RELATIVE HUMIDITY (PERCENT)
 HIGHEST   100           800 AM
 LOWEST     61           100 PM
 AVERAGE    81

..........................................................


THE LONGVIEW CLIMATE NORMALS FOR TOMORROW
                         NORMAL    RECORD    YEAR
 MAXIMUM TEMPERATURE (F)   86        98      1937
 MINIMUM TEMPERATURE (F)   66        53      1992


SUNRISE AND SUNSET
MAY 28 2017...........SUNRISE   614 AM CDT   SUNSET   819 PM CDT
MAY 29 2017...........SUNRISE   613 AM CDT   SUNSET   819 PM CDT


-  INDICATES NEGATIVE NUMBERS.
R  INDICATES RECORD WAS SET OR TIED.
MM INDICATES DATA IS MISSING.
T  INDICATES TRACE AMOUNT.




$$
