000
CDUS44 KSHV 260844
CLIGGG


CLIMATE REPORT
NATIONAL WEATHER SERVICE SHREVEPORT, LA
243 AM CST MON JAN 26 2015


...................................

...THE LONGVIEW CLIMATE SUMMARY FOR JANUARY 25 2015...

CLIMATE NORMAL PERIOD 1981 TO 2010
CLIMATE RECORD PERIOD 1902 TO 2015


WEATHER ITEM   OBSERVED TIME   RECORD YEAR NORMAL DEPARTURE LAST
                VALUE   (LST)  VALUE       VALUE  FROM      YEAR
                                                  NORMAL
..................................................................
TEMPERATURE (F)
 YESTERDAY
  MAXIMUM         67    309 PM  83    1972  58      9       63
  MINIMUM         38    110 AM  15    1963  36      2       27
  AVERAGE         53                        47      6       45

PRECIPITATION (IN)
  YESTERDAY        0.00          1.58 1961   0.11  -0.11     0.00
  MONTH TO DATE    5.42                      2.61   2.81     0.47
  SINCE DEC 1      7.72                      7.10   0.62     4.62
  SINCE JAN 1      5.42                      2.61   2.81     0.47

SNOWFALL (IN)
  YESTERDAY        0.0
  MONTH TO DATE    0.0
  SINCE DEC 1      0.0
  SINCE JUL 1      0.0
  SNOW DEPTH       0

DEGREE DAYS
 HEATING
  YESTERDAY       12                        18     -6       20
  MONTH TO DATE  551                       472     79      507
  SINCE DEC 1    993                      1006    -13     1080
  SINCE JUL 1   1403                      1378     25     1508

 COOLING
  YESTERDAY        0                         0      0        0
  MONTH TO DATE    0                         0      0        0
  SINCE DEC 1      5                         6     -1       11
  SINCE JAN 1      0                         0      0        0
..................................................................


WIND (MPH)
  HIGHEST WIND SPEED    29   HIGHEST WIND DIRECTION    NW (310)
  HIGHEST GUST SPEED    37   HIGHEST GUST DIRECTION    NW (310)
  AVERAGE WIND SPEED    12.0


SKY COVER
  POSSIBLE SUNSHINE  MM
  AVERAGE SKY COVER 0.0


WEATHER CONDITIONS
 THE FOLLOWING WEATHER WAS RECORDED YESTERDAY.
  NO SIGNIFICANT WEATHER WAS OBSERVED.


RELATIVE HUMIDITY (PERCENT)
 HIGHEST    79          1200 AM
 LOWEST     24           400 PM
 AVERAGE    52

..........................................................


THE LONGVIEW CLIMATE NORMALS FOR TODAY
                         NORMAL    RECORD    YEAR
 MAXIMUM TEMPERATURE (F)   58        86      1910
 MINIMUM TEMPERATURE (F)   36        12      1940


SUNRISE AND SUNSET
JANUARY 26 2015.......SUNRISE   717 AM CST   SUNSET   546 PM CST
JANUARY 27 2015.......SUNRISE   716 AM CST   SUNSET   547 PM CST


-  INDICATES NEGATIVE NUMBERS.
R  INDICATES RECORD WAS SET OR TIED.
MM INDICATES DATA IS MISSING.
T  INDICATES TRACE AMOUNT.




$$
