000
CDUS44 KSHV 200818
CLIGGG


CLIMATE REPORT
NATIONAL WEATHER SERVICE SHREVEPORT, LA
247 AM CDT THU JUL 20 2017


...................................

...THE LONGVIEW CLIMATE SUMMARY FOR JULY 19 2017...

CLIMATE NORMAL PERIOD 1981 TO 2010
CLIMATE RECORD PERIOD 1902 TO 2017


WEATHER ITEM   OBSERVED TIME   RECORD YEAR NORMAL DEPARTURE LAST
                VALUE   (LST)  VALUE       VALUE  FROM      YEAR
                                                  NORMAL
..................................................................
TEMPERATURE (F)
 YESTERDAY
  MAXIMUM         96    454 PM 106    1934  94      2       98
  MINIMUM         76    540 AM  65    1926  74      2       74
  AVERAGE         86                        84      2       86

PRECIPITATION (IN)
  YESTERDAY        0.00          1.02 1922   0.08  -0.08     0.00
  MONTH TO DATE    1.10                      2.05  -0.95     0.06
  SINCE DEC 1     33.51                     31.28   2.23    39.13
  SINCE JAN 1     28.71                     26.79   1.92    33.07

SNOWFALL (IN)
  YESTERDAY        0.0
  MONTH TO DATE    0.0
  SINCE JUN 1      0.0
  SINCE JUL 1      0.0
  SNOW DEPTH       0

DEGREE DAYS
 HEATING
  YESTERDAY        0                         0      0        0
  MONTH TO DATE    0                         0      0        0
  SINCE JUN 1      0                         0      0        0
  SINCE JUL 1      0                         0      0        0

 COOLING
  YESTERDAY       21                        19      2       21
  MONTH TO DATE  356                       348      8      391
  SINCE JUN 1    802                       787     15      873
  SINCE JAN 1   1315                      1166    149     1235
..................................................................


WIND (MPH)
  HIGHEST WIND SPEED    10   HIGHEST WIND DIRECTION    SW (240)
  HIGHEST GUST SPEED    13   HIGHEST GUST DIRECTION    SW (230)
  AVERAGE WIND SPEED     3.1


SKY COVER
  POSSIBLE SUNSHINE  MM
  AVERAGE SKY COVER 0.2


WEATHER CONDITIONS
 THE FOLLOWING WEATHER WAS RECORDED YESTERDAY.
  NO SIGNIFICANT WEATHER WAS OBSERVED.


RELATIVE HUMIDITY (PERCENT)
 HIGHEST    94           400 AM
 LOWEST     48           400 PM
 AVERAGE    71

..........................................................


THE LONGVIEW CLIMATE NORMALS FOR TODAY
                         NORMAL    RECORD    YEAR
 MAXIMUM TEMPERATURE (F)   94       105      1939
 MINIMUM TEMPERATURE (F)   74        64      1910


SUNRISE AND SUNSET
JULY 20 2017..........SUNRISE   626 AM CDT   SUNSET   824 PM CDT
JULY 21 2017..........SUNRISE   626 AM CDT   SUNSET   824 PM CDT


-  INDICATES NEGATIVE NUMBERS.
R  INDICATES RECORD WAS SET OR TIED.
MM INDICATES DATA IS MISSING.
T  INDICATES TRACE AMOUNT.




$$
