000
CDUS45 KGGW 290741
CLIGGW


CLIMATE REPORT
NATIONAL WEATHER SERVICE GLASGOW MT
140 AM MDT SUN MAR 29 2015


...................................

...THE GLASGOW MT CLIMATE SUMMARY FOR MARCH 28 2015...

CLIMATE NORMAL PERIOD 1981 TO 2010
CLIMATE RECORD PERIOD 1893 TO 2015


WEATHER ITEM   OBSERVED TIME   RECORD YEAR NORMAL DEPARTURE LAST
                VALUE   (LST)  VALUE       VALUE  FROM      YEAR
                                                  NORMAL
..................................................................
TEMPERATURE (F)
 YESTERDAY
  MAXIMUM         75   1119 AM  77    1986  49     26       34
  MINIMUM         36    557 AM -25    1898  26     10       18
  AVERAGE         56                        38     18       26

PRECIPITATION (IN)
  YESTERDAY        0.17          0.50 1899   0.02   0.15     0.05
  MONTH TO DATE    0.75                      0.37   0.38     0.62
  SINCE OCT 1      3.07                      2.55   0.52     2.42
  SINCE JAN 1      1.81                      1.00   0.81     0.97

SNOWFALL (IN)
  YESTERDAY        0.0           2.1  1934   0.1   -0.1      0.9
  MONTH TO DATE    2.8                       4.3   -1.5      5.7
  SINCE MAR 1      2.8                       4.3   -1.5      5.7
  SINCE JUL 1     37.9                      31.3    6.6     29.5
  SNOW DEPTH       0  (12Z / 5 AM MST)

DEGREE DAYS
 HEATING
  YESTERDAY        9                        28    -19       39
  MONTH TO DATE  733                       953   -220     1056
  SINCE MAR 1    733                       953   -220     1056
  SINCE JUL 1   6817                      7323   -506     7704

 COOLING
  YESTERDAY        0                         0      0        0
  MONTH TO DATE    0                         0      0        0
  SINCE MAR 1      0                         0      0        0
  SINCE JAN 1      0                         0      0        0
..................................................................


WIND (MPH)
  HIGHEST WIND SPEED    40   HIGHEST WIND DIRECTION    NW (330)
  HIGHEST GUST SPEED    51   HIGHEST GUST DIRECTION     W (280)
  AVERAGE WIND SPEED    20.2


SKY COVER
  POSSIBLE SUNSHINE  MM
  AVERAGE SKY COVER 0.5


WEATHER CONDITIONS
 THE FOLLOWING WEATHER WAS RECORDED YESTERDAY.
  LIGHT RAIN
  FOG


RELATIVE HUMIDITY (PERCENT)
 HIGHEST    89           800 PM
 LOWEST     27          1200 PM
 AVERAGE    58

..........................................................


THE GLASGOW MT CLIMATE NORMALS FOR TODAY
                         NORMAL    RECORD    YEAR
 MAXIMUM TEMPERATURE (F)   50        73      2010
 MINIMUM TEMPERATURE (F)   26       -16      1899


SUNRISE AND SUNSET
MARCH 29 2015.........SUNRISE   651 AM MDT   SUNSET   732 PM MDT
MARCH 30 2015.........SUNRISE   649 AM MDT   SUNSET   734 PM MDT


-  INDICATES NEGATIVE NUMBERS.
R  INDICATES RECORD WAS SET OR TIED.
MM INDICATES DATA IS MISSING.
T  INDICATES TRACE AMOUNT.




$$
