000
CDUS45 KGGW 250740
CLIGGW


CLIMATE REPORT
NATIONAL WEATHER SERVICE GLASGOW MT
140 AM MDT MON MAY 25 2015


...................................

...THE GLASGOW MT CLIMATE SUMMARY FOR MAY 24 2015...

CLIMATE NORMAL PERIOD 1981 TO 2010
CLIMATE RECORD PERIOD 1893 TO 2015


WEATHER ITEM   OBSERVED TIME   RECORD YEAR NORMAL DEPARTURE LAST
                VALUE   (LST)  VALUE       VALUE  FROM      YEAR
                                                  NORMAL
..................................................................
TEMPERATURE (F)
 YESTERDAY
  MAXIMUM         78    342 PM  95    1929  70      8       87
  MINIMUM         44    424 AM  29    1903  45     -1       56
  AVERAGE         61                        58      3       72

PRECIPITATION (IN)
  YESTERDAY        0.00          0.86 2010   0.07  -0.07     0.00
  MONTH TO DATE    0.73                      1.36  -0.63     1.25
  SINCE OCT 1      4.99                      4.81   0.18     4.69
  SINCE JAN 1      3.73                      3.26   0.47     3.24

SNOWFALL (IN)
  YESTERDAY        0.0           0.0  2002   0.0    0.0      0.0
                                      2000
  MONTH TO DATE    0.0                       1.1   -1.1       T
  SINCE MAR 1      8.1                       7.7    0.4      6.6
  SINCE JUL 1     43.2                      34.7    8.5     30.4
  SNOW DEPTH       0

DEGREE DAYS
 HEATING
  YESTERDAY        4                         8     -4        0
  MONTH TO DATE  308                       274     34      329
  SINCE MAR 1   1649                      1911   -262     2150
  SINCE JUL 1   7733                      8281   -548     8798

 COOLING
  YESTERDAY        0                         1     -1        7
  MONTH TO DATE    0                         4     -4       13
  SINCE MAR 1      0                         5     -5       13
  SINCE JAN 1      0                         5     -5       13
..................................................................


WIND (MPH)
  HIGHEST WIND SPEED    22   HIGHEST WIND DIRECTION     E (100)
  HIGHEST GUST SPEED    32   HIGHEST GUST DIRECTION    SE (120)
  AVERAGE WIND SPEED     7.4


SKY COVER
  POSSIBLE SUNSHINE  MM
  AVERAGE SKY COVER 0.4


WEATHER CONDITIONS
 THE FOLLOWING WEATHER WAS RECORDED YESTERDAY.
  NO SIGNIFICANT WEATHER WAS OBSERVED.


RELATIVE HUMIDITY (PERCENT)
 HIGHEST    77           600 AM
 LOWEST     20           400 PM
 AVERAGE    49

..........................................................


THE GLASGOW MT CLIMATE NORMALS FOR TODAY
                         NORMAL    RECORD    YEAR
 MAXIMUM TEMPERATURE (F)   70        95      1931
 MINIMUM TEMPERATURE (F)   46        22      1903


SUNRISE AND SUNSET
MAY 25 2015...........SUNRISE   516 AM MDT   SUNSET   851 PM MDT
MAY 26 2015...........SUNRISE   515 AM MDT   SUNSET   853 PM MDT


-  INDICATES NEGATIVE NUMBERS.
R  INDICATES RECORD WAS SET OR TIED.
MM INDICATES DATA IS MISSING.
T  INDICATES TRACE AMOUNT.




$$
