000
CDUS45 KGGW 310742
CLIGGW


CLIMATE REPORT
NATIONAL WEATHER SERVICE GLASGOW MT
1241 AM MST SAT JAN 31 2015


...................................

...THE GLASGOW MT CLIMATE SUMMARY FOR JANUARY 30 2015...

CLIMATE NORMAL PERIOD 1981 TO 2010
CLIMATE RECORD PERIOD 1893 TO 2015


WEATHER ITEM   OBSERVED TIME   RECORD YEAR NORMAL DEPARTURE LAST
                VALUE   (LST)  VALUE       VALUE  FROM      YEAR
                                                  NORMAL
..................................................................
TEMPERATURE (F)
 YESTERDAY
  MAXIMUM         40    348 PM  49    2012  25     15       10
  MINIMUM         18    606 AM -43    1950   6     12       -9
                                      1916
  AVERAGE         29                        15     14        1

PRECIPITATION (IN)
  YESTERDAY        0.00          0.33 1929   0.01  -0.01      T
  MONTH TO DATE    0.63                      0.36   0.27     0.13
  SINCE OCT 1      1.89                      1.91  -0.02     1.58
  SINCE JAN 1      0.63                      0.36   0.27     0.13

SNOWFALL (IN)
  YESTERDAY        0.0           6.1  2011   0.2   -0.2      0.1
  MONTH TO DATE   16.1                       7.8    8.3      1.1
  SINCE DEC 1     16.3                      15.8    0.5     16.2
  SINCE JUL 1     27.7                      22.4    5.3     19.9
  SNOW DEPTH       0  (12Z / 5 AM MST)

DEGREE DAYS
 HEATING
  YESTERDAY       36                        50    -14       64
  MONTH TO DATE 1357                      1540   -183     1380
  SINCE DEC 1   2672                      3049   -377     3159
  SINCE JUL 1   4757                      5042   -285     5070

 COOLING
  YESTERDAY        0                         0      0        0
  MONTH TO DATE    0                         0      0        0
  SINCE DEC 1      0                         0      0        0
  SINCE JAN 1      0                         0      0        0
..................................................................


WIND (MPH)
  HIGHEST WIND SPEED    21   HIGHEST WIND DIRECTION     E (90)
  HIGHEST GUST SPEED    27   HIGHEST GUST DIRECTION     E (90)
  AVERAGE WIND SPEED     8.1


SKY COVER
  POSSIBLE SUNSHINE  MM
  AVERAGE SKY COVER 0.1


WEATHER CONDITIONS
 THE FOLLOWING WEATHER WAS RECORDED YESTERDAY.
  FOG
  FOG W/VISIBILITY <= 1/4 MILE


RELATIVE HUMIDITY (PERCENT)
 HIGHEST    92           900 AM
 LOWEST     70           300 PM
 AVERAGE    81

..........................................................


THE GLASGOW MT CLIMATE NORMALS FOR TODAY
                         NORMAL    RECORD    YEAR
 MAXIMUM TEMPERATURE (F)   25        53      1992
 MINIMUM TEMPERATURE (F)    6       -46      1918


SUNRISE AND SUNSET
JANUARY 31 2015.......SUNRISE   736 AM MST   SUNSET   504 PM MST
FEBRUARY  1 2015......SUNRISE   735 AM MST   SUNSET   506 PM MST


-  INDICATES NEGATIVE NUMBERS.
R  INDICATES RECORD WAS SET OR TIED.
MM INDICATES DATA IS MISSING.
T  INDICATES TRACE AMOUNT.




$$
