000
CDUS45 KGGW 150030
CLIGGW


CLIMATE REPORT
NATIONAL WEATHER SERVICE GLASGOW MT
525 PM MST THU DEC 14 2017


...................................

...THE GLASGOW MT CLIMATE SUMMARY FOR DECEMBER 14 2017...
VALID TODAY AS OF 0500 PM LOCAL TIME.

CLIMATE NORMAL PERIOD 1981 TO 2010
CLIMATE RECORD PERIOD 1893 TO 2017


WEATHER ITEM   OBSERVED TIME   RECORD YEAR NORMAL DEPARTURE LAST
                VALUE   (LST)  VALUE       VALUE  FROM      YEAR
                                                  NORMAL
..................................................................
TEMPERATURE (F)
 TODAY
  MAXIMUM         39    212 PM  55    1979  26     13        5
  MINIMUM         26    523 PM -37    1922   7     19      -13
  AVERAGE         33                        16     17       -4

PRECIPITATION (IN)
  TODAY            0.00          0.28 2015   0.01  -0.01     0.00
  MONTH TO DATE    0.04                      0.15  -0.11     0.28
  SINCE OCT 1      1.12                      1.30  -0.18     3.45
  SINCE JAN 1      5.96                     11.41  -5.45    20.78

SNOWFALL (IN)
  TODAY            0.0           5.1  2015   0.2   -0.2      0.0
  MONTH TO DATE    0.7                       2.9   -2.2      7.1
  SINCE DEC 1      0.7                       2.9   -2.2      7.1
  SINCE JUL 1      2.3                       9.5   -7.2      7.5
  SNOW DEPTH       0

DEGREE DAYS
 HEATING
  TODAY           32                        49    -17       69
  MONTH TO DATE  451                       650   -199      783
  SINCE DEC 1    451                       650   -199      783
  SINCE JUL 1   2386                      2643   -257     2402

 COOLING
  TODAY            0                         0      0        0
  MONTH TO DATE    0                         0      0        0
  SINCE DEC 1      0                         0      0        0
  SINCE JAN 1    684                       533    151      434
..................................................................


WIND (MPH)
  HIGHEST WIND SPEED    18   HIGHEST WIND DIRECTION    NW (300)
  HIGHEST GUST SPEED    26   HIGHEST GUST DIRECTION    NW (310)
  AVERAGE WIND SPEED    13.9


SKY COVER
  POSSIBLE SUNSHINE  MM
  AVERAGE SKY COVER 0.4


WEATHER CONDITIONS
 THE FOLLOWING WEATHER WAS RECORDED TODAY.
  NO SIGNIFICANT WEATHER WAS OBSERVED.


RELATIVE HUMIDITY (PERCENT)
 HIGHEST    92           100 AM
 LOWEST     54           100 PM
 AVERAGE    73

..........................................................


THE GLASGOW MT CLIMATE NORMALS FOR TOMORROW
                         NORMAL    RECORD    YEAR
 MAXIMUM TEMPERATURE (F)   26        57      1980
 MINIMUM TEMPERATURE (F)    6       -39      1927


SUNRISE AND SUNSET
DECEMBER 14 2017......SUNRISE   750 AM MST   SUNSET   413 PM MST
DECEMBER 15 2017......SUNRISE   751 AM MST   SUNSET   413 PM MST


-  INDICATES NEGATIVE NUMBERS.
R  INDICATES RECORD WAS SET OR TIED.
MM INDICATES DATA IS MISSING.
T  INDICATES TRACE AMOUNT.




$$
