000
CDUS45 KGGW 021230
CLIGGW


CLIMATE REPORT
NATIONAL WEATHER SERVICE GLASGOW MT
630 AM MDT THU OCT 2 2014


...................................

...THE GLASGOW MT CLIMATE SUMMARY FOR OCTOBER 2 2014...
VALID AS OF 0600 AM LOCAL TIME.

CLIMATE NORMAL PERIOD 1981 TO 2010
CLIMATE RECORD PERIOD 1893 TO 2014


WEATHER ITEM   OBSERVED TIME   RECORD YEAR NORMAL DEPARTURE LAST
                VALUE   (LST)  VALUE       VALUE  FROM      YEAR
                                                  NORMAL
..................................................................
TEMPERATURE (F)
 TODAY
  MINIMUM         41    500 AM  19    1999  38      3       35

PRECIPITATION (IN)
  TODAY            0.00          0.99 1893   0.03  -0.03     0.00
  MONTH TO DATE    0.02                      0.07  -0.05     0.00
  SINCE OCT 1      0.02                      0.07  -0.05     0.00
  SINCE JAN 1     13.77                     10.18   3.59    14.42

SNOWFALL (IN)
  TODAY            0.0           0.3  1999   0.1   -0.1      0.0
  MONTH TO DATE    0.0                       0.1   -0.1      0.0
  SINCE SEP 1      0.0                       0.3   -0.3      0.0
  SINCE JUL 1      0.0                       0.3   -0.3      0.0
  SNOW DEPTH       0

DEGREE DAYS
 HEATING
  TODAY           20                        14      6       17
  MONTH TO DATE   33                        28      5       28
  SINCE SEP 1    264                       269     -5      151
  SINCE JUL 1    317                       322     -5      166

 COOLING
  TODAY            0                         0      0        0
  MONTH TO DATE    0                         0      0        0
  SINCE SEP 1     23                        37    -14       86
  SINCE JAN 1    495                       532    -37      563
..................................................................





WEATHER CONDITIONS
 THE FOLLOWING WEATHER WAS RECORDED TODAY.
  NO SIGNIFICANT WEATHER WAS OBSERVED.


RELATIVE HUMIDITY (PERCENT)
 HIGHEST    79           500 AM

..........................................................


THE GLASGOW MT CLIMATE NORMALS FOR TOMORROW
                         NORMAL    RECORD    YEAR
 MAXIMUM TEMPERATURE (F)   63        90      1987
                                             1943
 MINIMUM TEMPERATURE (F)   37        17      1999


SUNRISE AND SUNSET
OCTOBER  2 2014.......SUNRISE   707 AM MDT   SUNSET   643 PM MDT
OCTOBER  3 2014.......SUNRISE   709 AM MDT   SUNSET   641 PM MDT


-  INDICATES NEGATIVE NUMBERS.
R  INDICATES RECORD WAS SET OR TIED.
MM INDICATES DATA IS MISSING.
T  INDICATES TRACE AMOUNT.




$$
