000
CDUS45 KGGW 260741
CLIGGW


CLIMATE REPORT
NATIONAL WEATHER SERVICE GLASGOW MT
1240 AM MST FRI DEC 26 2014


...................................

...THE GLASGOW MT CLIMATE SUMMARY FOR DECEMBER 25 2014...

CLIMATE NORMAL PERIOD 1981 TO 2010
CLIMATE RECORD PERIOD 1893 TO 2014


WEATHER ITEM   OBSERVED TIME   RECORD YEAR NORMAL DEPARTURE LAST
                VALUE   (LST)  VALUE       VALUE  FROM      YEAR
                                                  NORMAL
..................................................................
TEMPERATURE (F)
 YESTERDAY
  MAXIMUM         28    300 AM  52    1947  24      4       31
  MINIMUM         19   1159 PM -36    1996   4     15       20
  AVERAGE         24                        14     10       26

PRECIPITATION (IN)
  YESTERDAY        0.00          0.20 1895   0.01  -0.01     0.00
  MONTH TO DATE    0.11                      0.31  -0.20     0.66
  SINCE OCT 1      1.26                      1.46  -0.20     1.25
  SINCE JAN 1     15.00                     11.57   3.43    15.67

SNOWFALL (IN)
  YESTERDAY        0.0           3.0  1988   0.4   -0.4      0.0
  MONTH TO DATE    0.1                       6.2   -6.1     10.8
  SINCE DEC 1      0.1                       6.2   -6.1     10.8
  SINCE JUL 1     11.5                      12.8   -1.3     14.5
  SNOW DEPTH       0  (12Z / 5 AM MST)

DEGREE DAYS
 HEATING
  YESTERDAY       41                        51    -10       39
  MONTH TO DATE  999                      1202   -203     1488
  SINCE DEC 1    999                      1202   -203     1488
  SINCE JUL 1   3084                      3195   -111     3399

 COOLING
  YESTERDAY        0                         0      0        0
  MONTH TO DATE    0                         0      0        0
  SINCE DEC 1      0                         0      0        0
  SINCE JAN 1    495                       533    -38      563
..................................................................


WIND (MPH)
  HIGHEST WIND SPEED    22   HIGHEST WIND DIRECTION     N (340)
  HIGHEST GUST SPEED    26   HIGHEST GUST DIRECTION    NW (330)
  AVERAGE WIND SPEED    11.8


SKY COVER
  POSSIBLE SUNSHINE  MM
  AVERAGE SKY COVER 1.0


WEATHER CONDITIONS
 THE FOLLOWING WEATHER WAS RECORDED YESTERDAY.
  NO SIGNIFICANT WEATHER WAS OBSERVED.


RELATIVE HUMIDITY (PERCENT)
 HIGHEST    88          1200 AM
 LOWEST     68          1000 AM
 AVERAGE    78

..........................................................


THE GLASGOW MT CLIMATE NORMALS FOR TODAY
                         NORMAL    RECORD    YEAR
 MAXIMUM TEMPERATURE (F)   24        57      1947
 MINIMUM TEMPERATURE (F)    4       -33      1933


SUNRISE AND SUNSET
DECEMBER 26 2014......SUNRISE   756 AM MST   SUNSET   418 PM MST
DECEMBER 27 2014......SUNRISE   757 AM MST   SUNSET   419 PM MST


-  INDICATES NEGATIVE NUMBERS.
R  INDICATES RECORD WAS SET OR TIED.
MM INDICATES DATA IS MISSING.
T  INDICATES TRACE AMOUNT.




$$
