000
CDUS45 KGGW 270741
CLIGGW


CLIMATE REPORT
NATIONAL WEATHER SERVICE GLASGOW MT
1240 AM MST MON FEB 27 2017


...................................

...THE GLASGOW MT CLIMATE SUMMARY FOR FEBRUARY 26 2017...

CLIMATE NORMAL PERIOD 1981 TO 2010
CLIMATE RECORD PERIOD 1893 TO 2017


WEATHER ITEM   OBSERVED TIME   RECORD YEAR NORMAL DEPARTURE LAST
                VALUE   (LST)  VALUE       VALUE  FROM      YEAR
                                                  NORMAL
..................................................................
TEMPERATURE (F)
 YESTERDAY
  MAXIMUM         26    250 PM  66    1932  33     -7       61
  MINIMUM         16    732 AM -30    2011  13      3       22
                                      1917
  AVERAGE         21                        23     -2       42

PRECIPITATION (IN)
  YESTERDAY        0.01          0.14 1999   0.01   0.00     0.00
  MONTH TO DATE    0.50                      0.24   0.26     0.24
  SINCE OCT 1      4.50                      2.16   2.34     3.56
  SINCE JAN 1      0.97                      0.61   0.36     0.58

SNOWFALL (IN)
  YESTERDAY        0.1           2.2  2009   0.2   -0.1      0.0
  MONTH TO DATE    7.9                       4.1    3.8      1.6
  SINCE DEC 1     29.8                      20.1    9.7     20.0
  SINCE JUL 1     30.2                      26.7    3.5     21.0
  SNOW DEPTH       T  (12Z / 5AM MST)

DEGREE DAYS
 HEATING
  YESTERDAY       44                        42      2       23
  MONTH TO DATE 1079                      1199   -120      873
  SINCE DEC 1   4393                      4295     98     3715
  SINCE JUL 1   6012                      6288   -276     5377

 COOLING
  YESTERDAY        0                         0      0        0
  MONTH TO DATE    0                         0      0        0
  SINCE DEC 1      0                         0      0        0
  SINCE JAN 1      0                         0      0        0
..................................................................


WIND (MPH)
  HIGHEST WIND SPEED    18   HIGHEST WIND DIRECTION    NW (330)
  HIGHEST GUST SPEED    22   HIGHEST GUST DIRECTION     N (350)
  AVERAGE WIND SPEED     7.4


SKY COVER
  POSSIBLE SUNSHINE  MM
  AVERAGE SKY COVER 0.9


WEATHER CONDITIONS
 THE FOLLOWING WEATHER WAS RECORDED YESTERDAY.
  LIGHT SNOW
  FOG
  HAZE


RELATIVE HUMIDITY (PERCENT)
 HIGHEST    84          1200 AM
 LOWEST     60           400 PM
 AVERAGE    72

..........................................................


THE GLASGOW MT CLIMATE NORMALS FOR TODAY
                         NORMAL    RECORD    YEAR
 MAXIMUM TEMPERATURE (F)   34        74      1932
 MINIMUM TEMPERATURE (F)   14       -40      1922


SUNRISE AND SUNSET
FEBRUARY 27 2017......SUNRISE   651 AM MST   SUNSET   548 PM MST
FEBRUARY 28 2017......SUNRISE   649 AM MST   SUNSET   550 PM MST


-  INDICATES NEGATIVE NUMBERS.
R  INDICATES RECORD WAS SET OR TIED.
MM INDICATES DATA IS MISSING.
T  INDICATES TRACE AMOUNT.




$$
