000
CDUS45 KGGW 201234
CLIGGW


CLIMATE REPORT
NATIONAL WEATHER SERVICE GLASGOW MT
634 AM MDT FRI OCT 20 2017


...................................

...THE GLASGOW MT CLIMATE SUMMARY FOR OCTOBER 20 2017...
VALID AS OF 0600 AM LOCAL TIME.

CLIMATE NORMAL PERIOD 1981 TO 2010
CLIMATE RECORD PERIOD 1893 TO 2017


WEATHER ITEM   OBSERVED TIME   RECORD YEAR NORMAL DEPARTURE LAST
                VALUE   (LST)  VALUE       VALUE  FROM      YEAR
                                                  NORMAL
..................................................................
TEMPERATURE (F)
 TODAY
  MINIMUM         45    500 AM   2    1930  31     14       25

PRECIPITATION (IN)
  TODAY            0.00          0.67 2015   0.03  -0.03      T
  MONTH TO DATE    0.82                      0.56   0.26     2.37
  SINCE OCT 1      0.82                      0.56   0.26     2.37
  SINCE JAN 1      5.66                     10.67  -5.01    19.70

SNOWFALL (IN)
  TODAY            0.0           1.5  1951   0.1   -0.1      0.0
  MONTH TO DATE    0.7                       0.7    0.0      0.4
  SINCE SEP 1      0.7                       0.9   -0.2      0.4
  SINCE JUL 1      0.7                       0.9   -0.2      0.4
  SNOW DEPTH      MM

DEGREE DAYS
 HEATING
  TODAY           16                        22     -6       23
  MONTH TO DATE  370                       358     12      406
  SINCE SEP 1    596                       599     -3      630
  SINCE JUL 1    603                       652    -49      664

 COOLING
  TODAY            0                         0      0        0
  MONTH TO DATE    0                         0      0        0
  SINCE SEP 1     54                        37     17       29
  SINCE JAN 1    684                       532    152      434
..................................................................





WEATHER CONDITIONS
 THE FOLLOWING WEATHER WAS RECORDED TODAY.
  NO SIGNIFICANT WEATHER WAS OBSERVED.


RELATIVE HUMIDITY (PERCENT)
 HIGHEST    58           300 AM

..........................................................


THE GLASGOW MT CLIMATE NORMALS FOR TOMORROW
                         NORMAL    RECORD    YEAR
 MAXIMUM TEMPERATURE (F)   55        85      2003
 MINIMUM TEMPERATURE (F)   31        10      1930


SUNRISE AND SUNSET
OCTOBER 20 2017.......SUNRISE   734 AM MDT   SUNSET   608 PM MDT
OCTOBER 21 2017.......SUNRISE   736 AM MDT   SUNSET   606 PM MDT


-  INDICATES NEGATIVE NUMBERS.
R  INDICATES RECORD WAS SET OR TIED.
MM INDICATES DATA IS MISSING.
T  INDICATES TRACE AMOUNT.




$$
