000
CDUS45 KGJT 280811
CLIGJT


CLIMATE REPORT
NATIONAL WEATHER SERVICE GRAND JUNCTION CO
1230 AM MST SUN DEC 28 2014


...................................

...THE GRAND JUNCTION CO CLIMATE SUMMARY FOR DECEMBER 27 2014...

CLIMATE NORMAL PERIOD 1981 TO 2010
CLIMATE RECORD PERIOD 1893 TO 2014


WEATHER ITEM   OBSERVED TIME   RECORD YEAR NORMAL DEPARTURE LAST
                VALUE   (LST)  VALUE       VALUE  FROM      YEAR
                                                  NORMAL
..................................................................
TEMPERATURE (F)
 YESTERDAY
  MAXIMUM         27    232 PM  58    1964  37    -10       32
  MINIMUM          3    753 AM -15    1924  17    -14        7
  AVERAGE         15                        27    -12       20

PRECIPITATION (IN)
  YESTERDAY        0.00          0.37 1983   0.01  -0.01     0.00
  MONTH TO DATE    0.88                      0.51   0.37     0.96
  SINCE DEC 1      0.88                      0.51   0.37     0.96
  SINCE JAN 1     11.78                      9.34   2.44    12.43

SNOWFALL (IN)
  YESTERDAY        0.0           4.3  1966   0.2   -0.2      0.0
  MONTH TO DATE    2.9                       4.1   -1.2     10.7
  SINCE DEC 1      2.9                       4.1   -1.2     10.7
  SINCE JUL 1      2.9                       6.6   -3.7     15.5
  SNOW DEPTH       1

DEGREE DAYS
 HEATING
  YESTERDAY       50                        38     12       45
  MONTH TO DATE  821                       978   -157     1341
  SINCE DEC 1    821                       978   -157     1341
  SINCE JUL 1   2045                      2206   -161     2680

 COOLING
  YESTERDAY        0                         0      0        0
  MONTH TO DATE    0                         0      0        0
  SINCE DEC 1      0                         0      0        0
  SINCE JAN 1   1046                      1125    -79     1269
..................................................................


WIND (MPH)
  HIGHEST WIND SPEED     9   HIGHEST WIND DIRECTION     E (80)
  HIGHEST GUST SPEED    10   HIGHEST GUST DIRECTION     E (80)
  AVERAGE WIND SPEED     2.5


SKY COVER
  POSSIBLE SUNSHINE  MM
  AVERAGE SKY COVER 0.1


WEATHER CONDITIONS
 THE FOLLOWING WEATHER WAS RECORDED YESTERDAY.
  NO SIGNIFICANT WEATHER WAS OBSERVED.


RELATIVE HUMIDITY (PERCENT)
 HIGHEST    92           900 PM
 LOWEST     50           200 PM
 AVERAGE    71

..........................................................


THE GRAND JUNCTION CO CLIMATE NORMALS FOR TODAY
                         NORMAL    RECORD    YEAR
 MAXIMUM TEMPERATURE (F)   37        54      1955
 MINIMUM TEMPERATURE (F)   17       -13      1909


SUNRISE AND SUNSET
DECEMBER 28 2014......SUNRISE   733 AM MST   SUNSET   459 PM MST
DECEMBER 29 2014......SUNRISE   733 AM MST   SUNSET   500 PM MST


-  INDICATES NEGATIVE NUMBERS.
R  INDICATES RECORD WAS SET OR TIED.
MM INDICATES DATA IS MISSING.
T  INDICATES TRACE AMOUNT.




$$
