510
CDUS45 KGJT 272331
CLIGJT


CLIMATE REPORT
NATIONAL WEATHER SERVICE GRAND JUNCTION CO
525 PM MDT TUE SEP 27 2016


...................................

...THE GRAND JUNCTION CO CLIMATE SUMMARY FOR SEPTEMBER 27 2016...
VALID TODAY AS OF 0500 PM LOCAL TIME.

CLIMATE NORMAL PERIOD 1981 TO 2010
CLIMATE RECORD PERIOD 1893 TO 2016


WEATHER ITEM   OBSERVED TIME   RECORD YEAR NORMAL DEPARTURE LAST
                VALUE   (LST)  VALUE       VALUE  FROM      YEAR
                                                  NORMAL
..................................................................
TEMPERATURE (F)
 TODAY
  MAXIMUM         80    350 PM  90    2010  75      5       86
                                      1963
  MINIMUM         46    553 AM  28    1908  47     -1       51
  AVERAGE         63                        61      2       69

PRECIPITATION (IN)
  TODAY            0.00          0.71 1982   0.03  -0.03     0.00
  MONTH TO DATE    0.52                      1.07  -0.55     0.79
  SINCE SEP 1      0.52                      1.07  -0.55     0.79
  SINCE JAN 1      6.77                      6.92  -0.15     9.03

SNOWFALL (IN)
  TODAY            0.0           0.0  2015   0.0    0.0      0.0
  MONTH TO DATE    0.0                       0.0    0.0       T
  SINCE SEP 1      0.0                       0.0    0.0       T
  SINCE JUL 1      0.0                       0.0    0.0       T
  SNOW DEPTH       0

DEGREE DAYS
 HEATING
  TODAY            2                         5     -3        0
  MONTH TO DATE   47                        55     -8        7
  SINCE SEP 1     47                        55     -8        7
  SINCE JUL 1     47                        58    -11        7

 COOLING
  TODAY            0                         1     -1        4
  MONTH TO DATE  119                       100     19      106
  SINCE SEP 1    119                       100     19      106
  SINCE JAN 1   1233                      1119    114     1002
..................................................................


WIND (MPH)
  HIGHEST WIND SPEED    14   HIGHEST WIND DIRECTION    SE (130)
  HIGHEST GUST SPEED    17   HIGHEST GUST DIRECTION    SE (130)
  AVERAGE WIND SPEED     7.4


SKY COVER
  POSSIBLE SUNSHINE  MM
  AVERAGE SKY COVER 0.0


WEATHER CONDITIONS
 THE FOLLOWING WEATHER WAS RECORDED TODAY.
  NO SIGNIFICANT WEATHER WAS OBSERVED.


RELATIVE HUMIDITY (PERCENT)
 HIGHEST    71           600 AM
 LOWEST     19           400 PM
 AVERAGE    45

..........................................................


THE GRAND JUNCTION CO CLIMATE NORMALS FOR TOMORROW
                         NORMAL    RECORD    YEAR
 MAXIMUM TEMPERATURE (F)   75        89      2010
                                             2001
 MINIMUM TEMPERATURE (F)   47        33      1999


SUNRISE AND SUNSET
SEPTEMBER 27 2016.....SUNRISE   707 AM MDT   SUNSET   702 PM MDT
SEPTEMBER 28 2016.....SUNRISE   708 AM MDT   SUNSET   701 PM MDT


-  INDICATES NEGATIVE NUMBERS.
R  INDICATES RECORD WAS SET OR TIED.
MM INDICATES DATA IS MISSING.
T  INDICATES TRACE AMOUNT.




$$
