000
CDUS45 KGJT 030736
CLIGJT


CLIMATE REPORT
NATIONAL WEATHER SERVICE GRAND JUNCTION CO
130 AM MDT FRI JUL 3 2015


...................................

...THE GRAND JUNCTION CO CLIMATE SUMMARY FOR JULY 2 2015...

CLIMATE NORMAL PERIOD 1981 TO 2010
CLIMATE RECORD PERIOD 1893 TO 2015


WEATHER ITEM   OBSERVED TIME   RECORD YEAR NORMAL DEPARTURE LAST
                VALUE   (LST)  VALUE       VALUE  FROM      YEAR
                                                  NORMAL
..................................................................
TEMPERATURE (F)
 YESTERDAY
  MAXIMUM         95    144 PM 103    2007  93      2       94
                                      2002
  MINIMUM         69    324 AM  51    1997  61      8       57
  AVERAGE         82                        77      5       76

PRECIPITATION (IN)
  YESTERDAY        0.00          0.37 1895   0.01  -0.01     0.00
  MONTH TO DATE    T                         0.03  -0.03     0.00
  SINCE JUN 1      1.19                      0.49   0.70     0.13
  SINCE JAN 1      6.29                      4.32   1.97     3.91

SNOWFALL (IN)
  YESTERDAY        0.0           0.0  2014   0.0    0.0      0.0
  MONTH TO DATE    0.0                       0.0    0.0      0.0
  SINCE JUN 1      0.0                       0.0    0.0      0.0
  SINCE JUL 1      0.0                       0.0    0.0      0.0
  SNOW DEPTH       0

DEGREE DAYS
 HEATING
  YESTERDAY        0                         0      0        0
  MONTH TO DATE    0                         0      0        0
  SINCE JUN 1     12                        22    -10       19
  SINCE JUL 1      0                         0      0        0

 COOLING
  YESTERDAY       17                        12      5       11
  MONTH TO DATE   33                        24      9       26
  SINCE JUN 1    323                       255     68      224
  SINCE JAN 1    331                       306     25      283
..................................................................


WIND (MPH)
  HIGHEST WIND SPEED    23   HIGHEST WIND DIRECTION    NE (60)
  HIGHEST GUST SPEED    29   HIGHEST GUST DIRECTION    NE (60)
  AVERAGE WIND SPEED     5.9


SKY COVER
  POSSIBLE SUNSHINE  MM
  AVERAGE SKY COVER 0.1


WEATHER CONDITIONS
 THE FOLLOWING WEATHER WAS RECORDED YESTERDAY.
  THUNDERSTORM


RELATIVE HUMIDITY (PERCENT)
 HIGHEST    49           400 AM
 LOWEST     19           400 PM
 AVERAGE    34

..........................................................


THE GRAND JUNCTION CO CLIMATE NORMALS FOR TODAY
                         NORMAL    RECORD    YEAR
 MAXIMUM TEMPERATURE (F)   93       102      2007
 MINIMUM TEMPERATURE (F)   62        48      1921


SUNRISE AND SUNSET
JULY  3 2015..........SUNRISE   553 AM MDT   SUNSET   844 PM MDT
JULY  4 2015..........SUNRISE   554 AM MDT   SUNSET   844 PM MDT


-  INDICATES NEGATIVE NUMBERS.
R  INDICATES RECORD WAS SET OR TIED.
MM INDICATES DATA IS MISSING.
T  INDICATES TRACE AMOUNT.




$$
