000
CDUS45 KGJT 160730
CLIGJT


CLIMATE REPORT
NATIONAL WEATHER SERVICE GRAND JUNCTION CO
1228 AM MST MON JAN 16 2017


...................................

...THE GRAND JUNCTION CO CLIMATE SUMMARY FOR JANUARY 15 2017...

CLIMATE NORMAL PERIOD 1981 TO 2010
CLIMATE RECORD PERIOD 1893 TO 2017


WEATHER ITEM   OBSERVED TIME   RECORD YEAR NORMAL DEPARTURE LAST
                VALUE   (LST)  VALUE       VALUE  FROM      YEAR
                                                  NORMAL
..................................................................
TEMPERATURE (F)
 YESTERDAY
  MAXIMUM         47    217 PM  57    1928  37     10       29
  MINIMUM         32    733 AM -12    2013  17     15       17
  AVERAGE         40                        27     13       23

PRECIPITATION (IN)
  YESTERDAY        0.00          0.22 2006   0.02  -0.02     0.03
                                      1893
  MONTH TO DATE    0.73                      0.30   0.43     0.34
  SINCE DEC 1      1.46                      0.89   0.57     1.03
  SINCE JAN 1      0.73                      0.30   0.43     0.34

SNOWFALL (IN)
  YESTERDAY        0.0           2.4  2006   0.1   -0.1      0.6
  MONTH TO DATE    4.1                       2.7    1.4      4.2
  SINCE DEC 1      7.6                       7.6    0.0     13.7
  SINCE JUL 1      8.1                      10.1   -2.0     17.1
  SNOW DEPTH       0

DEGREE DAYS
 HEATING
  YESTERDAY       25                        38    -13       42
  MONTH TO DATE  524                       574    -50      651
  SINCE DEC 1   1601                      1705   -104     1878
  SINCE JUL 1   2471                      2933   -462     2927

 COOLING
  YESTERDAY        0                         0      0        0
  MONTH TO DATE    0                         0      0        0
  SINCE DEC 1      0                         0      0        0
  SINCE JAN 1      0                         0      0        0
..................................................................


WIND (MPH)
  HIGHEST WIND SPEED    10   HIGHEST WIND DIRECTION     W (280)
  HIGHEST GUST SPEED    12   HIGHEST GUST DIRECTION    NW (300)
  AVERAGE WIND SPEED     3.4


SKY COVER
  POSSIBLE SUNSHINE  MM
  AVERAGE SKY COVER 0.5


WEATHER CONDITIONS
 THE FOLLOWING WEATHER WAS RECORDED YESTERDAY.
  NO SIGNIFICANT WEATHER WAS OBSERVED.


RELATIVE HUMIDITY (PERCENT)
 HIGHEST   100          1200 AM
 LOWEST     62          1200 PM
 AVERAGE    81

..........................................................


THE GRAND JUNCTION CO CLIMATE NORMALS FOR TODAY
                         NORMAL    RECORD    YEAR
 MAXIMUM TEMPERATURE (F)   37        56      1943
 MINIMUM TEMPERATURE (F)   17        -5      1947


SUNRISE AND SUNSET
JANUARY 16 2017.......SUNRISE   731 AM MST   SUNSET   517 PM MST
JANUARY 17 2017.......SUNRISE   731 AM MST   SUNSET   518 PM MST


-  INDICATES NEGATIVE NUMBERS.
R  INDICATES RECORD WAS SET OR TIED.
MM INDICATES DATA IS MISSING.
T  INDICATES TRACE AMOUNT.




$$
