000
CDUS43 KGLD 280747
CLIGLD

CLIMATE REPORT
NATIONAL WEATHER SERVICE GOODLAND
1246 AM MST SUN DEC 28 2014

...................................

...THE GOODLAND KS CLIMATE SUMMARY FOR DECEMBER 27 2014...

CLIMATE NORMAL PERIOD 1981 TO 2010
CLIMATE RECORD PERIOD 1895 TO 2014

WEATHER ITEM   OBSERVED TIME   RECORD YEAR NORMAL DEPARTURE LAST
                VALUE   (LST)  VALUE       VALUE  FROM      YEAR
                                                  NORMAL
..................................................................
TEMPERATURE (F)
 YESTERDAY
  MAXIMUM         28    306 PM  74    1980  42    -14       63
  MINIMUM          3    255 AM -11    1916  17    -14       25
  AVERAGE         16                        29    -13       44

PRECIPITATION (IN)
  YESTERDAY        0.00          0.49 1982   0.01  -0.01     0.00
  MONTH TO DATE    1.09                      0.41   0.68     0.05
  SINCE DEC 1      1.09                      0.41   0.68     0.05
  SINCE JAN 1     17.50                     19.61  -2.11    16.74

SNOWFALL (IN)
  YESTERDAY        0.0                       0.2   -0.2      0.0
  MONTH TO DATE    4.4                       4.8   -0.4      2.5
  SINCE DEC 1      4.4                       4.8   -0.4      2.5
  SINCE JUL 1      4.6                      12.0   -7.4      6.8
  SNOW DEPTH       2

DEGREE DAYS
 HEATING
  YESTERDAY       49                        36     13       21
  MONTH TO DATE  834                       948   -114      975
  SINCE DEC 1    834                       948   -114      975
  SINCE JUL 1   2089                      2267   -178     2248

 COOLING
  YESTERDAY        0                         0      0        0
  MONTH TO DATE    0                         0      0        0
  SINCE DEC 1      0                         0      0        0
  SINCE JAN 1    920                       941    -21     1181
..................................................................

WIND (MPH)
  HIGHEST WIND SPEED    17   HIGHEST WIND DIRECTION    NW (310)
  HIGHEST GUST SPEED    21   HIGHEST GUST DIRECTION     W (290)
  AVERAGE WIND SPEED    10.3


SKY COVER
  AVERAGE SKY COVER 0.0


WEATHER CONDITIONS
 THE FOLLOWING WEATHER WAS RECORDED YESTERDAY.
  NO SIGNIFICANT WEATHER WAS OBSERVED.


RELATIVE HUMIDITY (PERCENT)
 HIGHEST    91
 LOWEST     58
 AVERAGE    75

..........................................................


THE GOODLAND KS CLIMATE NORMALS FOR TODAY
                         NORMAL    RECORD    YEAR
 MAXIMUM TEMPERATURE (F)   42        67      2002
                                             1999
                                             1922
 MINIMUM TEMPERATURE (F)   17       -10      1924


SUNRISE AND SUNSET
DECEMBER 28 2014......SUNRISE   706 AM MST   SUNSET   431 PM MST
DECEMBER 29 2014......SUNRISE   706 AM MST   SUNSET   432 PM MST


-  INDICATES NEGATIVE NUMBERS.
R  INDICATES RECORD WAS SET OR TIED.
MM INDICATES DATA IS MISSING.
T  INDICATES TRACE AMOUNT.

&&

THE AVERAGE SOIL TEMPERATURE AT THE FOUR INCH DEPTH... 34
THE CURRENT DEPTH OF FROST... 2 INCHES

$$
