000
CDUS44 KJAN 272110
CLIGLH


CLIMATE REPORT
NATIONAL WEATHER SERVICE JACKSON MS
408 PM CDT SAT AUG 27 2016


...................................

...THE GREENVILLE CLIMATE SUMMARY FOR AUGUST 27 2016...
VALID TODAY AS OF 0400 PM LOCAL TIME.

CLIMATE NORMAL PERIOD 1981 TO 2010
CLIMATE RECORD PERIOD 1920 TO 2016


WEATHER ITEM   OBSERVED TIME   RECORD YEAR NORMAL DEPARTURE LAST
                VALUE   (LST)  VALUE       VALUE  FROM      YEAR
                                                  NORMAL
..................................................................
TEMPERATURE (F)
 TODAY
  MAXIMUM         94    259 PM 103    1943  92      2       86
  MINIMUM         71    600 AM  56    2015  69      2       56
  AVERAGE         83                        81      2       71

PRECIPITATION (IN)
  TODAY            0.00          1.79 1992   0.09  -0.09     0.00
  MONTH TO DATE    6.89                      2.05   4.84     1.76
  SINCE JUN 1     13.29                      9.89   3.40     7.36
  SINCE JAN 1     41.82                     34.15   7.67    27.33

SNOWFALL (IN)
  TODAY            0.0

DEGREE DAYS
 HEATING
  TODAY            0                         0      0        0
  MONTH TO DATE    0                         0      0        0
  SINCE JUN 1      0                         0      0        0
  SINCE JUL 1      0                         0      0        0

 COOLING
  TODAY           18                        15      3        6
  MONTH TO DATE  495                       450     45      449
  SINCE JUN 1   1590                      1397    193     1525
  SINCE JAN 1   1932                      1719    213     1906
..................................................................


WIND (MPH)
  HIGHEST WIND SPEED     9   HIGHEST WIND DIRECTION     E (90)
  HIGHEST GUST SPEED    12   HIGHEST GUST DIRECTION     E (90)
  AVERAGE WIND SPEED     4.4


SKY COVER
  POSSIBLE SUNSHINE  MM
  AVERAGE SKY COVER 0.0


WEATHER CONDITIONS
 THE FOLLOWING WEATHER WAS RECORDED TODAY.
  FOG
  FOG W/VISIBILITY <= 1/4 MILE


RELATIVE HUMIDITY (PERCENT)
 HIGHEST    94          1200 AM
 LOWEST     41           200 PM
 AVERAGE    68

..........................................................


THE GREENVILLE CLIMATE NORMALS FOR TOMORROW
                         NORMAL    RECORD    YEAR
 MAXIMUM TEMPERATURE (F)   91       102      1936
                                             1924
 MINIMUM TEMPERATURE (F)   69        54      1986


SUNRISE AND SUNSET
AUGUST 27 2016........SUNRISE   635 AM CDT   SUNSET   735 PM CDT
AUGUST 28 2016........SUNRISE   636 AM CDT   SUNSET   734 PM CDT


-  INDICATES NEGATIVE NUMBERS.
R  INDICATES RECORD WAS SET OR TIED.
MM INDICATES DATA IS MISSING.
T  INDICATES TRACE AMOUNT.




$$
