000
CDUS44 KJAN 212206
CLIGLH


CLIMATE REPORT
NATIONAL WEATHER SERVICE JACKSON MS
505 PM CDT FRI JUL 21 2017


...................................

...THE GREENVILLE CLIMATE SUMMARY FOR JULY 21 2017...
VALID AS OF 0500 PM LOCAL TIME.

CLIMATE NORMAL PERIOD 1981 TO 2010
CLIMATE RECORD PERIOD 1903 TO 2017


WEATHER ITEM   OBSERVED TIME   RECORD YEAR NORMAL DEPARTURE LAST
                VALUE   (LST)  VALUE       VALUE  FROM      YEAR
                                                  NORMAL
..................................................................
TEMPERATURE (F)
 TODAY
  MAXIMUM         97    300 PM 101    2008  92      5
                                      1924
  MINIMUM         75    549 AM  63    1970  72      3
  AVERAGE         86                        82      4       87

PRECIPITATION (IN)
  TODAY            0.00          1.89 1995   0.11  -0.11     0.00
  MONTH TO DATE    1.66                      2.85  -1.19     1.92
  SINCE JUN 1      6.14                      6.89  -0.75     3.17
  SINCE JAN 1     22.52                     31.15  -8.63    31.70

DEGREE DAYS
 HEATING
  TODAY            0                         0      0        0
  MONTH TO DATE    0                         0      0        0
  SINCE JUN 1      0                         0      0        0
  SINCE JUL 1      0                         0      0        0

 COOLING
  TODAY           21                        17      4       22
  MONTH TO DATE  352                       355     -3      408
  SINCE JUN 1    718                       775    -57      908
  SINCE JAN 1   1115                      1097     18     1250
..................................................................


WIND (MPH)
  HIGHEST WIND SPEED     9   HIGHEST WIND DIRECTION    SE (140)
  HIGHEST GUST SPEED    11   HIGHEST GUST DIRECTION     E (90)
  AVERAGE WIND SPEED     2.3


SKY COVER
  POSSIBLE SUNSHINE  MM
  AVERAGE SKY COVER 0.0


WEATHER CONDITIONS
 THE FOLLOWING WEATHER WAS RECORDED TODAY.
  FOG


RELATIVE HUMIDITY (PERCENT)
 HIGHEST    94           200 AM
 LOWEST     46           100 PM
 AVERAGE    70

..........................................................


THE GREENVILLE CLIMATE NORMALS FOR TOMORROW
                         NORMAL    RECORD    YEAR
 MAXIMUM TEMPERATURE (F)   92       103      1924
 MINIMUM TEMPERATURE (F)   72        57      1947


SUNRISE AND SUNSET
JULY 21 2017..........SUNRISE   609 AM CDT   SUNSET   811 PM CDT
JULY 22 2017..........SUNRISE   610 AM CDT   SUNSET   811 PM CDT


-  INDICATES NEGATIVE NUMBERS.
R  INDICATES RECORD WAS SET OR TIED.
MM INDICATES DATA IS MISSING.
T  INDICATES TRACE AMOUNT.




$$
