000
CDUS44 KJAN 310719
CLIGLH


CLIMATE REPORT
NATIONAL WEATHER SERVICE JACKSON MS
218 AM CDT MON AUG 31 2015


...................................

...THE GREENVILLE CLIMATE SUMMARY FOR AUGUST 30 2015...

CLIMATE NORMAL PERIOD 1981 TO 2010
CLIMATE RECORD PERIOD 1920 TO 2015


WEATHER ITEM   OBSERVED TIME   RECORD YEAR NORMAL DEPARTURE LAST
                VALUE   (LST)  VALUE       VALUE  FROM      YEAR
                                                  NORMAL
..................................................................
TEMPERATURE (F)
 YESTERDAY
  MAXIMUM         95    255 PM 103    1954  91      4       79
  MINIMUM         69    323 AM  58    1992  69      0       74
                                      1967
  AVERAGE         82                        80      2       77

PRECIPITATION (IN)
  YESTERDAY        0.00          3.36 2012   0.10  -0.10     0.98
  MONTH TO DATE    1.76                      2.35  -0.59     3.69
  SINCE JUN 1      7.36                     10.19  -2.83    15.38
  SINCE JAN 1     27.33                     34.45  -7.12    39.51

SNOWFALL (IN)
  YESTERDAY        0.0

DEGREE DAYS
 HEATING
  YESTERDAY        0                         0      0        0
  MONTH TO DATE    0                         0      0        0
  SINCE JUN 1      0                         0      0        0
  SINCE JUL 1      0                         0      0        0

 COOLING
  YESTERDAY       17                        15      2       12
  MONTH TO DATE  489                       495     -6      471
  SINCE JUN 1   1565                      1442    123     1335
  SINCE JAN 1   1946                      1764    182     1650
..................................................................


WIND (MPH)
  HIGHEST WIND SPEED    12   HIGHEST WIND DIRECTION     S (170)
  HIGHEST GUST SPEED    13   HIGHEST GUST DIRECTION     S (160)
  AVERAGE WIND SPEED     5.0


SKY COVER
  POSSIBLE SUNSHINE  MM
  AVERAGE SKY COVER 0.1


WEATHER CONDITIONS
 THE FOLLOWING WEATHER WAS RECORDED YESTERDAY.
  FOG
  HAZE


RELATIVE HUMIDITY (PERCENT)
 HIGHEST    90           300 AM
 LOWEST     34           300 PM
 AVERAGE    62

..........................................................


THE GREENVILLE CLIMATE NORMALS FOR TODAY
                         NORMAL    RECORD    YEAR
 MAXIMUM TEMPERATURE (F)   91       104      1985
 MINIMUM TEMPERATURE (F)   69        54      1946


SUNRISE AND SUNSET
AUGUST 31 2015........SUNRISE   637 AM CDT   SUNSET   731 PM CDT
SEPTEMBER  1 2015.....SUNRISE   638 AM CDT   SUNSET   730 PM CDT


-  INDICATES NEGATIVE NUMBERS.
R  INDICATES RECORD WAS SET OR TIED.
MM INDICATES DATA IS MISSING.
T  INDICATES TRACE AMOUNT.




$$
