000
CDUS44 KJAN 170759
CLIGLH


CLIMATE REPORT
NATIONAL WEATHER SERVICE JACKSON MS
155 AM CST SAT FEB 17 2018


...................................

...THE GREENVILLE CLIMATE SUMMARY FOR FEBRUARY 16 2018...

CLIMATE NORMAL PERIOD 1981 TO 2010
CLIMATE RECORD PERIOD 1903 TO 2018


WEATHER ITEM   OBSERVED TIME   RECORD YEAR NORMAL DEPARTURE LAST
                VALUE   (LST)  VALUE       VALUE  FROM      YEAR
                                                  NORMAL
..................................................................
TEMPERATURE (F)
 YESTERDAY
  MAXIMUM         68   1022 AM  83    1911  57     11       62
  MINIMUM         46   1105 PM  10    1958  37      9       32
  AVERAGE         57                        47     10       47

PRECIPITATION (IN)
  YESTERDAY        T             4.40 1995   0.18  -0.18     0.00
  MONTH TO DATE    3.81                      3.20   0.61     2.07
  SINCE DEC 1     10.79                     13.79  -3.00    10.04
  SINCE JAN 1      5.93                      8.17  -2.24     7.18

SNOWFALL (IN)
  YESTERDAY        0.0

DEGREE DAYS
 HEATING
  YESTERDAY        8                        18    -10       18
  MONTH TO DATE  298                       324    -26      198
  SINCE DEC 1   1721                      1651     70     1178
  SINCE JUL 1   2135                      2113     22     1447

 COOLING
  YESTERDAY        0                         0      0        0
  MONTH TO DATE    6                         0      6       10
  SINCE DEC 1     10                         4      6       33
  SINCE JAN 1      6                         1      5       21
..................................................................


WIND (MPH)
  HIGHEST WIND SPEED    26   HIGHEST WIND DIRECTION     N (10)
  HIGHEST GUST SPEED    33   HIGHEST GUST DIRECTION     N (20)
  AVERAGE WIND SPEED    15.6


SKY COVER
  POSSIBLE SUNSHINE  MM
  AVERAGE SKY COVER 0.8


WEATHER CONDITIONS
 THE FOLLOWING WEATHER WAS RECORDED YESTERDAY.
  LIGHT RAIN


RELATIVE HUMIDITY (PERCENT)
 HIGHEST    89          1200 PM
 LOWEST     71           400 PM
 AVERAGE    80

..........................................................


THE GREENVILLE CLIMATE NORMALS FOR TODAY
                         NORMAL    RECORD    YEAR
 MAXIMUM TEMPERATURE (F)   57        80      1911
 MINIMUM TEMPERATURE (F)   37        15      1903


SUNRISE AND SUNSET
FEBRUARY 17 2018......SUNRISE   646 AM CST   SUNSET   550 PM CST
FEBRUARY 18 2018......SUNRISE   645 AM CST   SUNSET   551 PM CST


-  INDICATES NEGATIVE NUMBERS.
R  INDICATES RECORD WAS SET OR TIED.
MM INDICATES DATA IS MISSING.
T  INDICATES TRACE AMOUNT.




$$
