000
CDUS44 KJAN 010716
CLIGLH


CLIMATE REPORT
NATIONAL WEATHER SERVICE JACKSON MS
108 AM CST WED MAR 1 2017


...................................

...THE GREENVILLE CLIMATE SUMMARY FOR FEBRUARY 28 2017...

CLIMATE NORMAL PERIOD 1981 TO 2010
CLIMATE RECORD PERIOD 1920 TO 2017


WEATHER ITEM   OBSERVED TIME   RECORD YEAR NORMAL DEPARTURE LAST
                VALUE   (LST)  VALUE       VALUE  FROM      YEAR
                                                  NORMAL
..................................................................
TEMPERATURE (F)
 YESTERDAY
  MAXIMUM         80    221 PM  82    1954  61     19       70
                                      1940
  MINIMUM         61   1232 AM  20    1935  40     21       42
  AVERAGE         71                        50     21       56

PRECIPITATION (IN)
  YESTERDAY        0.01          1.60 1995   0.14  -0.13     0.00
  MONTH TO DATE    2.92                      5.02  -2.10     3.44
  SINCE DEC 1     10.89                     15.61  -4.72    10.32
  SINCE JAN 1      8.03                      9.99  -1.96     6.51

SNOWFALL (IN)
  YESTERDAY        0.0

DEGREE DAYS
 HEATING
  YESTERDAY        0                        15    -15        9
  MONTH TO DATE  284                       521   -237      419
  SINCE DEC 1   1264                      1847   -583     1426
  SINCE JUL 1   1533                      2309   -776     1676

 COOLING
  YESTERDAY        6                         0      6        0
  MONTH TO DATE   18                         4     14        4
  SINCE DEC 1     41                         8     33       39
  SINCE JAN 1     29                         5     24        4
..................................................................


WIND (MPH)
  HIGHEST WIND SPEED    31   HIGHEST WIND DIRECTION    SW (210)
  HIGHEST GUST SPEED    36   HIGHEST GUST DIRECTION    SW (210)
  AVERAGE WIND SPEED    16.2


SKY COVER
  POSSIBLE SUNSHINE  MM
  AVERAGE SKY COVER 0.6


WEATHER CONDITIONS
 THE FOLLOWING WEATHER WAS RECORDED YESTERDAY.
  THUNDERSTORM
  LIGHT RAIN
  FOG


RELATIVE HUMIDITY (PERCENT)
 HIGHEST    93           200 AM
 LOWEST     58           300 PM
 AVERAGE    76

..........................................................


THE GREENVILLE CLIMATE NORMALS FOR TODAY
                         NORMAL    RECORD    YEAR
 MAXIMUM TEMPERATURE (F)   61        83      1932
 MINIMUM TEMPERATURE (F)   41        22      1980


SUNRISE AND SUNSET
MARCH  1 2017.........SUNRISE   632 AM CST   SUNSET   601 PM CST
MARCH  2 2017.........SUNRISE   631 AM CST   SUNSET   602 PM CST


-  INDICATES NEGATIVE NUMBERS.
R  INDICATES RECORD WAS SET OR TIED.
MM INDICATES DATA IS MISSING.
T  INDICATES TRACE AMOUNT.




$$
