000
CDUS44 KHGX 312123
CLIGLS


CLIMATE REPORT
NATIONAL WEATHER SERVICE HOUSTON/GALVESTON TX
418 PM CDT TUE MAY 31 2016


...................................

...THE GALVESTON CLIMATE SUMMARY FOR MAY 31 2016...
VALID TODAY AS OF 400 PM LOCAL TIME.

CLIMATE NORMAL PERIOD 1981 TO 2010
CLIMATE RECORD PERIOD 1875 TO 2016


WEATHER ITEM   OBSERVED TIME   RECORD YEAR NORMAL DEPARTURE LAST
                VALUE   (LST)  VALUE       VALUE  FROM      YEAR
                                                  NORMAL
..................................................................
TEMPERATURE (F)
 TODAY
  MAXIMUM         84    259 PM  93    1911  86     -2       84
  MINIMUM         75    533 AM  61    1889  76     -1       74
  AVERAGE         80                        81     -1       79

PRECIPITATION (IN)
  TODAY            0.00          2.09 1981   0.20  -0.20      T
  MONTH TO DATE    7.66                      4.32   3.34     3.05
  SINCE MAR 1     16.57                     10.53   6.04    16.04
  SINCE JAN 1     20.53                     17.30   3.23    22.18

SNOWFALL (IN)
  TODAY            0.0          MM      MM  MM     MM        0.0
  MONTH TO DATE    0.0                      MM     MM        0.0
  SINCE MAR 1      0.0                      MM     MM        0.0
  SINCE JUL 1      0.0                       0.0    0.0      0.0
  SNOW DEPTH       0

DEGREE DAYS
 HEATING
  TODAY            0                         0      0        0
  MONTH TO DATE    0                         0      0        0
  SINCE MAR 1     41                       121    -80      120
  SINCE JUL 1    745                      1009   -264     1182

 COOLING
  TODAY           15                        16     -1       14
  MONTH TO DATE  363                       392    -29      419
  SINCE MAR 1    655                       618     37      696
  SINCE JAN 1    667                       635     32      702
..................................................................


WIND (MPH)
  RESULTANT WIND SPEED   9   RESULTANT WIND DIRECTION   S (170)
  HIGHEST WIND SPEED    16   HIGHEST WIND DIRECTION    SE (150)
  HIGHEST GUST SPEED    20   HIGHEST GUST DIRECTION    SE (140)
  AVERAGE WIND SPEED     9.0


SKY COVER
  AVERAGE SKY COVER 0.2


WEATHER CONDITIONS
 THE FOLLOWING WEATHER WAS RECORDED TODAY.
  NO SIGNIFICANT WEATHER WAS OBSERVED.


RELATIVE HUMIDITY (PERCENT)
 HIGHEST    88           100 AM
 LOWEST     69           900 AM
 AVERAGE    79

..........................................................


THE GALVESTON CLIMATE NORMALS FOR TOMORROW
                         NORMAL    RECORD    YEAR
 MAXIMUM TEMPERATURE (F)   87        92      2011
                                             1921
 MINIMUM TEMPERATURE (F)   76        63      1903


SUNRISE AND SUNSET
MAY 31 2016...........SUNRISE   621 AM CDT   SUNSET   814 PM CDT
JUNE  1 2016..........SUNRISE   620 AM CDT   SUNSET   815 PM CDT


-  INDICATES NEGATIVE NUMBERS.
R  INDICATES RECORD WAS SET OR TIED.
MM INDICATES DATA IS MISSING.
T  INDICATES TRACE AMOUNT.




$$
