000
CDUS44 KHGX 310738
CLIGLS


CLIMATE REPORT
NATIONAL WEATHER SERVICE HOUSTON/GALVESTON TX
237 AM CDT SUN AUG 31 2014


...................................

...THE GALVESTON CLIMATE SUMMARY FOR AUGUST 30 2014...

CLIMATE NORMAL PERIOD 1981 TO 2010
CLIMATE RECORD PERIOD 1875 TO 2014


WEATHER ITEM   OBSERVED TIME   RECORD YEAR NORMAL DEPARTURE LAST
                VALUE   (LST)  VALUE       VALUE  FROM      YEAR
                                                  NORMAL
..................................................................
TEMPERATURE (F)
 YESTERDAY
  MAXIMUM         84   1145 AM  97    2012  90     -6       89
                                      1999
                                      1954
  MINIMUM         77    500 AM  70    1946  79     -2       80
                                      1899
                                      1893
  AVERAGE         81                        84     -3       85

PRECIPITATION (IN)
  YESTERDAY        0.26          2.52 2001   0.20   0.06     0.00
  MONTH TO DATE    4.89                      4.20   0.69     3.85
  SINCE JUN 1      7.50                     13.69  -6.19     9.51
  SINCE JAN 1     16.19                     30.99 -14.80    24.23

SNOWFALL (IN)
  YESTERDAY        0.0          MM      MM  MM     MM        0.0
  MONTH TO DATE    0.0                      MM     MM        0.0
  SINCE JUN 1      0.0                      MM     MM        0.0
  SINCE JUL 1      0.0                      MM     MM        0.0
  SNOW DEPTH       0

DEGREE DAYS
 HEATING
  YESTERDAY        0                         0      0        0
  MONTH TO DATE    0                         0      0        0
  SINCE JUN 1      0                         0      0        0
  SINCE JUL 1      0                         0      0        0

 COOLING
  YESTERDAY       16                        19     -3       20
  MONTH TO DATE  622                       599     23      602
  SINCE JUN 1   1800                      1738     62     1825
  SINCE JAN 1   2308                      2373    -65     2376
..................................................................


WIND (MPH)
  RESULTANT WIND SPEED   9   RESULTANT WIND DIRECTION   S (170)
  HIGHEST WIND SPEED    21   HIGHEST WIND DIRECTION     W (280)
  HIGHEST GUST SPEED    23   HIGHEST GUST DIRECTION     S (170)
  AVERAGE WIND SPEED     8.9


SKY COVER
  AVERAGE SKY COVER 0.5


WEATHER CONDITIONS
 THE FOLLOWING WEATHER WAS RECORDED YESTERDAY.
  THUNDERSTORM
  RAIN
  LIGHT RAIN
  FOG


RELATIVE HUMIDITY (PERCENT)
 HIGHEST    94
 LOWEST     79
 AVERAGE    87

..........................................................


THE GALVESTON CLIMATE NORMALS FOR TODAY
                         NORMAL    RECORD    YEAR
 MAXIMUM TEMPERATURE (F)   90       100      2000
 MINIMUM TEMPERATURE (F)   79        68      1915
                                             1899


SUNRISE AND SUNSET
AUGUST 31 2014........SUNRISE   657 AM CDT   SUNSET   742 PM CDT
SEPTEMBER  1 2014.....SUNRISE   657 AM CDT   SUNSET   741 PM CDT


-  INDICATES NEGATIVE NUMBERS.
R  INDICATES RECORD WAS SET OR TIED.
MM INDICATES DATA IS MISSING.
T  INDICATES TRACE AMOUNT.




$$
