000
CDUS44 KHGX 052119
CLIGLS


CLIMATE REPORT
NATIONAL WEATHER SERVICE HOUSTON/GALVESTON TX
418 PM CDT SUN JUL 5 2015


...................................

...THE GALVESTON CLIMATE SUMMARY FOR JULY 5 2015...
VALID TODAY AS OF 400 PM LOCAL TIME.

CLIMATE NORMAL PERIOD 1981 TO 2010
CLIMATE RECORD PERIOD 1875 TO 2015


WEATHER ITEM   OBSERVED TIME   RECORD YEAR NORMAL DEPARTURE LAST
                VALUE   (LST)  VALUE       VALUE  FROM      YEAR
                                                  NORMAL
..................................................................
TEMPERATURE (F)
 TODAY
  MAXIMUM         90    233 PM  95    1875  89      1       88
  MINIMUM         82    531 AM  69    1924  79      3       79
                                      1910
  AVERAGE         86                        84      2       84

PRECIPITATION (IN)
  TODAY            T             2.86 1981   0.17  -0.17     0.00
  MONTH TO DATE    0.22                      0.83  -0.61     0.00
  SINCE JUN 1      2.97                      6.52  -3.55     1.53
  SINCE JAN 1     25.15                     23.82   1.33    10.22

SNOWFALL (IN)
  TODAY            0.0          MM      MM  MM     MM        0.0
  MONTH TO DATE    0.0                      MM     MM        0.0
  SINCE JUN 1      0.0                      MM     MM        0.0
  SINCE JUL 1      0.0                      MM     MM        0.0
  SNOW DEPTH       0

DEGREE DAYS
 HEATING
  TODAY            0                         0      0        0
  MONTH TO DATE    0                         0      0        0
  SINCE JUN 1      0                         0      0        0
  SINCE JUL 1      0                         0      0        0

 COOLING
  TODAY           21                        19      2       19
  MONTH TO DATE   98                        95      3       96
  SINCE JUN 1    649                       630     19      654
  SINCE JAN 1   1351                      1265     86     1162
..................................................................


WIND (MPH)
  RESULTANT WIND SPEED  13   RESULTANT WIND DIRECTION   S (180)
  HIGHEST WIND SPEED    18   HIGHEST WIND DIRECTION     S (180)
  HIGHEST GUST SPEED    22   HIGHEST GUST DIRECTION     S (180)
  AVERAGE WIND SPEED    13.2


SKY COVER
  AVERAGE SKY COVER 0.1


WEATHER CONDITIONS
 THE FOLLOWING WEATHER WAS RECORDED TODAY.
  LIGHT RAIN


RELATIVE HUMIDITY (PERCENT)
 HIGHEST    94          1200 AM
 LOWEST     70          1100 AM
 AVERAGE    82

..........................................................


THE GALVESTON CLIMATE NORMALS FOR TOMORROW
                         NORMAL    RECORD    YEAR
 MAXIMUM TEMPERATURE (F)   89        95      2005
 MINIMUM TEMPERATURE (F)   79        68      1886


SUNRISE AND SUNSET
JULY  5 2015..........SUNRISE   625 AM CDT   SUNSET   823 PM CDT
JULY  6 2015..........SUNRISE   626 AM CDT   SUNSET   823 PM CDT


-  INDICATES NEGATIVE NUMBERS.
R  INDICATES RECORD WAS SET OR TIED.
MM INDICATES DATA IS MISSING.
T  INDICATES TRACE AMOUNT.




$$
