000
CDUS44 KHGX 252124
CLIGLS


CLIMATE REPORT
NATIONAL WEATHER SERVICE HOUSTON/GALVESTON TX
421 PM CDT THU AUG 25 2016


...................................

...THE GALVESTON CLIMATE SUMMARY FOR AUGUST 25 2016...
VALID TODAY AS OF 400 PM LOCAL TIME.

CLIMATE NORMAL PERIOD 1981 TO 2010
CLIMATE RECORD PERIOD 1875 TO 2016


WEATHER ITEM   OBSERVED TIME   RECORD YEAR NORMAL DEPARTURE LAST
                VALUE   (LST)  VALUE       VALUE  FROM      YEAR
                                                  NORMAL
..................................................................
TEMPERATURE (F)
 TODAY
  MAXIMUM         89    249 PM 100    1924  90     -1       94
  MINIMUM         80    512 AM  67    1966  79      1       76
                                      1930
  AVERAGE         85                        85      0       85

PRECIPITATION (IN)
  TODAY            T             4.16 1888   0.20  -0.20     0.21
  MONTH TO DATE    5.25                      3.11   2.14     6.37
  SINCE JUN 1     16.58                     12.60   3.98     9.35
  SINCE JAN 1     37.11                     29.90   7.21    31.53

SNOWFALL (IN)
  TODAY            0.0          MM      MM  MM     MM        0.0
  MONTH TO DATE    0.0                      MM     MM        0.0
  SINCE JUN 1      0.0                      MM     MM        0.0
  SINCE JUL 1      0.0                      MM     MM        0.0
  SNOW DEPTH       0

DEGREE DAYS
 HEATING
  TODAY            0                         0      0        0
  MONTH TO DATE    0                         0      0        0
  SINCE JUN 1      0                         0      0        0
  SINCE JUL 1      0                         0      0        0

 COOLING
  TODAY           20                        20      0       20
  MONTH TO DATE  512                       500     12      552
  SINCE JUN 1   1697                      1639     58     1780
  SINCE JAN 1   2364                      2274     90     2482
..................................................................


WIND (MPH)
  RESULTANT WIND SPEED   6   RESULTANT WIND DIRECTION  SE (130)
  HIGHEST WIND SPEED    12   HIGHEST WIND DIRECTION     E (110)
  HIGHEST GUST SPEED    16   HIGHEST GUST DIRECTION    SE (120)
  AVERAGE WIND SPEED     7.6


SKY COVER
  AVERAGE SKY COVER 0.3


WEATHER CONDITIONS
 THE FOLLOWING WEATHER WAS RECORDED TODAY.
  LIGHT RAIN


RELATIVE HUMIDITY (PERCENT)
 HIGHEST    88          1200 AM
 LOWEST     70          1100 AM
 AVERAGE    79

..........................................................


THE GALVESTON CLIMATE NORMALS FOR TOMORROW
                         NORMAL    RECORD    YEAR
 MAXIMUM TEMPERATURE (F)   90        97      1924
 MINIMUM TEMPERATURE (F)   79        68      1930
                                             1904


SUNRISE AND SUNSET
AUGUST 25 2016........SUNRISE   654 AM CDT   SUNSET   749 PM CDT
AUGUST 26 2016........SUNRISE   654 AM CDT   SUNSET   747 PM CDT


-  INDICATES NEGATIVE NUMBERS.
R  INDICATES RECORD WAS SET OR TIED.
MM INDICATES DATA IS MISSING.
T  INDICATES TRACE AMOUNT.




$$
