000
CDUS44 KHGX 210720
CLIGLS


CLIMATE REPORT
NATIONAL WEATHER SERVICE HOUSTON/GALVESTON TX
119 AM CST SAT JAN 21 2017


...................................

...THE GALVESTON CLIMATE SUMMARY FOR JANUARY 20 2017...

CLIMATE NORMAL PERIOD 1981 TO 2010
CLIMATE RECORD PERIOD 1875 TO 2017


WEATHER ITEM   OBSERVED TIME   RECORD YEAR NORMAL DEPARTURE LAST
                VALUE   (LST)  VALUE       VALUE  FROM      YEAR
                                                  NORMAL
..................................................................
TEMPERATURE (F)
 YESTERDAY
  MAXIMUM         76R  1225 PM  74    1935  62     14       63
                                      1880
  MINIMUM         60    723 AM  22    1883  49     11       55
  AVERAGE         68                        55     13       59

PRECIPITATION (IN)
  YESTERDAY        T             4.10 1993   0.15  -0.15     0.03
  MONTH TO DATE    0.86                      2.72  -1.86     1.63
  SINCE DEC 1     11.94                      6.24   5.70     5.12
  SINCE JAN 1      0.86                      2.72  -1.86     1.63

SNOWFALL (IN)
  YESTERDAY        0.0           T    1978  MM     MM        0.0
  MONTH TO DATE    0.0                       0.0    0.0      0.0
  SINCE DEC 1      0.0                       0.0    0.0      0.0
  SINCE JUL 1      0.0                       0.0    0.0      0.0
  SNOW DEPTH       0

DEGREE DAYS
 HEATING
  YESTERDAY        0                        10    -10        6
  MONTH TO DATE   92                       200   -108      228
  SINCE DEC 1    227                       457   -230      388
  SINCE JUL 1    239                       560   -321      441

 COOLING
  YESTERDAY        3                         0      3        0
  MONTH TO DATE   54                         0     54        0
  SINCE DEC 1    132                        19    113       50
  SINCE JAN 1     54                         0     54        0
..................................................................


WIND (MPH)
  RESULTANT WIND SPEED   4   RESULTANT WIND DIRECTION   S (170)
  HIGHEST WIND SPEED    17   HIGHEST WIND DIRECTION     S (190)
  HIGHEST GUST SPEED    22   HIGHEST GUST DIRECTION     S (180)
  AVERAGE WIND SPEED     7.3


SKY COVER
  AVERAGE SKY COVER 0.6


WEATHER CONDITIONS
 THE FOLLOWING WEATHER WAS RECORDED YESTERDAY.
  LIGHT RAIN
  FOG
  FOG W/VISIBILITY <= 1/4 MILE
  HAZE


RELATIVE HUMIDITY (PERCENT)
 HIGHEST   100
 LOWEST     73
 AVERAGE    87

..........................................................


THE GALVESTON CLIMATE NORMALS FOR TODAY
                         NORMAL    RECORD    YEAR
 MAXIMUM TEMPERATURE (F)   62        77      2010
 MINIMUM TEMPERATURE (F)   49        20      1985
                                             1883


SUNRISE AND SUNSET
JANUARY 21 2017.......SUNRISE   713 AM CST   SUNSET   549 PM CST
JANUARY 22 2017.......SUNRISE   713 AM CST   SUNSET   550 PM CST


-  INDICATES NEGATIVE NUMBERS.
R  INDICATES RECORD WAS SET OR TIED.
MM INDICATES DATA IS MISSING.
T  INDICATES TRACE AMOUNT.




$$
