802
CDUS44 KHGX 190834
CLIGLS


CLIMATE REPORT
NATIONAL WEATHER SERVICE HOUSTON/GALVESTON TX
223 AM CST MON FEB 19 2018


...................................

...THE GALVESTON CLIMATE SUMMARY FOR FEBRUARY 18 2018...

CLIMATE NORMAL PERIOD 1981 TO 2010
CLIMATE RECORD PERIOD 1875 TO 2018


WEATHER ITEM   OBSERVED TIME   RECORD YEAR NORMAL DEPARTURE LAST
                VALUE   (LST)  VALUE       VALUE  FROM      YEAR
                                                  NORMAL
..................................................................
TEMPERATURE (F)
 YESTERDAY
  MAXIMUM         75    310 PM  78    2000  65     10       75
                                      1992
  MINIMUM         64    403 AM  24    1910  51     13       64
  AVERAGE         70                        58     12       70

PRECIPITATION (IN)
  YESTERDAY        0.00          2.85 2012   0.09  -0.09     0.00
  MONTH TO DATE    0.62                      1.60  -0.98     2.73
  SINCE DEC 1     11.08                      9.32   1.76    14.70
  SINCE JAN 1      3.94                      5.80  -1.86     3.62

SNOWFALL (IN)
  YESTERDAY        0.0           0.0  2002  MM     MM        0.0
  MONTH TO DATE    0.0                      MM     MM        0.0
  SINCE DEC 1      T                         0.0    0.0      0.0
  SINCE JUL 1      T                         0.0    0.0      0.0
  SNOW DEPTH       0

DEGREE DAYS
 HEATING
  YESTERDAY        0                         7     -7        0
  MONTH TO DATE   80                       153    -73       27
  SINCE DEC 1    734                       719     15      295
  SINCE JUL 1    777                       822    -45      307

 COOLING
  YESTERDAY        5                         0      5        5
  MONTH TO DATE   28                         0     28       65
  SINCE DEC 1     54                        24     30      212
  SINCE JAN 1     28                         5     23      134
..................................................................


WIND (MPH)
  RESULTANT WIND SPEED   7   RESULTANT WIND DIRECTION   E (110)
  HIGHEST WIND SPEED    17   HIGHEST WIND DIRECTION    SE (150)
  HIGHEST GUST SPEED    22   HIGHEST GUST DIRECTION    SE (150)
  AVERAGE WIND SPEED    10.6


SKY COVER
  AVERAGE SKY COVER 0.9


WEATHER CONDITIONS
 THE FOLLOWING WEATHER WAS RECORDED YESTERDAY.
  FOG
  FOG W/VISIBILITY <= 1/4 MILE
  HAZE


RELATIVE HUMIDITY (PERCENT)
 HIGHEST   100
 LOWEST     84
 AVERAGE    92

..........................................................


THE GALVESTON CLIMATE NORMALS FOR TODAY
                         NORMAL    RECORD    YEAR
 MAXIMUM TEMPERATURE (F)   65        75      2017
                                             1894
 MINIMUM TEMPERATURE (F)   52        32      1978


SUNRISE AND SUNSET
FEBRUARY 19 2018......SUNRISE   655 AM CST   SUNSET   612 PM CST
FEBRUARY 20 2018......SUNRISE   654 AM CST   SUNSET   613 PM CST


-  INDICATES NEGATIVE NUMBERS.
R  INDICATES RECORD WAS SET OR TIED.
MM INDICATES DATA IS MISSING.
T  INDICATES TRACE AMOUNT.




$$
