000
CDUS42 KJAX 270531
CLIGNV


CLIMATE REPORT
NATIONAL WEATHER SERVICE JACKSONVILLE FL
1231 AM EST FRI FEB 27 2015


...................................

...THE GAINESVILLE CLIMATE SUMMARY FOR FEBRUARY 26 2015...

CLIMATE NORMAL PERIOD 1981 TO 2010
CLIMATE RECORD PERIOD 1890 TO 2015


WEATHER ITEM   OBSERVED TIME   RECORD YEAR NORMAL DEPARTURE LAST
                VALUE   (LST)  VALUE       VALUE  FROM      YEAR
                                                  NORMAL
..................................................................
TEMPERATURE (F)
 YESTERDAY
  MAXIMUM         72    109 AM  88    1971  72      0       62
                                      1929
  MINIMUM         49   1159 PM  19    1967  47      2       52
  AVERAGE         61                        59      2       57

PRECIPITATION (IN)
  YESTERDAY        0.04          1.98 1958   0.12  -0.08     0.63
  MONTH TO DATE    1.91                      2.96  -1.05     4.37
  SINCE DEC 1      8.53                      8.75  -0.22    13.36
  SINCE JAN 1      5.15                      6.27  -1.12     9.57

SNOWFALL (IN)
  YESTERDAY        0.0           0.0    MM   0.0    0.0      0.0
  MONTH TO DATE    0.0                       0.0    0.0      0.0
  SINCE DEC 1      0.0                       0.0    0.0      0.0
  SINCE JUL 1      0.0                       0.0    0.0      0.0
  SNOW DEPTH       0

DEGREE DAYS
 HEATING
  YESTERDAY        4                         7     -3        8
  MONTH TO DATE  312                       219     93      166
  SINCE DEC 1    862                       860      2      788
  SINCE JUL 1   1127                      1021    106      881

 COOLING
  YESTERDAY        0                         1     -1        0
  MONTH TO DATE    1                        22    -21       27
  SINCE DEC 1     51                        56     -5       92
  SINCE JAN 1     15                        34    -19       37
..................................................................


WIND (MPH)
  HIGHEST WIND SPEED    32   HIGHEST WIND DIRECTION     W (260)
  HIGHEST GUST SPEED    46   HIGHEST GUST DIRECTION     S (200)
  AVERAGE WIND SPEED    10.1


SKY COVER
  POSSIBLE SUNSHINE  MM
  AVERAGE SKY COVER 0.8


WEATHER CONDITIONS
 THE FOLLOWING WEATHER WAS RECORDED YESTERDAY.
  THUNDERSTORM
  LIGHT RAIN
  FOG


RELATIVE HUMIDITY (PERCENT)
 HIGHEST    93           400 AM
 LOWEST     72           300 PM
 AVERAGE    83

..........................................................


THE GAINESVILLE CLIMATE NORMALS FOR TODAY
                         NORMAL    RECORD    YEAR
 MAXIMUM TEMPERATURE (F)   72        87      2011
                                             1997
                                             1971
 MINIMUM TEMPERATURE (F)   47        25      1974


SUNRISE AND SUNSET
FEBRUARY 27 2015......SUNRISE   657 AM EST   SUNSET   627 PM EST
FEBRUARY 28 2015......SUNRISE   656 AM EST   SUNSET   628 PM EST


-  INDICATES NEGATIVE NUMBERS.
R  INDICATES RECORD WAS SET OR TIED.
MM INDICATES DATA IS MISSING.
T  INDICATES TRACE AMOUNT.




$$
