000
CDUS42 KJAX 030534
CLIGNV


CLIMATE REPORT
NATIONAL WEATHER SERVICE JACKSONVILLE FL
1234 AM EST SAT DEC 3 2016


...................................

...THE GAINESVILLE CLIMATE SUMMARY FOR DECEMBER 2 2016...

CLIMATE NORMAL PERIOD 1981 TO 2010
CLIMATE RECORD PERIOD 1890 TO 2016


WEATHER ITEM   OBSERVED TIME   RECORD YEAR NORMAL DEPARTURE LAST
                VALUE   (LST)  VALUE       VALUE  FROM      YEAR
                                                  NORMAL
..................................................................
TEMPERATURE (F)
 YESTERDAY
  MAXIMUM         70    320 PM  85    1982  71     -1       81
  MINIMUM         43    716 AM  24    1999  47     -4       61
  AVERAGE         57                        59     -2       71

PRECIPITATION (IN)
  YESTERDAY        0.00          1.34 1925   0.07  -0.07     0.06
  MONTH TO DATE    0.11                      0.14  -0.03     0.06
  SINCE DEC 1      0.11                      0.14  -0.03     0.06
  SINCE JAN 1     39.47                     45.07  -5.60    45.27

SNOWFALL (IN)
  YESTERDAY        0.0           0.0    MM   0.0    0.0      0.0
  MONTH TO DATE    0.0                       0.0    0.0      0.0
  SINCE DEC 1      0.0                       0.0    0.0      0.0
  SINCE JUL 1      0.0                       0.0    0.0      0.0
  SNOW DEPTH       0

DEGREE DAYS
 HEATING
  YESTERDAY        8                         7      1        0
  MONTH TO DATE   12                        14     -2        0
  SINCE DEC 1     12                        14     -2        0
  SINCE JUL 1    118                       175    -57       39

 COOLING
  YESTERDAY        0                         1     -1        6
  MONTH TO DATE    0                         2     -2       12
  SINCE DEC 1      0                         2     -2       12
  SINCE JAN 1   3034                      2618    416     3138
..................................................................


WIND (MPH)
  HIGHEST WIND SPEED    13   HIGHEST WIND DIRECTION     N (20)
  HIGHEST GUST SPEED    17   HIGHEST GUST DIRECTION     N (20)
  AVERAGE WIND SPEED     3.9


SKY COVER
  POSSIBLE SUNSHINE  MM
  AVERAGE SKY COVER 0.0


WEATHER CONDITIONS
 THE FOLLOWING WEATHER WAS RECORDED YESTERDAY.
  NO SIGNIFICANT WEATHER WAS OBSERVED.


RELATIVE HUMIDITY (PERCENT)
 HIGHEST    83          1200 AM
 LOWEST     26           300 PM
 AVERAGE    55

..........................................................


THE GAINESVILLE CLIMATE NORMALS FOR TODAY
                         NORMAL    RECORD    YEAR
 MAXIMUM TEMPERATURE (F)   70        86      1978
 MINIMUM TEMPERATURE (F)   47        23      1911


SUNRISE AND SUNSET
DECEMBER  3 2016......SUNRISE   709 AM EST   SUNSET   530 PM EST
DECEMBER  4 2016......SUNRISE   709 AM EST   SUNSET   530 PM EST


-  INDICATES NEGATIVE NUMBERS.
R  INDICATES RECORD WAS SET OR TIED.
MM INDICATES DATA IS MISSING.
T  INDICATES TRACE AMOUNT.




$$
