183
CDUS42 KJAX 130532
CLIGNV


CLIMATE REPORT
NATIONAL WEATHER SERVICE JACKSONVILLE FL
1230 AM EST SAT FEB 13 2016


...................................

...THE GAINESVILLE CLIMATE SUMMARY FOR FEBRUARY 12 2016...

CLIMATE NORMAL PERIOD 1981 TO 2010
CLIMATE RECORD PERIOD 1890 TO 2016


WEATHER ITEM   OBSERVED TIME   RECORD YEAR NORMAL DEPARTURE LAST
                VALUE   (LST)  VALUE       VALUE  FROM      YEAR
                                                  NORMAL
..................................................................
TEMPERATURE (F)
 YESTERDAY
  MAXIMUM         75    154 PM  84    1950  69      6       71
                                      1945
                                      1932
  MINIMUM         45    739 AM  25    2012  45      0       39
                                      1926
  AVERAGE         60                        57      3       55

PRECIPITATION (IN)
  YESTERDAY        0.00          1.89 1967   0.11  -0.11     0.00
  MONTH TO DATE    3.60                      1.33   2.27     0.63
  SINCE DEC 1      8.30                      7.12   1.18     7.25
  SINCE JAN 1      6.33                      4.64   1.69     3.87

SNOWFALL (IN)
  YESTERDAY        0.0           0.0    MM   0.0    0.0      0.0
  MONTH TO DATE    0.0                       0.0    0.0      0.0
  SINCE DEC 1      0.0                       0.0    0.0      0.0
  SINCE JUL 1      0.0                       0.0    0.0      0.0
  SNOW DEPTH       0

DEGREE DAYS
 HEATING
  YESTERDAY        5                         9     -4       10
  MONTH TO DATE  135                       113     22      143
  SINCE DEC 1    593                       754   -161      693
  SINCE JUL 1    632                       915   -283      958

 COOLING
  YESTERDAY        0                         1     -1        0
  MONTH TO DATE   14                         8      6        0
  SINCE DEC 1    162                        42    120       50
  SINCE JAN 1     16                        20     -4       14
..................................................................


WIND (MPH)
  HIGHEST WIND SPEED    29   HIGHEST WIND DIRECTION    SW (240)
  HIGHEST GUST SPEED    37   HIGHEST GUST DIRECTION    SW (240)
  AVERAGE WIND SPEED    13.1


SKY COVER
  POSSIBLE SUNSHINE  MM
  AVERAGE SKY COVER 0.2


WEATHER CONDITIONS
 THE FOLLOWING WEATHER WAS RECORDED YESTERDAY.
  NO SIGNIFICANT WEATHER WAS OBSERVED.


RELATIVE HUMIDITY (PERCENT)
 HIGHEST   100           800 AM
 LOWEST     41           100 PM
 AVERAGE    71

..........................................................


THE GAINESVILLE CLIMATE NORMALS FOR TODAY
                         NORMAL    RECORD    YEAR
 MAXIMUM TEMPERATURE (F)   69        85      1959
                                             1950
                                             1927
 MINIMUM TEMPERATURE (F)   45         6      1899


SUNRISE AND SUNSET
FEBRUARY 13 2016......SUNRISE   711 AM EST   SUNSET   616 PM EST
FEBRUARY 14 2016......SUNRISE   710 AM EST   SUNSET   617 PM EST


-  INDICATES NEGATIVE NUMBERS.
R  INDICATES RECORD WAS SET OR TIED.
MM INDICATES DATA IS MISSING.
T  INDICATES TRACE AMOUNT.




$$
