000
CDUS42 KJAX 310531
CLIGNV


CLIMATE REPORT
NATIONAL WEATHER SERVICE JACKSONVILLE FL
131 AM EDT TUE MAY 31 2016


...................................

...THE GAINESVILLE CLIMATE SUMMARY FOR MAY 30 2016...

CLIMATE NORMAL PERIOD 1981 TO 2010
CLIMATE RECORD PERIOD 1890 TO 2016


WEATHER ITEM   OBSERVED TIME   RECORD YEAR NORMAL DEPARTURE LAST
                VALUE   (LST)  VALUE       VALUE  FROM      YEAR
                                                  NORMAL
..................................................................
TEMPERATURE (F)
 YESTERDAY
  MAXIMUM         93    316 PM  99    1908  89      4       90
  MINIMUM         66    546 AM  55    1971  66      0       63
  AVERAGE         80                        78      2       77

PRECIPITATION (IN)
  YESTERDAY        0.05          1.87 1954   0.12  -0.07     0.00
  MONTH TO DATE    4.08                      2.36   1.72     2.54
  SINCE MAR 1      8.09                      9.36  -1.27     6.93
  SINCE JAN 1     14.94                     15.87  -0.93    12.19

SNOWFALL (IN)
  YESTERDAY        0.0           0.0    MM   0.0    0.0      0.0
  MONTH TO DATE    0.0                       0.0    0.0      0.0
  SINCE MAR 1      0.0                       0.0    0.0      0.0
  SINCE JUL 1      0.0                       0.0    0.0      0.0
  SNOW DEPTH       0

DEGREE DAYS
 HEATING
  YESTERDAY        0                         0      0        0
  MONTH TO DATE    4                         0      4        2
  SINCE MAR 1     87                       180    -93       62
  SINCE JUL 1    852                      1214   -362     1213

 COOLING
  YESTERDAY       15                        13      2       12
  MONTH TO DATE  297                       290      7      322
  SINCE MAR 1    565                       465    100      707
  SINCE JAN 1    590                       497     93      722
..................................................................


WIND (MPH)
  HIGHEST WIND SPEED    28   HIGHEST WIND DIRECTION    SW (240)
  HIGHEST GUST SPEED    33   HIGHEST GUST DIRECTION     W (250)
  AVERAGE WIND SPEED     4.7


SKY COVER
  POSSIBLE SUNSHINE  MM
  AVERAGE SKY COVER 0.2


WEATHER CONDITIONS
 THE FOLLOWING WEATHER WAS RECORDED YESTERDAY.
  THUNDERSTORM
  LIGHT RAIN


RELATIVE HUMIDITY (PERCENT)
 HIGHEST   100           500 AM
 LOWEST     41           100 PM
 AVERAGE    71

..........................................................


THE GAINESVILLE CLIMATE NORMALS FOR TODAY
                         NORMAL    RECORD    YEAR
 MAXIMUM TEMPERATURE (F)   89       101      1945
 MINIMUM TEMPERATURE (F)   67        53      1984


SUNRISE AND SUNSET
MAY 31 2016...........SUNRISE   629 AM EDT   SUNSET   825 PM EDT
JUNE  1 2016..........SUNRISE   629 AM EDT   SUNSET   825 PM EDT


-  INDICATES NEGATIVE NUMBERS.
R  INDICATES RECORD WAS SET OR TIED.
MM INDICATES DATA IS MISSING.
T  INDICATES TRACE AMOUNT.




$$
