176
CDUS42 KJAX 180626
CLIGNV


CLIMATE REPORT
NATIONAL WEATHER SERVICE JACKSONVILLE FL
126 AM EST MON DEC 18 2017


...................................

...THE GAINESVILLE CLIMATE SUMMARY FOR DECEMBER 17 2017...

CLIMATE NORMAL PERIOD 1981 TO 2010
CLIMATE RECORD PERIOD 1890 TO 2017


WEATHER ITEM   OBSERVED TIME   RECORD YEAR NORMAL DEPARTURE LAST
                VALUE   (LST)  VALUE       VALUE  FROM      YEAR
                                                  NORMAL
..................................................................
TEMPERATURE (F)
 YESTERDAY
  MAXIMUM         75    447 PM  85    1956  68      7       82
  MINIMUM         44    140 AM  25    1968  44      0       51
                                      1901
  AVERAGE         60                        56      4       67

PRECIPITATION (IN)
  YESTERDAY        0.00          4.62 2005   0.07  -0.07     0.00
  MONTH TO DATE    2.62                      1.27   1.35     1.64
  SINCE DEC 1      2.62                      1.27   1.35     1.64
  SINCE JAN 1     71.28                     46.20  25.08    41.00

SNOWFALL (IN)
  YESTERDAY        0.0           0.0    MM   0.0    0.0      0.0
  MONTH TO DATE    0.0                       0.0    0.0      0.0
  SINCE DEC 1      0.0                       0.0    0.0      0.0
  SINCE JUL 1      0.0                       0.0    0.0      0.0
  SNOW DEPTH       0

DEGREE DAYS
 HEATING
  YESTERDAY        5                        10     -5        0
  MONTH TO DATE  154                       145      9       68
  SINCE DEC 1    154                       145      9       68
  SINCE JUL 1    288                       306    -18      174

 COOLING
  YESTERDAY        0                         1     -1        2
  MONTH TO DATE    7                        17    -10       34
  SINCE DEC 1      7                        17    -10       34
  SINCE JAN 1   2895                      2633    262     3068
..................................................................


WIND (MPH)
  HIGHEST WIND SPEED    15   HIGHEST WIND DIRECTION     S (160)
  HIGHEST GUST SPEED    20   HIGHEST GUST DIRECTION     S (170)
  AVERAGE WIND SPEED     2.5


SKY COVER
  POSSIBLE SUNSHINE  MM
  AVERAGE SKY COVER 0.1


WEATHER CONDITIONS
 THE FOLLOWING WEATHER WAS RECORDED YESTERDAY.
  FOG


RELATIVE HUMIDITY (PERCENT)
 HIGHEST   100          1000 PM
 LOWEST     54           200 PM
 AVERAGE    77

..........................................................


THE GAINESVILLE CLIMATE NORMALS FOR TODAY
                         NORMAL    RECORD    YEAR
 MAXIMUM TEMPERATURE (F)   67        86      2016
 MINIMUM TEMPERATURE (F)   44        25      1901


SUNRISE AND SUNSET
DECEMBER 18 2017......SUNRISE   719 AM EST   SUNSET   533 PM EST
DECEMBER 19 2017......SUNRISE   719 AM EST   SUNSET   534 PM EST


-  INDICATES NEGATIVE NUMBERS.
R  INDICATES RECORD WAS SET OR TIED.
MM INDICATES DATA IS MISSING.
T  INDICATES TRACE AMOUNT.




$$
