000
CDUS42 KJAX 292130
CLIGNV


CLIMATE REPORT
NATIONAL WEATHER SERVICE JACKSONVILLE FL
530 PM EDT MON MAY 29 2017


...................................

...THE GAINESVILLE CLIMATE SUMMARY FOR MAY 29 2017...
VALID TODAY AS OF 0500 PM LOCAL TIME.

CLIMATE NORMAL PERIOD 1981 TO 2010
CLIMATE RECORD PERIOD 1890 TO 2017


WEATHER ITEM   OBSERVED TIME   RECORD YEAR NORMAL DEPARTURE LAST
                VALUE   (LST)  VALUE       VALUE  FROM      YEAR
                                                  NORMAL
..................................................................
TEMPERATURE (F)
 TODAY
  MAXIMUM         94    344 PM  99    1908  89      5       91
  MINIMUM         74    610 AM  53    1988  66      8       64
  AVERAGE         84                        78      6       78

PRECIPITATION (IN)
  TODAY            0.00          3.72 1922   0.12  -0.12     0.00
  MONTH TO DATE    4.45                      2.24   2.21     4.03
  SINCE MAR 1      7.86                      9.24  -1.38     8.04
  SINCE JAN 1      9.70                     15.75  -6.05    14.89

SNOWFALL (IN)
  TODAY            0.0           0.0    MM   0.0    0.0      0.0
  MONTH TO DATE    0.0                       0.0    0.0      0.0
  SINCE MAR 1      0.0                       0.0    0.0      0.0
  SINCE JUL 1      0.0                       0.0    0.0      0.0
  SNOW DEPTH       0

DEGREE DAYS
 HEATING
  TODAY            0                         0      0        0
  MONTH TO DATE    0                         0      0        4
  SINCE MAR 1    143                       180    -37       87
  SINCE JUL 1    646                      1214   -568      852

 COOLING
  TODAY           19                        12      7       13
  MONTH TO DATE  312                       277     35      282
  SINCE MAR 1    567                       452    115      550
  SINCE JAN 1    651                       484    167      575
..................................................................


WIND (MPH)
  HIGHEST WIND SPEED    14   HIGHEST WIND DIRECTION     W (280)
  HIGHEST GUST SPEED    19   HIGHEST GUST DIRECTION     W (290)
  AVERAGE WIND SPEED     8.1


SKY COVER
  POSSIBLE SUNSHINE  MM
  AVERAGE SKY COVER 0.3


WEATHER CONDITIONS
 THE FOLLOWING WEATHER WAS RECORDED TODAY.
  NO SIGNIFICANT WEATHER WAS OBSERVED.


RELATIVE HUMIDITY (PERCENT)
 HIGHEST    94          1200 AM
 LOWEST     41           300 PM
 AVERAGE    68

..........................................................


THE GAINESVILLE CLIMATE NORMALS FOR TOMORROW
                         NORMAL    RECORD    YEAR
 MAXIMUM TEMPERATURE (F)   89        99      1908
 MINIMUM TEMPERATURE (F)   66        55      1971


SUNRISE AND SUNSET
MAY 29 2017...........SUNRISE   630 AM EDT   SUNSET   823 PM EDT
MAY 30 2017...........SUNRISE   630 AM EDT   SUNSET   824 PM EDT


-  INDICATES NEGATIVE NUMBERS.
R  INDICATES RECORD WAS SET OR TIED.
MM INDICATES DATA IS MISSING.
T  INDICATES TRACE AMOUNT.




$$
