000
CDUS42 KJAX 200536
CLIGNV


CLIMATE REPORT
NATIONAL WEATHER SERVICE JACKSONVILLE FL
1234 AM EST SAT DEC 20 2014


...................................

...THE GAINESVILLE CLIMATE SUMMARY FOR DECEMBER 19 2014...

CLIMATE NORMAL PERIOD 1981 TO 2010
CLIMATE RECORD PERIOD 1890 TO 2014


WEATHER ITEM   OBSERVED TIME   RECORD YEAR NORMAL DEPARTURE LAST
                VALUE   (LST)  VALUE       VALUE  FROM      YEAR
                                                  NORMAL
..................................................................
TEMPERATURE (F)
 YESTERDAY
  MAXIMUM         72    258 PM  85    1967  67      5       72
  MINIMUM         45    423 AM  22    1981  44      1       32
  AVERAGE         59                        55      4       52

PRECIPITATION (IN)
  YESTERDAY        0.00          1.30 1965   0.08  -0.08     0.00
  MONTH TO DATE    0.03                      1.43  -1.40     2.45
  SINCE DEC 1      0.03                      1.43  -1.40     2.45
  SINCE JAN 1     48.39                     46.36   2.03    45.74

SNOWFALL (IN)
  YESTERDAY        0.0           0.0    MM   0.0    0.0      0.0
  MONTH TO DATE    0.0                       0.0    0.0      0.0
  SINCE DEC 1      0.0                       0.0    0.0      0.0
  SINCE JUL 1      0.0                       0.0    0.0      0.0
  SNOW DEPTH       0

DEGREE DAYS
 HEATING
  YESTERDAY        6                        10     -4       13
  MONTH TO DATE  165                       165      0      107
  SINCE DEC 1    165                       165      0      107
  SINCE JUL 1    430                       326    104      200

 COOLING
  YESTERDAY        0                         1     -1        0
  MONTH TO DATE   20                        19      1       33
  SINCE DEC 1     20                        19      1       33
  SINCE JAN 1   2583                      2635    -52     2858
..................................................................


WIND (MPH)
  HIGHEST WIND SPEED     7   HIGHEST WIND DIRECTION    NE (30)
  HIGHEST GUST SPEED    11   HIGHEST GUST DIRECTION    NE (60)
  AVERAGE WIND SPEED     1.0


SKY COVER
  POSSIBLE SUNSHINE  MM
  AVERAGE SKY COVER 0.0


WEATHER CONDITIONS
 THE FOLLOWING WEATHER WAS RECORDED YESTERDAY.
  NO SIGNIFICANT WEATHER WAS OBSERVED.


RELATIVE HUMIDITY (PERCENT)
 HIGHEST    93          1200 AM
 LOWEST     25           300 PM
 AVERAGE    59

..........................................................


THE GAINESVILLE CLIMATE NORMALS FOR TODAY
                         NORMAL    RECORD    YEAR
 MAXIMUM TEMPERATURE (F)   67        85      1931
 MINIMUM TEMPERATURE (F)   44        21      2000


SUNRISE AND SUNSET
DECEMBER 20 2014......SUNRISE   719 AM EST   SUNSET   534 PM EST
DECEMBER 21 2014......SUNRISE   720 AM EST   SUNSET   534 PM EST


-  INDICATES NEGATIVE NUMBERS.
R  INDICATES RECORD WAS SET OR TIED.
MM INDICATES DATA IS MISSING.
T  INDICATES TRACE AMOUNT.




$$
