000
CDUS42 KJAX 180527
CLIGNV


CLIMATE REPORT
NATIONAL WEATHER SERVICE JACKSONVILLE FL
126 AM EDT WED OCT 18 2017


...................................

...THE GAINESVILLE CLIMATE SUMMARY FOR OCTOBER 17 2017...

CLIMATE NORMAL PERIOD 1981 TO 2010
CLIMATE RECORD PERIOD 1890 TO 2017


WEATHER ITEM   OBSERVED TIME   RECORD YEAR NORMAL DEPARTURE LAST
                VALUE   (LST)  VALUE       VALUE  FROM      YEAR
                                                  NORMAL
..................................................................
TEMPERATURE (F)
 YESTERDAY
  MAXIMUM         75   1108 AM  93    1925  81     -6       87
  MINIMUM         59   1159 PM  39    1977  60     -1       64
                                      1943
  AVERAGE         67                        71     -4       76

PRECIPITATION (IN)
  YESTERDAY        0.00          1.29 1956   0.09  -0.09     0.00
  MONTH TO DATE    1.44                      1.88  -0.44     1.65
  SINCE SEP 1     16.72                      6.30  10.42     9.62
  SINCE JAN 1     65.77                     41.87  23.90    39.34

SNOWFALL (IN)
  YESTERDAY        0.0           0.0    MM   0.0    0.0      0.0
  MONTH TO DATE    0.0                       0.0    0.0      0.0
  SINCE SEP 1      0.0                       0.0    0.0      0.0
  SINCE JUL 1      0.0                       0.0    0.0      0.0
  SNOW DEPTH       0

DEGREE DAYS
 HEATING
  YESTERDAY        0                         1     -1        0
  MONTH TO DATE    0                         5     -5        0
  SINCE SEP 1      0                         5     -5        0
  SINCE JUL 1      0                         5     -5        0

 COOLING
  YESTERDAY        2                         6     -4       11
  MONTH TO DATE  222                       142     80      178
  SINCE SEP 1    627                       538     89      635
  SINCE JAN 1   2787                      2482    305     2878
..................................................................


WIND (MPH)
  HIGHEST WIND SPEED    20   HIGHEST WIND DIRECTION    NE (30)
  HIGHEST GUST SPEED    28   HIGHEST GUST DIRECTION    NE (50)
  AVERAGE WIND SPEED    11.8


SKY COVER
  POSSIBLE SUNSHINE  MM
  AVERAGE SKY COVER 0.7


WEATHER CONDITIONS
 THE FOLLOWING WEATHER WAS RECORDED YESTERDAY.
  NO SIGNIFICANT WEATHER WAS OBSERVED.


RELATIVE HUMIDITY (PERCENT)
 HIGHEST    90           100 AM
 LOWEST     64          1100 AM
 AVERAGE    77

..........................................................


THE GAINESVILLE CLIMATE NORMALS FOR TODAY
                         NORMAL    RECORD    YEAR
 MAXIMUM TEMPERATURE (F)   81        93      1981
 MINIMUM TEMPERATURE (F)   60        38      1977


SUNRISE AND SUNSET
OCTOBER 18 2017.......SUNRISE   733 AM EDT   SUNSET   655 PM EDT
OCTOBER 19 2017.......SUNRISE   733 AM EDT   SUNSET   654 PM EDT


-  INDICATES NEGATIVE NUMBERS.
R  INDICATES RECORD WAS SET OR TIED.
MM INDICATES DATA IS MISSING.
T  INDICATES TRACE AMOUNT.




$$
