000
CDUS42 KJAX 230531
CLIGNV


CLIMATE REPORT
NATIONAL WEATHER SERVICE JACKSONVILLE FL
130 AM EDT TUE SEP 23 2014


...................................

...THE GAINESVILLE CLIMATE SUMMARY FOR SEPTEMBER 22 2014...

CLIMATE NORMAL PERIOD 1981 TO 2010
CLIMATE RECORD PERIOD 1890 TO 2014


WEATHER ITEM   OBSERVED TIME   RECORD YEAR NORMAL DEPARTURE LAST
                VALUE   (LST)  VALUE       VALUE  FROM      YEAR
                                                  NORMAL
..................................................................
TEMPERATURE (F)
 YESTERDAY
  MAXIMUM         85    137 PM  96    1925  87     -2       82
  MINIMUM         65    620 AM  48    1897  68     -3       73
  AVERAGE         75                        77     -2       78

PRECIPITATION (IN)
  YESTERDAY        0.08          1.87 2001   0.13  -0.05     0.41
  MONTH TO DATE    3.93                      3.37   0.56     1.13
  SINCE SEP 1      3.93                      3.37   0.56     1.13
  SINCE JAN 1     40.99                     38.94   2.05    37.83

SNOWFALL (IN)
  YESTERDAY        0.0           0.0    MM   0.0    0.0      0.0
  MONTH TO DATE    0.0                       0.0    0.0      0.0
  SINCE SEP 1      0.0                       0.0    0.0      0.0
  SINCE JUL 1      0.0                       0.0    0.0      0.0
  SNOW DEPTH       0

DEGREE DAYS
 HEATING
  YESTERDAY        0                         0      0        0
  MONTH TO DATE    0                         0      0        0
  SINCE SEP 1      0                         0      0        0
  SINCE JUL 1      0                         0      0        0

 COOLING
  YESTERDAY       10                        12     -2       13
  MONTH TO DATE  321                       306     15      340
  SINCE SEP 1    321                       306     15      340
  SINCE JAN 1   2267                      2250     17     2402
..................................................................


WIND (MPH)
  HIGHEST WIND SPEED    17   HIGHEST WIND DIRECTION    NE (40)
  HIGHEST GUST SPEED    22   HIGHEST GUST DIRECTION    NE (40)
  AVERAGE WIND SPEED     4.6


SKY COVER
  POSSIBLE SUNSHINE  MM
  AVERAGE SKY COVER 0.4


WEATHER CONDITIONS
 THE FOLLOWING WEATHER WAS RECORDED YESTERDAY.
  THUNDERSTORM
  HEAVY RAIN
  RAIN
  LIGHT RAIN
  FOG


RELATIVE HUMIDITY (PERCENT)
 HIGHEST    93           100 AM
 LOWEST     65          1200 PM
 AVERAGE    79

..........................................................


THE GAINESVILLE CLIMATE NORMALS FOR TODAY
                         NORMAL    RECORD    YEAR
 MAXIMUM TEMPERATURE (F)   86        97      1925
 MINIMUM TEMPERATURE (F)   68        50      1897


SUNRISE AND SUNSET
SEPTEMBER 23 2014.....SUNRISE   718 AM EDT   SUNSET   724 PM EDT
SEPTEMBER 24 2014.....SUNRISE   718 AM EDT   SUNSET   723 PM EDT


-  INDICATES NEGATIVE NUMBERS.
R  INDICATES RECORD WAS SET OR TIED.
MM INDICATES DATA IS MISSING.
T  INDICATES TRACE AMOUNT.




$$
