000
CDUS45 KMSO 262233
CLIGPI


CLIMATE REPORT
NATIONAL WEATHER SERVICE MISSOULA, MT
432 PM MDT WED JUL 26 2017


...................................

...THE KALISPELL MT CLIMATE SUMMARY FOR JULY 26 2017...
VALID TODAY AS OF 0400 PM LOCAL TIME.

CLIMATE NORMAL PERIOD 1981 TO 2010
CLIMATE RECORD PERIOD 1894 TO 2017


WEATHER ITEM   OBSERVED TIME   RECORD YEAR NORMAL DEPARTURE LAST
                VALUE   (LST)  VALUE       VALUE  FROM      YEAR
                                                  NORMAL
..................................................................
TEMPERATURE (F)
 TODAY
  MAXIMUM         90    259 PM  97    1984  84      6       87
  MINIMUM         46    510 AM  34    1969  49     -3       53
  AVERAGE         68                        66      2       70

PRECIPITATION (IN)
  TODAY            0.00          1.06 1909   0.03  -0.03      T
  MONTH TO DATE    0.07                      1.29  -1.22     1.51
  SINCE OCT 1     18.40                     14.46   3.94    15.19
  SINCE JAN 1     11.17                     10.46   0.71    11.14

SNOWFALL (IN)
  TODAY            0.0
  MONTH TO DATE    0.0
  SINCE JAN 1     54.5
  SINCE JUL 1      0.0
  SNOW DEPTH       0

DEGREE DAYS
 HEATING
  TODAY            0                         2     -2        0
  MONTH TO DATE    6                        72    -66       79
  SINCE JUN 1    164                       288   -124      258
  SINCE JUL 1      6                        72    -66       79

 COOLING
  TODAY            3                         3      0        5
  MONTH TO DATE  101                        52     49       23
  SINCE JUN 1    117                        65     52       70
  SINCE JAN 1    122                        68     54       70
..................................................................


WIND (MPH)
  HIGHEST WIND SPEED    10   HIGHEST WIND DIRECTION    SE (150)
  HIGHEST GUST SPEED    15   HIGHEST GUST DIRECTION     S (170)
  AVERAGE WIND SPEED     4.5


SKY COVER
  POSSIBLE SUNSHINE  MM
  AVERAGE SKY COVER 0.0


WEATHER CONDITIONS
 THE FOLLOWING WEATHER WAS RECORDED TODAY.
  NO SIGNIFICANT WEATHER WAS OBSERVED.


RELATIVE HUMIDITY (PERCENT)
 HIGHEST    80           500 AM
 LOWEST     16           200 PM
 AVERAGE    48

..........................................................


THE KALISPELL MT CLIMATE NORMALS FOR TOMORROW
                         NORMAL    RECORD    YEAR
 MAXIMUM TEMPERATURE (F)   84       100      1975
 MINIMUM TEMPERATURE (F)   49        40      1983


SUNRISE AND SUNSET
JULY 26 2017..........SUNRISE   605 AM MDT   SUNSET   921 PM MDT
JULY 27 2017..........SUNRISE   606 AM MDT   SUNSET   920 PM MDT


-  INDICATES NEGATIVE NUMBERS.
R  INDICATES RECORD WAS SET OR TIED.
MM INDICATES DATA IS MISSING.
T  INDICATES TRACE AMOUNT.




$$
