000
CDUS45 KMSO 240748
CLIGPI


CLIMATE REPORT
NATIONAL WEATHER SERVICE MISSOULA, MT
1248 AM MST SAT FEB 24 2018


...................................

...THE KALISPELL MT CLIMATE SUMMARY FOR FEBRUARY 23 2018...

CLIMATE NORMAL PERIOD 1981 TO 2010
CLIMATE RECORD PERIOD 1894 TO 2018


WEATHER ITEM   OBSERVED TIME   RECORD YEAR NORMAL DEPARTURE LAST
                VALUE   (LST)  VALUE       VALUE  FROM      YEAR
                                                  NORMAL
..................................................................
TEMPERATURE (F)
 YESTERDAY
  MAXIMUM         20   1147 PM  56    1981  38    -18       41
  MINIMUM        -10    536 AM -11    1960  19    -29       16
  AVERAGE          5                        28    -23       29

PRECIPITATION (IN)
  YESTERDAY        T             0.48 1910   0.04  -0.04      T
  MONTH TO DATE    1.37                      0.79   0.58     2.42
  SINCE OCT 1      7.94                      6.12   1.82    10.62
  SINCE JAN 1      2.79                      2.12   0.67     3.39

SNOWFALL (IN)
  YESTERDAY        T
  MONTH TO DATE   23.2
  SINCE JAN 1     33.7
  SINCE JUL 1     75.7
  SNOW DEPTH      15

DEGREE DAYS
 HEATING
  YESTERDAY       60                        37     23       36
  MONTH TO DATE 1063                       881    182      950
  SINCE DEC 1   3442                      3468    -26     4020
  SINCE JUL 1   5455                      5672   -217     5979

 COOLING
  YESTERDAY        0                         0      0        0
  MONTH TO DATE    0                         0      0        0
  SINCE DEC 1      0                         0      0        0
  SINCE JAN 1      0                         0      0        0
..................................................................


WIND (MPH)
  HIGHEST WIND SPEED    13   HIGHEST WIND DIRECTION    SW (210)
  HIGHEST GUST SPEED    17   HIGHEST GUST DIRECTION     S (190)
  AVERAGE WIND SPEED     3.5


SKY COVER
  POSSIBLE SUNSHINE  MM
  AVERAGE SKY COVER 0.7


WEATHER CONDITIONS
 THE FOLLOWING WEATHER WAS RECORDED YESTERDAY.
  LIGHT SNOW


RELATIVE HUMIDITY (PERCENT)
 HIGHEST    91           400 AM
 LOWEST     61          1200 PM
 AVERAGE    76

..........................................................


THE KALISPELL MT CLIMATE NORMALS FOR TODAY
                         NORMAL    RECORD    YEAR
 MAXIMUM TEMPERATURE (F)   38        64      1995
 MINIMUM TEMPERATURE (F)   19       -17      1919


SUNRISE AND SUNSET
FEBRUARY 24 2018......SUNRISE   728 AM MST   SUNSET   614 PM MST
FEBRUARY 25 2018......SUNRISE   726 AM MST   SUNSET   615 PM MST


-  INDICATES NEGATIVE NUMBERS.
R  INDICATES RECORD WAS SET OR TIED.
MM INDICATES DATA IS MISSING.
T  INDICATES TRACE AMOUNT.




$$
