649
CDUS45 KMSO 222331
CLIGPI


CLIMATE REPORT
NATIONAL WEATHER SERVICE MISSOULA, MT
431 PM MST WED NOV 22 2017


...................................

...THE KALISPELL MT CLIMATE SUMMARY FOR NOVEMBER 22 2017...
VALID TODAY AS OF 0400 PM LOCAL TIME.

CLIMATE NORMAL PERIOD 1981 TO 2010
CLIMATE RECORD PERIOD 1894 TO 2017


WEATHER ITEM   OBSERVED TIME   RECORD YEAR NORMAL DEPARTURE LAST
                VALUE   (LST)  VALUE       VALUE  FROM      YEAR
                                                  NORMAL
..................................................................
TEMPERATURE (F)
 TODAY
  MAXIMUM         51    359 PM  59    1917  37     14       46
  MINIMUM         38    156 AM -15    1985  23     15       24
  AVERAGE         45                        30     15       35

PRECIPITATION (IN)
  TODAY            0.04          1.00 1926   0.04   0.00     0.01
  MONTH TO DATE    1.19                      1.04   0.15     0.57
  SINCE OCT 1      2.42                      2.05   0.37     5.43
  SINCE JAN 1     14.27                     15.04  -0.77    18.52

SNOWFALL (IN)
  TODAY            0.0
  MONTH TO DATE    8.3
  SINCE JAN 1     62.8
  SINCE JUL 1      8.3
  SNOW DEPTH       0

DEGREE DAYS
 HEATING
  TODAY           20                        35    -15       30
  MONTH TO DATE  729                       700     29      544
  SINCE SEP 1   1755                      1738     17     1553
  SINCE JUL 1   1804                      1908   -104     1700

 COOLING
  TODAY            0                         0      0        0
  MONTH TO DATE    0                         0      0        0
  SINCE SEP 1      4                         4      0        1
  SINCE JAN 1    228                       147     81      157
..................................................................


WIND (MPH)
  HIGHEST WIND SPEED     9   HIGHEST WIND DIRECTION    SW (230)
  HIGHEST GUST SPEED    10   HIGHEST GUST DIRECTION    SW (230)
  AVERAGE WIND SPEED     2.7


SKY COVER
  POSSIBLE SUNSHINE  MM
  AVERAGE SKY COVER 1.0


WEATHER CONDITIONS
 THE FOLLOWING WEATHER WAS RECORDED TODAY.
  LIGHT RAIN
  FOG


RELATIVE HUMIDITY (PERCENT)
 HIGHEST   100          1200 AM
 LOWEST     93           700 AM
 AVERAGE    97

..........................................................


THE KALISPELL MT CLIMATE NORMALS FOR TOMORROW
                         NORMAL    RECORD    YEAR
 MAXIMUM TEMPERATURE (F)   36        57      1919
 MINIMUM TEMPERATURE (F)   22       -15      1985


SUNRISE AND SUNSET
NOVEMBER 22 2017......SUNRISE   755 AM MST   SUNSET   451 PM MST
NOVEMBER 23 2017......SUNRISE   757 AM MST   SUNSET   450 PM MST


-  INDICATES NEGATIVE NUMBERS.
R  INDICATES RECORD WAS SET OR TIED.
MM INDICATES DATA IS MISSING.
T  INDICATES TRACE AMOUNT.




$$
