000
CDUS45 KMSO 060840
CLIGPI


CLIMATE REPORT
NATIONAL WEATHER SERVICE MISSOULA, MT
139 AM MST TUE DEC 6 2016


...................................

...THE KALISPELL MT CLIMATE SUMMARY FOR DECEMBER 5 2016...

CLIMATE NORMAL PERIOD 1981 TO 2010
CLIMATE RECORD PERIOD 1894 TO 2016


WEATHER ITEM   OBSERVED TIME   RECORD YEAR NORMAL DEPARTURE LAST
                VALUE   (LST)  VALUE       VALUE  FROM      YEAR
                                                  NORMAL
..................................................................
TEMPERATURE (F)
 YESTERDAY
  MAXIMUM         25    115 PM  49    1940  32     -7       44
                                      1989
  MINIMUM         14   1132 PM  -8    1972  18     -4       32
  AVERAGE         20                        25     -5       38

PRECIPITATION (IN)
  YESTERDAY        0.09          0.60 1911   0.05   0.04     0.00
  MONTH TO DATE    0.39                      0.25   0.14     0.05
  SINCE OCT 1      5.87                      2.69   3.18     1.66
  SINCE JAN 1     18.96                     15.68   3.28     9.26

SNOWFALL (IN)
  YESTERDAY        2.6
  MONTH TO DATE    6.7
  SINCE JAN 1     23.0
  SINCE JUL 1      8.4
  SNOW DEPTH       4

DEGREE DAYS
 HEATING
  YESTERDAY       45                        40      5       27
  MONTH TO DATE  172                       198    -26      185
  SINCE DEC 1    172                       198    -26      185
  SINCE JUL 1   2131                      2402   -271     2204

 COOLING
  YESTERDAY        0                         0      0        0
  MONTH TO DATE    0                         0      0        0
  SINCE DEC 1      0                         0      0        0
  SINCE JAN 1    157                       147     10      248
..................................................................


WIND (MPH)
  HIGHEST WIND SPEED    23   HIGHEST WIND DIRECTION     N (20)
  HIGHEST GUST SPEED    28   HIGHEST GUST DIRECTION     N (10)
  AVERAGE WIND SPEED     4.8


SKY COVER
  POSSIBLE SUNSHINE  MM
  AVERAGE SKY COVER 1.0


WEATHER CONDITIONS
 THE FOLLOWING WEATHER WAS RECORDED YESTERDAY.
  SNOW
  LIGHT SNOW
  FOG


RELATIVE HUMIDITY (PERCENT)
 HIGHEST    92           500 AM
 LOWEST     71          1000 AM
 AVERAGE    82

..........................................................


THE KALISPELL MT CLIMATE NORMALS FOR TODAY
                         NORMAL    RECORD    YEAR
 MAXIMUM TEMPERATURE (F)   31        52      1939
 MINIMUM TEMPERATURE (F)   18       -16      2005


SUNRISE AND SUNSET
DECEMBER  6 2016......SUNRISE   814 AM MST   SUNSET   443 PM MST
DECEMBER  7 2016......SUNRISE   815 AM MST   SUNSET   443 PM MST


-  INDICATES NEGATIVE NUMBERS.
R  INDICATES RECORD WAS SET OR TIED.
MM INDICATES DATA IS MISSING.
T  INDICATES TRACE AMOUNT.




$$
