000
CDUS45 KMSO 240738
CLIGPI


CLIMATE REPORT
NATIONAL WEATHER SERVICE MISSOULA, MT
137 AM MDT TUE MAY 24 2016


...................................

...THE KALISPELL MT CLIMATE SUMMARY FOR MAY 23 2016...

CLIMATE NORMAL PERIOD 1981 TO 2010
CLIMATE RECORD PERIOD 1894 TO 2016


WEATHER ITEM   OBSERVED TIME   RECORD YEAR NORMAL DEPARTURE LAST
                VALUE   (LST)  VALUE       VALUE  FROM      YEAR
                                                  NORMAL
..................................................................
TEMPERATURE (F)
 YESTERDAY
  MAXIMUM         48    430 PM  87    2001  67    -19       78
  MINIMUM         44   1159 PM  26    1953  41      3       41
  AVERAGE         46                        54     -8       60

PRECIPITATION (IN)
  YESTERDAY        0.45          0.51 1942   0.08   0.37     0.00
  MONTH TO DATE    2.78                      1.33   1.45     0.10
  SINCE OCT 1     12.00                      9.96   2.04    11.72
  SINCE JAN 1      7.95                      5.96   1.99     5.64

SNOWFALL (IN)
  YESTERDAY        0.0
  MONTH TO DATE    0.0
  SINCE JAN 1     14.6
  SINCE JUL 1     41.4
  SNOW DEPTH       0

DEGREE DAYS
 HEATING
  YESTERDAY       19                        11      8        5
  MONTH TO DATE  259                       330    -71      283
  SINCE MAR 1   1552                      1889   -337     1707
  SINCE JUL 1   6854                      7741   -887     7157

 COOLING
  YESTERDAY        0                         0      0        0
  MONTH TO DATE    0                         0      0        0
  SINCE MAR 1      0                         0      0        0
  SINCE JAN 1      0                         0      0        0
..................................................................


WIND (MPH)
  HIGHEST WIND SPEED    18   HIGHEST WIND DIRECTION     S (160)
  HIGHEST GUST SPEED    24   HIGHEST GUST DIRECTION    SE (140)
  AVERAGE WIND SPEED    10.8


SKY COVER
  POSSIBLE SUNSHINE  MM
  AVERAGE SKY COVER 1.0


WEATHER CONDITIONS
 THE FOLLOWING WEATHER WAS RECORDED YESTERDAY.
  RAIN
  LIGHT RAIN
  FOG


RELATIVE HUMIDITY (PERCENT)
 HIGHEST   100          1000 AM
 LOWEST     77           700 AM
 AVERAGE    89

..........................................................


THE KALISPELL MT CLIMATE NORMALS FOR TODAY
                         NORMAL    RECORD    YEAR
 MAXIMUM TEMPERATURE (F)   67        89      2001
                                             1934
 MINIMUM TEMPERATURE (F)   41        28      2005
                                             1964


SUNRISE AND SUNSET
MAY 24 2016...........SUNRISE   547 AM MDT   SUNSET   922 PM MDT
MAY 25 2016...........SUNRISE   546 AM MDT   SUNSET   923 PM MDT


-  INDICATES NEGATIVE NUMBERS.
R  INDICATES RECORD WAS SET OR TIED.
MM INDICATES DATA IS MISSING.
T  INDICATES TRACE AMOUNT.




$$
