597
CDUS45 KMSO 140840
CLIGPI


CLIMATE REPORT
NATIONAL WEATHER SERVICE MISSOULA, MT
140 AM MST SUN FEB 14 2016


...................................

...THE KALISPELL MT CLIMATE SUMMARY FOR FEBRUARY 13 2016...

CLIMATE NORMAL PERIOD 1981 TO 2010
CLIMATE RECORD PERIOD 1894 TO 2016


WEATHER ITEM   OBSERVED TIME   RECORD YEAR NORMAL DEPARTURE LAST
                VALUE   (LST)  VALUE       VALUE  FROM      YEAR
                                                  NORMAL
..................................................................
TEMPERATURE (F)
 YESTERDAY
  MAXIMUM         40    648 PM  56    2015  35      5       56
  MINIMUM         34    709 AM -24    1936  18     16       28
  AVERAGE         37                        27     10       42

PRECIPITATION (IN)
  YESTERDAY        0.08          0.45 1982   0.04   0.04     0.00
  MONTH TO DATE    0.37                      0.44  -0.07     1.02
  SINCE OCT 1      5.90                      5.77   0.13     9.51
  SINCE JAN 1      1.85                      1.77   0.08     3.43

SNOWFALL (IN)
  YESTERDAY        T
  MONTH TO DATE    2.5
  SINCE JAN 1     14.1
  SINCE JUL 1     40.9
  SNOW DEPTH       2

DEGREE DAYS
 HEATING
  YESTERDAY       28                        38    -10       23
  MONTH TO DATE  461                       506    -45      379
  SINCE DEC 1   2840                      3093   -253     2910
  SINCE JUL 1   4859                      5297   -438     4908

 COOLING
  YESTERDAY        0                         0      0        0
  MONTH TO DATE    0                         0      0        0
  SINCE DEC 1      0                         0      0        0
  SINCE JAN 1      0                         0      0        0
..................................................................


WIND (MPH)
  HIGHEST WIND SPEED    15   HIGHEST WIND DIRECTION     S (170)
  HIGHEST GUST SPEED    18   HIGHEST GUST DIRECTION     S (180)
  AVERAGE WIND SPEED     7.7


SKY COVER
  POSSIBLE SUNSHINE  MM
  AVERAGE SKY COVER 0.9


WEATHER CONDITIONS
 THE FOLLOWING WEATHER WAS RECORDED YESTERDAY.
  RAIN
  LIGHT RAIN
  LIGHT SNOW
  FOG


RELATIVE HUMIDITY (PERCENT)
 HIGHEST   100          1200 AM
 LOWEST     59           700 PM
 AVERAGE    80

..........................................................


THE KALISPELL MT CLIMATE NORMALS FOR TODAY
                         NORMAL    RECORD    YEAR
 MAXIMUM TEMPERATURE (F)   36        51      1971
 MINIMUM TEMPERATURE (F)   18       -23      1936


SUNRISE AND SUNSET
FEBRUARY 14 2016......SUNRISE   746 AM MST   SUNSET   557 PM MST
FEBRUARY 15 2016......SUNRISE   745 AM MST   SUNSET   558 PM MST


-  INDICATES NEGATIVE NUMBERS.
R  INDICATES RECORD WAS SET OR TIED.
MM INDICATES DATA IS MISSING.
T  INDICATES TRACE AMOUNT.




$$
