000
CDUS45 KMSO 241638
CLIGPI


CLIMATE REPORT
NATIONAL WEATHER SERVICE MISSOULA, MT
937 AM MST FRI FEB 24 2017


...................................

...THE KALISPELL MT CLIMATE SUMMARY FOR FEBRUARY 23 2017...

CLIMATE NORMAL PERIOD 1981 TO 2010
CLIMATE RECORD PERIOD 1894 TO 2017


WEATHER ITEM   OBSERVED TIME   RECORD YEAR NORMAL DEPARTURE LAST
                VALUE   (LST)  VALUE       VALUE  FROM      YEAR
                                                  NORMAL
..................................................................
TEMPERATURE (F)
 YESTERDAY
  MAXIMUM         41    241 PM  56    1981  38      3       43
  MINIMUM         16   1159 PM -11    1960  19     -3       19
  AVERAGE         29                        28      1       31

PRECIPITATION (IN)
  YESTERDAY        T             0.48 1910   0.04  -0.04     0.00
  MONTH TO DATE    2.42                      0.79   1.63     0.82
  SINCE OCT 1     10.62                      6.12   4.50     6.35
  SINCE JAN 1      3.39                      2.12   1.27     2.30

SNOWFALL (IN)
  YESTERDAY        0.0
  MONTH TO DATE   25.2
  SINCE JAN 1     39.0
  SINCE JUL 1     74.3
  SNOW DEPTH      13

DEGREE DAYS
 HEATING
  YESTERDAY       36                        37     -1       34
  MONTH TO DATE  950                       881     69      732
  SINCE DEC 1   4020                      3468    552     3111
  SINCE JUL 1   5979                      5672    307     5130

 COOLING
  YESTERDAY        0                         0      0        0
  MONTH TO DATE    0                         0      0        0
  SINCE DEC 1      0                         0      0        0
  SINCE JAN 1      0                         0      0        0
..................................................................


WIND (MPH)
  HIGHEST WIND SPEED    10   HIGHEST WIND DIRECTION     W (290)
  HIGHEST GUST SPEED    15   HIGHEST GUST DIRECTION     N (350)
  AVERAGE WIND SPEED     3.8


SKY COVER
  POSSIBLE SUNSHINE  MM
  AVERAGE SKY COVER 0.6


WEATHER CONDITIONS
 THE FOLLOWING WEATHER WAS RECORDED YESTERDAY.
  NO SIGNIFICANT WEATHER WAS OBSERVED.


RELATIVE HUMIDITY (PERCENT)
 HIGHEST    92          1000 PM
 LOWEST     48           300 PM
 AVERAGE    70

..........................................................


THE KALISPELL MT CLIMATE NORMALS FOR TODAY
                         NORMAL    RECORD    YEAR
 MAXIMUM TEMPERATURE (F)   38        64      1995
 MINIMUM TEMPERATURE (F)   19       -17      1919


SUNRISE AND SUNSET
FEBRUARY 24 2017......SUNRISE   727 AM MST   SUNSET   614 PM MST
FEBRUARY 25 2017......SUNRISE   725 AM MST   SUNSET   615 PM MST


-  INDICATES NEGATIVE NUMBERS.
R  INDICATES RECORD WAS SET OR TIED.
MM INDICATES DATA IS MISSING.
T  INDICATES TRACE AMOUNT.




$$
