000
CDUS45 KMSO 210750
CLIGPI


CLIMATE REPORT
NATIONAL WEATHER SERVICE MISSOULA, MT
1250 AM MST SUN DEC 21 2014


...................................

...THE KALISPELL MT CLIMATE SUMMARY FOR DECEMBER 20 2014...

CLIMATE NORMAL PERIOD 1981 TO 2010
CLIMATE RECORD PERIOD 1894 TO 2014


WEATHER ITEM   OBSERVED TIME   RECORD YEAR NORMAL DEPARTURE LAST
                VALUE   (LST)  VALUE       VALUE  FROM      YEAR
                                                  NORMAL
..................................................................
TEMPERATURE (F)
 YESTERDAY
  MAXIMUM         36    308 PM  49    1994  29      7       22
  MINIMUM         25    910 AM -22    2008  15     10       12
  AVERAGE         31                        22      9       17

PRECIPITATION (IN)
  YESTERDAY        0.04          0.50 1912   0.06  -0.02     0.21
  MONTH TO DATE    1.13                      0.98   0.15     1.19
  SINCE OCT 1      4.86                      3.42   1.44     4.06
  SINCE JAN 1     20.34                     16.41   3.93    17.09

SNOWFALL (IN)
  YESTERDAY        T
  MONTH TO DATE    6.6
  SINCE JAN 1     55.1
  SINCE JUL 1     16.9
  SNOW DEPTH       0

DEGREE DAYS
 HEATING
  YESTERDAY       34                        43     -9       48
  MONTH TO DATE  750                       831    -81      933
  SINCE DEC 1    750                       831    -81      933
  SINCE JUL 1   2748                      3035   -287     3010

 COOLING
  YESTERDAY        0                         0      0        0
  MONTH TO DATE    0                         0      0        0
  SINCE DEC 1      0                         0      0        0
  SINCE JAN 1    217                       147     70      264
..................................................................


WIND (MPH)
  HIGHEST WIND SPEED    12   HIGHEST WIND DIRECTION     S (160)
  HIGHEST GUST SPEED    12   HIGHEST GUST DIRECTION     S (160)
  AVERAGE WIND SPEED     1.0


SKY COVER
  POSSIBLE SUNSHINE  MM
  AVERAGE SKY COVER 1.0


WEATHER CONDITIONS
 THE FOLLOWING WEATHER WAS RECORDED YESTERDAY.
  LIGHT RAIN
  LIGHT SNOW
  FOG
  FOG W/VISIBILITY <= 1/4 MILE


RELATIVE HUMIDITY (PERCENT)
 HIGHEST   100           500 AM
 LOWEST     82           100 PM
 AVERAGE    91

..........................................................


THE KALISPELL MT CLIMATE NORMALS FOR TODAY
                         NORMAL    RECORD    YEAR
 MAXIMUM TEMPERATURE (F)   29        54      1933
 MINIMUM TEMPERATURE (F)   14       -25      1990


SUNRISE AND SUNSET
DECEMBER 21 2014......SUNRISE   825 AM MST   SUNSET   445 PM MST
DECEMBER 22 2014......SUNRISE   826 AM MST   SUNSET   446 PM MST


-  INDICATES NEGATIVE NUMBERS.
R  INDICATES RECORD WAS SET OR TIED.
MM INDICATES DATA IS MISSING.
T  INDICATES TRACE AMOUNT.




$$
