000
CDUS45 KMSO 230739
CLIGPI


CLIMATE REPORT
NATIONAL WEATHER SERVICE MISSOULA, MT
138 AM MDT WED JUL 23 2014


...................................

...THE KALISPELL MT CLIMATE SUMMARY FOR JULY 22 2014...

CLIMATE NORMAL PERIOD 1981 TO 2010
CLIMATE RECORD PERIOD 1894 TO 2014


WEATHER ITEM   OBSERVED TIME   RECORD YEAR NORMAL DEPARTURE LAST
                VALUE   (LST)  VALUE       VALUE  FROM      YEAR
                                                  NORMAL
..................................................................
TEMPERATURE (F)
 YESTERDAY
  MAXIMUM         83    442 PM  98    1936  83      0       93
  MINIMUM         47    410 AM  37    1967  49     -2       45
                                      2000
  AVERAGE         65                        66     -1       69

PRECIPITATION (IN)
  YESTERDAY        0.02          0.36 1924   0.03  -0.01     0.00
  MONTH TO DATE    0.28                      1.16  -0.88     0.31
  SINCE OCT 1     17.22                     14.33   2.89    14.70
  SINCE JAN 1     12.77                     10.33   2.44     9.32

SNOWFALL (IN)
  YESTERDAY        0.0
  MONTH TO DATE    0.0
  SINCE JAN 1     38.2
  SINCE JUL 1      0.0
  SNOW DEPTH       0

DEGREE DAYS
 HEATING
  YESTERDAY        0                         2     -2        0
  MONTH TO DATE    0                        64    -64       18
  SINCE JUN 1    253                       280    -27      204
  SINCE JUL 1      0                        64    -64       18

 COOLING
  YESTERDAY        0                         3     -3        4
  MONTH TO DATE   90                        40     50       83
  SINCE JUN 1     90                        53     37      102
  SINCE JAN 1     90                        56     34      102
..................................................................


WIND (MPH)
  HIGHEST WIND SPEED    20   HIGHEST WIND DIRECTION     W (270)
  HIGHEST GUST SPEED    26   HIGHEST GUST DIRECTION     W (270)
  AVERAGE WIND SPEED     4.2


SKY COVER
  POSSIBLE SUNSHINE  MM
  AVERAGE SKY COVER 0.3


WEATHER CONDITIONS
 THE FOLLOWING WEATHER WAS RECORDED YESTERDAY.
  RAIN
  LIGHT RAIN


RELATIVE HUMIDITY (PERCENT)
 HIGHEST    93          1000 PM
 LOWEST     33           400 PM
 AVERAGE    63

..........................................................


THE KALISPELL MT CLIMATE NORMALS FOR TODAY
                         NORMAL    RECORD    YEAR
 MAXIMUM TEMPERATURE (F)   84       101      2003
 MINIMUM TEMPERATURE (F)   49        35      1963


SUNRISE AND SUNSET
JULY 23 2014..........SUNRISE   601 AM MDT   SUNSET   925 PM MDT
JULY 24 2014..........SUNRISE   602 AM MDT   SUNSET   924 PM MDT


-  INDICATES NEGATIVE NUMBERS.
R  INDICATES RECORD WAS SET OR TIED.
MM INDICATES DATA IS MISSING.
T  INDICATES TRACE AMOUNT.




$$
