000
CDUS43 KGRB 300730
CLIGRB


CLIMATE REPORT
NATIONAL WEATHER SERVICE GREEN BAY
228 AM CDT THU MAR 30 2017


...................................

...THE GREEN BAY WI CLIMATE SUMMARY FOR MARCH 29 2017...

CLIMATE NORMAL PERIOD 1981 TO 2010
CLIMATE RECORD PERIOD 1886 TO 2017


WEATHER ITEM   OBSERVED TIME   RECORD YEAR NORMAL DEPARTURE LAST
                VALUE   (LST)  VALUE       VALUE  FROM      YEAR
                                                  NORMAL
..................................................................
TEMPERATURE (F)
 YESTERDAY
  MAXIMUM         42    151 PM  82    1910  45     -3       55
  MINIMUM         32    533 AM   1    1887  27      5       31
  AVERAGE         37                        36      1       43

PRECIPITATION (IN)
  YESTERDAY        0.01          0.87 1924   0.07  -0.06     0.00
  MONTH TO DATE    1.96                      1.71   0.25     2.86
  SINCE MAR 1      1.96                      1.71   0.25     2.86
  SINCE JAN 1      5.21                      3.95   1.26     5.34

SNOWFALL (IN)
  YESTERDAY        T             9.8  1924   0.2   -0.2      0.0
  MONTH TO DATE    8.9                       7.8    1.1     11.8
  SINCE MAR 1      8.9                       7.8    1.1     11.8
  SINCE JUL 1     53.1                      48.0    5.1     45.6
  SNOW DEPTH       0

DEGREE DAYS
 HEATING
  YESTERDAY       28                        29     -1       22
  MONTH TO DATE  972                      1004    -32      818
  SINCE MAR 1    972                      1004    -32      818
  SINCE JUL 1   5545                      6844  -1299     5629

 COOLING
  YESTERDAY        0                         0      0        0
  MONTH TO DATE    0                         0      0        0
  SINCE MAR 1      0                         0      0        0
  SINCE JAN 1      0                         0      0        0
..................................................................


WIND (MPH)
  HIGHEST WIND SPEED    17   HIGHEST WIND DIRECTION    NE (40)
  HIGHEST GUST SPEED    21   HIGHEST GUST DIRECTION     N (20)
  AVERAGE WIND SPEED    10.2


SKY COVER
  POSSIBLE SUNSHINE  MM
  AVERAGE SKY COVER 0.4


WEATHER CONDITIONS
 THE FOLLOWING WEATHER WAS RECORDED YESTERDAY.
  LIGHT RAIN
  LIGHT SNOW


RELATIVE HUMIDITY (PERCENT)
 HIGHEST   100          1200 AM
 LOWEST     70           500 PM
 AVERAGE    85

..........................................................


THE GREEN BAY WI CLIMATE NORMALS FOR TODAY
                         NORMAL    RECORD    YEAR
 MAXIMUM TEMPERATURE (F)   46        73      1967
                                             1910
 MINIMUM TEMPERATURE (F)   28         3      1923


SUNRISE AND SUNSET
MARCH 30 2017.........SUNRISE   637 AM CDT   SUNSET   718 PM CDT
MARCH 31 2017.........SUNRISE   635 AM CDT   SUNSET   719 PM CDT


-  INDICATES NEGATIVE NUMBERS.
R  INDICATES RECORD WAS SET OR TIED.
MM INDICATES DATA IS MISSING.
T  INDICATES TRACE AMOUNT.

$$
