000
CDUS43 KGRB 010649
CLIGRB


CLIMATE REPORT
NATIONAL WEATHER SERVICE GREEN BAY
149 AM CDT WED JUL 1 2015


...................................

...THE GREEN BAY WI CLIMATE SUMMARY FOR JUNE 30 2015...

CLIMATE NORMAL PERIOD 1981 TO 2010
CLIMATE RECORD PERIOD 1886 TO 2015


WEATHER ITEM   OBSERVED TIME   RECORD YEAR NORMAL DEPARTURE LAST
                VALUE   (LST)  VALUE       VALUE  FROM      YEAR
                                                  NORMAL
..................................................................
TEMPERATURE (F)
 YESTERDAY
  MAXIMUM         71    406 PM 100    1931  79     -8       83
                                      1910
  MINIMUM         51   1159 PM  44    1943  58     -7       67
                                      1900
  AVERAGE         61                        68     -7       75

PRECIPITATION (IN)
  YESTERDAY        0.00          1.21 1918   0.12  -0.12     0.12
  MONTH TO DATE    3.24                      3.88  -0.64     4.05
  SINCE JUN 1      3.24                      3.88  -0.64     4.05
  SINCE JAN 1     10.18                     13.53  -3.35    14.71

SNOWFALL (IN)
  YESTERDAY        0.0           0.0    MM   0.0    0.0      0.0
  MONTH TO DATE    0.0                       0.0    0.0      0.0
  SINCE JUN 1      0.0                       0.0    0.0      0.0
  SINCE JUL 1     32.7                      51.4  -18.7     72.1
  SNOW DEPTH       0

DEGREE DAYS
 HEATING
  YESTERDAY        4                         1      3        0
  MONTH TO DATE   53                        91    -38       31
  SINCE JUN 1     53                        92    -39       31
  SINCE JUL 1   7833                      7955   -122     8771

 COOLING
  YESTERDAY        0                         4     -4       10
  MONTH TO DATE   67                        83    -16      106
  SINCE JUN 1     67                        83    -16      106
  SINCE JAN 1     95                       101     -6      122
..................................................................


WIND (MPH)
  HIGHEST WIND SPEED    17   HIGHEST WIND DIRECTION     N (20)
  HIGHEST GUST SPEED    21   HIGHEST GUST DIRECTION     N (350)
  AVERAGE WIND SPEED     9.8


SKY COVER
  POSSIBLE SUNSHINE  MM
  AVERAGE SKY COVER 0.9


WEATHER CONDITIONS
 THE FOLLOWING WEATHER WAS RECORDED YESTERDAY.
  FOG


RELATIVE HUMIDITY (PERCENT)
 HIGHEST    93          1200 AM
 LOWEST     63           500 PM
 AVERAGE    78

..........................................................


THE GREEN BAY WI CLIMATE NORMALS FOR TODAY
                         NORMAL    RECORD    YEAR
 MAXIMUM TEMPERATURE (F)   79       100      1910
 MINIMUM TEMPERATURE (F)   58        44      1965


SUNRISE AND SUNSET
JULY  1 2015..........SUNRISE   512 AM CDT   SUNSET   841 PM CDT
JULY  2 2015..........SUNRISE   512 AM CDT   SUNSET   841 PM CDT


-  INDICATES NEGATIVE NUMBERS.
R  INDICATES RECORD WAS SET OR TIED.
MM INDICATES DATA IS MISSING.
T  INDICATES TRACE AMOUNT.




$$
