000
CDUS43 KGID 290634
CLIGRI


CLIMATE REPORT
NATIONAL WEATHER SERVICE HASTINGS NE
132 AM CDT SAT AUG 29 2015


...................................

...THE GRAND ISLAND NE CLIMATE SUMMARY FOR AUGUST 28 2015...

CLIMATE NORMAL PERIOD 1981 TO 2010
CLIMATE RECORD PERIOD 1895 TO 2015


WEATHER ITEM   OBSERVED TIME   RECORD YEAR NORMAL DEPARTURE LAST
                VALUE   (LST)  VALUE       VALUE  FROM      YEAR
                                                  NORMAL
..................................................................
TEMPERATURE (F)
 YESTERDAY
  MAXIMUM         78    144 PM 106    1913  84     -6       81
  MINIMUM         61   1159 PM  42    1917  60      1       67
                                      1911
  AVERAGE         70                        72     -2       74

PRECIPITATION (IN)
  YESTERDAY        0.00          1.20 1907   0.09  -0.09     0.76
  MONTH TO DATE    1.24                      2.86  -1.62     5.85
  SINCE JUN 1      9.49                     10.56  -1.07    17.69
  SINCE JAN 1     16.65                     20.51  -3.86    22.18

SNOWFALL (IN)
  YESTERDAY        0.0                       0.0    0.0      0.0
  MONTH TO DATE    0.0                       0.0    0.0      0.0
  SINCE JUN 1      0.0                       0.0    0.0      0.0
  SINCE JUL 1      0.0                       0.0    0.0      0.0
  SNOW DEPTH       0

DEGREE DAYS
 HEATING
  YESTERDAY        0                         1     -1        0
  MONTH TO DATE    8                         1      7        0
  SINCE JUN 1     18                        27     -9       14
  SINCE JUL 1     13                         3     10        4

 COOLING
  YESTERDAY        5                         8     -3        9
  MONTH TO DATE  221                       266    -45      267
  SINCE JUN 1    774                       828    -54      789
  SINCE JAN 1    801                       893    -92      908
..................................................................


WIND (MPH)
  HIGHEST WIND SPEED    21   HIGHEST WIND DIRECTION    SW (210)
  HIGHEST GUST SPEED    28   HIGHEST GUST DIRECTION    SW (210)
  AVERAGE WIND SPEED    10.8


SKY COVER
  AVERAGE SKY COVER 0.6


WEATHER CONDITIONS
 THE FOLLOWING WEATHER WAS RECORDED YESTERDAY.
  FOG


RELATIVE HUMIDITY (PERCENT)
 HIGHEST    93           500 AM
 LOWEST     56           300 PM
 AVERAGE    75

..........................................................


THE GRAND ISLAND NE CLIMATE NORMALS FOR TODAY
                         NORMAL    RECORD    YEAR
 MAXIMUM TEMPERATURE (F)   84       102      1945
 MINIMUM TEMPERATURE (F)   60        40      1946


SUNRISE AND SUNSET
AUGUST 29 2015........SUNRISE   657 AM CDT   SUNSET   811 PM CDT
AUGUST 30 2015........SUNRISE   658 AM CDT   SUNSET   809 PM CDT


-  INDICATES NEGATIVE NUMBERS.
R  INDICATES RECORD WAS SET OR TIED.
MM INDICATES DATA IS MISSING.
T  INDICATES TRACE AMOUNT.

$$

HALBLAUB
