000
CDUS43 KGID 280722
CLIGRI


CLIMATE REPORT
NATIONAL WEATHER SERVICE HASTINGS NE
217 AM CDT THU JUL 28 2016


...................................

...THE GRAND ISLAND NE CLIMATE SUMMARY FOR JULY 27 2016...

CLIMATE NORMAL PERIOD 1981 TO 2010
CLIMATE RECORD PERIOD 1895 TO 2016


WEATHER ITEM   OBSERVED TIME   RECORD YEAR NORMAL DEPARTURE LAST
                VALUE   (LST)  VALUE       VALUE  FROM      YEAR
                                                  NORMAL
..................................................................
TEMPERATURE (F)
 YESTERDAY
  MAXIMUM         89    238 PM 106    1935  87      2       89
                                      1930
  MINIMUM         64    613 AM  49    2005  65     -1       70
  AVERAGE         77                        76      1       80

PRECIPITATION (IN)
  YESTERDAY        0.06          1.14 1993   0.10  -0.04     0.00
  MONTH TO DATE    2.26                      2.97  -0.71     2.03
  SINCE JUN 1      2.31                      7.27  -4.96     7.70
  SINCE JAN 1     16.99                     17.22  -0.23    14.86

SNOWFALL (IN)
  YESTERDAY        0.0                       0.0    0.0      0.0
  MONTH TO DATE    0.0                       0.0    0.0      0.0
  SINCE JUN 1      0.0                       0.0    0.0      0.0
  SINCE JUL 1      0.0                       0.0    0.0      0.0
  SNOW DEPTH       0

DEGREE DAYS
 HEATING
  YESTERDAY        0                         0      0        0
  MONTH TO DATE    6                         0      6        5
  SINCE JUN 1      6                        24    -18       10
  SINCE JUL 1      6                         0      6        5

 COOLING
  YESTERDAY       12                        11      1       15
  MONTH TO DATE  322                       306     16      307
  SINCE JUN 1    671                       519    152      516
  SINCE JAN 1    705                       584    121      543
..................................................................


WIND (MPH)
  HIGHEST WIND SPEED    45   HIGHEST WIND DIRECTION    NW (330)
  HIGHEST GUST SPEED    61   HIGHEST GUST DIRECTION    NW (330)
  AVERAGE WIND SPEED    10.2


SKY COVER
  AVERAGE SKY COVER 0.0


WEATHER CONDITIONS
 THE FOLLOWING WEATHER WAS RECORDED YESTERDAY.
  RAIN
  LIGHT RAIN


RELATIVE HUMIDITY (PERCENT)
 HIGHEST    90          1100 PM
 LOWEST     43           300 PM
 AVERAGE    67

..........................................................


THE GRAND ISLAND NE CLIMATE NORMALS FOR TODAY
                         NORMAL    RECORD    YEAR
 MAXIMUM TEMPERATURE (F)   87       106      1917
 MINIMUM TEMPERATURE (F)   65        50      1994


SUNRISE AND SUNSET
JULY 28 2016..........SUNRISE   626 AM CDT   SUNSET   853 PM CDT
JULY 29 2016..........SUNRISE   627 AM CDT   SUNSET   852 PM CDT


-  INDICATES NEGATIVE NUMBERS.
R  INDICATES RECORD WAS SET OR TIED.
MM INDICATES DATA IS MISSING.
T  INDICATES TRACE AMOUNT.




$$
