000
CDUS43 KGID 300631
CLIGRI


CLIMATE REPORT
NATIONAL WEATHER SERVICE HASTINGS NE
129 AM CDT SAT APR 30 2016


...................................

...THE GRAND ISLAND NE CLIMATE SUMMARY FOR APRIL 29 2016...

CLIMATE NORMAL PERIOD 1981 TO 2010
CLIMATE RECORD PERIOD 1895 TO 2016


WEATHER ITEM   OBSERVED TIME   RECORD YEAR NORMAL DEPARTURE LAST
                VALUE   (LST)  VALUE       VALUE  FROM      YEAR
                                                  NORMAL
..................................................................
TEMPERATURE (F)
 YESTERDAY
  MAXIMUM         46   1100 AM  92    1987  68    -22       70
  MINIMUM         40    623 AM  25    1958  43     -3       38
                                      1950
                                      1903
  AVERAGE         43                        55    -12       54

PRECIPITATION (IN)
  YESTERDAY        0.18          1.46 1953   0.11   0.07     0.00
  MONTH TO DATE    4.11                      2.42   1.69     2.14
  SINCE MAR 1      4.72                      4.22   0.50     2.30
  SINCE JAN 1      6.90                      5.43   1.47     3.47

SNOWFALL (IN)
  YESTERDAY        0.0           3.5  1984   0.0    0.0      0.0
  MONTH TO DATE    0.0                       1.5   -1.5      0.8
  SINCE MAR 1      2.6                       6.9   -4.3      1.4
  SINCE JUL 1     33.8                      29.0    4.8     24.3
  SNOW DEPTH       0

DEGREE DAYS
 HEATING
  YESTERDAY       22                        10     12       11
  MONTH TO DATE  349                       435    -86      370
  SINCE MAR 1    936                      1231   -295     1018
  SINCE JUL 1   4934                      5992  -1058     5755

 COOLING
  YESTERDAY        0                         1     -1        0
  MONTH TO DATE    0                        10    -10        4
  SINCE MAR 1      0                        10    -10        4
  SINCE JAN 1      0                        10    -10        4
..................................................................


WIND (MPH)
  HIGHEST WIND SPEED    25   HIGHEST WIND DIRECTION    NE (50)
  HIGHEST GUST SPEED    31   HIGHEST GUST DIRECTION    NE (50)
  AVERAGE WIND SPEED    13.1


SKY COVER
  AVERAGE SKY COVER 0.9


WEATHER CONDITIONS
 THE FOLLOWING WEATHER WAS RECORDED YESTERDAY.
  RAIN


RELATIVE HUMIDITY (PERCENT)
 HIGHEST    96           900 PM
 LOWEST     76           900 AM
 AVERAGE    86

..........................................................


THE GRAND ISLAND NE CLIMATE NORMALS FOR TODAY
                         NORMAL    RECORD    YEAR
 MAXIMUM TEMPERATURE (F)   68        93      1992
 MINIMUM TEMPERATURE (F)   44        17      1903


SUNRISE AND SUNSET
APRIL 30 2016.........SUNRISE   632 AM CDT   SUNSET   829 PM CDT
MAY  1 2016...........SUNRISE   631 AM CDT   SUNSET   831 PM CDT


-  INDICATES NEGATIVE NUMBERS.
R  INDICATES RECORD WAS SET OR TIED.
MM INDICATES DATA IS MISSING.
T  INDICATES TRACE AMOUNT.

$$

HALBLAUB
