000
CDUS43 KGID 300631
CLIGRI


CLIMATE REPORT
NATIONAL WEATHER SERVICE HASTINGS NE
130 AM CDT SUN APR 30 2017


...................................

...THE GRAND ISLAND NE CLIMATE SUMMARY FOR APRIL 29 2017...

CLIMATE NORMAL PERIOD 1981 TO 2010
CLIMATE RECORD PERIOD 1895 TO 2017


WEATHER ITEM   OBSERVED TIME   RECORD YEAR NORMAL DEPARTURE LAST
                VALUE   (LST)  VALUE       VALUE  FROM      YEAR
                                                  NORMAL
..................................................................
TEMPERATURE (F)
 YESTERDAY
  MAXIMUM         45    331 PM  92    1987  68    -23       46
  MINIMUM         38   1159 PM  25    1958  43     -5       40
                                      1950
                                      1903
  AVERAGE         42                        55    -13       43

PRECIPITATION (IN)
  YESTERDAY        0.03          1.46 1953   0.11  -0.08     0.18
  MONTH TO DATE    0.93                      2.42  -1.49     4.11
  SINCE MAR 1      1.74                      4.22  -2.48     4.72
  SINCE JAN 1      3.06                      5.43  -2.37     6.90

SNOWFALL (IN)
  YESTERDAY        0.0           3.5  1984   0.0    0.0      0.0
  MONTH TO DATE    T                         1.5   -1.5      0.0
  SINCE MAR 1      1.2                       6.9   -5.7      2.6
  SINCE JUL 1      8.9                      29.0  -20.1     33.8
  SNOW DEPTH       0

DEGREE DAYS
 HEATING
  YESTERDAY       23                        10     13       22
  MONTH TO DATE  383                       435    -52      349
  SINCE MAR 1   1080                      1231   -151      936
  SINCE JUL 1   5146                      5992   -846     4934

 COOLING
  YESTERDAY        0                         1     -1        0
  MONTH TO DATE    5                        10     -5        0
  SINCE MAR 1      5                        10     -5        0
  SINCE JAN 1      5                        10     -5        0
..................................................................


WIND (MPH)
  HIGHEST WIND SPEED    32   HIGHEST WIND DIRECTION    NE (30)
  HIGHEST GUST SPEED    40   HIGHEST GUST DIRECTION     N (20)
  AVERAGE WIND SPEED    19.9


SKY COVER
  AVERAGE SKY COVER 1.0


WEATHER CONDITIONS
 THE FOLLOWING WEATHER WAS RECORDED YESTERDAY.
  LIGHT RAIN
  FOG


RELATIVE HUMIDITY (PERCENT)
 HIGHEST   100          1200 AM
 LOWEST     62           400 PM
 AVERAGE    81

..........................................................


THE GRAND ISLAND NE CLIMATE NORMALS FOR TODAY
                         NORMAL    RECORD    YEAR
 MAXIMUM TEMPERATURE (F)   68        93      1992
 MINIMUM TEMPERATURE (F)   44        17      1903


SUNRISE AND SUNSET
APRIL 30 2017.........SUNRISE   632 AM CDT   SUNSET   829 PM CDT
MAY  1 2017...........SUNRISE   631 AM CDT   SUNSET   830 PM CDT


-  INDICATES NEGATIVE NUMBERS.
R  INDICATES RECORD WAS SET OR TIED.
MM INDICATES DATA IS MISSING.
T  INDICATES TRACE AMOUNT.




$$
