000
CDUS43 KGID 170623
CLIGRI


CLIMATE REPORT
NATIONAL WEATHER SERVICE HASTINGS NE
1222 AM CST SAT FEB 17 2018


...................................

...THE GRAND ISLAND NE CLIMATE SUMMARY FOR FEBRUARY 16 2018...

CLIMATE NORMAL PERIOD 1981 TO 2010
CLIMATE RECORD PERIOD 1895 TO 2018


WEATHER ITEM   OBSERVED TIME   RECORD YEAR NORMAL DEPARTURE LAST
                VALUE   (LST)  VALUE       VALUE  FROM      YEAR
                                                  NORMAL
..................................................................
TEMPERATURE (F)
 YESTERDAY
  MAXIMUM         34    450 PM  73    2017  40     -6       73
                                      1921
  MINIMUM         12    712 AM -17    1900  19     -7       30
  AVERAGE         23                        29     -6       52

PRECIPITATION (IN)
  YESTERDAY        0.00          0.70 1932   0.02  -0.02     0.00
  MONTH TO DATE    0.65                      0.34   0.31     0.03
  SINCE DEC 1      2.18                      1.50   0.68     1.91
  SINCE JAN 1      1.73                      0.87   0.86     1.10

SNOWFALL (IN)
  YESTERDAY        0.0           4.0  1918   0.3   -0.3      0.0
  MONTH TO DATE    9.7                       3.9    5.8      0.6
  SINCE DEC 1     27.1                      15.5   11.6      4.4
  SINCE JUL 1     28.2                      19.7    8.5      4.8
  SNOW DEPTH       1

DEGREE DAYS
 HEATING
  YESTERDAY       42                        36      6       13
  MONTH TO DATE  741                       602    139      484
  SINCE DEC 1   3199                      3028    171     2876
  SINCE JUL 1   4348                      4358    -10     3796

 COOLING
  YESTERDAY        0                         0      0        0
  MONTH TO DATE    0                         0      0        0
  SINCE DEC 1      0                         0      0        0
  SINCE JAN 1      0                         0      0        0
..................................................................


WIND (MPH)
  HIGHEST WIND SPEED    30   HIGHEST WIND DIRECTION     N (340)
  HIGHEST GUST SPEED    37   HIGHEST GUST DIRECTION     N (340)
  AVERAGE WIND SPEED    11.5


SKY COVER
  AVERAGE SKY COVER 0.1


WEATHER CONDITIONS
 THE FOLLOWING WEATHER WAS RECORDED YESTERDAY.
  NO SIGNIFICANT WEATHER WAS OBSERVED.


RELATIVE HUMIDITY (PERCENT)
 HIGHEST    77          1200 AM
 LOWEST     50          1200 PM
 AVERAGE    64

..........................................................


THE GRAND ISLAND NE CLIMATE NORMALS FOR TODAY
                         NORMAL    RECORD    YEAR
 MAXIMUM TEMPERATURE (F)   40        72      2017
 MINIMUM TEMPERATURE (F)   19       -18      1993


SUNRISE AND SUNSET
FEBRUARY 17 2018......SUNRISE   725 AM CST   SUNSET   610 PM CST
FEBRUARY 18 2018......SUNRISE   723 AM CST   SUNSET   611 PM CST


-  INDICATES NEGATIVE NUMBERS.
R  INDICATES RECORD WAS SET OR TIED.
MM INDICATES DATA IS MISSING.
T  INDICATES TRACE AMOUNT.




$$
