000
CDUS43 KGID 200643
CLIGRI


CLIMATE REPORT
NATIONAL WEATHER SERVICE HASTINGS NE
124 AM CDT FRI OCT 20 2017


...................................

...THE GRAND ISLAND NE CLIMATE SUMMARY FOR OCTOBER 19 2017...

CLIMATE NORMAL PERIOD 1981 TO 2010
CLIMATE RECORD PERIOD 1895 TO 2017


WEATHER ITEM   OBSERVED TIME   RECORD YEAR NORMAL DEPARTURE LAST
                VALUE   (LST)  VALUE       VALUE  FROM      YEAR
                                                  NORMAL
..................................................................
TEMPERATURE (F)
 YESTERDAY
  MAXIMUM         81    402 PM  90    2003  64     17       67
  MINIMUM         37    705 AM  16    1972  39     -2       45
  AVERAGE         59                        51      8       56

PRECIPITATION (IN)
  YESTERDAY        0.00          1.35 2005   0.06  -0.06     0.00
  MONTH TO DATE    5.28                      1.25   4.03     0.12
  SINCE SEP 1      7.96                      3.48   4.48     2.65
  SINCE JAN 1     29.35                     24.25   5.10    22.05

SNOWFALL (IN)
  YESTERDAY        0.0           3.0  1916   0.1   -0.1      0.0
  MONTH TO DATE    0.0                       0.4   -0.4      0.0
  SINCE SEP 1      0.0                       0.5   -0.5      0.0
  SINCE JUL 1      0.0                       0.5   -0.5      0.0
  SNOW DEPTH       0

DEGREE DAYS
 HEATING
  YESTERDAY        6                        14     -8        9
  MONTH TO DATE  152                       208    -56      162
  SINCE SEP 1    208                       313   -105      227
  SINCE JUL 1    212                       323   -111      234

 COOLING
  YESTERDAY        0                         0      0        0
  MONTH TO DATE    3                        10     -7        3
  SINCE SEP 1    150                       119     31      130
  SINCE JAN 1   1061                      1033     28     1144
..................................................................


WIND (MPH)
  HIGHEST WIND SPEED    18   HIGHEST WIND DIRECTION     S (170)
  HIGHEST GUST SPEED    23   HIGHEST GUST DIRECTION     S (180)
  AVERAGE WIND SPEED     8.0


SKY COVER
  AVERAGE SKY COVER 0.0


WEATHER CONDITIONS
 THE FOLLOWING WEATHER WAS RECORDED YESTERDAY.
  NO SIGNIFICANT WEATHER WAS OBSERVED.


RELATIVE HUMIDITY (PERCENT)
 HIGHEST   100           700 AM
 LOWEST     32           200 PM
 AVERAGE    66

..........................................................


THE GRAND ISLAND NE CLIMATE NORMALS FOR TODAY
                         NORMAL    RECORD    YEAR
 MAXIMUM TEMPERATURE (F)   63        93      1947
 MINIMUM TEMPERATURE (F)   38        12      1916


SUNRISE AND SUNSET
OCTOBER 20 2017.......SUNRISE   751 AM CDT   SUNSET   645 PM CDT
OCTOBER 21 2017.......SUNRISE   752 AM CDT   SUNSET   643 PM CDT


-  INDICATES NEGATIVE NUMBERS.
R  INDICATES RECORD WAS SET OR TIED.
MM INDICATES DATA IS MISSING.
T  INDICATES TRACE AMOUNT.




$$
