000
CDUS43 KGID 032224
CLIGRI


CLIMATE REPORT
NATIONAL WEATHER SERVICE HASTINGS NE
523 PM CDT FRI JUL 3 2015


...................................

...THE GRAND ISLAND NE CLIMATE SUMMARY FOR JULY 3 2015...
VALID TODAY AS OF 0500 PM LOCAL TIME.

CLIMATE NORMAL PERIOD 1981 TO 2010
CLIMATE RECORD PERIOD 1895 TO 2015


WEATHER ITEM   OBSERVED TIME   RECORD YEAR NORMAL DEPARTURE LAST
                VALUE   (LST)  VALUE       VALUE  FROM      YEAR
                                                  NORMAL
..................................................................
TEMPERATURE (F)
 TODAY
  MAXIMUM         79    320 PM 110    1936  88     -9       82
  MINIMUM         64    620 AM  48    1992  64      0       55
                                      1922
  AVERAGE         72                        76     -4       69

PRECIPITATION (IN)
  TODAY            0.00          2.82 1944   0.12  -0.12     0.00
  MONTH TO DATE    0.47                      0.36   0.11     0.00
  SINCE JUN 1      6.14                      4.66   1.48     9.65
  SINCE JAN 1     13.30                     14.61  -1.31    14.14

SNOWFALL (IN)
  TODAY            0.0                       0.0    0.0      0.0
  MONTH TO DATE    0.0                       0.0    0.0      0.0
  SINCE JUN 1      0.0                       0.0    0.0      0.0
  SINCE JUL 1      0.0                       0.0    0.0      0.0
  SNOW DEPTH       0

DEGREE DAYS
 HEATING
  TODAY            0                         0      0        0
  MONTH TO DATE    0                         0      0        1
  SINCE JUN 1      5                        24    -19       11
  SINCE JUL 1      0                         0      0        1

 COOLING
  TODAY            7                        11     -4        4
  MONTH TO DATE   29                        33     -4        9
  SINCE JUN 1    238                       246     -8      259
  SINCE JAN 1    265                       311    -46      378
..................................................................


WIND (MPH)
  HIGHEST WIND SPEED    10   HIGHEST WIND DIRECTION    NE (30)
  HIGHEST GUST SPEED    13   HIGHEST GUST DIRECTION    NE (30)
  AVERAGE WIND SPEED     4.9


SKY COVER
  POSSIBLE SUNSHINE  MM
  AVERAGE SKY COVER 0.9


WEATHER CONDITIONS
 THE FOLLOWING WEATHER WAS RECORDED TODAY.
  FOG
  HAZE


RELATIVE HUMIDITY (PERCENT)
 HIGHEST   100           300 AM
 LOWEST     60           200 PM
 AVERAGE    80

..........................................................


THE GRAND ISLAND NE CLIMATE NORMALS FOR TOMORROW
                         NORMAL    RECORD    YEAR
 MAXIMUM TEMPERATURE (F)   88       109      1936
 MINIMUM TEMPERATURE (F)   64        48      1997


SUNRISE AND SUNSET
JULY  3 2015..........SUNRISE   606 AM CDT   SUNSET   909 PM CDT
JULY  4 2015..........SUNRISE   606 AM CDT   SUNSET   909 PM CDT


-  INDICATES NEGATIVE NUMBERS.
R  INDICATES RECORD WAS SET OR TIED.
MM INDICATES DATA IS MISSING.
T  INDICATES TRACE AMOUNT.




$$
