000
CDUS43 KGID 270654
CLIGRI


CLIMATE REPORT
NATIONAL WEATHER SERVICE HASTINGS NE
1252 AM CST THU NOV 27 2014


...................................

...THE GRAND ISLAND NE CLIMATE SUMMARY FOR NOVEMBER 26 2014...

CLIMATE NORMAL PERIOD 1981 TO 2010
CLIMATE RECORD PERIOD 1895 TO 2014


WEATHER ITEM   OBSERVED TIME   RECORD YEAR NORMAL DEPARTURE LAST
                VALUE   (LST)  VALUE       VALUE  FROM      YEAR
                                                  NORMAL
..................................................................
TEMPERATURE (F)
 YESTERDAY
  MAXIMUM         37    533 AM  75    1960  43     -6       34
  MINIMUM         17   1155 PM  -6    1895  22     -5       12
  AVERAGE         27                        33     -6       23

PRECIPITATION (IN)
  YESTERDAY        0.00          1.25 1935   0.04  -0.04     0.00
  MONTH TO DATE    0.29                      1.04  -0.75     0.97
  SINCE SEP 1      4.60                      5.13  -0.53     7.40
  SINCE JAN 1     26.80                     25.90   0.90    26.81

SNOWFALL (IN)
  YESTERDAY        0.0           4.9  1978   0.1   -0.1      0.0
  MONTH TO DATE    2.2                       2.5   -0.3      0.2
  SINCE SEP 1      2.2                       3.6   -1.4      0.2
  SINCE JUL 1      2.2                       3.6   -1.4      0.2
  6 AM SNOW DEPTH  0

DEGREE DAYS
 HEATING
  YESTERDAY       38                        32      6       42
  MONTH TO DATE  801                       672    129      670
  SINCE SEP 1   1213                      1185     28     1094
  SINCE JUL 1   1217                      1195     22     1097

 COOLING
  YESTERDAY        0                         0      0        0
  MONTH TO DATE    0                         0      0        0
  SINCE SEP 1    101                       120    -19      202
  SINCE JAN 1   1031                      1034     -3     1265
..................................................................


WIND (MPH)
  HIGHEST WIND SPEED    35   HIGHEST WIND DIRECTION    NW (330)
  HIGHEST GUST SPEED    46   HIGHEST GUST DIRECTION    NW (330)
  AVERAGE WIND SPEED    17.9


SKY COVER
  AVERAGE SKY COVER 0.5


WEATHER CONDITIONS
 THE FOLLOWING WEATHER WAS RECORDED YESTERDAY.
  NO SIGNIFICANT WEATHER WAS OBSERVED.


RELATIVE HUMIDITY (PERCENT)
 HIGHEST    81           900 PM
 LOWEST     58           300 PM
 AVERAGE    70

..........................................................


THE GRAND ISLAND NE CLIMATE NORMALS FOR TODAY
                         NORMAL    RECORD    YEAR
 MAXIMUM TEMPERATURE (F)   43        73      1998
 MINIMUM TEMPERATURE (F)   22        -7      1976


SUNRISE AND SUNSET
NOVEMBER 27 2014......SUNRISE   734 AM CST   SUNSET   507 PM CST
NOVEMBER 28 2014......SUNRISE   735 AM CST   SUNSET   507 PM CST


-  INDICATES NEGATIVE NUMBERS.
R  INDICATES RECORD WAS SET OR TIED.
MM INDICATES DATA IS MISSING.
T  INDICATES TRACE AMOUNT.




$$
