000
CDUS43 KGID 110709
CLIGRI


CLIMATE REPORT
NATIONAL WEATHER SERVICE HASTINGS NE
108 AM CST THU FEB 11 2016


...................................

...THE GRAND ISLAND NE CLIMATE SUMMARY FOR FEBRUARY 10 2016...

CLIMATE NORMAL PERIOD 1981 TO 2010
CLIMATE RECORD PERIOD 1895 TO 2016


WEATHER ITEM   OBSERVED TIME   RECORD YEAR NORMAL DEPARTURE LAST
                VALUE   (LST)  VALUE       VALUE  FROM      YEAR
                                                  NORMAL
..................................................................
TEMPERATURE (F)
 YESTERDAY
  MAXIMUM         49    453 PM  72    1999  38     11       55
  MINIMUM         20    723 AM -16    1981  17      3       33
  AVERAGE         35                        28      7       44

PRECIPITATION (IN)
  YESTERDAY        0.00          0.55 1898   0.02  -0.02     0.00
  MONTH TO DATE    1.85                      0.21   1.64     0.56
  SINCE DEC 1      4.05                      1.37   2.68     1.79
  SINCE JAN 1      2.17                      0.74   1.43     1.03

SNOWFALL (IN)
  YESTERDAY        0.0           5.5  1898   0.2   -0.2      0.0
  MONTH TO DATE   18.6                       2.4   16.2      8.0
  SINCE DEC 1     25.6                      14.0   11.6     17.6
  SINCE JUL 1     31.2                      18.2   13.0     19.8
  6AM SNOW DEPTH   7

DEGREE DAYS
 HEATING
  YESTERDAY       30                        37     -7       21
  MONTH TO DATE  377                       383     -6      361
  SINCE DEC 1   2555                      2809   -254     2620
  SINCE JUL 1   3521                      4139   -618     3953

 COOLING
  YESTERDAY        0                         0      0        0
  MONTH TO DATE    0                         0      0        0
  SINCE DEC 1      0                         0      0        0
  SINCE JAN 1      0                         0      0        0
..................................................................


WIND (MPH)
  HIGHEST WIND SPEED    17   HIGHEST WIND DIRECTION    NE (30)
  HIGHEST GUST SPEED    19   HIGHEST GUST DIRECTION     W (270)
  AVERAGE WIND SPEED     8.4


SKY COVER
  AVERAGE SKY COVER 0.2


WEATHER CONDITIONS
 THE FOLLOWING WEATHER WAS RECORDED YESTERDAY.
  NO SIGNIFICANT WEATHER WAS OBSERVED.


RELATIVE HUMIDITY (PERCENT)
 HIGHEST    92           600 AM
 LOWEST     53           400 PM
 AVERAGE    73

..........................................................


THE GRAND ISLAND NE CLIMATE NORMALS FOR TODAY
                         NORMAL    RECORD    YEAR
 MAXIMUM TEMPERATURE (F)   39        76      1962
 MINIMUM TEMPERATURE (F)   17       -30      1899


SUNRISE AND SUNSET
FEBRUARY 11 2016......SUNRISE   733 AM CST   SUNSET   602 PM CST
FEBRUARY 12 2016......SUNRISE   732 AM CST   SUNSET   604 PM CST


-  INDICATES NEGATIVE NUMBERS.
R  INDICATES RECORD WAS SET OR TIED.
MM INDICATES DATA IS MISSING.
T  INDICATES TRACE AMOUNT.




$$

JMBW
