000
CDUS43 KGRR 301348
CLIGRR


CLIMATE REPORT
NATIONAL WEATHER SERVICE GRAND RAPIDS, MI
947 AM EDT THU MAR 30 2017


...................................

...THE GRAND RAPIDS MI CLIMATE SUMMARY FOR MARCH 30 2017...
VALID AS OF 0900 AM LOCAL TIME.

CLIMATE NORMAL PERIOD 1981 TO 2010
CLIMATE RECORD PERIOD 1892 TO 2017


WEATHER ITEM   OBSERVED TIME   RECORD YEAR NORMAL DEPARTURE LAST
                VALUE   (LST)  VALUE       VALUE  FROM      YEAR
                                                  NORMAL
..................................................................
TEMPERATURE (F)
 TODAY
  MAXIMUM         37    759 AM  76    1910  51    -14       60
  MINIMUM         36    751 AM   1    1954  32      4       36
  AVERAGE         37                        41     -4       48

PRECIPITATION (IN)
  TODAY            0.38          1.21 1974   0.09   0.29     0.39
  MONTH TO DATE    2.79                      2.28   0.51     4.16
  SINCE MAR 1      2.79                      2.28   0.51     4.16
  SINCE JAN 1      8.35                      6.16   2.19     9.09

SNOWFALL (IN)
  TODAY            0.0           3.0  1928   0.2   -0.2      0.0
  MONTH TO DATE    4.7                       8.2   -3.5     10.1
  SINCE MAR 1      4.7                       8.2   -3.5     10.1
  SINCE JUL 1     59.7                      73.0  -13.3     51.7
  SNOW DEPTH       0

DEGREE DAYS
 HEATING
  TODAY           28                        24      4       17
  MONTH TO DATE  894                       887      7      738
  SINCE MAR 1    894                       887      7      738
  SINCE JUL 1   4948                      5664   -716     4815

 COOLING
  TODAY            0                         0      0        0
  MONTH TO DATE    0                         0      0        0
  SINCE MAR 1      0                         0      0        0
  SINCE JAN 1      0                         0      0        0
..................................................................


WIND (MPH)
  RESULTANT WIND SPEED  16   RESULTANT WIND DIRECTION   E (70)
  HIGHEST WIND SPEED    20   HIGHEST WIND DIRECTION     E (70)
  HIGHEST GUST SPEED    25   HIGHEST GUST DIRECTION     E (70)
  AVERAGE WIND SPEED    15.6


SKY COVER
  AVERAGE SKY COVER 0.9


WEATHER CONDITIONS
 THE FOLLOWING WEATHER WAS RECORDED TODAY.
  RAIN
  LIGHT RAIN
  FOG


RELATIVE HUMIDITY (PERCENT)
 HIGHEST   100           100 AM
 LOWEST     85           300 AM
 AVERAGE    93

..........................................................


THE GRAND RAPIDS MI CLIMATE NORMALS FOR TOMORROW
                         NORMAL    RECORD    YEAR
 MAXIMUM TEMPERATURE (F)   51        78      2010
                                             1986
 MINIMUM TEMPERATURE (F)   32         6      1923


SUNRISE AND SUNSET
MARCH 30 2017.........SUNRISE   727 AM EDT   SUNSET   806 PM EDT
MARCH 31 2017.........SUNRISE   726 AM EDT   SUNSET   807 PM EDT


-  INDICATES NEGATIVE NUMBERS.
R  INDICATES RECORD WAS SET OR TIED.
MM INDICATES DATA IS MISSING.
T  INDICATES TRACE AMOUNT.




$$

JAM
