000
CDUS43 KGRR 012228
CLIGRR


CLIMATE REPORT
NATIONAL WEATHER SERVICE GRAND RAPIDS, MI
526 PM EST SUN FEB 1 2015


...................................

...THE GRAND RAPIDS MI CLIMATE SUMMARY FOR FEBRUARY 1 2015...
VALID TODAY AS OF 0500 PM LOCAL TIME.

CLIMATE NORMAL PERIOD 1981 TO 2010
CLIMATE RECORD PERIOD 1892 TO 2015


WEATHER ITEM   OBSERVED TIME   RECORD YEAR NORMAL DEPARTURE LAST
                VALUE   (LST)  VALUE       VALUE  FROM      YEAR
                                                  NORMAL
..................................................................
TEMPERATURE (F)
 TODAY
  MAXIMUM         30   1220 AM  51    1989  31     -1       27
                                      1968
  MINIMUM         15    459 PM -20    1899  18     -3       21
  AVERAGE         23                        24     -1

PRECIPITATION (IN)
  TODAY            0.50          1.32 1968   0.05   0.45     0.33
  MONTH TO DATE    0.50                      0.05   0.45     0.33
  SINCE DEC 1      3.94                      4.64  -0.70     6.48
  SINCE JAN 1      2.37                      2.14   0.23     3.78

SNOWFALL (IN)
  TODAY            6.4 R         6.1  2011   0.6    5.8
  MONTH TO DATE    6.4                       0.6    5.8
  SINCE DEC 1     30.6                      43.3  -12.7
  SINCE JUL 1     61.6                      50.6   11.0
  SNOW DEPTH       4

DEGREE DAYS
 HEATING
  TODAY           42                        40      2       41
  MONTH TO DATE   42                        40      2       41
  SINCE DEC 1   2409                      2409      0     2684
  SINCE JUL 1   3905                      3747    158     4006

 COOLING
  TODAY            0                         0      0        0
  MONTH TO DATE    0                         0      0        0
  SINCE DEC 1      0                         0      0        0
  SINCE JAN 1      0                         0      0        0
..................................................................


WIND (MPH)
  RESULTANT WIND SPEED  18   RESULTANT WIND DIRECTION  NE (60)
  HIGHEST WIND SPEED    33   HIGHEST WIND DIRECTION    NE (60)
  HIGHEST GUST SPEED    42   HIGHEST GUST DIRECTION    NE (60)
  AVERAGE WIND SPEED    18.2


SKY COVER
  AVERAGE SKY COVER 1.0


WEATHER CONDITIONS
 THE FOLLOWING WEATHER WAS RECORDED TODAY.
  HEAVY SNOW
  SNOW
  LIGHT SNOW
  FOG
  BLOWING SNOW


RELATIVE HUMIDITY (PERCENT)
 HIGHEST    92           300 AM
 LOWEST     69          1200 AM
 AVERAGE    81

..........................................................


THE GRAND RAPIDS MI CLIMATE NORMALS FOR TOMORROW
                         NORMAL    RECORD    YEAR
 MAXIMUM TEMPERATURE (F)   31        48      1903
 MINIMUM TEMPERATURE (F)   18       -11      1971


SUNRISE AND SUNSET
FEBRUARY  1 2015......SUNRISE   757 AM EST   SUNSET   555 PM EST
FEBRUARY  2 2015......SUNRISE   756 AM EST   SUNSET   556 PM EST


-  INDICATES NEGATIVE NUMBERS.
R  INDICATES RECORD WAS SET OR TIED.
MM INDICATES DATA IS MISSING.
T  INDICATES TRACE AMOUNT.




$$

CAS
