000
CDUS42 KRAH 210807
CLIGSO


CLIMATE REPORT
NATIONAL WEATHER SERVICE RALEIGH NC
406 AM EDT MON AUG 21 2017


...................................

...THE PIEDMONT TRIAD INTL AIRPORT NC CLIMATE SUMMARY FOR AUGUST 20 2017...

CLIMATE NORMAL PERIOD 1981 TO 2010
CLIMATE RECORD PERIOD 1903 TO 2017


WEATHER ITEM   OBSERVED TIME   RECORD YEAR NORMAL DEPARTURE LAST
                VALUE   (LST)  VALUE       VALUE  FROM      YEAR
                                                  NORMAL
..................................................................
TEMPERATURE (F)
 YESTERDAY
  MAXIMUM         92    419 PM 101    1914  86      6       90
  MINIMUM         68    452 AM  52    1943  68      0       72
  AVERAGE         80                        77      3       81

PRECIPITATION (IN)
  YESTERDAY        0.00          1.64 1961   0.13  -0.13      T
  MONTH TO DATE    1.98                      2.45  -0.47     4.02
  SINCE JUN 1     12.96                     10.66   2.30    10.88
  SINCE JAN 1     33.99                     27.36   6.63    29.85

DEGREE DAYS
 HEATING
  YESTERDAY        0                         0      0        0
  MONTH TO DATE    0                         0      0        0
  SINCE JUN 1      1                         6     -5        0
  SINCE JUL 1      0                         0      0        0

 COOLING
  YESTERDAY       15                        12      3       16
  MONTH TO DATE  252                       255     -3      316
  SINCE JUN 1   1015                       981     34     1205
  SINCE JAN 1   1249                      1140    109     1405
..................................................................


WIND (MPH)
  HIGHEST WIND SPEED    13   HIGHEST WIND DIRECTION     S (180)
  HIGHEST GUST SPEED    16   HIGHEST GUST DIRECTION     S (180)
  AVERAGE WIND SPEED     4.1


SKY COVER
  POSSIBLE SUNSHINE  MM
  AVERAGE SKY COVER 0.2


WEATHER CONDITIONS
 THE FOLLOWING WEATHER WAS RECORDED YESTERDAY.
  NO SIGNIFICANT WEATHER WAS OBSERVED.


RELATIVE HUMIDITY (PERCENT)
 HIGHEST    97           400 AM
 LOWEST     41           400 PM
 AVERAGE    69

..........................................................


THE PIEDMONT TRIAD INTL AIRPORT NC CLIMATE NORMALS FOR TODAY
                         NORMAL    RECORD    YEAR
 MAXIMUM TEMPERATURE (F)   86       100      2007
                                             1983
 MINIMUM TEMPERATURE (F)   68        52      1918


SUNRISE AND SUNSET
AUGUST 21 2017........SUNRISE   643 AM EDT   SUNSET   802 PM EDT
AUGUST 22 2017........SUNRISE   644 AM EDT   SUNSET   801 PM EDT


-  INDICATES NEGATIVE NUMBERS.
R  INDICATES RECORD WAS SET OR TIED.
MM INDICATES DATA IS MISSING.
T  INDICATES TRACE AMOUNT.




$$
