000
CDUS42 KRAH 020646
CLIGSO


CLIMATE REPORT
NATIONAL WEATHER SERVICE RALEIGH NC
245 AM EDT THU OCT 2 2014


...................................

...THE PIEDMONT TRIAD INTL AIRPORT NC CLIMATE SUMMARY FOR OCTOBER 1 2014...

CLIMATE NORMAL PERIOD 1981 TO 2010
CLIMATE RECORD PERIOD 1903 TO 2014


WEATHER ITEM   OBSERVED TIME   RECORD YEAR NORMAL DEPARTURE LAST
                VALUE   (LST)  VALUE       VALUE  FROM      YEAR
                                                  NORMAL
..................................................................
TEMPERATURE (F)
 YESTERDAY
  MAXIMUM         76    354 PM  90    1986  75      1       82
                                      1954
                                      1933
  MINIMUM         58    514 AM  35    1924  54      4       54
  AVERAGE         67                        64      3       68

PRECIPITATION (IN)
  YESTERDAY        T             4.06 1929   0.10  -0.10     0.00
  MONTH TO DATE    T                         0.10  -0.10     0.00
  SINCE SEP 1      2.93                      4.29  -1.36     2.13
  SINCE JAN 1     28.81                     33.08  -4.27    40.52

DEGREE DAYS
 HEATING
  YESTERDAY        0                         3     -3        0
  MONTH TO DATE    0                         3     -3        0
  SINCE SEP 1     17                        33    -16       14
  SINCE JUL 1     17                        34    -17       16

 COOLING
  YESTERDAY        2                         3     -1        3
  MONTH TO DATE    2                         3     -1        3
  SINCE SEP 1    201                       188     13      175
  SINCE JAN 1   1454                      1450      4     1334
..................................................................


WIND (MPH)
  HIGHEST WIND SPEED     9   HIGHEST WIND DIRECTION     E (110)
  HIGHEST GUST SPEED    10   HIGHEST GUST DIRECTION     E (110)
  AVERAGE WIND SPEED     1.8


SKY COVER
  POSSIBLE SUNSHINE  MM
  AVERAGE SKY COVER 0.7


WEATHER CONDITIONS
 THE FOLLOWING WEATHER WAS RECORDED YESTERDAY.
  LIGHT RAIN
  FOG
  FOG W/VISIBILITY <= 1/4 MILE
  HAZE


RELATIVE HUMIDITY (PERCENT)
 HIGHEST   100           400 AM
 LOWEST     64           200 PM
 AVERAGE    82

..........................................................


THE PIEDMONT TRIAD INTL AIRPORT NC CLIMATE NORMALS FOR TODAY
                         NORMAL    RECORD    YEAR
 MAXIMUM TEMPERATURE (F)   74        91      1986
 MINIMUM TEMPERATURE (F)   54        32      1947


SUNRISE AND SUNSET
OCTOBER  2 2014.......SUNRISE   716 AM EDT   SUNSET   702 PM EDT
OCTOBER  3 2014.......SUNRISE   716 AM EDT   SUNSET   701 PM EDT


-  INDICATES NEGATIVE NUMBERS.
R  INDICATES RECORD WAS SET OR TIED.
MM INDICATES DATA IS MISSING.
T  INDICATES TRACE AMOUNT.




$$
