000
CDUS42 KRAH 031656
CLIGSO

CLIMATE REPORT
NATIONAL WEATHER SERVICE RALEIGH NC
1155 AM EST TUE MAR 3 2015

...................................

...THE PIEDMONT TRIAD INTL AIRPORT NC CLIMATE SUMMARY FOR MARCH 3 2015...
VALID AS OF 1146 AM LOCAL TIME.

CLIMATE NORMAL PERIOD 1981 TO 2010
CLIMATE RECORD PERIOD 1903 TO 2015


WEATHER ITEM   OBSERVED TIME   RECORD YEAR NORMAL DEPARTURE LAST
                VALUE   (LST)  VALUE       VALUE  FROM      YEAR
                                                  NORMAL
..................................................................
TEMPERATURE (F)
 TODAY
  MAXIMUM                       82    1976  57              61
  MINIMUM         39   1146 AM  10    1980  36      3       20
  AVERAGE                                   46              41

PRECIPITATION (IN)
  TODAY            0.00          2.37 1991   0.12  -0.12     0.42
  MONTH TO DATE    0.16                      0.35  -0.19     0.42
  SINCE MAR 1      0.16                      0.35  -0.19     0.42
  SINCE JAN 1      4.84                      6.37  -1.53     6.64

SNOWFALL (IN)
  TODAY            0.0          20.0  1927   0.1   -0.1      1.2
  MONTH TO DATE    0.0                       0.2   -0.2      1.2
  SINCE MAR 1      0.0                       0.2   -0.2      1.2
  SINCE JUL 1      9.6                       6.9    2.7     11.8
  SNOW DEPTH       0

..................................................................


WIND (MPH)
  RESULTANT WIND SPEED   5   RESULTANT WIND DIRECTION   E (80)
  HIGHEST WIND SPEED    12   HIGHEST WIND DIRECTION    SE (140)
  HIGHEST GUST SPEED    14   HIGHEST GUST DIRECTION    SE (150)
  AVERAGE WIND SPEED     5.9


SKY COVER
  POSSIBLE SUNSHINE  MM
  AVERAGE SKY COVER 1.0


WEATHER CONDITIONS
 THE FOLLOWING WEATHER WAS RECORDED TODAY.
  NO SIGNIFICANT WEATHER WAS OBSERVED.


RELATIVE HUMIDITY (PERCENT)
 HIGHEST    70           600 AM
 LOWEST     36          1200 AM
 AVERAGE    53

..........................................................


THE PIEDMONT TRIAD INTL AIRPORT NC CLIMATE NORMALS FOR TOMORROW
                         NORMAL    RECORD    YEAR
 MAXIMUM TEMPERATURE (F)   57        84      1976
 MINIMUM TEMPERATURE (F)   36        10      1943


SUNRISE AND SUNSET
MARCH  3 2015.........SUNRISE   648 AM EST   SUNSET   616 PM EST
MARCH  4 2015.........SUNRISE   646 AM EST   SUNSET   617 PM EST


-  INDICATES NEGATIVE NUMBERS.
R  INDICATES RECORD WAS SET OR TIED.
MM INDICATES DATA IS MISSING.
T  INDICATES TRACE AMOUNT.

$$

DJF
