000
CDUS42 KRAH 260734
CLIGSO


CLIMATE REPORT
NATIONAL WEATHER SERVICE RALEIGH NC
232 AM EST FRI DEC 26 2014


...................................

...THE PIEDMONT TRIAD INTL AIRPORT NC CLIMATE SUMMARY FOR DECEMBER 25 2014...

CLIMATE NORMAL PERIOD 1981 TO 2010
CLIMATE RECORD PERIOD 1903 TO 2014


WEATHER ITEM   OBSERVED TIME   RECORD YEAR NORMAL DEPARTURE LAST
                VALUE   (LST)  VALUE       VALUE  FROM      YEAR
                                                  NORMAL
..................................................................
TEMPERATURE (F)
 YESTERDAY
  MAXIMUM         59   1214 AM  74    1955  49     10       38
  MINIMUM         33   1142 PM   1    1983  30      3       20
  AVERAGE         46                        40      6       29

PRECIPITATION (IN)
  YESTERDAY        T             1.41 1945   0.10  -0.10     0.00
  MONTH TO DATE    1.63                      2.44  -0.81     4.03
  SINCE DEC 1      1.63                      2.44  -0.81     4.03
  SINCE JAN 1     35.78                     41.66  -5.88    49.27

SNOWFALL (IN)
  YESTERDAY       MM             4.2  2010   0.1   MM        0.0
  MONTH TO DATE    T                         0.5   -0.5      0.0
  SINCE DEC 1      T                         0.5   -0.5      0.0
  SINCE JUL 1      T                         0.6   -0.6       T
  SNOW DEPTH       0

DEGREE DAYS
 HEATING
  YESTERDAY       19                        26     -7       36
  MONTH TO DATE  519                       579    -60      492
  SINCE DEC 1    519                       579    -60      492
  SINCE JUL 1   1269                      1259     10     1226

 COOLING
  YESTERDAY        0                         0      0        0
  MONTH TO DATE    0                         0      0        8
  SINCE DEC 1      0                         0      0        8
  SINCE JAN 1   1499                      1483     16     1389
..................................................................


WIND (MPH)
  HIGHEST WIND SPEED    21   HIGHEST WIND DIRECTION     W (290)
  HIGHEST GUST SPEED    26   HIGHEST GUST DIRECTION     W (290)
  AVERAGE WIND SPEED     9.6


SKY COVER
  POSSIBLE SUNSHINE  MM
  AVERAGE SKY COVER 0.4


WEATHER CONDITIONS
 THE FOLLOWING WEATHER WAS RECORDED YESTERDAY.
  LIGHT RAIN


RELATIVE HUMIDITY (PERCENT)
 HIGHEST    93           100 AM
 LOWEST     41           200 PM
 AVERAGE    67

..........................................................


THE PIEDMONT TRIAD INTL AIRPORT NC CLIMATE NORMALS FOR TODAY
                         NORMAL    RECORD    YEAR
 MAXIMUM TEMPERATURE (F)   49        72      1982
 MINIMUM TEMPERATURE (F)   30         5      1983


SUNRISE AND SUNSET
DECEMBER 26 2014......SUNRISE   729 AM EST   SUNSET   512 PM EST
DECEMBER 27 2014......SUNRISE   729 AM EST   SUNSET   513 PM EST


-  INDICATES NEGATIVE NUMBERS.
R  INDICATES RECORD WAS SET OR TIED.
MM INDICATES DATA IS MISSING.
T  INDICATES TRACE AMOUNT.




$$
