000
CDUS42 KRAH 300536
CLIGSO


CLIMATE REPORT
NATIONAL WEATHER SERVICE RALEIGH NC
135 AM EDT TUE JUN 30 2015


...................................

...THE PIEDMONT TRIAD INTL AIRPORT NC CLIMATE SUMMARY FOR JUNE 29 2015...

CLIMATE NORMAL PERIOD 1981 TO 2010
CLIMATE RECORD PERIOD 1903 TO 2015


WEATHER ITEM   OBSERVED TIME   RECORD YEAR NORMAL DEPARTURE LAST
                VALUE   (LST)  VALUE       VALUE  FROM      YEAR
                                                  NORMAL
..................................................................
TEMPERATURE (F)
 YESTERDAY
  MAXIMUM         85    412 PM 102    2012  87     -2       83
  MINIMUM         60    455 AM  54    1981  68     -8       66
  AVERAGE         73                        78     -5       75

PRECIPITATION (IN)
  YESTERDAY        0.00          1.50 1995   0.12  -0.12     0.00
  MONTH TO DATE    2.01                      3.61  -1.60     3.00
  SINCE JUN 1      2.01                      3.61  -1.60     3.00
  SINCE JAN 1     14.97                     20.31  -5.34    20.49

DEGREE DAYS
 HEATING
  YESTERDAY        0                         0      0        0
  MONTH TO DATE    3                         5     -2        0
  SINCE JUN 1      3                         5     -2        0
  SINCE JUL 1   3698                      3617     81     3818

 COOLING
  YESTERDAY        8                        13     -5       10
  MONTH TO DATE  404                       294    110      344
  SINCE JUN 1    404                       294    110      344
  SINCE JAN 1    638                       453    185      541
..................................................................


WIND (MPH)
  HIGHEST WIND SPEED    14   HIGHEST WIND DIRECTION     S (200)
  HIGHEST GUST SPEED    17   HIGHEST GUST DIRECTION    SW (210)
  AVERAGE WIND SPEED     5.7


SKY COVER
  POSSIBLE SUNSHINE  MM
  AVERAGE SKY COVER 0.4


WEATHER CONDITIONS
 THE FOLLOWING WEATHER WAS RECORDED YESTERDAY.
  NO SIGNIFICANT WEATHER WAS OBSERVED.


RELATIVE HUMIDITY (PERCENT)
 HIGHEST    84           400 AM
 LOWEST     36          1100 AM
 AVERAGE    60

..........................................................


THE PIEDMONT TRIAD INTL AIRPORT NC CLIMATE NORMALS FOR TODAY
                         NORMAL    RECORD    YEAR
 MAXIMUM TEMPERATURE (F)   88       101      1959
                                             1936
 MINIMUM TEMPERATURE (F)   68        52      1919


SUNRISE AND SUNSET
JUNE 30 2015..........SUNRISE   606 AM EDT   SUNSET   841 PM EDT
JULY  1 2015..........SUNRISE   606 AM EDT   SUNSET   841 PM EDT


-  INDICATES NEGATIVE NUMBERS.
R  INDICATES RECORD WAS SET OR TIED.
MM INDICATES DATA IS MISSING.
T  INDICATES TRACE AMOUNT.




$$
