000
CDUS42 KRAH 240526
CLIGSO


CLIMATE REPORT
NATIONAL WEATHER SERVICE RALEIGH NC
125 AM EDT SAT JUN 24 2017


...................................

...THE PIEDMONT TRIAD INTL AIRPORT NC CLIMATE SUMMARY FOR JUNE 23 2017...

CLIMATE NORMAL PERIOD 1981 TO 2010
CLIMATE RECORD PERIOD 1903 TO 2017


WEATHER ITEM   OBSERVED TIME   RECORD YEAR NORMAL DEPARTURE LAST
                VALUE   (LST)  VALUE       VALUE  FROM      YEAR
                                                  NORMAL
..................................................................
TEMPERATURE (F)
 YESTERDAY
  MAXIMUM         88    301 PM 102    1914  87      1       93
  MINIMUM         72    600 AM  51    1947  67      5       68
                                      1918
  AVERAGE         80                        77      3       81

PRECIPITATION (IN)
  YESTERDAY        0.53          1.99 2006   0.13   0.40     0.39
  MONTH TO DATE    9.65                      2.90   6.75     1.59
  SINCE JUN 1      9.65                      2.90   6.75     1.59
  SINCE JAN 1     30.68                     19.60  11.08    20.56

DEGREE DAYS
 HEATING
  YESTERDAY        0                         0      0        0
  MONTH TO DATE    1                         5     -4        0
  SINCE JUN 1      1                         5     -4        0
  SINCE JUL 1   2774                      3617   -843     2906

 COOLING
  YESTERDAY       15                        12      3       16
  MONTH TO DATE  230                       219     11      277
  SINCE JUN 1    230                       219     11      277
  SINCE JAN 1    464                       378     86      477
..................................................................


WIND (MPH)
  HIGHEST WIND SPEED    26   HIGHEST WIND DIRECTION    SW (220)
  HIGHEST GUST SPEED    33   HIGHEST GUST DIRECTION    SW (220)
  AVERAGE WIND SPEED    13.9


SKY COVER
  POSSIBLE SUNSHINE  MM
  AVERAGE SKY COVER 0.6


WEATHER CONDITIONS
 THE FOLLOWING WEATHER WAS RECORDED YESTERDAY.
  HEAVY RAIN
  RAIN
  LIGHT RAIN
  FOG


RELATIVE HUMIDITY (PERCENT)
 HIGHEST   100           400 AM
 LOWEST     55           300 PM
 AVERAGE    78

..........................................................


THE PIEDMONT TRIAD INTL AIRPORT NC CLIMATE NORMALS FOR TODAY
                         NORMAL    RECORD    YEAR
 MAXIMUM TEMPERATURE (F)   87       103      1914
 MINIMUM TEMPERATURE (F)   68        51      1918
                                             1915


SUNRISE AND SUNSET
JUNE 24 2017..........SUNRISE   604 AM EDT   SUNSET   841 PM EDT
JUNE 25 2017..........SUNRISE   604 AM EDT   SUNSET   841 PM EDT


-  INDICATES NEGATIVE NUMBERS.
R  INDICATES RECORD WAS SET OR TIED.
MM INDICATES DATA IS MISSING.
T  INDICATES TRACE AMOUNT.

$$
