000
CDUS42 KRAH 230641
CLIGSO


CLIMATE REPORT
NATIONAL WEATHER SERVICE RALEIGH NC
140 AM EST MON JAN 23 2017


...................................

...THE PIEDMONT TRIAD INTL AIRPORT NC CLIMATE SUMMARY FOR JANUARY 22 2017...

CLIMATE NORMAL PERIOD 1981 TO 2010
CLIMATE RECORD PERIOD 1903 TO 2017


WEATHER ITEM   OBSERVED TIME   RECORD YEAR NORMAL DEPARTURE LAST
                VALUE   (LST)  VALUE       VALUE  FROM      YEAR
                                                  NORMAL
..................................................................
TEMPERATURE (F)
 YESTERDAY
  MAXIMUM         54    358 PM  72    1967  49      5       32
                                      1932
  MINIMUM         51   1159 PM   4    1985  30     21       22
  AVERAGE         53                        39     14       27

PRECIPITATION (IN)
  YESTERDAY        0.52          2.02 1954   0.09   0.43     0.86
  MONTH TO DATE    4.21                      2.20   2.01     1.87
  SINCE DEC 1      5.91                      5.18   0.73     8.52
  SINCE JAN 1      4.21                      2.20   2.01     1.87

SNOWFALL (IN)
  YESTERDAY        0.0          10.2  1987   0.1   -0.1      2.0
  MONTH TO DATE    8.0                       2.4    5.6      2.5
  SINCE DEC 1      8.0                       3.2    4.8      2.5
  SINCE JUL 1      8.0                       3.3    4.7      2.5
  SNOW DEPTH       0

DEGREE DAYS
 HEATING
  YESTERDAY       12                        26    -14       38
  MONTH TO DATE  462                       572   -110      630
  SINCE DEC 1   1147                      1306   -159      994
  SINCE JUL 1   1597                      1986   -389     1508

 COOLING
  YESTERDAY        0                         0      0        0
  MONTH TO DATE    0                         0      0        0
  SINCE DEC 1      0                         1     -1       15
  SINCE JAN 1      0                         0      0        0
..................................................................


WIND (MPH)
  HIGHEST WIND SPEED    21   HIGHEST WIND DIRECTION     E (90)
  HIGHEST GUST SPEED    25   HIGHEST GUST DIRECTION     E (110)
  AVERAGE WIND SPEED     7.9


SKY COVER
  POSSIBLE SUNSHINE  MM
  AVERAGE SKY COVER 0.9


WEATHER CONDITIONS
 THE FOLLOWING WEATHER WAS RECORDED YESTERDAY.
  RAIN
  LIGHT RAIN
  FOG
  FOG W/VISIBILITY <= 1/4 MILE


RELATIVE HUMIDITY (PERCENT)
 HIGHEST   100           300 AM
 LOWEST    100           300 AM
 AVERAGE   100

..........................................................


THE PIEDMONT TRIAD INTL AIRPORT NC CLIMATE NORMALS FOR TODAY
                         NORMAL    RECORD    YEAR
 MAXIMUM TEMPERATURE (F)   49        73      1967
 MINIMUM TEMPERATURE (F)   30         6      1936


SUNRISE AND SUNSET
JANUARY 23 2017.......SUNRISE   726 AM EST   SUNSET   537 PM EST
JANUARY 24 2017.......SUNRISE   726 AM EST   SUNSET   538 PM EST


-  INDICATES NEGATIVE NUMBERS.
R  INDICATES RECORD WAS SET OR TIED.
MM INDICATES DATA IS MISSING.
T  INDICATES TRACE AMOUNT.




$$
