000
CDUS42 KRAH 170614
CLIGSO


CLIMATE REPORT
NATIONAL WEATHER SERVICE RALEIGH NC
209 AM EDT TUE OCT 17 2017


...................................

...THE PIEDMONT TRIAD INTL AIRPORT NC CLIMATE SUMMARY FOR OCTOBER 16 2017...

CLIMATE NORMAL PERIOD 1981 TO 2010
CLIMATE RECORD PERIOD 1903 TO 2017


WEATHER ITEM   OBSERVED TIME   RECORD YEAR NORMAL DEPARTURE LAST
                VALUE   (LST)  VALUE       VALUE  FROM      YEAR
                                                  NORMAL
..................................................................
TEMPERATURE (F)
 YESTERDAY
  MAXIMUM         70    133 AM  85    1953  70      0       78
                                      1910
  MINIMUM         48   1159 PM  29    1939  49     -1       56
  AVERAGE         59                        59      0       67

PRECIPITATION (IN)
  YESTERDAY        0.14          3.04 1932   0.09   0.05     0.00
  MONTH TO DATE    1.16                      1.61  -0.45     3.91
  SINCE SEP 1      3.96                      5.80  -1.84     6.13
  SINCE JAN 1     38.41                     34.59   3.82    36.93

DEGREE DAYS
 HEATING
  YESTERDAY        6                         6      0        0
  MONTH TO DATE   20                        75    -55       35
  SINCE SEP 1     42                       105    -63       35
  SINCE JUL 1     42                       106    -64       35

 COOLING
  YESTERDAY        0                         1     -1        2
  MONTH TO DATE   71                        25     46       23
  SINCE SEP 1    257                       210     47      362
  SINCE JAN 1   1611                      1472    139     1929
..................................................................


WIND (MPH)
  HIGHEST WIND SPEED    17   HIGHEST WIND DIRECTION    NE (30)
  HIGHEST GUST SPEED    25   HIGHEST GUST DIRECTION    NW (330)
  AVERAGE WIND SPEED     9.2


SKY COVER
  POSSIBLE SUNSHINE  MM
  AVERAGE SKY COVER 0.7


WEATHER CONDITIONS
 THE FOLLOWING WEATHER WAS RECORDED YESTERDAY.
  RAIN
  LIGHT RAIN
  FOG


RELATIVE HUMIDITY (PERCENT)
 HIGHEST   100           300 AM
 LOWEST     44           300 PM
 AVERAGE    72

..........................................................


THE PIEDMONT TRIAD INTL AIRPORT NC CLIMATE NORMALS FOR TODAY
                         NORMAL    RECORD    YEAR
 MAXIMUM TEMPERATURE (F)   70        88      1910
 MINIMUM TEMPERATURE (F)   48        33      1970
                                             1954


SUNRISE AND SUNSET
OCTOBER 17 2017.......SUNRISE   729 AM EDT   SUNSET   641 PM EDT
OCTOBER 18 2017.......SUNRISE   730 AM EDT   SUNSET   640 PM EDT


-  INDICATES NEGATIVE NUMBERS.
R  INDICATES RECORD WAS SET OR TIED.
MM INDICATES DATA IS MISSING.
T  INDICATES TRACE AMOUNT.

$$
