398
CDUS42 KGSP 262045
CLIGSP

CLIMATE REPORT
NATIONAL WEATHER SERVICE GREENVILLE-SPARTANBURG SC
434 PM EDT TUE SEP 26 2017


...................................

...THE GREENVILLE-SPARTANBURG SC CLIMATE SUMMARY FOR SEPTEMBER 26 2017...
VALID TODAY AS OF 400 PM LOCAL TIME.

CLIMATE NORMAL PERIOD 1981 TO 2010
CLIMATE RECORD PERIOD 1884 TO 2017


WEATHER ITEM   OBSERVED TIME   RECORD YEAR NORMAL DEPARTURE LAST
                VALUE   (LST)  VALUE       VALUE  FROM      YEAR
                                                  NORMAL
..................................................................
TEMPERATURE (F)
 TODAY
  MAXIMUM         88    259 PM  95    1933  79      9       87
  MINIMUM         68    634 AM  41    1907  58     10       68
  AVERAGE         78                        68     10       78

PRECIPITATION (IN)
  TODAY            0.00          5.19 1929   0.11  -0.11     0.26
  MONTH TO DATE    4.14                      2.96   1.18     0.99
  SINCE SEP 1      4.14                      2.96   1.18     0.99
  SINCE JAN 1     42.11                     35.47   6.64    29.22

SNOWFALL (IN)
  TODAY            0.0           0.0    MM   0.0    0.0      0.0
  MONTH TO DATE    0.0                       0.0    0.0      0.0
  SINCE SEP 1      0.0                       0.0    0.0      0.0
  SINCE JUL 1      0.0                       0.0    0.0      0.0
  SNOW DEPTH       0

DEGREE DAYS
 HEATING
  TODAY            0                         1     -1        0
  MONTH TO DATE   11                         9      2        0
  SINCE SEP 1     11                         9      2        0
  SINCE JUL 1     11                         9      2        0

 COOLING
  TODAY           13                         5      8       13
  MONTH TO DATE  187                       211    -24      344
  SINCE SEP 1    187                       211    -24      344
  SINCE JAN 1   1653                      1646      7     2063
..................................................................


WIND (MPH)
  HIGHEST WIND SPEED    14   HIGHEST WIND DIRECTION     N (20)
  HIGHEST GUST SPEED    19   HIGHEST GUST DIRECTION    NE (30)
  AVERAGE WIND SPEED     7.0


SKY COVER
  POSSIBLE SUNSHINE  MM
  AVERAGE SKY COVER 0.2


WEATHER CONDITIONS
 THE FOLLOWING WEATHER WAS RECORDED TODAY.
  NO SIGNIFICANT WEATHER WAS OBSERVED.


RELATIVE HUMIDITY (PERCENT)
 HIGHEST    84           300 AM
 LOWEST     39           200 PM
 AVERAGE    62

..........................................................


THE GREENVILLE-SPARTANBURG SC CLIMATE NORMALS FOR TOMORROW
                         NORMAL    RECORD    YEAR
 MAXIMUM TEMPERATURE (F)   79        93      1986
                                             1933
 MINIMUM TEMPERATURE (F)   57        38      1899


SUNRISE AND SUNSET
SEPTEMBER 26 2017.....SUNRISE   720 AM EDT   SUNSET   720 PM EDT
SEPTEMBER 27 2017.....SUNRISE   721 AM EDT   SUNSET   718 PM EDT


-  INDICATES NEGATIVE NUMBERS.
R  INDICATES RECORD WAS SET OR TIED.
MM INDICATES DATA IS MISSING.
T  INDICATES TRACE AMOUNT.




$$
JPT
