000
CDUS42 KGSP 190637
CLIGSP

CLIMATE REPORT
NATIONAL WEATHER SERVICE GREENVILLE-SPARTANBURG SC
135 AM EST FRI DEC 19 2014


...................................

...THE GREENVILLE-SPARTANBURG SC CLIMATE SUMMARY FOR DECEMBER 18 2014...

CLIMATE NORMAL PERIOD 1981 TO 2010
CLIMATE RECORD PERIOD 1884 TO 2014


WEATHER ITEM   OBSERVED TIME   RECORD YEAR NORMAL DEPARTURE LAST
                VALUE   (LST)  VALUE       VALUE  FROM      YEAR
                                                  NORMAL
..................................................................
TEMPERATURE (F)
 YESTERDAY
  MAXIMUM         58    247 PM  76    2006  53      5       53
                                      1984
  MINIMUM         36    342 AM  12    1901  33      3       32
  AVERAGE         47                        43      4       43

PRECIPITATION (IN)
  YESTERDAY        0.00          2.26 1915   0.13  -0.13     0.00
  MONTH TO DATE    0.53                      2.48  -1.95     2.91
  SINCE DEC 1      0.53                      2.48  -1.95     2.91
  SINCE JAN 1     47.10                     45.56   1.54    65.80

SNOWFALL (IN)
  YESTERDAY        0.0           2.0  1996   0.0    0.0      0.0
  MONTH TO DATE    0.0                       0.1   -0.1      0.0
  SINCE DEC 1      0.0                       0.1   -0.1      0.0
  SINCE JUL 1      T                         0.2   -0.2      0.1
  SNOW DEPTH       0

DEGREE DAYS
 HEATING
  YESTERDAY       18                        22     -4       22
  MONTH TO DATE  288                       359    -71      313
  SINCE DEC 1    288                       359    -71      313
  SINCE JUL 1    925                       912     13      917

 COOLING
  YESTERDAY        0                         0      0        0
  MONTH TO DATE    0                         0      0        6
  SINCE DEC 1      0                         0      0        6
  SINCE JAN 1   1693                      1715    -22     1533
..................................................................


WIND (MPH)
  HIGHEST WIND SPEED    13   HIGHEST WIND DIRECTION    SW (210)
  HIGHEST GUST SPEED    15   HIGHEST GUST DIRECTION    SW (210)
  AVERAGE WIND SPEED     3.5


SKY COVER
  POSSIBLE SUNSHINE  MM
  AVERAGE SKY COVER 0.3


WEATHER CONDITIONS
 THE FOLLOWING WEATHER WAS RECORDED YESTERDAY.
  NO SIGNIFICANT WEATHER WAS OBSERVED.


RELATIVE HUMIDITY (PERCENT)
 HIGHEST    64           200 AM
 LOWEST     30           200 PM
 AVERAGE    47

..........................................................


THE GREENVILLE-SPARTANBURG SC CLIMATE NORMALS FOR TODAY
                         NORMAL    RECORD    YEAR
 MAXIMUM TEMPERATURE (F)   53        74      2006
                                             1931
                                             1908
 MINIMUM TEMPERATURE (F)   33        11      1975


SUNRISE AND SUNSET
DECEMBER 19 2014......SUNRISE   732 AM EST   SUNSET   520 PM EST
DECEMBER 20 2014......SUNRISE   732 AM EST   SUNSET   521 PM EST


-  INDICATES NEGATIVE NUMBERS.
R  INDICATES RECORD WAS SET OR TIED.
MM INDICATES DATA IS MISSING.
T  INDICATES TRACE AMOUNT.

$$
07
