000
CDUS42 KGSP 182138
CLIGSP

CLIMATE REPORT
NATIONAL WEATHER SERVICE GREENVILLE-SPARTANBURG SC
437 PM EST THU JAN 18 2018


...................................

...THE GREENVILLE-SPARTANBURG SC CLIMATE SUMMARY FOR JANUARY 18 2018...
VALID TODAY AS OF 0400 PM LOCAL TIME.

CLIMATE NORMAL PERIOD 1981 TO 2010
CLIMATE RECORD PERIOD 1884 TO 2018


WEATHER ITEM   OBSERVED TIME   RECORD YEAR NORMAL DEPARTURE LAST
                VALUE   (LST)  VALUE       VALUE  FROM      YEAR
                                                  NORMAL
..................................................................
TEMPERATURE (F)
 TODAY
  MAXIMUM         44    350 PM  78    2017  52     -8       78
  MINIMUM         16    337 AM   5    1893  32    -16       48
  AVERAGE         30                        42    -12       63

PRECIPITATION (IN)
  TODAY            0.00          2.89 1943   0.13  -0.13     0.00
  MONTH TO DATE    1.79                      2.23  -0.44     2.60
  SINCE DEC 1      4.70                      6.34  -1.64     5.29
  SINCE JAN 1      1.79                      2.23  -0.44     2.60

SNOWFALL (IN)
  TODAY            0.0           0.7  1955   0.1   -0.1      0.0
                                      1971
  MONTH TO DATE    3.1                       1.4    1.7      3.1
  SINCE DEC 1      4.7                       1.8    2.9      3.1
  SINCE JUL 1      4.7                       1.9    2.8      3.1
  SNOW DEPTH       2

DEGREE DAYS
 HEATING
  TODAY           35                        23     12        2
  MONTH TO DATE  576                       414    162      312
  SINCE DEC 1   1195                      1064    131      908
  SINCE JUL 1   1689                      1617     72     1234

 COOLING
  TODAY            0                         0      0        0
  MONTH TO DATE    0                         0      0        0
  SINCE DEC 1      0                         1     -1        0
  SINCE JAN 1      0                         0      0        0
..................................................................


WIND (MPH)
  HIGHEST WIND SPEED    13   HIGHEST WIND DIRECTION    SW (240)
  HIGHEST GUST SPEED    19   HIGHEST GUST DIRECTION     W (280)
  AVERAGE WIND SPEED     7.0


SKY COVER
  POSSIBLE SUNSHINE  MM
  AVERAGE SKY COVER 0.0


WEATHER CONDITIONS
 THE FOLLOWING WEATHER WAS RECORDED TODAY.
  NO SIGNIFICANT WEATHER WAS OBSERVED.


RELATIVE HUMIDITY (PERCENT)
 HIGHEST    67           300 AM
 LOWEST     29          1200 PM
 AVERAGE    48

..........................................................


THE GREENVILLE-SPARTANBURG SC CLIMATE NORMALS FOR TOMORROW
                         NORMAL    RECORD    YEAR
 MAXIMUM TEMPERATURE (F)   52        72      1974
                                             1907
 MINIMUM TEMPERATURE (F)   32         5      1994


SUNRISE AND SUNSET
JANUARY 18 2018.......SUNRISE   735 AM EST   SUNSET   544 PM EST
JANUARY 19 2018.......SUNRISE   735 AM EST   SUNSET   545 PM EST


-  INDICATES NEGATIVE NUMBERS.
R  INDICATES RECORD WAS SET OR TIED.
MM INDICATES DATA IS MISSING.
T  INDICATES TRACE AMOUNT.

$$
