000
CDUS42 KGSP 072135
CLIGSP

CLIMATE REPORT
NATIONAL WEATHER SERVICE GREENVILLE-SPARTANBURG SC
433 PM EST WED DEC 7 2016

...................................

...THE GREENVILLE-SPARTANBURG SC CLIMATE SUMMARY FOR DECEMBER 7 2016...
VALID TODAY AS OF 0400 PM LOCAL TIME.

CLIMATE NORMAL PERIOD 1981 TO 2010
CLIMATE RECORD PERIOD 1884 TO 2016


WEATHER ITEM   OBSERVED TIME   RECORD YEAR NORMAL DEPARTURE LAST
                VALUE   (LST)  VALUE       VALUE  FROM      YEAR
                                                  NORMAL
..................................................................
TEMPERATURE (F)
 TODAY
  MAXIMUM         58    309 PM  74    1994  56      2       65
  MINIMUM         40    757 AM  11    1937  35      5       34
  AVERAGE         49                        46      3       50

PRECIPITATION (IN)
  TODAY            0.00          2.83 1950   0.13  -0.13     0.00
  MONTH TO DATE    1.43                      0.99   0.44     0.49
  SINCE DEC 1      1.43                      0.99   0.44     0.49
  SINCE JAN 1     33.17                     44.07 -10.90    50.16

SNOWFALL (IN)
  TODAY            0.0           0.0    MM   0.0    0.0      0.0
  MONTH TO DATE    0.0                       0.0    0.0      0.0
  SINCE DEC 1      0.0                       0.0    0.0      0.0
  SINCE JUL 1      0.0                       0.1   -0.1      0.0
  SNOW DEPTH       0

DEGREE DAYS
 HEATING
  TODAY           16                        19     -3       15
  MONTH TO DATE  122                       130     -8      117
  SINCE DEC 1    122                       130     -8      117
  SINCE JUL 1    448                       683   -235      562

 COOLING
  TODAY            0                         0      0        0
  MONTH TO DATE    0                         0      0        0
  SINCE DEC 1      0                         0      0        0
  SINCE JAN 1   2188                      1715    473     1935
..................................................................


WIND (MPH)
  HIGHEST WIND SPEED    10   HIGHEST WIND DIRECTION     S (170)
  HIGHEST GUST SPEED    14   HIGHEST GUST DIRECTION    SE (140)
  AVERAGE WIND SPEED     3.5


SKY COVER
  POSSIBLE SUNSHINE  MM
  AVERAGE SKY COVER 0.9


WEATHER CONDITIONS
 THE FOLLOWING WEATHER WAS RECORDED TODAY.
  FOG
  FOG W/VISIBILITY <= 1/4 MILE


RELATIVE HUMIDITY (PERCENT)
 HIGHEST   100           300 AM
 LOWEST     61           200 PM
 AVERAGE    81

..........................................................


THE GREENVILLE-SPARTANBURG SC CLIMATE NORMALS FOR TOMORROW
                         NORMAL    RECORD    YEAR
 MAXIMUM TEMPERATURE (F)   56        75      1956
 MINIMUM TEMPERATURE (F)   35        13      1937


SUNRISE AND SUNSET
DECEMBER  7 2016......SUNRISE   724 AM EST   SUNSET   517 PM EST
DECEMBER  8 2016......SUNRISE   724 AM EST   SUNSET   517 PM EST


-  INDICATES NEGATIVE NUMBERS.
R  INDICATES RECORD WAS SET OR TIED.
MM INDICATES DATA IS MISSING.
T  INDICATES TRACE AMOUNT.

$$
