000
CDUS42 KGSP 220633
CLIGSP

CLIMATE REPORT
NATIONAL WEATHER SERVICE GREENVILLE-SPARTANBURG SC
232 AM EDT WED OCT 22 2014


...................................

...THE GREENVILLE-SPARTANBURG SC CLIMATE SUMMARY FOR OCTOBER 21 2014...

CLIMATE NORMAL PERIOD 1981 TO 2010
CLIMATE RECORD PERIOD 1884 TO 2014


WEATHER ITEM   OBSERVED TIME   RECORD YEAR NORMAL DEPARTURE LAST
                VALUE   (LST)  VALUE       VALUE  FROM      YEAR
                                                  NORMAL
..................................................................
TEMPERATURE (F)
 YESTERDAY
  MAXIMUM         74    418 PM  86    1941  71      3       69
  MINIMUM         48    731 AM  28    1974  49     -1       45
  AVERAGE         61                        60      1       57

PRECIPITATION (IN)
  YESTERDAY        0.00          3.34 1929   0.11  -0.11     0.00
  MONTH TO DATE    3.57                      2.39   1.18     1.87
  SINCE SEP 1      7.25                      5.82   1.43     4.37
  SINCE JAN 1     42.21                     38.33   3.88    58.72

SNOWFALL (IN)
  YESTERDAY        0.0           0.0    MM   0.0    0.0      0.0
  MONTH TO DATE    0.0                       0.0    0.0      0.0
  SINCE SEP 1      0.0                       0.0    0.0      0.0
  SINCE JUL 1      0.0                       0.0    0.0      0.0
  SNOW DEPTH       0

DEGREE DAYS
 HEATING
  YESTERDAY        4                         6     -2        8
  MONTH TO DATE   63                        80    -17       32
  SINCE SEP 1     69                        97    -28       33
  SINCE JUL 1     69                        97    -28       33

 COOLING
  YESTERDAY        0                         1     -1        0
  MONTH TO DATE   53                        40     13       53
  SINCE SEP 1    294                       267     27      277
  SINCE JAN 1   1691                      1702    -11     1526
..................................................................


WIND (MPH)
  HIGHEST WIND SPEED    17   HIGHEST WIND DIRECTION     N (360)
  HIGHEST GUST SPEED    26   HIGHEST GUST DIRECTION     N (350)
  AVERAGE WIND SPEED     5.7


SKY COVER
  POSSIBLE SUNSHINE  MM
  AVERAGE SKY COVER 0.1


WEATHER CONDITIONS
 THE FOLLOWING WEATHER WAS RECORDED YESTERDAY.
  FOG


RELATIVE HUMIDITY (PERCENT)
 HIGHEST    96           300 AM
 LOWEST     35           400 PM
 AVERAGE    66

..........................................................


THE GREENVILLE-SPARTANBURG SC CLIMATE NORMALS FOR TODAY
                         NORMAL    RECORD    YEAR
 MAXIMUM TEMPERATURE (F)   71        85      1941
 MINIMUM TEMPERATURE (F)   48        26      1987


SUNRISE AND SUNSET
OCTOBER 22 2014.......SUNRISE   741 AM EDT   SUNSET   645 PM EDT
OCTOBER 23 2014.......SUNRISE   742 AM EDT   SUNSET   644 PM EDT


-  INDICATES NEGATIVE NUMBERS.
R  INDICATES RECORD WAS SET OR TIED.
MM INDICATES DATA IS MISSING.
T  INDICATES TRACE AMOUNT.




$$
