497
CDUS42 KGSP 040633
CLIGSP

CLIMATE REPORT
NATIONAL WEATHER SERVICE GREENVILLE-SPARTANBURG SC
227 AM EDT WED MAY 4 2016


...................................

...THE GREENVILLE-SPARTANBURG SC CLIMATE SUMMARY FOR MAY 3 2016...

CLIMATE NORMAL PERIOD 1981 TO 2010
CLIMATE RECORD PERIOD 1884 TO 2016


WEATHER ITEM   OBSERVED TIME   RECORD YEAR NORMAL DEPARTURE LAST
                VALUE   (LST)  VALUE       VALUE  FROM      YEAR
                                                  NORMAL
..................................................................
TEMPERATURE (F)
 YESTERDAY
  MAXIMUM         81    329 PM  91    1959  77      4       79
                                      1887
  MINIMUM         61   1159 PM  27    1885  53      8       51
  AVERAGE         71                        65      6       65

PRECIPITATION (IN)
  YESTERDAY        0.15          2.30 1896   0.13   0.02     0.00
  MONTH TO DATE    1.79                      0.37   1.42     0.00
  SINCE MAR 1      5.80                      8.25  -2.45     8.27
  SINCE JAN 1     14.06                     16.04  -1.98    15.59

SNOWFALL (IN)
  YESTERDAY        0.0           0.0    MM   0.0    0.0      0.0
  MONTH TO DATE    0.0                       0.0    0.0      0.0
  SINCE MAR 1      T                         0.9   -0.9      0.0
  SINCE JUL 1      2.6                       4.7   -2.1      3.7
  SNOW DEPTH       0

DEGREE DAYS
 HEATING
  YESTERDAY        0                         3     -3        0
  MONTH TO DATE    0                         9     -9        8
  SINCE MAR 1    367                       566   -199      403
  SINCE JUL 1   2464                      3015   -551     3017

 COOLING
  YESTERDAY        6                         3      3        0
  MONTH TO DATE   22                         7     15        0
  SINCE MAR 1    107                        55     52       56
  SINCE JAN 1    107                        55     52       56
..................................................................


WIND (MPH)
  HIGHEST WIND SPEED    22   HIGHEST WIND DIRECTION    SW (220)
  HIGHEST GUST SPEED    29   HIGHEST GUST DIRECTION    SW (220)
  AVERAGE WIND SPEED    10.0


SKY COVER
  POSSIBLE SUNSHINE  MM
  AVERAGE SKY COVER 0.5


WEATHER CONDITIONS
 THE FOLLOWING WEATHER WAS RECORDED YESTERDAY.
  LIGHT RAIN
  FOG


RELATIVE HUMIDITY (PERCENT)
 HIGHEST    93          1200 AM
 LOWEST     45           500 PM
 AVERAGE    69

..........................................................


THE GREENVILLE-SPARTANBURG SC CLIMATE NORMALS FOR TODAY
                         NORMAL    RECORD    YEAR
 MAXIMUM TEMPERATURE (F)   77        91      1887
 MINIMUM TEMPERATURE (F)   54        30      1885


SUNRISE AND SUNSET
MAY  4 2016...........SUNRISE   635 AM EDT   SUNSET   817 PM EDT
MAY  5 2016...........SUNRISE   634 AM EDT   SUNSET   818 PM EDT


-  INDICATES NEGATIVE NUMBERS.
R  INDICATES RECORD WAS SET OR TIED.
MM INDICATES DATA IS MISSING.
T  INDICATES TRACE AMOUNT.




$$
