000
CDUS42 KGSP 262048
CLIGSP

CLIMATE REPORT
NATIONAL WEATHER SERVICE GREENVILLE-SPARTANBURG SC
448 PM EDT TUE MAY 26 2015


...................................

...THE GREENVILLE-SPARTANBURG SC CLIMATE SUMMARY FOR MAY 26 2015...
VALID TODAY AS OF 0445 PM LOCAL TIME.

CLIMATE NORMAL PERIOD 1981 TO 2010
CLIMATE RECORD PERIOD 1884 TO 2015


WEATHER ITEM   OBSERVED TIME   RECORD YEAR NORMAL DEPARTURE LAST
                VALUE   (LST)  VALUE       VALUE  FROM      YEAR
                                                  NORMAL
..................................................................
TEMPERATURE (F)
 TODAY
  MAXIMUM         84    336 PM  96    1953  83      1       85
                                      1926
                                      1912
  MINIMUM         69    133 AM  45    1979  60      9       60
  AVERAGE         77                        72      5       73

PRECIPITATION (IN)
  TODAY            0.00          3.69 1948   0.12  -0.12      T
  MONTH TO DATE    2.46                      3.14  -0.68     2.53
  SINCE MAR 1     10.73                     11.02  -0.29    11.67
  SINCE JAN 1     18.05                     18.81  -0.76    17.91

SNOWFALL (IN)
  TODAY            0.0           0.0    MM   0.0    0.0      0.0
  MONTH TO DATE    0.0                       0.0    0.0      0.0
  SINCE MAR 1      0.0                       0.9   -0.9       T
  SINCE JUL 1      3.7                       4.7   -1.0      7.2
  SNOW DEPTH       0

DEGREE DAYS
 HEATING
  TODAY            0                         1     -1        0
  MONTH TO DATE    8                        39    -31       36
  SINCE MAR 1    403                       596   -193      649
  SINCE JUL 1   3017                      3045    -28     3208

 COOLING
  TODAY           12                         7      5        8
  MONTH TO DATE  174                       115     59      157
  SINCE MAR 1    230                       163     67      199
  SINCE JAN 1    230                       163     67      199
..................................................................


WIND (MPH)
  HIGHEST WIND SPEED    13   HIGHEST WIND DIRECTION     S (190)
  HIGHEST GUST SPEED    17   HIGHEST GUST DIRECTION     S (170)
  AVERAGE WIND SPEED     6.3


SKY COVER
  POSSIBLE SUNSHINE  MM
  AVERAGE SKY COVER 0.9


WEATHER CONDITIONS
 THE FOLLOWING WEATHER WAS RECORDED TODAY.
  NO SIGNIFICANT WEATHER WAS OBSERVED.


RELATIVE HUMIDITY (PERCENT)
 HIGHEST    90           200 AM
 LOWEST     62          1000 AM
 AVERAGE    76

..........................................................


THE GREENVILLE-SPARTANBURG SC CLIMATE NORMALS FOR TOMORROW
                         NORMAL    RECORD    YEAR
 MAXIMUM TEMPERATURE (F)   83        98      1916
 MINIMUM TEMPERATURE (F)   61        43      1961


SUNRISE AND SUNSET
MAY 26 2015...........SUNRISE   619 AM EDT   SUNSET   833 PM EDT
MAY 27 2015...........SUNRISE   618 AM EDT   SUNSET   834 PM EDT


-  INDICATES NEGATIVE NUMBERS.
R  INDICATES RECORD WAS SET OR TIED.
MM INDICATES DATA IS MISSING.
T  INDICATES TRACE AMOUNT.

$$

OUTLAW
