000
CDUS45 KTFX 271001
CLIGTF


CLIMATE REPORT
NATIONAL WEATHER SERVICE GREAT FALLS MT
400 AM MDT WED AUG 27 2014


...................................

...THE GREAT FALLS MT CLIMATE SUMMARY FOR AUGUST 26 2014...

CLIMATE NORMAL PERIOD 1981 TO 2010
CLIMATE RECORD PERIOD 1886 TO 2014


WEATHER ITEM   OBSERVED TIME   RECORD YEAR NORMAL DEPARTURE LAST
                VALUE   (LST)  VALUE       VALUE  FROM      YEAR
                                                  NORMAL
..................................................................
TEMPERATURE (F)
 YESTERDAY
  MAXIMUM         79    434 PM  96    2010  79      0       92
                                      1894
  MINIMUM         44    532 AM  35    1892  48     -4       53
  AVERAGE         62                        64     -2       73

PRECIPITATION (IN)
  YESTERDAY        0.00          0.55 1892   0.05  -0.05     0.11
  MONTH TO DATE    4.39                      1.29   3.10     1.01
  SINCE OCT 1     18.51                     13.05   5.46    12.16
  SINCE JAN 1     16.46                     11.05   5.41     8.82

SNOWFALL (IN)
  YESTERDAY        0.0           0.0  2002   0.0    0.0      0.0
  MONTH TO DATE    0.0                       0.2   -0.2      0.0
  SINCE JUN 1      0.0                       0.5   -0.5      0.0
  SINCE JUL 1      0.0                       0.2   -0.2      0.0
  SNOW DEPTH       0

DEGREE DAYS
 HEATING
  YESTERDAY        3                         4     -1        0
  MONTH TO DATE   57                        50      7        8
  SINCE JUN 1    285                       291     -6      196
  SINCE JUL 1     62                       100    -38       24

 COOLING
  YESTERDAY        0                         2     -2        8
  MONTH TO DATE  138                       103     35      136
  SINCE JUN 1    317                       259     58      337
  SINCE JAN 1    317                       266     51      340
..................................................................


WIND (MPH)
  HIGHEST WIND SPEED    15   HIGHEST WIND DIRECTION     W (250)
  HIGHEST GUST SPEED    18   HIGHEST GUST DIRECTION     W (290)
  AVERAGE WIND SPEED     8.4


SKY COVER
  AVERAGE SKY COVER 0.0


WEATHER CONDITIONS
 THE FOLLOWING WEATHER WAS RECORDED YESTERDAY.
  NO SIGNIFICANT WEATHER WAS OBSERVED.


RELATIVE HUMIDITY (PERCENT)
 HIGHEST    93           300 AM
 LOWEST     22           600 PM
 AVERAGE    58

..........................................................


THE GREAT FALLS MT CLIMATE NORMALS FOR TODAY
                         NORMAL    RECORD    YEAR
 MAXIMUM TEMPERATURE (F)   79        98      1971
 MINIMUM TEMPERATURE (F)   48        39      1911


SUNRISE AND SUNSET
AUGUST 27 2014........SUNRISE   638 AM MDT   SUNSET   815 PM MDT
AUGUST 28 2014........SUNRISE   639 AM MDT   SUNSET   813 PM MDT


-  INDICATES NEGATIVE NUMBERS.
R  INDICATES RECORD WAS SET OR TIED.
MM INDICATES DATA IS MISSING.
T  INDICATES TRACE AMOUNT.




$$
