000
CDUS45 KTFX 312230
CLIGTF


CLIMATE REPORT
NATIONAL WEATHER SERVICE GREAT FALLS MT
430 PM MDT TUE MAY 31 2016


...................................

...THE GREAT FALLS MT CLIMATE SUMMARY FOR MAY 31 2016...
VALID TODAY AS OF 0400 PM LOCAL TIME.

CLIMATE NORMAL PERIOD 1981 TO 2010
CLIMATE RECORD PERIOD 1886 TO 2016


WEATHER ITEM   OBSERVED TIME   RECORD YEAR NORMAL DEPARTURE LAST
                VALUE   (LST)  VALUE       VALUE  FROM      YEAR
                                                  NORMAL
..................................................................
TEMPERATURE (F)
 TODAY
  MAXIMUM         63    259 PM  90    1972  69     -6       80
                                      1936
  MINIMUM         40   1247 AM  28    1917  43     -3       47
  AVERAGE         52                        56     -4       64

PRECIPITATION (IN)
  TODAY            0.00          1.20 2000   0.11  -0.11     0.00
  MONTH TO DATE    2.04                      2.42  -0.38     3.42
  SINCE OCT 1     11.12                      7.73   3.39     8.75
  SINCE JAN 1      6.02                      5.73   0.29     5.80

SNOWFALL (IN)
  TODAY            0.0           3.4  2000   0.0    0.0      0.0
  MONTH TO DATE    T                         2.7   -2.7       T
  SINCE MAR 1      9.0                      23.2  -14.2      1.6
  SINCE JUL 1     46.9                      63.2  -16.3     57.9

DEGREE DAYS
 HEATING
  TODAY           13                        10      3        1
  MONTH TO DATE  420                       419      1      437
  SINCE MAR 1   1751                      2030   -279     1710
  SINCE JUL 1   6689                      7535   -846     6848

 COOLING
  TODAY            0                         0      0        0
  MONTH TO DATE    0                         6     -6        0
  SINCE MAR 1      0                         7     -7        0
  SINCE JAN 1      0                         7     -7        0
..................................................................


WIND (MPH)
  HIGHEST WIND SPEED    20   HIGHEST WIND DIRECTION    NW (310)
  HIGHEST GUST SPEED    25   HIGHEST GUST DIRECTION    NW (320)
  AVERAGE WIND SPEED    10.8


SKY COVER
  AVERAGE SKY COVER 0.3


WEATHER CONDITIONS
 THE FOLLOWING WEATHER WAS RECORDED TODAY.
  NO SIGNIFICANT WEATHER WAS OBSERVED.


RELATIVE HUMIDITY (PERCENT)
 HIGHEST    86          1200 AM
 LOWEST     34           300 PM
 AVERAGE    60

..........................................................


THE GREAT FALLS MT CLIMATE NORMALS FOR TOMORROW
                         NORMAL    RECORD    YEAR
 MAXIMUM TEMPERATURE (F)   69        94      1977
 MINIMUM TEMPERATURE (F)   43        32      1919


SUNRISE AND SUNSET
MAY 31 2016...........SUNRISE   533 AM MDT   SUNSET   914 PM MDT
JUNE  1 2016..........SUNRISE   532 AM MDT   SUNSET   915 PM MDT


-  INDICATES NEGATIVE NUMBERS.
R  INDICATES RECORD WAS SET OR TIED.
MM INDICATES DATA IS MISSING.
T  INDICATES TRACE AMOUNT.




$$
