357
CDUS45 KTFX 180927
CLIGTF


CLIMATE REPORT
NATIONAL WEATHER SERVICE GREAT FALLS MT
225 AM MST THU JAN 18 2018


...................................

...THE GREAT FALLS MT CLIMATE SUMMARY FOR JANUARY 17 2018...

CLIMATE NORMAL PERIOD 1981 TO 2010
CLIMATE RECORD PERIOD 1886 TO 2018


WEATHER ITEM   OBSERVED TIME   RECORD YEAR NORMAL DEPARTURE LAST
                VALUE   (LST)  VALUE       VALUE  FROM      YEAR
                                                  NORMAL
..................................................................
TEMPERATURE (F)
 YESTERDAY
  MAXIMUM         45    958 PM  61    1914  36      9       45
  MINIMUM         28    420 AM -29    1930  15     13       31
  AVERAGE         37                        25     12       38

PRECIPITATION (IN)
  YESTERDAY        0.00          0.47 1954   0.02  -0.02     0.00
  MONTH TO DATE    0.33                      0.29   0.04     0.57
  SINCE OCT 1      3.19                      2.29   0.90     3.50
  SINCE JAN 1      0.33                      0.29   0.04     0.57

SNOWFALL (IN)
  YESTERDAY        0.0           4.5  1954   0.2   -0.2      0.0
  MONTH TO DATE    3.6                       4.9   -1.3      7.2
  SINCE DEC 1     24.3                      14.4    9.9     23.1
  SINCE JUL 1     39.7                      28.1   11.6     25.8
  SNOW DEPTH       1

DEGREE DAYS
 HEATING
  YESTERDAY       28                        40    -12       27
  MONTH TO DATE  707                       685     22      969
  SINCE DEC 1   2061                      1933    128     2534
  SINCE JUL 1   3936                      3902     34     4119

 COOLING
  YESTERDAY        0                         0      0        0
  MONTH TO DATE    0                         0      0        0
  SINCE DEC 1      0                         0      0        0
  SINCE JAN 1      0                         0      0        0
..................................................................


WIND (MPH)
  HIGHEST WIND SPEED    35   HIGHEST WIND DIRECTION    SW (230)
  HIGHEST GUST SPEED    44   HIGHEST GUST DIRECTION    SW (230)
  AVERAGE WIND SPEED    17.2


SKY COVER
  AVERAGE SKY COVER 0.0


WEATHER CONDITIONS
 THE FOLLOWING WEATHER WAS RECORDED YESTERDAY.
  NO SIGNIFICANT WEATHER WAS OBSERVED.


RELATIVE HUMIDITY (PERCENT)
 HIGHEST    69           400 AM
 LOWEST     41          1000 PM
 AVERAGE    55

..........................................................


THE GREAT FALLS MT CLIMATE NORMALS FOR TODAY
                         NORMAL    RECORD    YEAR
 MAXIMUM TEMPERATURE (F)   36        60      1900
 MINIMUM TEMPERATURE (F)   15       -28      1935


SUNRISE AND SUNSET
JANUARY 18 2018.......SUNRISE   806 AM MST   SUNSET   506 PM MST
JANUARY 19 2018.......SUNRISE   805 AM MST   SUNSET   508 PM MST


-  INDICATES NEGATIVE NUMBERS.
R  INDICATES RECORD WAS SET OR TIED.
MM INDICATES DATA IS MISSING.
T  INDICATES TRACE AMOUNT.




$$
