000
CDUS45 KTFX 220826
CLIGTF


CLIMATE REPORT
NATIONAL WEATHER SERVICE GREAT FALLS MT
225 AM MDT MON SEP 22 2014


...................................

...THE GREAT FALLS MT CLIMATE SUMMARY FOR SEPTEMBER 21 2014...

CLIMATE NORMAL PERIOD 1981 TO 2010
CLIMATE RECORD PERIOD 1886 TO 2014


WEATHER ITEM   OBSERVED TIME   RECORD YEAR NORMAL DEPARTURE LAST
                VALUE   (LST)  VALUE       VALUE  FROM      YEAR
                                                  NORMAL
..................................................................
TEMPERATURE (F)
 YESTERDAY
  MAXIMUM         77    424 PM  90    1917  68      9       85
  MINIMUM         42    630 AM  20    1995  40      2       57
  AVERAGE         60                        54      6       71

PRECIPITATION (IN)
  YESTERDAY        0.00          1.39 1945   0.05  -0.05     0.00
  MONTH TO DATE    0.30                      1.04  -0.74     0.44
  SINCE OCT 1     18.81                     14.37   4.44    12.67
  SINCE JAN 1     16.76                     12.37   4.39     9.33

SNOWFALL (IN)
  YESTERDAY        0.0           2.6  1968   0.0    0.0      0.0
  MONTH TO DATE    T                         0.6   -0.6      0.0
  SINCE SEP 1      T                         0.6   -0.6      0.0
  SINCE JUL 1      T                         0.9   -0.9      0.0
  SNOW DEPTH       0

DEGREE DAYS
 HEATING
  YESTERDAY        5                        11     -6        0
  MONTH TO DATE  200                       169     31       40
  SINCE SEP 1    200                       169     31       40
  SINCE JUL 1    270                       290    -20       64

 COOLING
  YESTERDAY        0                         0      0        6
  MONTH TO DATE    6                        20    -14       80
  SINCE SEP 1      6                        20    -14       80
  SINCE JAN 1    330                       296     34      449
..................................................................


WIND (MPH)
  HIGHEST WIND SPEED    15   HIGHEST WIND DIRECTION    SW (210)
  HIGHEST GUST SPEED    21   HIGHEST GUST DIRECTION     S (180)
  AVERAGE WIND SPEED     6.8


SKY COVER
  AVERAGE SKY COVER 0.0


WEATHER CONDITIONS
 THE FOLLOWING WEATHER WAS RECORDED YESTERDAY.
  NO SIGNIFICANT WEATHER WAS OBSERVED.


RELATIVE HUMIDITY (PERCENT)
 HIGHEST    89           200 AM
 LOWEST     33           200 PM
 AVERAGE    61

..........................................................


THE GREAT FALLS MT CLIMATE NORMALS FOR TODAY
                         NORMAL    RECORD    YEAR
 MAXIMUM TEMPERATURE (F)   68        91      1938
                                             1896
 MINIMUM TEMPERATURE (F)   40        24      2000
                                             1934


SUNRISE AND SUNSET
SEPTEMBER 22 2014.....SUNRISE   712 AM MDT   SUNSET   723 PM MDT
SEPTEMBER 23 2014.....SUNRISE   714 AM MDT   SUNSET   721 PM MDT


-  INDICATES NEGATIVE NUMBERS.
R  INDICATES RECORD WAS SET OR TIED.
MM INDICATES DATA IS MISSING.
T  INDICATES TRACE AMOUNT.




$$
