000
CDUS45 KTFX 280844
CLIGTF


CLIMATE REPORT
NATIONAL WEATHER SERVICE GREAT FALLS MT
243 AM MDT FRI JUL 28 2017


...................................

...THE GREAT FALLS MT CLIMATE SUMMARY FOR JULY 27 2017...

CLIMATE NORMAL PERIOD 1981 TO 2010
CLIMATE RECORD PERIOD 1886 TO 2017


WEATHER ITEM   OBSERVED TIME   RECORD YEAR NORMAL DEPARTURE LAST
                VALUE   (LST)  VALUE       VALUE  FROM      YEAR
                                                  NORMAL
..................................................................
TEMPERATURE (F)
 YESTERDAY
  MAXIMUM         93    234 PM 104    1975  86      7       86
  MINIMUM         63    431 AM  40    1892  53     10       51
  AVERAGE         78                        69      9       69

PRECIPITATION (IN)
  YESTERDAY        T             0.72 2015   0.04  -0.04      T
  MONTH TO DATE    0.08                      1.35  -1.27     1.20
  SINCE OCT 1     12.53                     11.61   0.92    13.28
  SINCE JAN 1      9.60                      9.61  -0.01     8.18

SNOWFALL (IN)
  YESTERDAY        0.0           0.0  2002   0.0    0.0      0.0
  MONTH TO DATE    0.0                       0.0    0.0       T
  SINCE JUN 1      0.0                       0.3   -0.3       T
  SINCE JUL 1      0.0                       0.0    0.0       T
  SNOW DEPTH       0

DEGREE DAYS
 HEATING
  YESTERDAY        0                         1     -1        0
  MONTH TO DATE    1                        46    -45       44
  SINCE JUN 1    126                       237   -111      152
  SINCE JUL 1      1                        46    -45       44

 COOLING
  YESTERDAY       13                         5      8        4
  MONTH TO DATE  227                       105    122       93
  SINCE JUN 1    261                       137    124      136
  SINCE JAN 1    268                       144    124      136
..................................................................


WIND (MPH)
  HIGHEST WIND SPEED    15   HIGHEST WIND DIRECTION    SW (240)
  HIGHEST GUST SPEED    18   HIGHEST GUST DIRECTION    SW (240)
  AVERAGE WIND SPEED     7.7


SKY COVER
  AVERAGE SKY COVER 0.2


WEATHER CONDITIONS
 THE FOLLOWING WEATHER WAS RECORDED YESTERDAY.
  LIGHT RAIN


RELATIVE HUMIDITY (PERCENT)
 HIGHEST    42           400 AM
 LOWEST     14           300 PM
 AVERAGE    28

..........................................................


THE GREAT FALLS MT CLIMATE NORMALS FOR TODAY
                         NORMAL    RECORD    YEAR
 MAXIMUM TEMPERATURE (F)   86       100      2007
                                             2006
                                             1975
 MINIMUM TEMPERATURE (F)   53        40      1894


SUNRISE AND SUNSET
JULY 28 2017..........SUNRISE   559 AM MDT   SUNSET   904 PM MDT
JULY 29 2017..........SUNRISE   600 AM MDT   SUNSET   903 PM MDT


-  INDICATES NEGATIVE NUMBERS.
R  INDICATES RECORD WAS SET OR TIED.
MM INDICATES DATA IS MISSING.
T  INDICATES TRACE AMOUNT.




$$
