000
CDUS45 KTFX 030953
CLIGTF


CLIMATE REPORT
NATIONAL WEATHER SERVICE GREAT FALLS MT
250 AM MST TUE MAR 3 2015


...................................

...THE GREAT FALLS MT CLIMATE SUMMARY FOR MARCH 2 2015...

CLIMATE NORMAL PERIOD 1981 TO 2010
CLIMATE RECORD PERIOD 1886 TO 2015


WEATHER ITEM   OBSERVED TIME   RECORD YEAR NORMAL DEPARTURE LAST
                VALUE   (LST)  VALUE       VALUE  FROM      YEAR
                                                  NORMAL
..................................................................
TEMPERATURE (F)
 YESTERDAY
  MAXIMUM         33    942 AM  67    1934  42     -9       -2
  MINIMUM         12   1159 PM -27    1896  19     -7      -15
  AVERAGE         23                        30     -7       -8

PRECIPITATION (IN)
  YESTERDAY        0.01          0.42 1966   0.02  -0.01     0.04
  MONTH TO DATE    0.01                      0.04  -0.03     0.06
  SINCE OCT 1      4.35                      3.02   1.33     4.53
  SINCE JAN 1      1.40                      1.02   0.38     2.48

SNOWFALL (IN)
  YESTERDAY        0.1           4.2  1985   0.3   -0.2      1.4
  MONTH TO DATE    0.1                       0.6   -0.5      2.3
  SINCE MAR 1      0.1                       0.6   -0.5      2.3
  SINCE JUL 1     56.4                      40.6   15.8     59.8
  SNOW DEPTH       0

DEGREE DAYS
 HEATING
  YESTERDAY       42                        35      7       73
  MONTH TO DATE   84                        70     14      150
  SINCE MAR 1     84                        70     14      150
  SINCE JUL 1   5222                      5575   -353     5804

 COOLING
  YESTERDAY        0                         0      0        0
  MONTH TO DATE    0                         0      0        0
  SINCE MAR 1      0                         0      0        0
  SINCE JAN 1      0                         0      0        0
..................................................................


WIND (MPH)
  HIGHEST WIND SPEED    29   HIGHEST WIND DIRECTION     N (360)
  HIGHEST GUST SPEED    35   HIGHEST GUST DIRECTION     N (360)
  AVERAGE WIND SPEED    15.5


SKY COVER
  AVERAGE SKY COVER 1.0


WEATHER CONDITIONS
 THE FOLLOWING WEATHER WAS RECORDED YESTERDAY.
  LIGHT SNOW
  FOG
  HAZE


RELATIVE HUMIDITY (PERCENT)
 HIGHEST    88           300 PM
 LOWEST     39           200 AM
 AVERAGE    64

..........................................................


THE GREAT FALLS MT CLIMATE NORMALS FOR TODAY
                         NORMAL    RECORD    YEAR
 MAXIMUM TEMPERATURE (F)   42        71      1905
 MINIMUM TEMPERATURE (F)   19       -23      1960


SUNRISE AND SUNSET
MARCH  3 2015.........SUNRISE   702 AM MST   SUNSET   613 PM MST
MARCH  4 2015.........SUNRISE   700 AM MST   SUNSET   615 PM MST


-  INDICATES NEGATIVE NUMBERS.
R  INDICATES RECORD WAS SET OR TIED.
MM INDICATES DATA IS MISSING.
T  INDICATES TRACE AMOUNT.




$$
