000
CDUS45 KTFX 270725
CLIGTF


CLIMATE REPORT
NATIONAL WEATHER SERVICE GREAT FALLS MT
125 AM MDT SAT MAY 27 2017


...................................

...THE GREAT FALLS MT CLIMATE SUMMARY FOR MAY 26 2017...

CLIMATE NORMAL PERIOD 1981 TO 2010
CLIMATE RECORD PERIOD 1886 TO 2017


WEATHER ITEM   OBSERVED TIME   RECORD YEAR NORMAL DEPARTURE LAST
                VALUE   (LST)  VALUE       VALUE  FROM      YEAR
                                                  NORMAL
..................................................................
TEMPERATURE (F)
 YESTERDAY
  MAXIMUM         65    325 PM  94    1936  67     -2       68
  MINIMUM         35    319 AM  30    1975  42     -7       41
                                      1932
                                      1920
  AVERAGE         50                        54     -4       55

PRECIPITATION (IN)
  YESTERDAY        0.01          1.05 1922   0.10  -0.09     0.10
  MONTH TO DATE    2.00                      1.88   0.12     1.99
  SINCE OCT 1     10.34                      7.19   3.15    11.07
  SINCE JAN 1      7.41                      5.19   2.22     5.97

SNOWFALL (IN)
  YESTERDAY        0.0           0.6  2012   0.1   -0.1      0.0
  MONTH TO DATE    0.0                       2.5   -2.5       T
  SINCE MAR 1     10.6                      23.0  -12.4      9.0
  SINCE JUL 1     48.4                      63.0  -14.6     46.9
  SNOW DEPTH       0

DEGREE DAYS
 HEATING
  YESTERDAY       15                        11      4       10
  MONTH TO DATE  309                       368    -59      358
  SINCE MAR 1   1776                      1980   -204     1689
  SINCE JUL 1   7474                      7485    -11     6627

 COOLING
  YESTERDAY        0                         0      0        0
  MONTH TO DATE    2                         0      2        0
  SINCE MAR 1      2                         1      1        0
  SINCE JAN 1      2                         1      1        0
..................................................................


WIND (MPH)
  HIGHEST WIND SPEED    15   HIGHEST WIND DIRECTION    SW (220)
  HIGHEST GUST SPEED    18   HIGHEST GUST DIRECTION    SW (220)
  AVERAGE WIND SPEED     6.7


SKY COVER
  AVERAGE SKY COVER 0.4


WEATHER CONDITIONS
 THE FOLLOWING WEATHER WAS RECORDED YESTERDAY.
  LIGHT RAIN


RELATIVE HUMIDITY (PERCENT)
 HIGHEST    92           200 AM
 LOWEST     36           200 PM
 AVERAGE    64

..........................................................


THE GREAT FALLS MT CLIMATE NORMALS FOR TODAY
                         NORMAL    RECORD    YEAR
 MAXIMUM TEMPERATURE (F)   68        95      1936
 MINIMUM TEMPERATURE (F)   42        28      1918


SUNRISE AND SUNSET
MAY 27 2017...........SUNRISE   536 AM MDT   SUNSET   910 PM MDT
MAY 28 2017...........SUNRISE   535 AM MDT   SUNSET   911 PM MDT


-  INDICATES NEGATIVE NUMBERS.
R  INDICATES RECORD WAS SET OR TIED.
MM INDICATES DATA IS MISSING.
T  INDICATES TRACE AMOUNT.




$$
