085
CDUS45 KTFX 281013
CLIGTF


CLIMATE REPORT
NATIONAL WEATHER SERVICE GREAT FALLS MT
413 AM MDT THU JUL 28 2016


...................................

...THE GREAT FALLS MT CLIMATE SUMMARY FOR JULY 27 2016...

CLIMATE NORMAL PERIOD 1981 TO 2010
CLIMATE RECORD PERIOD 1886 TO 2016


WEATHER ITEM   OBSERVED TIME   RECORD YEAR NORMAL DEPARTURE LAST
                VALUE   (LST)  VALUE       VALUE  FROM      YEAR
                                                  NORMAL
..................................................................
TEMPERATURE (F)
 YESTERDAY
  MAXIMUM         86    339 PM 104    1975  86      0       58
  MINIMUM         51    239 AM  40    1892  53     -2       50
  AVERAGE         69                        69      0       54

PRECIPITATION (IN)
  YESTERDAY        T             0.72 2015   0.04  -0.04     0.72
  MONTH TO DATE    1.20                      1.35  -0.15     1.40
  SINCE OCT 1     13.28                     11.61   1.67    10.59
  SINCE JAN 1      8.18                      9.61  -1.43     7.64

SNOWFALL (IN)
  YESTERDAY        0.0           0.0  2002   0.0    0.0      0.0
  MONTH TO DATE    T                         0.0    0.0      0.0
  SINCE JUN 1      T                         0.3   -0.3      0.0
  SINCE JUL 1      T                         0.0    0.0      0.0
  SNOW DEPTH       0

DEGREE DAYS
 HEATING
  YESTERDAY        0                         1     -1       11
  MONTH TO DATE   44                        46     -2       45
  SINCE JUN 1    152                       237    -85      127
  SINCE JUL 1     44                        46     -2       45

 COOLING
  YESTERDAY        4                         5     -1        0
  MONTH TO DATE   93                       105    -12      118
  SINCE JUN 1    136                       137     -1      212
  SINCE JAN 1    136                       144     -8      212
..................................................................


WIND (MPH)
  HIGHEST WIND SPEED    22   HIGHEST WIND DIRECTION    NE (50)
  HIGHEST GUST SPEED    29   HIGHEST GUST DIRECTION     N (350)
  AVERAGE WIND SPEED     8.4


SKY COVER
  AVERAGE SKY COVER 0.1


WEATHER CONDITIONS
 THE FOLLOWING WEATHER WAS RECORDED YESTERDAY.
  HAZE


RELATIVE HUMIDITY (PERCENT)
 HIGHEST    93           100 AM
 LOWEST     27           200 PM
 AVERAGE    60

..........................................................


THE GREAT FALLS MT CLIMATE NORMALS FOR TODAY
                         NORMAL    RECORD    YEAR
 MAXIMUM TEMPERATURE (F)   86       100      2007
                                             2006
                                             1975
 MINIMUM TEMPERATURE (F)   53        40      1894


SUNRISE AND SUNSET
JULY 28 2016..........SUNRISE   559 AM MDT   SUNSET   904 PM MDT
JULY 29 2016..........SUNRISE   600 AM MDT   SUNSET   903 PM MDT


-  INDICATES NEGATIVE NUMBERS.
R  INDICATES RECORD WAS SET OR TIED.
MM INDICATES DATA IS MISSING.
T  INDICATES TRACE AMOUNT.




$$
