000
CDUS45 KTFX 051027
CLIGTF


CLIMATE REPORT
NATIONAL WEATHER SERVICE GREAT FALLS MT
423 AM MDT THU MAY 5 2016


...................................

...THE GREAT FALLS MT CLIMATE SUMMARY FOR MAY 4 2016...

CLIMATE NORMAL PERIOD 1981 TO 2010
CLIMATE RECORD PERIOD 1886 TO 2016


WEATHER ITEM   OBSERVED TIME   RECORD YEAR NORMAL DEPARTURE LAST
                VALUE   (LST)  VALUE       VALUE  FROM      YEAR
                                                  NORMAL
..................................................................
TEMPERATURE (F)
 YESTERDAY
  MAXIMUM         81    216 PM  87    1936  62     19       76
                                      1897
  MINIMUM         43    332 AM  23    1996  35      8       33
  AVERAGE         62                        48     14       55

PRECIPITATION (IN)
  YESTERDAY        0.00          0.90 1917   0.05  -0.05     0.00
  MONTH TO DATE    0.00                      0.21  -0.21     0.00
  SINCE OCT 1      9.08                      5.52   3.56     5.33
  SINCE JAN 1      3.98                      3.52   0.46     2.38

SNOWFALL (IN)
  YESTERDAY        0.0           7.5  1913   0.2   -0.2      0.0
  MONTH TO DATE    0.0                       0.6   -0.6      0.0
  SINCE MAR 1      9.0                      21.1  -12.1      1.6
  SINCE JUL 1     46.9                      61.1  -14.2     57.9
  SNOW DEPTH       0

DEGREE DAYS
 HEATING
  YESTERDAY        3                        17    -14       10
  MONTH TO DATE   40                        69    -29       43
  SINCE MAR 1   1371                      1681   -310     1316
  SINCE JUL 1   6309                      7186   -877     6454

 COOLING
  YESTERDAY        0                         0      0        0
  MONTH TO DATE    0                         0      0        0
  SINCE MAR 1      0                         1     -1        0
  SINCE JAN 1      0                         1     -1        0
..................................................................


WIND (MPH)
  HIGHEST WIND SPEED    22   HIGHEST WIND DIRECTION    SW (230)
  HIGHEST GUST SPEED    27   HIGHEST GUST DIRECTION     W (250)
  AVERAGE WIND SPEED    10.4


SKY COVER
  AVERAGE SKY COVER 0.0


WEATHER CONDITIONS
 THE FOLLOWING WEATHER WAS RECORDED YESTERDAY.
  NO SIGNIFICANT WEATHER WAS OBSERVED.


RELATIVE HUMIDITY (PERCENT)
 HIGHEST    71           200 AM
 LOWEST     14           200 PM
 AVERAGE    43

..........................................................


THE GREAT FALLS MT CLIMATE NORMALS FOR TODAY
                         NORMAL    RECORD    YEAR
 MAXIMUM TEMPERATURE (F)   62        88      1911
                                             1897
 MINIMUM TEMPERATURE (F)   35        26      1996
                                             1967
                                             1917


SUNRISE AND SUNSET
MAY  5 2016...........SUNRISE   602 AM MDT   SUNSET   844 PM MDT
MAY  6 2016...........SUNRISE   600 AM MDT   SUNSET   845 PM MDT


-  INDICATES NEGATIVE NUMBERS.
R  INDICATES RECORD WAS SET OR TIED.
MM INDICATES DATA IS MISSING.
T  INDICATES TRACE AMOUNT.




$$
