000
CDUS45 KTFX 191152
CLIGTF


CLIMATE REPORT
NATIONAL WEATHER SERVICE GREAT FALLS MT
450 AM MST SUN NOV 19 2017


...................................

...THE GREAT FALLS MT CLIMATE SUMMARY FOR NOVEMBER 18 2017...

CLIMATE NORMAL PERIOD 1981 TO 2010
CLIMATE RECORD PERIOD 1886 TO 2017


WEATHER ITEM   OBSERVED TIME   RECORD YEAR NORMAL DEPARTURE LAST
                VALUE   (LST)  VALUE       VALUE  FROM      YEAR
                                                  NORMAL
..................................................................
TEMPERATURE (F)
 YESTERDAY
  MAXIMUM         43   1236 PM  67    2008  42      1       39
  MINIMUM         27   1232 AM -25    1903  23      4       16
  AVERAGE         35                        32      3       28

PRECIPITATION (IN)
  YESTERDAY        0.00          0.35 1900   0.02  -0.02     0.00
  MONTH TO DATE    0.92                      0.36   0.56     0.28
  SINCE OCT 1      1.50                      1.22   0.28     2.04
  SINCE JAN 1     13.53                     13.97  -0.44    13.56

SNOWFALL (IN)
  YESTERDAY        0.0           4.3  1996   0.3   -0.3      0.0
  MONTH TO DATE   12.8                       4.5    8.3      1.2
  SINCE SEP 1     14.8                       9.8    5.0      2.7
  SINCE JUL 1     14.8                      10.1    4.7      2.7
  SNOW DEPTH       0

DEGREE DAYS
 HEATING
  YESTERDAY       30                        33     -3       37
  MONTH TO DATE  693                       526    167      303
  SINCE SEP 1   1581                      1425    156     1152
  SINCE JUL 1   1610                      1546     64     1253

 COOLING
  YESTERDAY        0                         0      0        0
  MONTH TO DATE    0                         0      0        0
  SINCE SEP 1     47                        22     25       10
  SINCE JAN 1    456                       298    158      252
..................................................................


WIND (MPH)
  HIGHEST WIND SPEED    38   HIGHEST WIND DIRECTION     W (250)
  HIGHEST GUST SPEED    48   HIGHEST GUST DIRECTION     W (250)
  AVERAGE WIND SPEED    22.1


SKY COVER
  AVERAGE SKY COVER 0.2


WEATHER CONDITIONS
 THE FOLLOWING WEATHER WAS RECORDED YESTERDAY.
  NO SIGNIFICANT WEATHER WAS OBSERVED.


RELATIVE HUMIDITY (PERCENT)
 HIGHEST    63          1200 AM
 LOWEST     33          1100 PM
 AVERAGE    48

..........................................................


THE GREAT FALLS MT CLIMATE NORMALS FOR TODAY
                         NORMAL    RECORD    YEAR
 MAXIMUM TEMPERATURE (F)   41        71      1932
 MINIMUM TEMPERATURE (F)   22       -23      1921


SUNRISE AND SUNSET
NOVEMBER 19 2017......SUNRISE   737 AM MST   SUNSET   445 PM MST
NOVEMBER 20 2017......SUNRISE   738 AM MST   SUNSET   444 PM MST


-  INDICATES NEGATIVE NUMBERS.
R  INDICATES RECORD WAS SET OR TIED.
MM INDICATES DATA IS MISSING.
T  INDICATES TRACE AMOUNT.




$$
