000
CDGM40 PGUM 260659
CLIGUM


CLIMATE REPORT
NATIONAL WEATHER SERVICE TIYAN, GUAM
448 PM CHST MON JUN 26 2017


...................................

...THE GUAM INTERNATIONAL AIRPORT GU CLIMATE SUMMARY FOR JUNE 26 2017...
VALID TODAY AS OF 0400 PM LOCAL TIME.

CLIMATE NORMAL PERIOD 1981 TO 2010
CLIMATE RECORD PERIOD 1945 TO 2017


WEATHER ITEM   OBSERVED TIME   RECORD YEAR NORMAL DEPARTURE LAST
                VALUE   (LST)  VALUE       VALUE  FROM      YEAR
                                                  NORMAL
..................................................................
TEMPERATURE (F)
 TODAY
  MAXIMUM         88    242 PM  91    2016  88      0       91
                                      2007
                                      1993
  MINIMUM         81   1156 AM  72    1956  77      4       80
  AVERAGE         85                        82      3       86

PRECIPITATION (IN)
  TODAY            0.11          2.15 1950   0.30  -0.19     0.04
  MONTH TO DATE    5.67                      5.85  -0.18     7.43
  SINCE JUN 1      5.67                      5.85  -0.18     7.43
  SINCE JAN 1     32.74                     25.99   6.75    18.42

SNOWFALL (IN)
  TODAY            0.0
  MONTH TO DATE    0.0
  SINCE JUN 1      0.0
  SINCE JUL 1      0.0
  SNOW DEPTH       0

DEGREE DAYS
 HEATING
  TODAY            0
  MONTH TO DATE    0
  SINCE JUN 1      0
  SINCE JUL 1      0

 COOLING
  TODAY           20                        17      3       21
  MONTH TO DATE  510                       466     44      545
  SINCE JUN 1    510                       466     44      545
  SINCE JAN 1   3183                      2894    289     3231
..................................................................


WIND (MPH)
  RESULTANT WIND SPEED  11   RESULTANT WIND DIRECTION  SE (130)
  HIGHEST WIND SPEED    18   HIGHEST WIND DIRECTION    SE (120)
  HIGHEST GUST SPEED    25   HIGHEST GUST DIRECTION    SE (150)
  AVERAGE WIND SPEED    11.7


SKY COVER
  POSSIBLE SUNSHINE  MM
  AVERAGE SKY COVER 0.3


WEATHER CONDITIONS
 THE FOLLOWING WEATHER WAS RECORDED TODAY.
  LIGHT RAIN
  FOG


RELATIVE HUMIDITY (PERCENT)
 HIGHEST   100          1200 AM
 LOWEST     72           200 PM
 AVERAGE    86

..........................................................


THE GUAM INTERNATIONAL AIRPORT GU CLIMATE NORMALS FOR TOMORROW
                         NORMAL    RECORD    YEAR
 MAXIMUM TEMPERATURE (F)   88        94      1974
 MINIMUM TEMPERATURE (F)   77        74      1995
                                             1994
                                             1981


SUNRISE AND SUNSET
JUNE 26 2017..........SUNRISE   556 AM CHST  SUNSET   651 PM CHST
JUNE 27 2017..........SUNRISE   556 AM CHST  SUNSET   651 PM CHST


-  INDICATES NEGATIVE NUMBERS.
R  INDICATES RECORD WAS SET OR TIED.
MM INDICATES DATA IS MISSING.
T  INDICATES TRACE AMOUNT.




$$
