000
CDGM40 PGUM 280641
CLIGUM


CLIMATE REPORT
NATIONAL WEATHER SERVICE TIYAN, GUAM
431 PM CHST SAT FEB 28 2015


...................................

...THE GUAM INTERNATIONAL AIRPORT GU CLIMATE SUMMARY FOR FEBRUARY 28 2015...
VALID TODAY AS OF 0400 PM LOCAL TIME.

CLIMATE NORMAL PERIOD 1981 TO 2010
CLIMATE RECORD PERIOD 1945 TO 2015


WEATHER ITEM   OBSERVED TIME   RECORD YEAR NORMAL DEPARTURE LAST
                VALUE   (LST)  VALUE       VALUE  FROM      YEAR
                                                  NORMAL
..................................................................
TEMPERATURE (F)
 TODAY
  MAXIMUM         90R   151 PM  90    1988  85      5       83
  MINIMUM         76    600 AM  70    1973  75      1       75
                                      1964
  AVERAGE         83                        80      3       79

PRECIPITATION (IN)
  TODAY            0.01          1.32 2004   0.15  -0.14     0.51
  MONTH TO DATE    0.18                      4.53  -4.35     5.14
  SINCE DEC 1     12.61                     15.47  -2.86    25.36
  SINCE JAN 1      8.74                      9.49  -0.75    22.03

SNOWFALL (IN)
  TODAY            0.0
  MONTH TO DATE    0.0
  SINCE DEC 1      0.0
  SINCE JUL 1      0.0
  SNOW DEPTH       0

DEGREE DAYS
 HEATING
  TODAY            0
  MONTH TO DATE    0
  SINCE DEC 1      0
  SINCE JUL 1      0

 COOLING
  TODAY           18                        15      3       14
  MONTH TO DATE  436                       419     17      446
  SINCE DEC 1   1531                      1392    139     1477
  SINCE JAN 1    953                       890     63      947
..................................................................


WIND (MPH)
  RESULTANT WIND SPEED  12   RESULTANT WIND DIRECTION  NE (60)
  HIGHEST WIND SPEED    21   HIGHEST WIND DIRECTION    NE (60)
  HIGHEST GUST SPEED    24   HIGHEST GUST DIRECTION     E (80)
  AVERAGE WIND SPEED    11.9


SKY COVER
  POSSIBLE SUNSHINE  MM
  AVERAGE SKY COVER 0.2


WEATHER CONDITIONS
 THE FOLLOWING WEATHER WAS RECORDED TODAY.
  LIGHT RAIN


RELATIVE HUMIDITY (PERCENT)
 HIGHEST    87           600 AM
 LOWEST     56           200 PM
 AVERAGE    72

..........................................................


THE GUAM INTERNATIONAL AIRPORT GU CLIMATE NORMALS FOR TOMORROW
                         NORMAL    RECORD    YEAR
 MAXIMUM TEMPERATURE (F)   85        89      1989
                                             1988
                                             1984
 MINIMUM TEMPERATURE (F)   75        69      1966


SUNRISE AND SUNSET
FEBRUARY 28 2015......SUNRISE   638 AM CHST  SUNSET   629 PM CHST
MARCH  1 2015.........SUNRISE   637 AM CHST  SUNSET   629 PM CHST


-  INDICATES NEGATIVE NUMBERS.
R  INDICATES RECORD WAS SET OR TIED.
MM INDICATES DATA IS MISSING.
T  INDICATES TRACE AMOUNT.




$$
