000
CDUS44 KAMA 230728
CLIGUY


CLIMATE REPORT
NATIONAL WEATHER SERVICE AMARILLO TX
126 AM CST SUN NOV 23 2014


...................................

...THE GUYMON CLIMATE SUMMARY FOR NOVEMBER 22 2014...

CLIMATE NORMAL PERIOD 1981 TO 2010
CLIMATE RECORD PERIOD 1998 TO 2014


WEATHER ITEM   OBSERVED TIME   NORMAL DEPARTURE LAST
                VALUE   (LST)  VALUE  FROM      YEAR
                                      NORMAL
......................................................
TEMPERATURE (F)
 YESTERDAY
  MAXIMUM         72    308 PM  57     15       25
  MINIMUM         31    742 AM  28      3       19
  AVERAGE         52            43      9       22

PRECIPITATION (IN)
  YESTERDAY        0.00          0.02  -0.02     0.24
  MONTH TO DATE    0.14          0.42  -0.28     0.42
  SINCE SEP 1      3.87          3.78   0.09     4.19
  SINCE JAN 1     12.31         18.55  -6.24    14.74

SNOWFALL (IN)
  YESTERDAY        0.0                           0.7
  MONTH TO DATE    3.0                           0.7
  SINCE SEP 1      3.0                           0.7
  SINCE JUL 1      3.0                           0.7
  SNOW DEPTH       0

DEGREE DAYS
 HEATING
  YESTERDAY       13            22     -9       43
  MONTH TO DATE  472           387     85      376
  SINCE SEP 1    642           695    -53      647
  SINCE JUL 1    646           696    -50      647

 COOLING
  YESTERDAY        0             0      0        0
  MONTH TO DATE    0             0      0        0
  SINCE SEP 1    260           232     28      295
  SINCE JAN 1   1706          1481    225     1846
......................................................


WIND (MPH)
  RESULTANT WIND SPEED  10   RESULTANT WIND DIRECTION   S (200)
  HIGHEST WIND SPEED    25   HIGHEST WIND DIRECTION    SW (210)
  HIGHEST GUST SPEED    32   HIGHEST GUST DIRECTION    SW (210)
  AVERAGE WIND SPEED    11.2


SKY COVER
  AVERAGE SKY COVER 0.0


WEATHER CONDITIONS
 THE FOLLOWING WEATHER WAS RECORDED YESTERDAY.
  NO SIGNIFICANT WEATHER WAS OBSERVED.


RELATIVE HUMIDITY (PERCENT)
 HIGHEST    93          1000 PM
 LOWEST     15           200 PM
 AVERAGE    54

..........................................................


THE GUYMON CLIMATE NORMALS FOR TODAY
                         NORMAL
 MAXIMUM TEMPERATURE (F)   57
 MINIMUM TEMPERATURE (F)   28


SUNRISE AND SUNSET
NOVEMBER 23 2014......SUNRISE   732 AM CST   SUNSET   533 PM CST
NOVEMBER 24 2014......SUNRISE   733 AM CST   SUNSET   532 PM CST


-  INDICATES NEGATIVE NUMBERS.
R  INDICATES RECORD WAS SET OR TIED.
MM INDICATES DATA IS MISSING.
T  INDICATES TRACE AMOUNT.




$$
