000
CDUS44 KAMA 300641
CLIGUY


CLIMATE REPORT
NATIONAL WEATHER SERVICE AMARILLO TX
138 AM CDT SAT MAY 30 2015


...................................

...THE GUYMON CLIMATE SUMMARY FOR MAY 29 2015...

CLIMATE NORMAL PERIOD 1981 TO 2010
CLIMATE RECORD PERIOD 1998 TO 2015


WEATHER ITEM   OBSERVED TIME   RECORD YEAR NORMAL DEPARTURE LAST
                VALUE   (LST)  VALUE       VALUE  FROM      YEAR
                                                  NORMAL
..................................................................
TEMPERATURE (F)
 YESTERDAY
  MAXIMUM         79    329 PM  MM      MM  82     -3       90
  MINIMUM         55    422 AM  MM      MM  55      0       60
  AVERAGE         67                        69     -2       75

PRECIPITATION (IN)
  YESTERDAY        0.00         MM      MM   0.11  -0.11     0.00
  MONTH TO DATE    6.52                      2.19   4.33     1.79
  SINCE MAR 1      8.99                      5.13   3.86     2.55
  SINCE JAN 1     10.94                      6.00   4.94     2.89

SNOWFALL (IN)
  YESTERDAY        0.0          MM      MM  MM     MM        0.0
  MONTH TO DATE    0.0                      MM     MM        0.0
  SINCE MAR 1      2.0                      MM     MM        3.5
  SINCE JUL 1     23.3                      MM     MM       16.2
  SNOW DEPTH       0

DEGREE DAYS
 HEATING
  YESTERDAY        0                         1     -1        0
  MONTH TO DATE  113                        93     20       77
  SINCE MAR 1    779                       979   -200      966
  SINCE JUL 1   3996                      4446   -450     4532

 COOLING
  YESTERDAY        2                         5     -3       10
  MONTH TO DATE   47                        83    -36      130
  SINCE MAR 1     64                        98    -34      158
  SINCE JAN 1     64                        98    -34      158
..................................................................


WIND (MPH)
  RESULTANT WIND SPEED   9   RESULTANT WIND DIRECTION   N (10)
  HIGHEST WIND SPEED    23   HIGHEST WIND DIRECTION     N (10)
  HIGHEST GUST SPEED    27   HIGHEST GUST DIRECTION     N (20)
  AVERAGE WIND SPEED    10.2


SKY COVER
  AVERAGE SKY COVER 0.2


WEATHER CONDITIONS
 THE FOLLOWING WEATHER WAS RECORDED YESTERDAY.
  FOG


RELATIVE HUMIDITY (PERCENT)
 HIGHEST   100           100 AM
 LOWEST     43           400 PM
 AVERAGE    72

..........................................................


THE GUYMON CLIMATE NORMALS FOR TODAY
                         NORMAL    RECORD    YEAR
 MAXIMUM TEMPERATURE (F)   83        MM        MM
 MINIMUM TEMPERATURE (F)   56        MM        MM


SUNRISE AND SUNSET
MAY 30 2015...........SUNRISE   630 AM CDT   SUNSET   858 PM CDT
MAY 31 2015...........SUNRISE   629 AM CDT   SUNSET   858 PM CDT


-  INDICATES NEGATIVE NUMBERS.
R  INDICATES RECORD WAS SET OR TIED.
MM INDICATES DATA IS MISSING.
T  INDICATES TRACE AMOUNT.




$$
