000
CDUS44 KAMA 012131
CLIGUY


CLIMATE REPORT
NATIONAL WEATHER SERVICE AMARILLO TX
430 PM CDT WED JUL 1 2015


...................................

...THE GUYMON CLIMATE SUMMARY FOR JULY 1 2015...
VALID TODAY AS OF 0420 PM LOCAL TIME.

CLIMATE NORMAL PERIOD 1981 TO 2010
CLIMATE RECORD PERIOD 1998 TO 2015


WEATHER ITEM   OBSERVED TIME   RECORD YEAR NORMAL DEPARTURE LAST
                VALUE   (LST)  VALUE       VALUE  FROM      YEAR
                                                  NORMAL
..................................................................
TEMPERATURE (F)
 TODAY
  MAXIMUM        100    230 PM  MM      MM  93      7       84
  MINIMUM         68    521 AM  MM      MM  64      4       65
  AVERAGE         84                        78      6       75

PRECIPITATION (IN)
  TODAY            0.00         MM      MM   0.08  -0.08     0.01
  MONTH TO DATE    0.00                      0.08  -0.08     0.01
  SINCE JUN 1      1.69                      3.02  -1.33     2.35
  SINCE JAN 1     12.64                      9.27   3.37     5.74

SNOWFALL (IN)
  TODAY            0.0          MM      MM  MM     MM        0.0
  MONTH TO DATE    0.0                      MM     MM        0.0
  SINCE JUN 1      0.0                      MM     MM        0.0
  SINCE JUL 1      0.0                      MM     MM        0.0
  SNOW DEPTH       0

DEGREE DAYS
 HEATING
  TODAY            0                         0      0        0
  MONTH TO DATE    0                         0      0        0
  SINCE JUN 1      0                         8     -8        5
  SINCE JUL 1      0                         0      0        0

 COOLING
  TODAY           19                        13      6       10
  MONTH TO DATE   19                        13      6       10
  SINCE JUN 1    400                       293    107      359
  SINCE JAN 1    464                       401     63      537
..................................................................


WIND (MPH)
  RESULTANT WIND SPEED   7   RESULTANT WIND DIRECTION  SW (230)
  HIGHEST WIND SPEED    20   HIGHEST WIND DIRECTION    SW (230)
  HIGHEST GUST SPEED    24   HIGHEST GUST DIRECTION    SW (220)
  AVERAGE WIND SPEED    12.9


SKY COVER
  AVERAGE SKY COVER 0.0


WEATHER CONDITIONS
 THE FOLLOWING WEATHER WAS RECORDED TODAY.
  NO SIGNIFICANT WEATHER WAS OBSERVED.


RELATIVE HUMIDITY (PERCENT)
 HIGHEST    63           500 AM
 LOWEST     21           200 PM
 AVERAGE    42

..........................................................


THE GUYMON CLIMATE NORMALS FOR TOMORROW
                         NORMAL    RECORD    YEAR
 MAXIMUM TEMPERATURE (F)   93        MM        MM
 MINIMUM TEMPERATURE (F)   64        MM        MM


SUNRISE AND SUNSET
JULY  1 2015..........SUNRISE   631 AM CDT   SUNSET   909 PM CDT
JULY  2 2015..........SUNRISE   631 AM CDT   SUNSET   909 PM CDT


-  INDICATES NEGATIVE NUMBERS.
R  INDICATES RECORD WAS SET OR TIED.
MM INDICATES DATA IS MISSING.
T  INDICATES TRACE AMOUNT.




$$
