217
CDUS44 KAMA 142228
CLIGUY


CLIMATE REPORT
NATIONAL WEATHER SERVICE AMARILLO TX
428 PM CST THU DEC 14 2017


...................................

...THE GUYMON CLIMATE SUMMARY FOR DECEMBER 14 2017...
VALID TODAY AS OF 0400 PM LOCAL TIME.

CLIMATE NORMAL PERIOD 1981 TO 2010
CLIMATE RECORD PERIOD 1998 TO 2017


WEATHER ITEM   OBSERVED TIME   RECORD YEAR NORMAL DEPARTURE LAST
                VALUE   (LST)  VALUE       VALUE  FROM      YEAR
                                                  NORMAL
..................................................................
TEMPERATURE (F)
 TODAY
  MAXIMUM         47    259 PM  65    2006  48     -1       33
  MINIMUM         33   1007 AM   7    2008  22     11       15
  AVERAGE         40                        35      5       24

PRECIPITATION (IN)
  TODAY            0.03         MM      MM   0.01   0.02     0.00
  MONTH TO DATE    0.03                      0.35  -0.32     0.14
  SINCE DEC 1      0.03                      0.35  -0.32     0.14
  SINCE JAN 1     21.72                     19.01   2.71    15.26

SNOWFALL (IN)
  TODAY            T            MM      MM  MM     MM        0.0
  MONTH TO DATE    T                        MM     MM        0.0
  SINCE DEC 1      T                        MM     MM        0.0
  SINCE JUL 1      T                        MM     MM        0.0
  SNOW DEPTH       0

DEGREE DAYS
 HEATING
  TODAY           25                        30     -5       41
  MONTH TO DATE  311                       399    -88      446
  SINCE DEC 1    311                       399    -88      446
  SINCE JUL 1   1039                      1290   -251      984

 COOLING
  TODAY            0                         0      0        0
  MONTH TO DATE    0                         0      0        0
  SINCE DEC 1      0                         0      0        0
  SINCE JAN 1   1592                      1482    110     1807
..................................................................


WIND (MPH)
  RESULTANT WIND SPEED  11   RESULTANT WIND DIRECTION   N (340)
  HIGHEST WIND SPEED    22   HIGHEST WIND DIRECTION     N (340)
  HIGHEST GUST SPEED    28   HIGHEST GUST DIRECTION     N (20)
  AVERAGE WIND SPEED    11.7


SKY COVER
  AVERAGE SKY COVER 0.6


WEATHER CONDITIONS
 THE FOLLOWING WEATHER WAS RECORDED TODAY.
  LIGHT SNOW
  FOG


RELATIVE HUMIDITY (PERCENT)
 HIGHEST   100          1000 AM
 LOWEST     38          1200 AM
 AVERAGE    69

..........................................................


THE GUYMON CLIMATE NORMALS FOR TOMORROW
                         NORMAL    RECORD    YEAR
 MAXIMUM TEMPERATURE (F)   48        68      2002
 MINIMUM TEMPERATURE (F)   21         7      2008


SUNRISE AND SUNSET
DECEMBER 14 2017......SUNRISE   751 AM CST   SUNSET   531 PM CST
DECEMBER 15 2017......SUNRISE   751 AM CST   SUNSET   531 PM CST


-  INDICATES NEGATIVE NUMBERS.
R  INDICATES RECORD WAS SET OR TIED.
MM INDICATES DATA IS MISSING.
T  INDICATES TRACE AMOUNT.




$$
