167
CDUS42 KFFC 120026
CLIGVL


CLIMATE REPORT
NATIONAL WEATHER SERVICE PEACHTREE CITY GA
726 PM EST MON DEC 11 2017


...................................

...THE GAINESVILLE   CLIMATE SUMMARY FOR DECEMBER 11 2017...
VALID AS OF 0700 PM LOCAL TIME.

CLIMATE NORMAL PERIOD 1981 TO 2010
CLIMATE RECORD PERIOD 9999 TO 9999


WEATHER ITEM   OBSERVED TIME   RECORD YEAR NORMAL DEPARTURE LAST
                VALUE   (LST)  VALUE       VALUE  FROM      YEAR
                                                  NORMAL
..................................................................
TEMPERATURE (F)
 TODAY
  MAXIMUM         54    348 PM  MM      MM  53      1       42
  MINIMUM         34    809 AM  MM      MM  36     -2       28
  AVERAGE         44                        44      0       35

PRECIPITATION (IN)
  TODAY            0.00         MM      MM   0.18  -0.18     0.00
  MONTH TO DATE    1.29                      1.89  -0.60     1.81
  SINCE DEC 1      1.29                      1.89  -0.60     1.81

SNOWFALL (IN)
  TODAY            0.0          MM      MM  MM     MM        0.0
  MONTH TO DATE    0.0                      MM     MM        0.0
  SINCE DEC 1      0.0                      MM     MM        0.0
  SINCE JUL 1      0.0                      MM     MM        0.0
  SNOW DEPTH       0

DEGREE DAYS
 HEATING
  TODAY           21                        21      0       30
  MONTH TO DATE  183                       212    -29      237
  SINCE DEC 1    183                       212    -29      237
  SINCE JUL 1    649                       747    -98      547
..................................................................


WIND (MPH)
  RESULTANT WIND SPEED   8   RESULTANT WIND DIRECTION   W (260)
  HIGHEST WIND SPEED    14   HIGHEST WIND DIRECTION     W (250)
  HIGHEST GUST SPEED    20   HIGHEST GUST DIRECTION     W (290)
  AVERAGE WIND SPEED     8.6


SKY COVER
  AVERAGE SKY COVER 0.0


WEATHER CONDITIONS
 THE FOLLOWING WEATHER WAS RECORDED TODAY.
  NO SIGNIFICANT WEATHER WAS OBSERVED.


RELATIVE HUMIDITY (PERCENT)
 HIGHEST    75          1200 AM
 LOWEST     44           200 PM
 AVERAGE    60

..........................................................


THE GAINESVILLE   CLIMATE NORMALS FOR TOMORROW
                         NORMAL    RECORD    YEAR
 MAXIMUM TEMPERATURE (F)   53        MM        MM
 MINIMUM TEMPERATURE (F)   36        MM        MM


SUNRISE AND SUNSET
DECEMBER 11 2017......SUNRISE   731 AM EST   SUNSET   526 PM EST
DECEMBER 12 2017......SUNRISE   732 AM EST   SUNSET   526 PM EST


-  INDICATES NEGATIVE NUMBERS.
R  INDICATES RECORD WAS SET OR TIED.
MM INDICATES DATA IS MISSING.
T  INDICATES TRACE AMOUNT.




$$
