000
CDUS42 KFFC 250818
CLIGVL


CLIMATE REPORT
NATIONAL WEATHER SERVICE PEACHTREE CITY GA
418 AM EDT SUN JUN 25 2017


...................................

...THE GAINESVILLE   CLIMATE SUMMARY FOR JUNE 24 2017...

CLIMATE NORMAL PERIOD 1981 TO 2010
CLIMATE RECORD PERIOD 9999 TO 9999


WEATHER ITEM   OBSERVED TIME   RECORD YEAR NORMAL DEPARTURE LAST
                VALUE   (LST)  VALUE       VALUE  FROM      YEAR
                                                  NORMAL
..................................................................
TEMPERATURE (F)
 YESTERDAY
  MAXIMUM         85    338 PM  MM      MM  86     -1       93
  MINIMUM         69   1129 PM  MM      MM  68      1       77
  AVERAGE         77                        77      0       85

PRECIPITATION (IN)
  YESTERDAY        0.55         MM      MM   0.15   0.40     0.00
  MONTH TO DATE    4.73                      3.47   1.26     2.33
  SINCE JUN 1      4.73                      3.47   1.26     2.33
  SINCE JAN 1     30.62                     26.39   4.23    19.58

DEGREE DAYS
 COOLING
  YESTERDAY       12                        12      0       20
  MONTH TO DATE  249                       244      5      332
  SINCE JUN 1    249                       244      5      332
  SINCE JAN 1    526                       419    107      563
..................................................................


WIND (MPH)
  RESULTANT WIND SPEED   6   RESULTANT WIND DIRECTION   W (250)
  HIGHEST WIND SPEED    15   HIGHEST WIND DIRECTION    SW (240)
  HIGHEST GUST SPEED    21   HIGHEST GUST DIRECTION     S (190)
  AVERAGE WIND SPEED     7.1


SKY COVER
  AVERAGE SKY COVER 0.7


WEATHER CONDITIONS
 THE FOLLOWING WEATHER WAS RECORDED YESTERDAY.
  HEAVY RAIN
  RAIN
  LIGHT RAIN
  FOG


RELATIVE HUMIDITY (PERCENT)
 HIGHEST   100          1200 AM
 LOWEST     67           500 PM
 AVERAGE    84

..........................................................


THE GAINESVILLE   CLIMATE NORMALS FOR TODAY
                         NORMAL    RECORD    YEAR
 MAXIMUM TEMPERATURE (F)   87        MM        MM
 MINIMUM TEMPERATURE (F)   68        MM        MM


SUNRISE AND SUNSET
JUNE 25 2017..........SUNRISE   625 AM EDT   SUNSET   851 PM EDT
JUNE 26 2017..........SUNRISE   625 AM EDT   SUNSET   851 PM EDT


-  INDICATES NEGATIVE NUMBERS.
R  INDICATES RECORD WAS SET OR TIED.
MM INDICATES DATA IS MISSING.
T  INDICATES TRACE AMOUNT.




$$
