000
CDUS42 KFFC 220830
CLIGVL


CLIMATE REPORT
NATIONAL WEATHER SERVICE PEACHTREE CITY GA
429 AM EDT TUE AUG 22 2017


...................................

...THE GAINESVILLE   CLIMATE SUMMARY FOR AUGUST 21 2017...

CLIMATE NORMAL PERIOD 1981 TO 2010
CLIMATE RECORD PERIOD 9999 TO 9999


WEATHER ITEM   OBSERVED TIME   RECORD YEAR NORMAL DEPARTURE LAST
                VALUE   (LST)  VALUE       VALUE  FROM      YEAR
                                                  NORMAL
..................................................................
TEMPERATURE (F)
 YESTERDAY
  MAXIMUM         90    400 PM  MM      MM  87      3       89
  MINIMUM         73    630 AM  MM      MM  69      4       72
  AVERAGE         82                        78      4       81

PRECIPITATION (IN)
  YESTERDAY        0.00         MM      MM   0.13  -0.13     0.06
  MONTH TO DATE    2.56                      3.24  -0.68     2.99
  SINCE JUN 1     11.70                     12.14  -0.44     8.50
  SINCE JAN 1     37.59                     35.06   2.53    25.75

DEGREE DAYS
 COOLING
  YESTERDAY       17                        13      4       16
  MONTH TO DATE  282                       285     -3      339
  SINCE JUN 1   1034                      1032      2     1294
  SINCE JAN 1   1311                      1207    104     1525
..................................................................


WIND (MPH)
  RESULTANT WIND SPEED   3   RESULTANT WIND DIRECTION   E (80)
  HIGHEST WIND SPEED     9   HIGHEST WIND DIRECTION     E (90)
  HIGHEST GUST SPEED    14   HIGHEST GUST DIRECTION    NE (40)
  AVERAGE WIND SPEED     4.3


SKY COVER
  AVERAGE SKY COVER 0.0


WEATHER CONDITIONS
 THE FOLLOWING WEATHER WAS RECORDED YESTERDAY.
  NO SIGNIFICANT WEATHER WAS OBSERVED.


RELATIVE HUMIDITY (PERCENT)
 HIGHEST    84           400 AM
 LOWEST     52           400 PM
 AVERAGE    68

..........................................................


THE GAINESVILLE   CLIMATE NORMALS FOR TODAY
                         NORMAL    RECORD    YEAR
 MAXIMUM TEMPERATURE (F)   87        MM        MM
 MINIMUM TEMPERATURE (F)   69        MM        MM


SUNRISE AND SUNSET
AUGUST 22 2017........SUNRISE   702 AM EDT   SUNSET   814 PM EDT
AUGUST 23 2017........SUNRISE   702 AM EDT   SUNSET   813 PM EDT


-  INDICATES NEGATIVE NUMBERS.
R  INDICATES RECORD WAS SET OR TIED.
MM INDICATES DATA IS MISSING.
T  INDICATES TRACE AMOUNT.




$$
