000
CDUS44 KJAN 262204
CLIGWO


CLIMATE REPORT
NATIONAL WEATHER SERVICE JACKSON MS
403 PM CST SUN FEB 26 2017


...................................

...THE GREENWOOD CLIMATE SUMMARY FOR FEBRUARY 26 2017...
VALID TODAY AS OF 0400 PM LOCAL TIME.

CLIMATE NORMAL PERIOD 1981 TO 2010
CLIMATE RECORD PERIOD 1948 TO 2017


WEATHER ITEM   OBSERVED TIME   RECORD YEAR NORMAL DEPARTURE LAST
                VALUE   (LST)  VALUE       VALUE  FROM      YEAR
                                                  NORMAL
..................................................................
TEMPERATURE (F)
 TODAY
  MAXIMUM         68    259 PM  81    1962  62      6       53
  MINIMUM         30    150 AM  22    1974  40    -10       29
  AVERAGE         49                        51     -2       41

PRECIPITATION (IN)
  TODAY            0.00          2.01 1977   0.16  -0.16     0.00
  MONTH TO DATE    2.69                      4.12  -1.43     4.27
  SINCE DEC 1     11.61                     14.29  -2.68    12.55
  SINCE JAN 1      6.92                      8.64  -1.72     7.45

SNOWFALL (IN)
  TODAY            0.0

DEGREE DAYS
 HEATING
  TODAY           16                        15      1       24
  MONTH TO DATE  241                       464   -223      409
  SINCE DEC 1   1181                      1735   -554     1404
  SINCE JUL 1   1473                      2203   -730     1632

 COOLING
  TODAY            0                         0      0        0
  MONTH TO DATE   17                         0     17        7
  SINCE DEC 1     40                         7     33       73
  SINCE JAN 1     27                         2     25        8
..................................................................


WIND (MPH)
  HIGHEST WIND SPEED    17   HIGHEST WIND DIRECTION     E (110)
  HIGHEST GUST SPEED    23   HIGHEST GUST DIRECTION     E (90)
  AVERAGE WIND SPEED     8.6


SKY COVER
  POSSIBLE SUNSHINE  MM
  AVERAGE SKY COVER 0.1


WEATHER CONDITIONS
 THE FOLLOWING WEATHER WAS RECORDED TODAY.
  NO SIGNIFICANT WEATHER WAS OBSERVED.


RELATIVE HUMIDITY (PERCENT)
 HIGHEST    78           200 AM
 LOWEST     15           200 PM
 AVERAGE    47

..........................................................


THE GREENWOOD CLIMATE NORMALS FOR TOMORROW
                         NORMAL    RECORD    YEAR
 MAXIMUM TEMPERATURE (F)   62        83      2011
 MINIMUM TEMPERATURE (F)   40        18      2014


SUNRISE AND SUNSET
FEBRUARY 26 2017......SUNRISE   632 AM CST   SUNSET   555 PM CST
FEBRUARY 27 2017......SUNRISE   631 AM CST   SUNSET   556 PM CST


-  INDICATES NEGATIVE NUMBERS.
R  INDICATES RECORD WAS SET OR TIED.
MM INDICATES DATA IS MISSING.
T  INDICATES TRACE AMOUNT.




$$
