000
CDUS44 KJAN 260839
CLIGWO


CLIMATE REPORT
NATIONAL WEATHER SERVICE JACKSON MS
235 AM CST FRI DEC 26 2014


...................................

...THE GREENWOOD CLIMATE SUMMARY FOR DECEMBER 25 2014...

CLIMATE NORMAL PERIOD 1981 TO 2010
CLIMATE RECORD PERIOD 1948 TO 2014


WEATHER ITEM   OBSERVED TIME   RECORD YEAR NORMAL DEPARTURE LAST
                VALUE   (LST)  VALUE       VALUE  FROM      YEAR
                                                  NORMAL
..................................................................
TEMPERATURE (F)
 YESTERDAY
  MAXIMUM         56    342 PM  79    1982  54      2       50
  MINIMUM         31    722 AM   5    1983  34     -3       24
  AVERAGE         44                        44      0       37

PRECIPITATION (IN)
  YESTERDAY        0.00          4.07 1982   0.17  -0.17     0.00
  MONTH TO DATE    3.95                      4.70  -0.75     4.40
  SINCE DEC 1      3.95                      4.70  -0.75     4.40
  SINCE JAN 1     54.55                     50.82   3.73    58.10

SNOWFALL (IN)
  YESTERDAY        0.0

DEGREE DAYS
 HEATING
  YESTERDAY       21                        21      0       28
  MONTH TO DATE  394                       471    -77      502
  SINCE DEC 1    394                       471    -77      502
  SINCE JUL 1    982                       939     43     1069

 COOLING
  YESTERDAY        0                         0      0        0
  MONTH TO DATE    1                         0      1       11
  SINCE DEC 1      1                         0      1       11
  SINCE JAN 1   2044                      2159   -115     2109
..................................................................


WIND (MPH)
  HIGHEST WIND SPEED    15   HIGHEST WIND DIRECTION     S (200)
  HIGHEST GUST SPEED    19   HIGHEST GUST DIRECTION     S (190)
  AVERAGE WIND SPEED     5.5


SKY COVER
  POSSIBLE SUNSHINE  MM
  AVERAGE SKY COVER 0.1


WEATHER CONDITIONS
 THE FOLLOWING WEATHER WAS RECORDED YESTERDAY.
  NO SIGNIFICANT WEATHER WAS OBSERVED.


RELATIVE HUMIDITY (PERCENT)
 HIGHEST    92           400 AM
 LOWEST     43           300 PM
 AVERAGE    68

..........................................................


THE GREENWOOD CLIMATE NORMALS FOR TODAY
                         NORMAL    RECORD    YEAR
 MAXIMUM TEMPERATURE (F)   54        75      2008
 MINIMUM TEMPERATURE (F)   34        10      1983


SUNRISE AND SUNSET
DECEMBER 26 2014......SUNRISE   703 AM CST   SUNSET   459 PM CST
DECEMBER 27 2014......SUNRISE   703 AM CST   SUNSET   500 PM CST


-  INDICATES NEGATIVE NUMBERS.
R  INDICATES RECORD WAS SET OR TIED.
MM INDICATES DATA IS MISSING.
T  INDICATES TRACE AMOUNT.




$$
