000
CDUS44 KJAN 290718
CLIGWO


CLIMATE REPORT
NATIONAL WEATHER SERVICE JACKSON MS
215 AM CDT FRI AUG 29 2014


...................................

...THE GREENWOOD CLIMATE SUMMARY FOR AUGUST 28 2014...

CLIMATE NORMAL PERIOD 1981 TO 2010
CLIMATE RECORD PERIOD 1948 TO 2014


WEATHER ITEM   OBSERVED TIME   RECORD YEAR NORMAL DEPARTURE LAST
                VALUE   (LST)  VALUE       VALUE  FROM      YEAR
                                                  NORMAL
..................................................................
TEMPERATURE (F)
 YESTERDAY
  MAXIMUM         95    214 PM 102    1990  92      3       91
                                      1954
  MINIMUM         67    554 AM  59    1992  68     -1       63
                                      1986
  AVERAGE         81                        80      1       77

PRECIPITATION (IN)
  YESTERDAY        0.00          0.90 1950   0.09  -0.09     0.00
  MONTH TO DATE    2.26                      2.51  -0.25     2.53
  SINCE JUN 1     16.88                     10.42   6.46     7.84
  SINCE JAN 1     40.00                     33.75   6.25    38.25

SNOWFALL (IN)
  YESTERDAY        0.0

DEGREE DAYS
 HEATING
  YESTERDAY        0                         0      0        0
  MONTH TO DATE    0                         0      0        0
  SINCE JUN 1      0                         0      0        0
  SINCE JUL 1      0                         0      0        0

 COOLING
  YESTERDAY       16                        15      1       12
  MONTH TO DATE  421                       444    -23      441
  SINCE JUN 1   1217                      1362   -145     1299
  SINCE JAN 1   1511                      1692   -181     1575
..................................................................


WIND (MPH)
  HIGHEST WIND SPEED     8   HIGHEST WIND DIRECTION     E (80)
  HIGHEST GUST SPEED    11   HIGHEST GUST DIRECTION     E (70)
  AVERAGE WIND SPEED     2.8


SKY COVER
  POSSIBLE SUNSHINE  MM
  AVERAGE SKY COVER 0.1


WEATHER CONDITIONS
 THE FOLLOWING WEATHER WAS RECORDED YESTERDAY.
  FOG


RELATIVE HUMIDITY (PERCENT)
 HIGHEST    93           300 AM
 LOWEST     33           100 PM
 AVERAGE    63

..........................................................


THE GREENWOOD CLIMATE NORMALS FOR TODAY
                         NORMAL    RECORD    YEAR
 MAXIMUM TEMPERATURE (F)   91       102      2000
 MINIMUM TEMPERATURE (F)   68        52      1986


SUNRISE AND SUNSET
AUGUST 29 2014........SUNRISE   632 AM CDT   SUNSET   729 PM CDT
AUGUST 30 2014........SUNRISE   633 AM CDT   SUNSET   728 PM CDT


-  INDICATES NEGATIVE NUMBERS.
R  INDICATES RECORD WAS SET OR TIED.
MM INDICATES DATA IS MISSING.
T  INDICATES TRACE AMOUNT.




$$
