381
CDUS44 KJAN 040641
CLIGWO


CLIMATE REPORT
NATIONAL WEATHER SERVICE JACKSON MS
139 AM CDT WED MAY 4 2016


...................................

...THE GREENWOOD CLIMATE SUMMARY FOR MAY 3 2016...

CLIMATE NORMAL PERIOD 1981 TO 2010
CLIMATE RECORD PERIOD 1948 TO 2016


WEATHER ITEM   OBSERVED TIME   RECORD YEAR NORMAL DEPARTURE LAST
                VALUE   (LST)  VALUE       VALUE  FROM      YEAR
                                                  NORMAL
..................................................................
TEMPERATURE (F)
 YESTERDAY
  MAXIMUM         72    244 PM  91    1955  80     -8       83
  MINIMUM         51   1159 PM  38    2013  57     -6       51
  AVERAGE         62                        68     -6       67

PRECIPITATION (IN)
  YESTERDAY        0.00          1.67 2013   0.17  -0.17     0.00
  MONTH TO DATE    T                         0.52  -0.52     0.00
  SINCE MAR 1     16.85                      9.96   6.89    11.54
  SINCE JAN 1     24.30                     18.90   5.40    20.93

SNOWFALL (IN)
  YESTERDAY        0.0

DEGREE DAYS
 HEATING
  YESTERDAY        3                         1      2        0
  MONTH TO DATE    3                         3      0        5
  SINCE MAR 1    255                       443   -188      339
  SINCE JUL 1   1916                      2674   -758     2860

 COOLING
  YESTERDAY        0                         4     -4        2
  MONTH TO DATE    9                        12     -3        2
  SINCE MAR 1    132                       109     23      113
  SINCE JAN 1    140                       114     26      113
..................................................................


WIND (MPH)
  HIGHEST WIND SPEED    14   HIGHEST WIND DIRECTION     N (340)
  HIGHEST GUST SPEED    21   HIGHEST GUST DIRECTION     N (350)
  AVERAGE WIND SPEED     4.4


SKY COVER
  POSSIBLE SUNSHINE  MM
  AVERAGE SKY COVER 0.3


WEATHER CONDITIONS
 THE FOLLOWING WEATHER WAS RECORDED YESTERDAY.
  NO SIGNIFICANT WEATHER WAS OBSERVED.


RELATIVE HUMIDITY (PERCENT)
 HIGHEST    97           200 AM
 LOWEST     45           500 PM
 AVERAGE    71

..........................................................


THE GREENWOOD CLIMATE NORMALS FOR TODAY
                         NORMAL    RECORD    YEAR
 MAXIMUM TEMPERATURE (F)   80        90      1955
                                             1952
 MINIMUM TEMPERATURE (F)   57        35      2013


SUNRISE AND SUNSET
MAY  4 2016...........SUNRISE   609 AM CDT   SUNSET   746 PM CDT
MAY  5 2016...........SUNRISE   608 AM CDT   SUNSET   747 PM CDT


-  INDICATES NEGATIVE NUMBERS.
R  INDICATES RECORD WAS SET OR TIED.
MM INDICATES DATA IS MISSING.
T  INDICATES TRACE AMOUNT.




$$
