000
CDUS44 KJAN 260655
CLIGWO


CLIMATE REPORT
NATIONAL WEATHER SERVICE JACKSON MS
154 AM CDT TUE JUL 26 2016


...................................

...THE GREENWOOD CLIMATE SUMMARY FOR JULY 25 2016...

CLIMATE NORMAL PERIOD 1981 TO 2010
CLIMATE RECORD PERIOD 1948 TO 2016


WEATHER ITEM   OBSERVED TIME   RECORD YEAR NORMAL DEPARTURE LAST
                VALUE   (LST)  VALUE       VALUE  FROM      YEAR
                                                  NORMAL
..................................................................
TEMPERATURE (F)
 YESTERDAY
  MAXIMUM         96    421 PM 102    1952  92      4       97
  MINIMUM         74    530 AM  57    2000  71      3       74
  AVERAGE         85                        81      4       86

PRECIPITATION (IN)
  YESTERDAY        0.00          2.85 1958   0.11  -0.11      T
  MONTH TO DATE    1.56                      3.01  -1.45     2.08
  SINCE JUN 1      4.93                      7.32  -2.39     4.37
  SINCE JAN 1     30.72                     30.65   0.07    32.30

SNOWFALL (IN)
  YESTERDAY        0.0

DEGREE DAYS
 HEATING
  YESTERDAY        0                         0      0        0
  MONTH TO DATE    0                         0      0        0
  SINCE JUN 1      0                         0      0        0
  SINCE JUL 1      0                         0      0        0

 COOLING
  YESTERDAY       20                        16      4       21
  MONTH TO DATE  468                       400     68      451
  SINCE JUN 1    941                       813    128      889
  SINCE JAN 1   1270                      1143    127     1253
..................................................................


WIND (MPH)
  HIGHEST WIND SPEED    12   HIGHEST WIND DIRECTION    SE (130)
  HIGHEST GUST SPEED    16   HIGHEST GUST DIRECTION     E (110)
  AVERAGE WIND SPEED     3.5


SKY COVER
  POSSIBLE SUNSHINE  MM
  AVERAGE SKY COVER 0.1


WEATHER CONDITIONS
 THE FOLLOWING WEATHER WAS RECORDED YESTERDAY.
  FOG


RELATIVE HUMIDITY (PERCENT)
 HIGHEST    94          1200 AM
 LOWEST     39           200 PM
 AVERAGE    67

..........................................................


THE GREENWOOD CLIMATE NORMALS FOR TODAY
                         NORMAL    RECORD    YEAR
 MAXIMUM TEMPERATURE (F)   92       102      1952
 MINIMUM TEMPERATURE (F)   71        61      2000


SUNRISE AND SUNSET
JULY 26 2016..........SUNRISE   609 AM CDT   SUNSET   804 PM CDT
JULY 27 2016..........SUNRISE   610 AM CDT   SUNSET   804 PM CDT


-  INDICATES NEGATIVE NUMBERS.
R  INDICATES RECORD WAS SET OR TIED.
MM INDICATES DATA IS MISSING.
T  INDICATES TRACE AMOUNT.




$$
