000
CDUS44 KJAN 242208
CLIGWO


CLIMATE REPORT
NATIONAL WEATHER SERVICE JACKSON MS
507 PM CDT MON APR 24 2017


...................................

...THE GREENWOOD CLIMATE SUMMARY FOR APRIL 24 2017...
VALID AS OF 0500 PM LOCAL TIME.

CLIMATE NORMAL PERIOD 1981 TO 2010
CLIMATE RECORD PERIOD 1948 TO 2017


WEATHER ITEM   OBSERVED TIME   RECORD YEAR NORMAL DEPARTURE LAST
                VALUE   (LST)  VALUE       VALUE  FROM      YEAR
                                                  NORMAL
..................................................................
TEMPERATURE (F)
 TODAY
  MAXIMUM         75    359 PM  89    1965  77     -2       82
                                      1958
  MINIMUM         45    500 AM  38    2005  54     -9       53
  AVERAGE         60                        66     -6       68

PRECIPITATION (IN)
  TODAY            T             3.35 1953   0.17  -0.17     0.00
  MONTH TO DATE    3.92                      4.12  -0.20     3.17
  SINCE MAR 1      7.89                      8.43  -0.54    15.67
  SINCE JAN 1     16.17                     17.37  -1.20    23.12

SNOWFALL (IN)
  TODAY           MM

DEGREE DAYS
 HEATING
  TODAY            5                         3      2        0
  MONTH TO DATE   41                       112    -71       62
  SINCE MAR 1    273                       428   -155      252
  SINCE JUL 1   1756                      2659   -903     1913

 COOLING
  TODAY            0                         3     -3        3
  MONTH TO DATE  100                        54     46       35
  SINCE MAR 1    161                        75     86       74
  SINCE JAN 1    195                        80    115       82
..................................................................


WIND (MPH)
  HIGHEST WIND SPEED    14   HIGHEST WIND DIRECTION    NW (320)
  HIGHEST GUST SPEED    19   HIGHEST GUST DIRECTION     N (340)
  AVERAGE WIND SPEED     4.1


SKY COVER
  POSSIBLE SUNSHINE  MM
  AVERAGE SKY COVER 0.2


WEATHER CONDITIONS
 THE FOLLOWING WEATHER WAS RECORDED TODAY.
  FOG


RELATIVE HUMIDITY (PERCENT)
 HIGHEST   100           100 AM
 LOWEST     49           200 PM
 AVERAGE    75

..........................................................


THE GREENWOOD CLIMATE NORMALS FOR TOMORROW
                         NORMAL    RECORD    YEAR
 MAXIMUM TEMPERATURE (F)   78        87      1965
 MINIMUM TEMPERATURE (F)   55        38      2013


SUNRISE AND SUNSET
APRIL 24 2017.........SUNRISE   619 AM CDT   SUNSET   738 PM CDT
APRIL 25 2017.........SUNRISE   618 AM CDT   SUNSET   739 PM CDT


-  INDICATES NEGATIVE NUMBERS.
R  INDICATES RECORD WAS SET OR TIED.
MM INDICATES DATA IS MISSING.
T  INDICATES TRACE AMOUNT.




$$
