000
CDUS44 KJAN 010701
CLIGWO


CLIMATE REPORT
NATIONAL WEATHER SERVICE JACKSON MS
1257 AM CST SUN MAR 1 2015


...................................

...THE GREENWOOD CLIMATE SUMMARY FOR FEBRUARY 28 2015...

CLIMATE NORMAL PERIOD 1981 TO 2010
CLIMATE RECORD PERIOD 1948 TO 2015


WEATHER ITEM   OBSERVED TIME   RECORD YEAR NORMAL DEPARTURE LAST
                VALUE   (LST)  VALUE       VALUE  FROM      YEAR
                                                  NORMAL
..................................................................
TEMPERATURE (F)
 YESTERDAY
  MAXIMUM         54        MM  77    2007  62     -8       57
                                      1972
  MINIMUM         31        MM  18    2002  40     -9       25
  AVERAGE         43                        51     -8       41

PRECIPITATION (IN)
  YESTERDAY        0.00          1.08 1968   0.15  -0.15     0.01
  MONTH TO DATE    4.95                      4.42   0.53     4.71
  SINCE DEC 1     14.91                     14.59   0.32    10.97
  SINCE JAN 1      9.39                      8.94   0.45     6.28

SNOWFALL (IN)
  YESTERDAY        0.0

DEGREE DAYS
 HEATING
  YESTERDAY       22                        14      8       24
  MONTH TO DATE  720                       492    228      582
  SINCE DEC 1   1933                      1763    170     2087
  SINCE JUL 1   2521                      2231    290     2654

 COOLING
  YESTERDAY        0                         0      0        0
  MONTH TO DATE    0                         3     -3        0
  SINCE DEC 1      1                        10     -9       11
  SINCE JAN 1      0                         5     -5        0
..................................................................


WIND (MPH)
  HIGHEST WIND SPEED    MM   HIGHEST WIND DIRECTION    MM
  HIGHEST GUST SPEED    MM   HIGHEST GUST DIRECTION    MM
  AVERAGE WIND SPEED    MM


SKY COVER
  POSSIBLE SUNSHINE  MM
  AVERAGE SKY COVER 0.0


WEATHER CONDITIONS
 THE FOLLOWING WEATHER WAS RECORDED YESTERDAY.
  NO SIGNIFICANT WEATHER WAS OBSERVED.


RELATIVE HUMIDITY (PERCENT)
 HIGHEST    MM
 LOWEST     MM
 AVERAGE    MM

..........................................................


THE GREENWOOD CLIMATE NORMALS FOR TODAY
                         NORMAL    RECORD    YEAR
 MAXIMUM TEMPERATURE (F)   62        82      1997
 MINIMUM TEMPERATURE (F)   41        19      1986


SUNRISE AND SUNSET
MARCH  1 2015.........SUNRISE   629 AM CST   SUNSET   557 PM CST
MARCH  2 2015.........SUNRISE   628 AM CST   SUNSET   558 PM CST


-  INDICATES NEGATIVE NUMBERS.
R  INDICATES RECORD WAS SET OR TIED.
MM INDICATES DATA IS MISSING.
T  INDICATES TRACE AMOUNT.




$$
