000
CDUS44 KJAN 270722
CLIGWO


CLIMATE REPORT
NATIONAL WEATHER SERVICE JACKSON MS
217 AM CDT THU JUL 27 2017


...................................

...THE GREENWOOD CLIMATE SUMMARY FOR JULY 26 2017...

CLIMATE NORMAL PERIOD 1981 TO 2010
CLIMATE RECORD PERIOD 1948 TO 2017


WEATHER ITEM   OBSERVED TIME   RECORD YEAR NORMAL DEPARTURE LAST
                VALUE   (LST)  VALUE       VALUE  FROM      YEAR
                                                  NORMAL
..................................................................
TEMPERATURE (F)
 YESTERDAY
  MAXIMUM         94    334 PM 102    1952  92      2       96
  MINIMUM         72    521 AM  61    2000  71      1       72
  AVERAGE         83                        81      2       84

PRECIPITATION (IN)
  YESTERDAY        0.00          3.04 1969   0.11  -0.11     0.14
  MONTH TO DATE    2.13                      3.12  -0.99     1.70
  SINCE JUN 1      7.86                      7.43   0.43     5.07
  SINCE JAN 1     29.30                     30.76  -1.46    30.86

SNOWFALL (IN)
  YESTERDAY        0.0

DEGREE DAYS
 HEATING
  YESTERDAY        0                         0      0        0
  MONTH TO DATE    0                         0      0        0
  SINCE JUN 1      0                         0      0        0
  SINCE JUL 1      0                         0      0        0

 COOLING
  YESTERDAY       18                        16      2       19
  MONTH TO DATE  459                       416     43      487
  SINCE JUN 1    841                       829     12      960
  SINCE JAN 1   1285                      1159    126     1289
..................................................................


WIND (MPH)
  HIGHEST WIND SPEED     8   HIGHEST WIND DIRECTION    SW (220)
  HIGHEST GUST SPEED    13   HIGHEST GUST DIRECTION    SW (240)
  AVERAGE WIND SPEED     2.6


SKY COVER
  POSSIBLE SUNSHINE  MM
  AVERAGE SKY COVER 0.1


WEATHER CONDITIONS
 THE FOLLOWING WEATHER WAS RECORDED YESTERDAY.
  FOG


RELATIVE HUMIDITY (PERCENT)
 HIGHEST   100          1200 AM
 LOWEST     52           400 PM
 AVERAGE    76

..........................................................


THE GREENWOOD CLIMATE NORMALS FOR TODAY
                         NORMAL    RECORD    YEAR
 MAXIMUM TEMPERATURE (F)   92       104      1952
 MINIMUM TEMPERATURE (F)   71        65      2004


SUNRISE AND SUNSET
JULY 27 2017..........SUNRISE   610 AM CDT   SUNSET   804 PM CDT
JULY 28 2017..........SUNRISE   610 AM CDT   SUNSET   803 PM CDT


-  INDICATES NEGATIVE NUMBERS.
R  INDICATES RECORD WAS SET OR TIED.
MM INDICATES DATA IS MISSING.
T  INDICATES TRACE AMOUNT.




$$
