000
CDUS44 KJAN 290838
CLIGWO


CLIMATE REPORT
NATIONAL WEATHER SERVICE JACKSON MS
337 AM CDT SUN MAY 29 2016


...................................

...THE GREENWOOD CLIMATE SUMMARY FOR MAY 28 2016...

CLIMATE NORMAL PERIOD 1981 TO 2010
CLIMATE RECORD PERIOD 1948 TO 2016


WEATHER ITEM   OBSERVED TIME   RECORD YEAR NORMAL DEPARTURE LAST
                VALUE   (LST)  VALUE       VALUE  FROM      YEAR
                                                  NORMAL
..................................................................
TEMPERATURE (F)
 YESTERDAY
  MAXIMUM         86   1158 AM  96    1962  86      0       85
  MINIMUM         70   1159 PM  44    1961  64      6       67
  AVERAGE         78                        75      3       76

PRECIPITATION (IN)
  YESTERDAY        0.00          3.61 1979   0.15  -0.15     0.00
  MONTH TO DATE    1.35                      4.52  -3.17     5.56
  SINCE MAR 1     18.20                     13.96   4.24    17.10
  SINCE JAN 1     25.65                     22.90   2.75    26.49

SNOWFALL (IN)
  YESTERDAY        0.0

DEGREE DAYS
 HEATING
  YESTERDAY        0                         0      0        0
  MONTH TO DATE   16                        15      1       14
  SINCE MAR 1    268                       455   -187      348
  SINCE JUL 1   1929                      2686   -757     2869

 COOLING
  YESTERDAY       13                        10      3       11
  MONTH TO DATE  156                       196    -40      223
  SINCE MAR 1    279                       293    -14      334
  SINCE JAN 1    287                       298    -11      334
..................................................................


WIND (MPH)
  HIGHEST WIND SPEED    22   HIGHEST WIND DIRECTION    SE (150)
  HIGHEST GUST SPEED    30   HIGHEST GUST DIRECTION    SE (140)
  AVERAGE WIND SPEED     8.5


SKY COVER
  POSSIBLE SUNSHINE  MM
  AVERAGE SKY COVER 0.1


WEATHER CONDITIONS
 THE FOLLOWING WEATHER WAS RECORDED YESTERDAY.
  NO SIGNIFICANT WEATHER WAS OBSERVED.


RELATIVE HUMIDITY (PERCENT)
 HIGHEST    84           600 AM
 LOWEST     47           600 PM
 AVERAGE    66

..........................................................


THE GREENWOOD CLIMATE NORMALS FOR TODAY
                         NORMAL    RECORD    YEAR
 MAXIMUM TEMPERATURE (F)   86        96      1953
 MINIMUM TEMPERATURE (F)   64        50      1984


SUNRISE AND SUNSET
MAY 29 2016...........SUNRISE   552 AM CDT   SUNSET   804 PM CDT
MAY 30 2016...........SUNRISE   552 AM CDT   SUNSET   804 PM CDT


-  INDICATES NEGATIVE NUMBERS.
R  INDICATES RECORD WAS SET OR TIED.
MM INDICATES DATA IS MISSING.
T  INDICATES TRACE AMOUNT.




$$
