000
CDUS44 KJAN 110649
CLIGWO


CLIMATE REPORT
NATIONAL WEATHER SERVICE JACKSON MS
1245 AM CST SUN DEC 11 2016


...................................

...THE GREENWOOD CLIMATE SUMMARY FOR DECEMBER 10 2016...

CLIMATE NORMAL PERIOD 1981 TO 2010
CLIMATE RECORD PERIOD 1948 TO 2016


WEATHER ITEM   OBSERVED TIME   RECORD YEAR NORMAL DEPARTURE LAST
                VALUE   (LST)  VALUE       VALUE  FROM      YEAR
                                                  NORMAL
..................................................................
TEMPERATURE (F)
 YESTERDAY
  MAXIMUM         52    328 PM  79    2007  57     -5       74
  MINIMUM         22    536 AM  17    1995  36    -14       43
  AVERAGE         37                        47    -10       59

PRECIPITATION (IN)
  YESTERDAY        0.00          1.54 1964   0.19  -0.19     0.00
  MONTH TO DATE    2.42                      1.99   0.43     0.36
  SINCE DEC 1      2.42                      1.99   0.43     0.36
  SINCE JAN 1     45.23                     48.11  -2.88    45.79

SNOWFALL (IN)
  YESTERDAY        0.0

DEGREE DAYS
 HEATING
  YESTERDAY       28                        18     10        6
  MONTH TO DATE  214                       172     42      133
  SINCE DEC 1    214                       172     42      133
  SINCE JUL 1    506                       640   -134      361

 COOLING
  YESTERDAY        0                         0      0        0
  MONTH TO DATE    0                         0      0        0
  SINCE DEC 1      0                         0      0        0
  SINCE JAN 1   2559                      2159    400     2420
..................................................................


WIND (MPH)
  HIGHEST WIND SPEED     9   HIGHEST WIND DIRECTION    SE (150)
  HIGHEST GUST SPEED    13   HIGHEST GUST DIRECTION    SE (140)
  AVERAGE WIND SPEED     3.2


SKY COVER
  POSSIBLE SUNSHINE  MM
  AVERAGE SKY COVER 0.0


WEATHER CONDITIONS
 THE FOLLOWING WEATHER WAS RECORDED YESTERDAY.
  NO SIGNIFICANT WEATHER WAS OBSERVED.


RELATIVE HUMIDITY (PERCENT)
 HIGHEST    88          1200 AM
 LOWEST     16           300 PM
 AVERAGE    52

..........................................................


THE GREENWOOD CLIMATE NORMALS FOR TODAY
                         NORMAL    RECORD    YEAR
 MAXIMUM TEMPERATURE (F)   57        84      2015
 MINIMUM TEMPERATURE (F)   36        18      1962


SUNRISE AND SUNSET
DECEMBER 11 2016......SUNRISE   655 AM CST   SUNSET   453 PM CST
DECEMBER 12 2016......SUNRISE   655 AM CST   SUNSET   453 PM CST


-  INDICATES NEGATIVE NUMBERS.
R  INDICATES RECORD WAS SET OR TIED.
MM INDICATES DATA IS MISSING.
T  INDICATES TRACE AMOUNT.




$$
