000
CDUS44 KJAN 300700
CLIGWO


CLIMATE REPORT
NATIONAL WEATHER SERVICE JACKSON MS
158 AM CDT THU JUL 30 2015


...................................

...THE GREENWOOD CLIMATE SUMMARY FOR JULY 29 2015...

CLIMATE NORMAL PERIOD 1981 TO 2010
CLIMATE RECORD PERIOD 1948 TO 2015


WEATHER ITEM   OBSERVED TIME   RECORD YEAR NORMAL DEPARTURE LAST
                VALUE   (LST)  VALUE       VALUE  FROM      YEAR
                                                  NORMAL
..................................................................
TEMPERATURE (F)
 YESTERDAY
  MAXIMUM         98    300 PM 104    1986  92      6       84
  MINIMUM         76    548 AM  61    1994  71      5       62
  AVERAGE         87                        81      6       73

PRECIPITATION (IN)
  YESTERDAY        0.00          2.92 2009   0.10  -0.10     0.00
  MONTH TO DATE    2.08                      3.41  -1.33     5.57
  SINCE JUN 1      4.37                      7.72  -3.35    14.60
  SINCE JAN 1     32.30                     31.05   1.25    37.72

SNOWFALL (IN)
  YESTERDAY        0.0

DEGREE DAYS
 HEATING
  YESTERDAY        0                         0      0        0
  MONTH TO DATE    0                         0      0        0
  SINCE JUN 1      0                         0      0        0
  SINCE JUL 1      0                         0      0        0

 COOLING
  YESTERDAY       22                        16      6        8
  MONTH TO DATE  533                       464     69      354
  SINCE JUN 1    971                       877     94      778
  SINCE JAN 1   1335                      1207    128     1072
..................................................................


WIND (MPH)
  HIGHEST WIND SPEED     9   HIGHEST WIND DIRECTION    NE (30)
  HIGHEST GUST SPEED    12   HIGHEST GUST DIRECTION     N (340)
  AVERAGE WIND SPEED     2.5


SKY COVER
  POSSIBLE SUNSHINE  MM
  AVERAGE SKY COVER 0.0


WEATHER CONDITIONS
 THE FOLLOWING WEATHER WAS RECORDED YESTERDAY.
  FOG
  HAZE


RELATIVE HUMIDITY (PERCENT)
 HIGHEST    94           400 AM
 LOWEST     48           300 PM
 AVERAGE    71

..........................................................


THE GREENWOOD CLIMATE NORMALS FOR TODAY
                         NORMAL    RECORD    YEAR
 MAXIMUM TEMPERATURE (F)   92       105      1986
 MINIMUM TEMPERATURE (F)   71        58      2014


SUNRISE AND SUNSET
JULY 30 2015..........SUNRISE   611 AM CDT   SUNSET   802 PM CDT
JULY 31 2015..........SUNRISE   612 AM CDT   SUNSET   801 PM CDT


-  INDICATES NEGATIVE NUMBERS.
R  INDICATES RECORD WAS SET OR TIED.
MM INDICATES DATA IS MISSING.
T  INDICATES TRACE AMOUNT.




$$
