000
CDUS41 KGYX 010805
CLIGYX


CLIMATE REPORT
NATIONAL WEATHER SERVICE GRAY ME
405 AM EDT MON SEP 1 2014


...................................

...THE GRAY ME CLIMATE SUMMARY FOR AUGUST 31 2014...

CLIMATE NORMAL PERIOD 1981 TO 2010
CLIMATE RECORD PERIOD 1995 TO 2014


WEATHER ITEM   OBSERVED NORMAL DEPARTURE LAST
                VALUE   VALUE  FROM      YEAR
                               NORMAL
...............................................
TEMPERATURE (F)
 YESTERDAY
  MAXIMUM         82     76      6       83
  MINIMUM         60     56      4       65
  AVERAGE         71     66      5       74

PRECIPITATION (IN)
  YESTERDAY        0.28   0.12   0.16      T
  MONTH TO DATE    7.08   3.59   3.49     3.22
  SINCE JUN 1     17.06  12.19   4.87    13.00
  SINCE JAN 1     35.41  31.48   3.93    27.29

SNOWFALL (IN)
  YESTERDAY        0.0    0.0    0.0      0.0
  MONTH TO DATE    0.0    0.0    0.0      0.0
  SINCE JUN 1      0.0    0.0    0.0      0.0
  SINCE JUL 1      0.0    0.0    0.0      0.0
  SNOW DEPTH       0

DEGREE DAYS
 HEATING
  YESTERDAY        0      2     -2        0
  MONTH TO DATE   14     20     -6        3
  SINCE JUN 1     88    130    -42       83
  SINCE JUL 1     14     36    -22       12

 COOLING
  YESTERDAY        6      3      3        9
  MONTH TO DATE   84    133    -49      118
  SINCE JUN 1    311    348    -37      431
  SINCE JAN 1    312    359    -47      448
...............................................





WEATHER CONDITIONS
 THE FOLLOWING WEATHER WAS RECORDED YESTERDAY.
  NO SIGNIFICANT WEATHER WAS OBSERVED.


..........................................................


THE GRAY ME CLIMATE NORMALS FOR TODAY
                         NORMAL
 MAXIMUM TEMPERATURE (F)   76
 MINIMUM TEMPERATURE (F)   56


SUNRISE AND SUNSET
SEPTEMBER  1 2014.....SUNRISE   604 AM EDT   SUNSET   717 PM EDT
SEPTEMBER  2 2014.....SUNRISE   605 AM EDT   SUNSET   715 PM EDT


-  INDICATES NEGATIVE NUMBERS.
R  INDICATES RECORD WAS SET OR TIED.
MM INDICATES DATA IS MISSING.
T  INDICATES TRACE AMOUNT.




$$
