000
CDUS41 KGYX 300802
CLIGYX


CLIMATE REPORT
NATIONAL WEATHER SERVICE GRAY ME
401 AM EDT MON MAY 30 2016


...................................

...THE GRAY ME CLIMATE SUMMARY FOR MAY 29 2016...

CLIMATE NORMAL PERIOD 1981 TO 2010
CLIMATE RECORD PERIOD 1995 TO 2016


WEATHER ITEM   OBSERVED TIME   RECORD YEAR NORMAL DEPARTURE LAST
                VALUE   (LST)  VALUE       VALUE  FROM      YEAR
                                                  NORMAL
..................................................................
TEMPERATURE (F)
 YESTERDAY
  MAXIMUM         64        MM  MM      MM  69     -5       74
  MINIMUM         49        MM  MM      MM  48      1       57
  AVERAGE         57                        59     -2       66

PRECIPITATION (IN)
  YESTERDAY        0.03         MM      MM   0.14  -0.11     0.00
  MONTH TO DATE    1.96                      3.62  -1.66     1.45
  SINCE MAR 1      9.31                     12.17  -2.86     6.46
  SINCE JAN 1     17.57                     19.01  -1.44    12.43

SNOWFALL (IN)
  YESTERDAY        0.0          MM      MM   0.0    0.0      0.0
  MONTH TO DATE    0.0                       0.2   -0.2       T
  SINCE MAR 1     14.5                      24.9  -10.4      8.2
  SINCE JUL 1     51.8                      84.0  -32.2    107.3
  SNOW DEPTH       0

DEGREE DAYS
 HEATING
  YESTERDAY        8                         7      1        0
  MONTH TO DATE  291                       310    -19      209
  SINCE MAR 1   1854                      1927    -73     1987
  SINCE JUL 1   6374                      7085   -711     7463

 COOLING
  YESTERDAY        0                         1     -1        1
  MONTH TO DATE   14                         5      9       37
  SINCE MAR 1     14                         6      8       37
  SINCE JAN 1     14                         6      8       37
..................................................................







THE GRAY ME CLIMATE NORMALS FOR TODAY
                         NORMAL
 MAXIMUM TEMPERATURE (F)   69
 MINIMUM TEMPERATURE (F)   49


SUNRISE AND SUNSET
MAY 30 2016...........SUNRISE   502 AM EDT   SUNSET   815 PM EDT
MAY 31 2016...........SUNRISE   502 AM EDT   SUNSET   816 PM EDT


-  INDICATES NEGATIVE NUMBERS.
R  INDICATES RECORD WAS SET OR TIED.
MM INDICATES DATA IS MISSING.
T  INDICATES TRACE AMOUNT.




$$
