000
CDUS41 KGYX 270909
CLIGYX


CLIMATE REPORT
NATIONAL WEATHER SERVICE GRAY ME
409 AM EST FRI FEB 27 2015


...................................

...THE GRAY ME CLIMATE SUMMARY FOR FEBRUARY 26 2015...

CLIMATE NORMAL PERIOD 1981 TO 2010
CLIMATE RECORD PERIOD 1995 TO 2015


WEATHER ITEM   OBSERVED TIME   RECORD YEAR NORMAL DEPARTURE LAST
                VALUE   (LST)  VALUE       VALUE  FROM      YEAR
                                                  NORMAL
..................................................................
TEMPERATURE (F)
 YESTERDAY
  MAXIMUM         18        MM  MM      MM  37    -19       24
  MINIMUM          9        MM  MM      MM  19    -10        5
  AVERAGE         14                        28    -14       15

PRECIPITATION (IN)
  YESTERDAY        0.00         MM      MM   0.14  -0.14      T
  MONTH TO DATE    2.04                      3.05  -1.01     3.49
  SINCE DEC 1     12.17                     10.64   1.53    10.67
  SINCE JAN 1      5.97                      6.58  -0.61     6.99

SNOWFALL (IN)
  YESTERDAY        0.0          MM      MM   0.7   -0.7       T
  MONTH TO DATE   31.8                      15.2   16.6     33.2
  SINCE DEC 1     84.1                      54.7   29.4     73.0
  SINCE JUL 1     99.1                      57.8   41.3     74.1
  SNOW DEPTH      26

DEGREE DAYS
 HEATING
  YESTERDAY       51                        37     14       50
  MONTH TO DATE 1381                      1055    326     1115
  SINCE DEC 1   3930                      3588    342     3836
  SINCE JUL 1   5380                      5085    295     5307

 COOLING
  YESTERDAY        0                         0      0        0
  MONTH TO DATE    0                         0      0        0
  SINCE DEC 1      0                         0      0        0
  SINCE JAN 1      0                         0      0        0
..................................................................







THE GRAY ME CLIMATE NORMALS FOR TODAY
                         NORMAL
 MAXIMUM TEMPERATURE (F)   37
 MINIMUM TEMPERATURE (F)   19


SUNRISE AND SUNSET
FEBRUARY 27 2015......SUNRISE   622 AM EST   SUNSET   527 PM EST
FEBRUARY 28 2015......SUNRISE   620 AM EST   SUNSET   528 PM EST


-  INDICATES NEGATIVE NUMBERS.
R  INDICATES RECORD WAS SET OR TIED.
MM INDICATES DATA IS MISSING.
T  INDICATES TRACE AMOUNT.




$$
