000
CDUS41 KGYX 280802
CLIGYX


CLIMATE REPORT
NATIONAL WEATHER SERVICE GRAY ME
401 AM EDT THU JUL 28 2016


...................................

...THE GRAY ME CLIMATE SUMMARY FOR JULY 27 2016...

CLIMATE NORMAL PERIOD 1981 TO 2010
CLIMATE RECORD PERIOD 1995 TO 2016


WEATHER ITEM   OBSERVED TIME   RECORD YEAR NORMAL DEPARTURE LAST
                VALUE   (LST)  VALUE       VALUE  FROM      YEAR
                                                  NORMAL
..................................................................
TEMPERATURE (F)
 YESTERDAY
  MAXIMUM         88        MM  MM      MM  80      8       78
  MINIMUM         68        MM  50    2001  60      8       61
  AVERAGE         78                        70      8       70

PRECIPITATION (IN)
  YESTERDAY        0.00         MM      MM   0.13  -0.13     0.00
  MONTH TO DATE    4.47                      3.80   0.67     2.26
  SINCE JUN 1      8.23                      8.10   0.13     8.33
  SINCE JAN 1     25.86                     27.39  -1.53    21.38

SNOWFALL (IN)
  YESTERDAY        0.0          MM      MM   0.0    0.0      0.0
  MONTH TO DATE    0.0                       0.0    0.0      0.0
  SINCE JUN 1      0.0                       0.0    0.0      0.0
  SINCE JUL 1      0.0                       0.0    0.0      0.0
  SNOW DEPTH       0

DEGREE DAYS
 HEATING
  YESTERDAY        0                         0      0        0
  MONTH TO DATE   18                         7     11       13
  SINCE JUN 1     88                       101    -13      170
  SINCE JUL 1     18                         7     11       13

 COOLING
  YESTERDAY       13                         5      8        5
  MONTH TO DATE  193                       128     65       92
  SINCE JUN 1    245                       193     52      127
  SINCE JAN 1    267                       204     63      167
..................................................................







THE GRAY ME CLIMATE NORMALS FOR TODAY
                         NORMAL
 MAXIMUM TEMPERATURE (F)   80
 MINIMUM TEMPERATURE (F)   60


SUNRISE AND SUNSET
JULY 28 2016..........SUNRISE   526 AM EDT   SUNSET   809 PM EDT
JULY 29 2016..........SUNRISE   527 AM EDT   SUNSET   808 PM EDT


-  INDICATES NEGATIVE NUMBERS.
R  INDICATES RECORD WAS SET OR TIED.
MM INDICATES DATA IS MISSING.
T  INDICATES TRACE AMOUNT.




$$
