000
CDUS41 KGYX 230807
CLIGYX


CLIMATE REPORT
NATIONAL WEATHER SERVICE GRAY ME
406 AM EDT SAT SEP 23 2017


...................................

...THE GRAY ME CLIMATE SUMMARY FOR SEPTEMBER 22 2017...

CLIMATE NORMAL PERIOD 1981 TO 2010
CLIMATE RECORD PERIOD 1995 TO 2017


WEATHER ITEM   OBSERVED TIME   RECORD YEAR NORMAL DEPARTURE LAST
                VALUE   (LST)  VALUE       VALUE  FROM      YEAR
                                                  NORMAL
..................................................................
TEMPERATURE (F)
 YESTERDAY
  MAXIMUM         70        MM  MM      MM  67      3       81
  MINIMUM         53        MM  MM      MM  48      5       59
  AVERAGE         62                        58      4       70

PRECIPITATION (IN)
  YESTERDAY        0.00         MM      MM   0.14  -0.14     0.00
  MONTH TO DATE    2.57                      2.96  -0.39     0.77
  SINCE SEP 1      2.57                      2.96  -0.39     0.77
  SINCE JAN 1     30.50                     34.44  -3.94    29.94

SNOWFALL (IN)
  YESTERDAY        0.0          MM      MM   0.0    0.0      0.0
  MONTH TO DATE    0.0                       0.0    0.0      0.0
  SINCE SEP 1      0.0                       0.0    0.0      0.0
  SINCE JUL 1      0.0                       0.0    0.0      0.0
  SNOW DEPTH       0

DEGREE DAYS
 HEATING
  YESTERDAY        3                         8     -5        0
  MONTH TO DATE   39                        94    -55       17
  SINCE SEP 1     39                        94    -55       17
  SINCE JUL 1     70                       130    -60       36

 COOLING
  YESTERDAY        0                         0      0        5
  MONTH TO DATE   38                        25     13       80
  SINCE SEP 1     38                        25     13       80
  SINCE JAN 1    476                       384     92      607
..................................................................







THE GRAY ME CLIMATE NORMALS FOR TODAY
                         NORMAL
 MAXIMUM TEMPERATURE (F)   67
 MINIMUM TEMPERATURE (F)   48


SUNRISE AND SUNSET
SEPTEMBER 23 2017.....SUNRISE   630 AM EDT   SUNSET   636 PM EDT
SEPTEMBER 24 2017.....SUNRISE   631 AM EDT   SUNSET   634 PM EDT


-  INDICATES NEGATIVE NUMBERS.
R  INDICATES RECORD WAS SET OR TIED.
MM INDICATES DATA IS MISSING.
T  INDICATES TRACE AMOUNT.




$$
