000
CDUS41 KGYX 230802
CLIGYX


CLIMATE REPORT
NATIONAL WEATHER SERVICE GRAY ME
402 AM EDT SAT AUG 23 2014


...................................

...THE GRAY ME CLIMATE SUMMARY FOR AUGUST 22 2014...

CLIMATE NORMAL PERIOD 1981 TO 2010
CLIMATE RECORD PERIOD 1995 TO 2014


WEATHER ITEM   OBSERVED NORMAL DEPARTURE LAST
                VALUE   VALUE  FROM      YEAR
                               NORMAL
...............................................
TEMPERATURE (F)
 YESTERDAY
  MAXIMUM         70     78     -8       87
  MINIMUM         57     58     -1       65
  AVERAGE         64     68     -4       76

PRECIPITATION (IN)
  YESTERDAY        0.04   0.11  -0.07     0.00
  MONTH TO DATE    6.73   2.51   4.22     2.89
  SINCE JUN 1     16.71  11.11   5.60    12.67
  SINCE JAN 1     35.06  30.40   4.66    26.96

SNOWFALL (IN)
  YESTERDAY        0.0    0.0    0.0      0.0
  MONTH TO DATE    0.0    0.0    0.0      0.0
  SINCE JUN 1      0.0    0.0    0.0      0.0
  SINCE JUL 1      0.0    0.0    0.0      0.0
  SNOW DEPTH       0

DEGREE DAYS
 HEATING
  YESTERDAY        1      1      0        0
  MONTH TO DATE   10     10      0        1
  SINCE JUN 1     84    118    -34       81
  SINCE JUL 1     10     24    -14       10

 COOLING
  YESTERDAY        0      4     -4       11
  MONTH TO DATE   48    104    -56       78
  SINCE JUN 1    275    319    -44      391
  SINCE JAN 1    276    330    -54      408
...............................................





WEATHER CONDITIONS
 THE FOLLOWING WEATHER WAS RECORDED YESTERDAY.
  NO SIGNIFICANT WEATHER WAS OBSERVED.


..........................................................


THE GRAY ME CLIMATE NORMALS FOR TODAY
                         NORMAL
 MAXIMUM TEMPERATURE (F)   78
 MINIMUM TEMPERATURE (F)   58


SUNRISE AND SUNSET
AUGUST 23 2014........SUNRISE   554 AM EDT   SUNSET   732 PM EDT
AUGUST 24 2014........SUNRISE   555 AM EDT   SUNSET   731 PM EDT


-  INDICATES NEGATIVE NUMBERS.
R  INDICATES RECORD WAS SET OR TIED.
MM INDICATES DATA IS MISSING.
T  INDICATES TRACE AMOUNT.




$$
