839
CDUS41 KGYX 290808
CLIGYX


CLIMATE REPORT
NATIONAL WEATHER SERVICE GRAY ME
408 AM EDT MON MAY 29 2017


...................................

...THE GRAY ME CLIMATE SUMMARY FOR MAY 28 2017...

CLIMATE NORMAL PERIOD 1981 TO 2010
CLIMATE RECORD PERIOD 1995 TO 2017


WEATHER ITEM   OBSERVED TIME   RECORD YEAR NORMAL DEPARTURE LAST
                VALUE   (LST)  VALUE       VALUE  FROM      YEAR
                                                  NORMAL
..................................................................
TEMPERATURE (F)
 YESTERDAY
  MAXIMUM         63        MM  92    2016  69     -6       92
  MINIMUM         43        MM  MM      MM  48     -5       50
  AVERAGE         53                        58     -5       71

PRECIPITATION (IN)
  YESTERDAY        0.00         MM      MM   0.12  -0.12     0.00
  MONTH TO DATE    5.12                      3.48   1.64     1.95
  SINCE MAR 1     12.94                     12.03   0.91     9.30
  SINCE JAN 1     19.62                     18.87   0.75    17.56

SNOWFALL (IN)
  YESTERDAY        0.0          MM      MM   0.0    0.0      0.0
  MONTH TO DATE    0.0                       0.2   -0.2      0.0
  SINCE MAR 1     34.1                      24.9    9.2     14.5
  SINCE JUL 1    123.9                      84.0   39.9     51.8
  SNOW DEPTH       0

DEGREE DAYS
 HEATING
  YESTERDAY       12                         7      5        0
  MONTH TO DATE  335                       303     32      286
  SINCE MAR 1   2041                      1920    121     1849
  SINCE JUL 1   6735                      7078   -343     6369

 COOLING
  YESTERDAY        0                         1     -1        6
  MONTH TO DATE   19                         4     15       11
  SINCE MAR 1     21                         5     16       11
  SINCE JAN 1     21                         5     16       11
..................................................................







THE GRAY ME CLIMATE NORMALS FOR TODAY
                         NORMAL
 MAXIMUM TEMPERATURE (F)   69
 MINIMUM TEMPERATURE (F)   48


SUNRISE AND SUNSET
MAY 29 2017...........SUNRISE   503 AM EDT   SUNSET   814 PM EDT
MAY 30 2017...........SUNRISE   503 AM EDT   SUNSET   815 PM EDT


-  INDICATES NEGATIVE NUMBERS.
R  INDICATES RECORD WAS SET OR TIED.
MM INDICATES DATA IS MISSING.
T  INDICATES TRACE AMOUNT.




$$
