000
CDUS41 KGYX 100907
CLIGYX


CLIMATE REPORT
NATIONAL WEATHER SERVICE GRAY ME
407 AM EST WED FEB 10 2016


...................................

...THE GRAY ME CLIMATE SUMMARY FOR FEBRUARY 9 2016...

CLIMATE NORMAL PERIOD 1981 TO 2010
CLIMATE RECORD PERIOD 1995 TO 2016


WEATHER ITEM   OBSERVED TIME   RECORD YEAR NORMAL DEPARTURE LAST
                VALUE   (LST)  VALUE       VALUE  FROM      YEAR
                                                  NORMAL
..................................................................
TEMPERATURE (F)
 YESTERDAY
  MAXIMUM         24        MM  MM      MM  32     -8       10
  MINIMUM         13        MM  MM      MM  14     -1        5
  AVERAGE         19                        23     -4        8

PRECIPITATION (IN)
  YESTERDAY        0.07         MM      MM   0.10  -0.03     0.24
  MONTH TO DATE    1.82                      0.95   0.87     1.41
  SINCE DEC 1     10.11                      8.54   1.57    11.54
  SINCE JAN 1      5.55                      4.48   1.07     5.34

SNOWFALL (IN)
  YESTERDAY        1.2          MM      MM   0.6    0.6      2.6
  MONTH TO DATE   11.5                       5.1    6.4     17.1
  SINCE DEC 1     32.6                      44.6  -12.0     69.4
  SINCE JUL 1     32.8                      47.7  -14.9     84.4
  SNOW DEPTH       8

DEGREE DAYS
 HEATING
  YESTERDAY       46                        42      4       57
  MONTH TO DATE  298                       385    -87      487
  SINCE DEC 1   2425                      2918   -493     3036
  SINCE JUL 1   3724                      4415   -691     4486

 COOLING
  YESTERDAY        0                         0      0        0
  MONTH TO DATE    0                         0      0        0
  SINCE DEC 1      0                         0      0        0
  SINCE JAN 1      0                         0      0        0
..................................................................







THE GRAY ME CLIMATE NORMALS FOR TODAY
                         NORMAL
 MAXIMUM TEMPERATURE (F)   32
 MINIMUM TEMPERATURE (F)   15


SUNRISE AND SUNSET
FEBRUARY 10 2016......SUNRISE   648 AM EST   SUNSET   503 PM EST
FEBRUARY 11 2016......SUNRISE   646 AM EST   SUNSET   505 PM EST


-  INDICATES NEGATIVE NUMBERS.
R  INDICATES RECORD WAS SET OR TIED.
MM INDICATES DATA IS MISSING.
T  INDICATES TRACE AMOUNT.




$$
