630
CDUS41 KGYX 250906
CLIGYX


CLIMATE REPORT
NATIONAL WEATHER SERVICE GRAY ME
406 AM EST SAT FEB 25 2017


...................................

...THE GRAY ME CLIMATE SUMMARY FOR FEBRUARY 24 2017...

CLIMATE NORMAL PERIOD 1981 TO 2010
CLIMATE RECORD PERIOD 1995 TO 2017


WEATHER ITEM   OBSERVED TIME   RECORD YEAR NORMAL DEPARTURE LAST
                VALUE   (LST)  VALUE       VALUE  FROM      YEAR
                                                  NORMAL
..................................................................
TEMPERATURE (F)
 YESTERDAY
  MAXIMUM         53        MM  56    2000  36     17       32
  MINIMUM         40        MM  MM      MM  18     22       26
  AVERAGE         47                        27     20       29

PRECIPITATION (IN)
  YESTERDAY        0.12         MM      MM   0.14  -0.02     0.92
  MONTH TO DATE    3.40                      2.78   0.62     4.09
  SINCE DEC 1     11.20                     10.37   0.83    12.38
  SINCE JAN 1      6.38                      6.31   0.07     7.82

SNOWFALL (IN)
  YESTERDAY        0.0          MM      MM   0.7   -0.7      0.7
  MONTH TO DATE   44.6                      13.9   30.7     16.0
  SINCE DEC 1     88.5                      53.4   35.1     37.1
  SINCE JUL 1     89.8                      56.5   33.3     37.3
  SNOW DEPTH      17

DEGREE DAYS
 HEATING
  YESTERDAY       18                        38    -20       36
  MONTH TO DATE  928                       981    -53      942
  SINCE DEC 1   3305                      3514   -209     3069
  SINCE JUL 1   4584                      5011   -427     4368

 COOLING
  YESTERDAY        0                         0      0        0
  MONTH TO DATE    0                         0      0        0
  SINCE DEC 1      0                         0      0        0
  SINCE JAN 1      0                         0      0        0
..................................................................







THE GRAY ME CLIMATE NORMALS FOR TODAY
                         NORMAL
 MAXIMUM TEMPERATURE (F)   36
 MINIMUM TEMPERATURE (F)   19


SUNRISE AND SUNSET
FEBRUARY 25 2017......SUNRISE   624 AM EST   SUNSET   525 PM EST
FEBRUARY 26 2017......SUNRISE   622 AM EST   SUNSET   526 PM EST


-  INDICATES NEGATIVE NUMBERS.
R  INDICATES RECORD WAS SET OR TIED.
MM INDICATES DATA IS MISSING.
T  INDICATES TRACE AMOUNT.




$$
