000
CDUS41 KGYX 270802
CLIGYX


CLIMATE REPORT
NATIONAL WEATHER SERVICE GRAY ME
402 AM EDT SAT AUG 27 2016


...................................

...THE GRAY ME CLIMATE SUMMARY FOR AUGUST 26 2016...

CLIMATE NORMAL PERIOD 1981 TO 2010
CLIMATE RECORD PERIOD 1995 TO 2016


WEATHER ITEM   OBSERVED TIME   RECORD YEAR NORMAL DEPARTURE LAST
                VALUE   (LST)  VALUE       VALUE  FROM      YEAR
                                                  NORMAL
..................................................................
TEMPERATURE (F)
 YESTERDAY
  MAXIMUM         86        MM  MM      MM  77      9       78
  MINIMUM         68        MM  MM      MM  58     10       64
  AVERAGE         77                        67     10       71

PRECIPITATION (IN)
  YESTERDAY        0.05         MM      MM   0.13  -0.08     0.01
  MONTH TO DATE    3.20                      2.99   0.21     3.92
  SINCE JUN 1     11.43                     11.59  -0.16    12.32
  SINCE JAN 1     29.06                     30.88  -1.82    25.37

SNOWFALL (IN)
  YESTERDAY        0.0          MM      MM   0.0    0.0      0.0
  MONTH TO DATE    0.0                       0.0    0.0      0.0
  SINCE JUN 1      0.0                       0.0    0.0      0.0
  SINCE JUL 1      0.0                       0.0    0.0      0.0
  SNOW DEPTH       0

DEGREE DAYS
 HEATING
  YESTERDAY        0                         1     -1        0
  MONTH TO DATE    1                        14    -13        3
  SINCE JUN 1     89                       122    -33      173
  SINCE JUL 1     19                        28     -9       16

 COOLING
  YESTERDAY       12                         3      9        6
  MONTH TO DATE  202                       119     83      145
  SINCE JUN 1    481                       334    147      311
  SINCE JAN 1    503                       345    158      351
..................................................................







THE GRAY ME CLIMATE NORMALS FOR TODAY
                         NORMAL
 MAXIMUM TEMPERATURE (F)   77
 MINIMUM TEMPERATURE (F)   57


SUNRISE AND SUNSET
AUGUST 27 2016........SUNRISE   559 AM EDT   SUNSET   725 PM EDT
AUGUST 28 2016........SUNRISE   600 AM EDT   SUNSET   723 PM EDT


-  INDICATES NEGATIVE NUMBERS.
R  INDICATES RECORD WAS SET OR TIED.
MM INDICATES DATA IS MISSING.
T  INDICATES TRACE AMOUNT.




$$
