000
CDUS44 KJAN 220647
CLIHBG


CLIMATE REPORT
NATIONAL WEATHER SERVICE JACKSON MS
1243 AM CST MON JAN 22 2018


...................................

...THE HATTIESBURG CLIMATE SUMMARY FOR JANUARY 21 2018...

CLIMATE NORMAL PERIOD 1981 TO 2010
CLIMATE RECORD PERIOD 1948 TO 2018


WEATHER ITEM   OBSERVED TIME   RECORD YEAR NORMAL DEPARTURE LAST
                VALUE   (LST)  VALUE       VALUE  FROM      YEAR
                                                  NORMAL
..................................................................
TEMPERATURE (F)
 YESTERDAY
  MAXIMUM         75    220 PM  81    2012  60     15       76
  MINIMUM         39    656 AM   4    1985  37      2       60
  AVERAGE         57                        48      9       68

PRECIPITATION (IN)
  YESTERDAY        0.00          6.14 1993   0.19  -0.19     2.26
  MONTH TO DATE    1.75                      3.76  -2.01     8.74
  SINCE DEC 1      6.47                      8.67  -2.20    15.80
  SINCE JAN 1      1.75                      3.76  -2.01     8.74

SNOWFALL (IN)
  YESTERDAY        0.0

DEGREE DAYS
 HEATING
  YESTERDAY        8                        17     -9        0
  MONTH TO DATE  496                       350    146      166
  SINCE DEC 1    982                       807    175      504
  SINCE JUL 1   1287                      1135    152      700

 COOLING
  YESTERDAY        0                         0      0        3
  MONTH TO DATE    0                         0      0       32
  SINCE DEC 1      5                        13     -8       71
  SINCE JAN 1      0                         0      0       32
..................................................................


WIND (MPH)
  HIGHEST WIND SPEED    17   HIGHEST WIND DIRECTION    SE (140)
  HIGHEST GUST SPEED    22   HIGHEST GUST DIRECTION    SE (150)
  AVERAGE WIND SPEED     5.8


SKY COVER
  POSSIBLE SUNSHINE  MM
  AVERAGE SKY COVER 0.0


WEATHER CONDITIONS
 THE FOLLOWING WEATHER WAS RECORDED YESTERDAY.
  NO SIGNIFICANT WEATHER WAS OBSERVED.


RELATIVE HUMIDITY (PERCENT)
 HIGHEST   100          1200 AM
 LOWEST     46           300 PM
 AVERAGE    73

..........................................................


THE HATTIESBURG CLIMATE NORMALS FOR TODAY
                         NORMAL    RECORD    YEAR
 MAXIMUM TEMPERATURE (F)   60        80      1952
 MINIMUM TEMPERATURE (F)   37         5      1985


SUNRISE AND SUNSET
JANUARY 22 2018.......SUNRISE   654 AM CST   SUNSET   523 PM CST
JANUARY 23 2018.......SUNRISE   654 AM CST   SUNSET   524 PM CST


-  INDICATES NEGATIVE NUMBERS.
R  INDICATES RECORD WAS SET OR TIED.
MM INDICATES DATA IS MISSING.
T  INDICATES TRACE AMOUNT.




$$
