000
CDUS44 KJAN 230921
CLIHBG


CLIMATE REPORT
NATIONAL WEATHER SERVICE JACKSON MS
419 AM CDT WED APR 23 2014


...................................

...THE HATTIESBURG CLIMATE SUMMARY FOR APRIL 22 2014...

CLIMATE NORMAL PERIOD 1981 TO 2010
CLIMATE RECORD PERIOD 1948 TO 2014


WEATHER ITEM   OBSERVED TIME   RECORD YEAR NORMAL DEPARTURE LAST
                VALUE   (LST)  VALUE       VALUE  FROM      YEAR
                                                  NORMAL
..................................................................
TEMPERATURE (F)
 YESTERDAY
  MAXIMUM         75    503 PM  93    1987  80     -5       79
  MINIMUM         58   1159 PM  42    1993  54      4       44
  AVERAGE         67                        67      0       62

PRECIPITATION (IN)
  YESTERDAY        0.01          3.95 1977   0.18  -0.17     0.00
  MONTH TO DATE    4.53                      3.85   0.68     6.32
  SINCE MAR 1     10.90                      9.35   1.55     8.47
  SINCE JAN 1     20.80                     20.48   0.32    26.90

SNOWFALL (IN)
  YESTERDAY        0.0

DEGREE DAYS
 HEATING
  YESTERDAY        0                         2     -2        3
  MONTH TO DATE   70                        75     -5       80
  SINCE MAR 1    342                       292     50      429
  SINCE JUL 1   2265                      1970    295     1822

 COOLING
  YESTERDAY        2                         4     -2        0
  MONTH TO DATE   34                        57    -23       64
  SINCE MAR 1     43                        90    -47       73
  SINCE JAN 1     60                       105    -45      101
..................................................................


WIND (MPH)
  HIGHEST WIND SPEED    13   HIGHEST WIND DIRECTION     W (250)
  HIGHEST GUST SPEED    16   HIGHEST GUST DIRECTION     W (250)
  AVERAGE WIND SPEED     3.1


SKY COVER
  POSSIBLE SUNSHINE  MM
  AVERAGE SKY COVER 0.5


WEATHER CONDITIONS
 THE FOLLOWING WEATHER WAS RECORDED YESTERDAY.
  LIGHT RAIN
  FOG
  HAZE


RELATIVE HUMIDITY (PERCENT)
 HIGHEST   100          1000 PM
 LOWEST     73           200 PM
 AVERAGE    87

..........................................................


THE HATTIESBURG CLIMATE NORMALS FOR TODAY
                         NORMAL    RECORD    YEAR
 MAXIMUM TEMPERATURE (F)   80        90      2008
 MINIMUM TEMPERATURE (F)   55        41      1959


SUNRISE AND SUNSET
APRIL 23 2014.........SUNRISE   620 AM CDT   SUNSET   731 PM CDT
APRIL 24 2014.........SUNRISE   619 AM CDT   SUNSET   732 PM CDT


-  INDICATES NEGATIVE NUMBERS.
R  INDICATES RECORD WAS SET OR TIED.
MM INDICATES DATA IS MISSING.
T  INDICATES TRACE AMOUNT.




$$
