000
CDUS44 KJAN 292111
CLIHBG


CLIMATE REPORT
NATIONAL WEATHER SERVICE JACKSON MS
409 PM CDT MON MAY 29 2017


...................................

...THE HATTIESBURG CLIMATE SUMMARY FOR MAY 29 2017...
VALID TODAY AS OF 0400 PM LOCAL TIME.

CLIMATE NORMAL PERIOD 1981 TO 2010
CLIMATE RECORD PERIOD 1948 TO 2017


WEATHER ITEM   OBSERVED TIME   RECORD YEAR NORMAL DEPARTURE LAST
                VALUE   (LST)  VALUE       VALUE  FROM      YEAR
                                                  NORMAL
..................................................................
TEMPERATURE (F)
 TODAY
  MAXIMUM         83    235 PM  98    1951  88     -5       92
  MINIMUM         68    602 AM  53    1961  65      3       64
  AVERAGE         76                        77     -1       78

PRECIPITATION (IN)
  TODAY            0.08          1.80 1952   0.17  -0.09     0.00
  MONTH TO DATE    6.05                      4.65   1.40     2.46
  SINCE MAR 1     18.07                     15.08   2.99    21.78
  SINCE JAN 1     29.67                     26.21   3.46    31.15

SNOWFALL (IN)
  TODAY            0.0

DEGREE DAYS
 HEATING
  TODAY            0                         0      0        0
  MONTH TO DATE   14                         5      9        4
  SINCE MAR 1    190                       305   -115      145
  SINCE JUL 1   1157                      1983   -826     1383

 COOLING
  TODAY           11                        12     -1       13
  MONTH TO DATE  208                       251    -43      225
  SINCE MAR 1    434                       376     58      405
  SINCE JAN 1    503                       391    112      430
..................................................................


WIND (MPH)
  HIGHEST WIND SPEED    20   HIGHEST WIND DIRECTION    NW (310)
  HIGHEST GUST SPEED    24   HIGHEST GUST DIRECTION    NW (320)
  AVERAGE WIND SPEED     5.3


SKY COVER
  POSSIBLE SUNSHINE  MM
  AVERAGE SKY COVER 0.2


WEATHER CONDITIONS
 THE FOLLOWING WEATHER WAS RECORDED TODAY.
  HEAVY RAIN
  FOG


RELATIVE HUMIDITY (PERCENT)
 HIGHEST    93          1200 AM
 LOWEST     58           200 PM
 AVERAGE    76

..........................................................


THE HATTIESBURG CLIMATE NORMALS FOR TOMORROW
                         NORMAL    RECORD    YEAR
 MAXIMUM TEMPERATURE (F)   88       103      1951
 MINIMUM TEMPERATURE (F)   65        49      1971


SUNRISE AND SUNSET
MAY 29 2017...........SUNRISE   554 AM CDT   SUNSET   755 PM CDT
MAY 30 2017...........SUNRISE   554 AM CDT   SUNSET   756 PM CDT


-  INDICATES NEGATIVE NUMBERS.
R  INDICATES RECORD WAS SET OR TIED.
MM INDICATES DATA IS MISSING.
T  INDICATES TRACE AMOUNT.




$$
