000
CDUS44 KJAN 312116
CLIHBG


CLIMATE REPORT
NATIONAL WEATHER SERVICE JACKSON MS
414 PM CDT FRI JUL 31 2015


...................................

...THE HATTIESBURG CLIMATE SUMMARY FOR JULY 31 2015...
VALID TODAY AS OF 0400 PM LOCAL TIME.

CLIMATE NORMAL PERIOD 1981 TO 2010
CLIMATE RECORD PERIOD 1948 TO 2015


WEATHER ITEM   OBSERVED TIME   RECORD YEAR NORMAL DEPARTURE LAST
                VALUE   (LST)  VALUE       VALUE  FROM      YEAR
                                                  NORMAL
..................................................................
TEMPERATURE (F)
 TODAY
  MAXIMUM         94    257 PM 102    1987  93      1       84
  MINIMUM         72    532 AM  64    2014  72      0       64
  AVERAGE         83                        82      1       74

PRECIPITATION (IN)
  TODAY            0.00          2.42 2001   0.15  -0.15      T
  MONTH TO DATE    6.20                      5.39   0.81     2.26
  SINCE JUN 1     10.93                     10.89   0.04     7.20
  SINCE JAN 1     34.75                     37.43  -2.68    35.68

SNOWFALL (IN)
  TODAY            0.0

DEGREE DAYS
 HEATING
  TODAY            0                         0      0        0
  MONTH TO DATE    0                         0      0        0
  SINCE JUN 1      0                         0      0        0
  SINCE JUL 1      0                         0      0        0

 COOLING
  TODAY           18                        17      1        9
  MONTH TO DATE  619                       522     97      479
  SINCE JUN 1   1098                       945    153      946
  SINCE JAN 1   1675                      1360    315     1322
..................................................................


WIND (MPH)
  HIGHEST WIND SPEED    13   HIGHEST WIND DIRECTION    NE (30)
  HIGHEST GUST SPEED    26   HIGHEST GUST DIRECTION     N (340)
  AVERAGE WIND SPEED     5.9


SKY COVER
  POSSIBLE SUNSHINE  MM
  AVERAGE SKY COVER 0.0


WEATHER CONDITIONS
 THE FOLLOWING WEATHER WAS RECORDED TODAY.
  FOG


RELATIVE HUMIDITY (PERCENT)
 HIGHEST    94          1200 AM
 LOWEST     39           300 PM
 AVERAGE    67

..........................................................


THE HATTIESBURG CLIMATE NORMALS FOR TOMORROW
                         NORMAL    RECORD    YEAR
 MAXIMUM TEMPERATURE (F)   93       101      1986
 MINIMUM TEMPERATURE (F)   72        66      1974


SUNRISE AND SUNSET
JULY 31 2015..........SUNRISE   613 AM CDT   SUNSET   753 PM CDT
AUGUST  1 2015........SUNRISE   614 AM CDT   SUNSET   753 PM CDT


-  INDICATES NEGATIVE NUMBERS.
R  INDICATES RECORD WAS SET OR TIED.
MM INDICATES DATA IS MISSING.
T  INDICATES TRACE AMOUNT.




$$
