413
CDUS44 KJAN 260655
CLIHBG


CLIMATE REPORT
NATIONAL WEATHER SERVICE JACKSON MS
154 AM CDT TUE JUL 26 2016


...................................

...THE HATTIESBURG CLIMATE SUMMARY FOR JULY 25 2016...

CLIMATE NORMAL PERIOD 1981 TO 2010
CLIMATE RECORD PERIOD 1948 TO 2016


WEATHER ITEM   OBSERVED TIME   RECORD YEAR NORMAL DEPARTURE LAST
                VALUE   (LST)  VALUE       VALUE  FROM      YEAR
                                                  NORMAL
..................................................................
TEMPERATURE (F)
 YESTERDAY
  MAXIMUM         91    219 PM 100    1962  92     -1       96
                                      1952
  MINIMUM         74    502 AM  66    2009  72      2       75
                                      1951
  AVERAGE         83                        82      1       86

PRECIPITATION (IN)
  YESTERDAY        0.04          3.23 1949   0.15  -0.11     0.16
  MONTH TO DATE    5.73                      4.49   1.24     5.20
  SINCE JUN 1     13.86                      9.99   3.87     9.93
  SINCE JAN 1     45.02                     36.53   8.49    33.75

SNOWFALL (IN)
  YESTERDAY        0.0

DEGREE DAYS
 HEATING
  YESTERDAY        0                         0      0        0
  MONTH TO DATE    0                         0      0        0
  SINCE JUN 1      0                         0      0        0
  SINCE JUL 1      0                         0      0        0

 COOLING
  YESTERDAY       18                        17      1       21
  MONTH TO DATE  466                       420     46      497
  SINCE JUN 1    973                       843    130      976
  SINCE JAN 1   1437                      1258    179     1553
..................................................................


WIND (MPH)
  HIGHEST WIND SPEED    23   HIGHEST WIND DIRECTION    SE (150)
  HIGHEST GUST SPEED    27   HIGHEST GUST DIRECTION    SE (150)
  AVERAGE WIND SPEED     4.3


SKY COVER
  POSSIBLE SUNSHINE  MM
  AVERAGE SKY COVER 0.4


WEATHER CONDITIONS
 THE FOLLOWING WEATHER WAS RECORDED YESTERDAY.
  THUNDERSTORM
  RAIN
  LIGHT RAIN
  FOG


RELATIVE HUMIDITY (PERCENT)
 HIGHEST    94          1200 AM
 LOWEST     59           100 PM
 AVERAGE    77

..........................................................


THE HATTIESBURG CLIMATE NORMALS FOR TODAY
                         NORMAL    RECORD    YEAR
 MAXIMUM TEMPERATURE (F)   92        98      1998
                                             1960
 MINIMUM TEMPERATURE (F)   72        64      2000
                                             1970


SUNRISE AND SUNSET
JULY 26 2016..........SUNRISE   610 AM CDT   SUNSET   756 PM CDT
JULY 27 2016..........SUNRISE   611 AM CDT   SUNSET   756 PM CDT


-  INDICATES NEGATIVE NUMBERS.
R  INDICATES RECORD WAS SET OR TIED.
MM INDICATES DATA IS MISSING.
T  INDICATES TRACE AMOUNT.




$$
