000
CDUS44 KJAN 250711
CLIHBG


CLIMATE REPORT
NATIONAL WEATHER SERVICE JACKSON MS
209 AM CDT SAT OCT 25 2014


...................................

...THE HATTIESBURG CLIMATE SUMMARY FOR OCTOBER 24 2014...

CLIMATE NORMAL PERIOD 1981 TO 2010
CLIMATE RECORD PERIOD 1948 TO 2014


WEATHER ITEM   OBSERVED TIME   RECORD YEAR NORMAL DEPARTURE LAST
                VALUE   (LST)  VALUE       VALUE  FROM      YEAR
                                                  NORMAL
..................................................................
TEMPERATURE (F)
 YESTERDAY
  MAXIMUM         76    339 PM  88    2001  77     -1       79
  MINIMUM         45    638 AM  34    1996  51     -6       42
  AVERAGE         61                        64     -3       61

PRECIPITATION (IN)
  YESTERDAY        0.00          2.24 1951   0.13  -0.13     0.00
  MONTH TO DATE    1.50                      2.97  -1.47     0.71
  SINCE SEP 1      7.15                      7.05   0.10     5.75
  SINCE JAN 1     44.43                     49.21  -4.78    57.92

SNOWFALL (IN)
  YESTERDAY        0.0

DEGREE DAYS
 HEATING
  YESTERDAY        4                         4      0        4
  MONTH TO DATE   31                        44    -13       20
  SINCE SEP 1     31                        46    -15       20
  SINCE JUL 1     31                        46    -15       20

 COOLING
  YESTERDAY        0                         3     -3        0
  MONTH TO DATE  140                       116     24      160
  SINCE SEP 1    565                       472     93      590
  SINCE JAN 1   2444                      2343    101     2369
..................................................................


WIND (MPH)
  HIGHEST WIND SPEED    13   HIGHEST WIND DIRECTION     N (350)
  HIGHEST GUST SPEED    17   HIGHEST GUST DIRECTION    NW (330)
  AVERAGE WIND SPEED     3.0


SKY COVER
  POSSIBLE SUNSHINE  MM
  AVERAGE SKY COVER 0.0


WEATHER CONDITIONS
 THE FOLLOWING WEATHER WAS RECORDED YESTERDAY.
  NO SIGNIFICANT WEATHER WAS OBSERVED.


RELATIVE HUMIDITY (PERCENT)
 HIGHEST   100           200 AM
 LOWEST     33           400 PM
 AVERAGE    67

..........................................................


THE HATTIESBURG CLIMATE NORMALS FOR TODAY
                         NORMAL    RECORD    YEAR
 MAXIMUM TEMPERATURE (F)   77        89      2010
 MINIMUM TEMPERATURE (F)   51        32      1965
                                             1952


SUNRISE AND SUNSET
OCTOBER 25 2014.......SUNRISE   707 AM CDT   SUNSET   615 PM CDT
OCTOBER 26 2014.......SUNRISE   708 AM CDT   SUNSET   614 PM CDT


-  INDICATES NEGATIVE NUMBERS.
R  INDICATES RECORD WAS SET OR TIED.
MM INDICATES DATA IS MISSING.
T  INDICATES TRACE AMOUNT.




$$
