512
CDUS44 KJAN 280817
CLIHBG


CLIMATE REPORT
NATIONAL WEATHER SERVICE JACKSON MS
315 AM CDT SAT MAY 28 2016


...................................

...THE HATTIESBURG CLIMATE SUMMARY FOR MAY 27 2016...

CLIMATE NORMAL PERIOD 1981 TO 2010
CLIMATE RECORD PERIOD 1948 TO 2016


WEATHER ITEM   OBSERVED TIME   RECORD YEAR NORMAL DEPARTURE LAST
                VALUE   (LST)  VALUE       VALUE  FROM      YEAR
                                                  NORMAL
..................................................................
TEMPERATURE (F)
 YESTERDAY
  MAXIMUM         87    148 PM  98    2012  88     -1       85
  MINIMUM         72   1159 PM  45    1961  65      7       69
  AVERAGE         80                        76      4       77

PRECIPITATION (IN)
  YESTERDAY        0.00          1.10 1966   0.16  -0.16     0.88
  MONTH TO DATE    2.46                      4.32  -1.86     5.90
  SINCE MAR 1     21.78                     14.75   7.03    14.98
  SINCE JAN 1     31.15                     25.88   5.27    22.81

SNOWFALL (IN)
  YESTERDAY        0.0

DEGREE DAYS
 HEATING
  YESTERDAY        0                         0      0        0
  MONTH TO DATE    4                         5     -1        1
  SINCE MAR 1    145                       305   -160      131
  SINCE JUL 1   1383                      1983   -600     1912

 COOLING
  YESTERDAY       15                        11      4       12
  MONTH TO DATE  201                       228    -27      249
  SINCE MAR 1    381                       353     28      522
  SINCE JAN 1    406                       368     38      528
..................................................................


WIND (MPH)
  HIGHEST WIND SPEED    21   HIGHEST WIND DIRECTION    SE (140)
  HIGHEST GUST SPEED    26   HIGHEST GUST DIRECTION     S (160)
  AVERAGE WIND SPEED     7.6


SKY COVER
  POSSIBLE SUNSHINE  MM
  AVERAGE SKY COVER 0.0


WEATHER CONDITIONS
 THE FOLLOWING WEATHER WAS RECORDED YESTERDAY.
  NO SIGNIFICANT WEATHER WAS OBSERVED.


RELATIVE HUMIDITY (PERCENT)
 HIGHEST    93           700 AM
 LOWEST     42           200 PM
 AVERAGE    68

..........................................................


THE HATTIESBURG CLIMATE NORMALS FOR TODAY
                         NORMAL    RECORD    YEAR
 MAXIMUM TEMPERATURE (F)   88        98      2012
 MINIMUM TEMPERATURE (F)   65        45      1961


SUNRISE AND SUNSET
MAY 28 2016...........SUNRISE   554 AM CDT   SUNSET   755 PM CDT
MAY 29 2016...........SUNRISE   554 AM CDT   SUNSET   755 PM CDT


-  INDICATES NEGATIVE NUMBERS.
R  INDICATES RECORD WAS SET OR TIED.
MM INDICATES DATA IS MISSING.
T  INDICATES TRACE AMOUNT.




$$
