504
CDUS44 KJAN 020637
CLIHBG


CLIMATE REPORT
NATIONAL WEATHER SERVICE JACKSON MS
134 AM CDT MON MAY 2 2016


...................................

...THE HATTIESBURG CLIMATE SUMMARY FOR MAY 1 2016...

CLIMATE NORMAL PERIOD 1981 TO 2010
CLIMATE RECORD PERIOD 1948 TO 2016


WEATHER ITEM   OBSERVED TIME   RECORD YEAR NORMAL DEPARTURE LAST
                VALUE   (LST)  VALUE       VALUE  FROM      YEAR
                                                  NORMAL
..................................................................
TEMPERATURE (F)
 YESTERDAY
  MAXIMUM         76   1136 AM  91    2002  82     -6       81
  MINIMUM         62    313 AM  40    1988  57      5       50
  AVERAGE         69                        70     -1       66

PRECIPITATION (IN)
  YESTERDAY        0.21          2.08 2013   0.14   0.07     0.00
  MONTH TO DATE    0.21                      0.14   0.07     0.00
  SINCE MAR 1     19.53                     10.57   8.96     9.08
  SINCE JAN 1     28.90                     21.70   7.20    16.91

SNOWFALL (IN)
  YESTERDAY        0.0

DEGREE DAYS
 HEATING
  YESTERDAY        0                         1     -1        0
  MONTH TO DATE    0                         1     -1        0
  SINCE MAR 1    141                       301   -160      130
  SINCE JUL 1   1379                      1979   -600     1911

 COOLING
  YESTERDAY        4                         5     -1        1
  MONTH TO DATE    4                         5     -1        1
  SINCE MAR 1    184                       130     54      274
  SINCE JAN 1    209                       145     64      280
..................................................................


WIND (MPH)
  HIGHEST WIND SPEED    41   HIGHEST WIND DIRECTION    SE (140)
  HIGHEST GUST SPEED    47   HIGHEST GUST DIRECTION    SE (140)
  AVERAGE WIND SPEED     3.7


SKY COVER
  POSSIBLE SUNSHINE  MM
  AVERAGE SKY COVER 0.5


WEATHER CONDITIONS
 THE FOLLOWING WEATHER WAS RECORDED YESTERDAY.
  THUNDERSTORM
  RAIN
  LIGHT RAIN
  FOG


RELATIVE HUMIDITY (PERCENT)
 HIGHEST   100           700 AM
 LOWEST     73           400 PM
 AVERAGE    87

..........................................................


THE HATTIESBURG CLIMATE NORMALS FOR TODAY
                         NORMAL    RECORD    YEAR
 MAXIMUM TEMPERATURE (F)   82        94      2002
 MINIMUM TEMPERATURE (F)   58        45      2005


SUNRISE AND SUNSET
MAY  2 2016...........SUNRISE   611 AM CDT   SUNSET   737 PM CDT
MAY  3 2016...........SUNRISE   610 AM CDT   SUNSET   738 PM CDT


-  INDICATES NEGATIVE NUMBERS.
R  INDICATES RECORD WAS SET OR TIED.
MM INDICATES DATA IS MISSING.
T  INDICATES TRACE AMOUNT.




$$
