150
CDUS44 KJAN 050753
CLIHBG


CLIMATE REPORT
NATIONAL WEATHER SERVICE JACKSON MS
150 AM CST MON DEC 5 2016


...................................

...THE HATTIESBURG CLIMATE SUMMARY FOR DECEMBER 4 2016...

CLIMATE NORMAL PERIOD 1981 TO 2010
CLIMATE RECORD PERIOD 1948 TO 2016


WEATHER ITEM   OBSERVED TIME   RECORD YEAR NORMAL DEPARTURE LAST
                VALUE   (LST)  VALUE       VALUE  FROM      YEAR
                                                  NORMAL
..................................................................
TEMPERATURE (F)
 YESTERDAY
  MAXIMUM         64    129 PM  82    1978  64      0       61
  MINIMUM         50    511 AM  24    1989  41      9       31
                                      1979
  AVERAGE         57                        52      5       46

PRECIPITATION (IN)
  YESTERDAY        0.40          3.89 1953   0.16   0.24     0.00
  MONTH TO DATE    0.42                      0.62  -0.20     0.72
  SINCE DEC 1      0.42                      0.62  -0.20     0.72
  SINCE JAN 1     57.27                     54.88   2.39    52.23

SNOWFALL (IN)
  YESTERDAY        0.0

DEGREE DAYS
 HEATING
  YESTERDAY        8                        13     -5       19
  MONTH TO DATE   50                        51     -1       49
  SINCE DEC 1     50                        51     -1       49
  SINCE JUL 1    246                       379   -133      227

 COOLING
  YESTERDAY        0                         1     -1        0
  MONTH TO DATE    0                         4     -4        3
  SINCE DEC 1      0                         4     -4        3
  SINCE JAN 1   2810                      2394    416     2857
..................................................................


WIND (MPH)
  HIGHEST WIND SPEED    17   HIGHEST WIND DIRECTION    NW (310)
  HIGHEST GUST SPEED    22   HIGHEST GUST DIRECTION    NW (300)
  AVERAGE WIND SPEED     4.6


SKY COVER
  POSSIBLE SUNSHINE  MM
  AVERAGE SKY COVER 0.9


WEATHER CONDITIONS
 THE FOLLOWING WEATHER WAS RECORDED YESTERDAY.
  RAIN
  LIGHT RAIN
  FOG


RELATIVE HUMIDITY (PERCENT)
 HIGHEST   100          1100 PM
 LOWEST     59          1200 AM
 AVERAGE    80

..........................................................


THE HATTIESBURG CLIMATE NORMALS FOR TODAY
                         NORMAL    RECORD    YEAR
 MAXIMUM TEMPERATURE (F)   64        82      2013
 MINIMUM TEMPERATURE (F)   41        22      2006


SUNRISE AND SUNSET
DECEMBER  5 2016......SUNRISE   642 AM CST   SUNSET   454 PM CST
DECEMBER  6 2016......SUNRISE   642 AM CST   SUNSET   454 PM CST


-  INDICATES NEGATIVE NUMBERS.
R  INDICATES RECORD WAS SET OR TIED.
MM INDICATES DATA IS MISSING.
T  INDICATES TRACE AMOUNT.




$$
