000
CDUS44 KJAN 172208
CLIHBG


CLIMATE REPORT
NATIONAL WEATHER SERVICE JACKSON MS
406 PM CST FRI NOV 17 2017


...................................

...THE HATTIESBURG CLIMATE SUMMARY FOR NOVEMBER 17 2017...
VALID TODAY AS OF 0400 PM LOCAL TIME.

CLIMATE NORMAL PERIOD 1981 TO 2010
CLIMATE RECORD PERIOD 1948 TO 2017


WEATHER ITEM   OBSERVED TIME   RECORD YEAR NORMAL DEPARTURE LAST
                VALUE   (LST)  VALUE       VALUE  FROM      YEAR
                                                  NORMAL
..................................................................
TEMPERATURE (F)
 TODAY
  MAXIMUM         77    242 PM  83    1985  70      7       80
                                      1957
  MINIMUM         51    702 AM  26    1970  45      6       41
  AVERAGE         64                        57      7       61

PRECIPITATION (IN)
  TODAY            0.00          3.50 1987   0.15  -0.15     0.00
  MONTH TO DATE    0.44                      2.24  -1.80     0.10
  SINCE SEP 1      5.36                     10.07  -4.71     4.29
  SINCE JAN 1     61.78                     52.23   9.55    55.30

SNOWFALL (IN)
  TODAY            0.0

DEGREE DAYS
 HEATING
  TODAY            1                         9     -8        4
  MONTH TO DATE   71                       114    -43       59
  SINCE SEP 1    155                       189    -34       78
  SINCE JUL 1    155                       189    -34       78

 COOLING
  TODAY            0                         1     -1        0
  MONTH TO DATE   48                        21     27       24
  SINCE SEP 1    597                       512     85      688
  SINCE JAN 1   2542                      2383    159     2802
..................................................................


WIND (MPH)
  HIGHEST WIND SPEED    13   HIGHEST WIND DIRECTION     S (180)
  HIGHEST GUST SPEED    19   HIGHEST GUST DIRECTION     S (170)
  AVERAGE WIND SPEED     3.0


SKY COVER
  POSSIBLE SUNSHINE  MM
  AVERAGE SKY COVER 0.4


WEATHER CONDITIONS
 THE FOLLOWING WEATHER WAS RECORDED TODAY.
  FOG
  FOG W/VISIBILITY <= 1/4 MILE


RELATIVE HUMIDITY (PERCENT)
 HIGHEST   100          1200 AM
 LOWEST     54           200 PM
 AVERAGE    77

..........................................................


THE HATTIESBURG CLIMATE NORMALS FOR TOMORROW
                         NORMAL    RECORD    YEAR
 MAXIMUM TEMPERATURE (F)   69        82      1985
                                             1958
 MINIMUM TEMPERATURE (F)   44        20      1951


SUNRISE AND SUNSET
NOVEMBER 17 2017......SUNRISE   626 AM CST   SUNSET   458 PM CST
NOVEMBER 18 2017......SUNRISE   627 AM CST   SUNSET   457 PM CST


-  INDICATES NEGATIVE NUMBERS.
R  INDICATES RECORD WAS SET OR TIED.
MM INDICATES DATA IS MISSING.
T  INDICATES TRACE AMOUNT.




$$
