000
CDUS41 KLWX 302132
CLIHGR


CLIMATE REPORT
NATIONAL WEATHER SERVICE BALTIMORE MD/WASHINGTON DC
532 PM EDT SUN APR 30 2017


...................................

...THE HAGERSTOWN MD CLIMATE SUMMARY FOR APRIL 30 2017...
VALID TODAY AS OF 0500 PM LOCAL TIME.

CLIMATE NORMAL PERIOD 1981 TO 2010
CLIMATE RECORD PERIOD 9999 TO 9999


WEATHER ITEM   OBSERVED TIME   RECORD YEAR NORMAL DEPARTURE LAST
                VALUE   (LST)  VALUE       VALUE  FROM      YEAR
                                                  NORMAL
..................................................................
TEMPERATURE (F)
 TODAY
  MAXIMUM         83    332 PM  MM      MM  68     15       56
  MINIMUM         63    622 AM  MM      MM  47     16       49
  AVERAGE         73                        57     16       53

PRECIPITATION (IN)
  TODAY            0.00         MM      MM   0.11  -0.11     0.06
  MONTH TO DATE    2.37                      3.56  -1.19     1.92
  SINCE MAR 1      5.20                      6.94  -1.74     3.54
  SINCE JAN 1      9.30                     12.17  -2.87     8.91

DEGREE DAYS
 HEATING
  TODAY            0                         8     -8       12
  MONTH TO DATE  180                       381   -201      356
  SINCE MAR 1    877                      1111   -234      808
  SINCE JUL 1   3884                      5014  -1130     4045

 COOLING
  TODAY            8                         1      7        0
  MONTH TO DATE   57                        14     43       12
  SINCE MAR 1     58                        15     43       16
  SINCE JAN 1     59                        15     44       16
..................................................................


WIND (MPH)
  HIGHEST WIND SPEED    14   HIGHEST WIND DIRECTION    SE (150)
  HIGHEST GUST SPEED    19   HIGHEST GUST DIRECTION     S (160)
  AVERAGE WIND SPEED     7.6


SKY COVER
  POSSIBLE SUNSHINE  MM
  AVERAGE SKY COVER 0.6


WEATHER CONDITIONS
 THE FOLLOWING WEATHER WAS RECORDED TODAY.
  NO SIGNIFICANT WEATHER WAS OBSERVED.


RELATIVE HUMIDITY (PERCENT)
 HIGHEST    84           500 AM
 LOWEST     62           200 PM
 AVERAGE    73

..........................................................


THE HAGERSTOWN MD CLIMATE NORMALS FOR TOMORROW
                         NORMAL    RECORD    YEAR
 MAXIMUM TEMPERATURE (F)   68        MM        MM
 MINIMUM TEMPERATURE (F)   47        MM        MM


SUNRISE AND SUNSET
APRIL 30 2017.........SUNRISE   612 AM EDT   SUNSET   804 PM EDT
MAY  1 2017...........SUNRISE   611 AM EDT   SUNSET   805 PM EDT


-  INDICATES NEGATIVE NUMBERS.
R  INDICATES RECORD WAS SET OR TIED.
MM INDICATES DATA IS MISSING.
T  INDICATES TRACE AMOUNT.




$$
