000
CDUS41 KLWX 040530
CLIHGR


CLIMATE REPORT
NATIONAL WEATHER SERVICE BALTIMORE MD/WASHINGTON DC
129 AM EDT WED MAY 4 2016


...................................

...THE HAGERSTOWN MD CLIMATE SUMMARY FOR MAY 3 2016...

CLIMATE NORMAL PERIOD 1981 TO 2010
CLIMATE RECORD PERIOD 9999 TO 9999


WEATHER ITEM   OBSERVED TIME   RECORD YEAR NORMAL DEPARTURE LAST
                VALUE   (LST)  VALUE       VALUE  FROM      YEAR
                                                  NORMAL
..................................................................
TEMPERATURE (F)
 YESTERDAY
  MAXIMUM         72    227 PM  MM      MM  69      3       79
  MINIMUM         57    734 AM  MM      MM  48      9       50
  AVERAGE         65                        58      7       65

PRECIPITATION (IN)
  YESTERDAY        0.71         MM      MM   0.10   0.61     0.00
  MONTH TO DATE    1.26                      0.31   0.95     0.04
  SINCE MAR 1      4.80                      7.25  -2.45     5.57
  SINCE JAN 1     10.17                     12.48  -2.31     7.85

DEGREE DAYS
 HEATING
  YESTERDAY        0                         8     -8        0
  MONTH TO DATE    9                        24    -15        9
  SINCE MAR 1    817                      1135   -318     1082
  SINCE JUL 1   4054                      5038   -984     5088

 COOLING
  YESTERDAY        0                         1     -1        0
  MONTH TO DATE    4                         3      1        0
  SINCE MAR 1     20                        18      2        2
  SINCE JAN 1     20                        18      2        2
..................................................................


WIND (MPH)
  HIGHEST WIND SPEED    14   HIGHEST WIND DIRECTION     E (80)
  HIGHEST GUST SPEED    26   HIGHEST GUST DIRECTION    NW (330)
  AVERAGE WIND SPEED     6.3


SKY COVER
  POSSIBLE SUNSHINE  MM
  AVERAGE SKY COVER 0.8


WEATHER CONDITIONS
 THE FOLLOWING WEATHER WAS RECORDED YESTERDAY.
  THUNDERSTORM
  HEAVY RAIN
  RAIN
  LIGHT RAIN
  FOG


RELATIVE HUMIDITY (PERCENT)
 HIGHEST    93           600 AM
 LOWEST     53           300 PM
 AVERAGE    73

..........................................................


THE HAGERSTOWN MD CLIMATE NORMALS FOR TODAY
                         NORMAL    RECORD    YEAR
 MAXIMUM TEMPERATURE (F)   69        MM        MM
 MINIMUM TEMPERATURE (F)   48        MM        MM


SUNRISE AND SUNSET
MAY  4 2016...........SUNRISE   607 AM EDT   SUNSET   808 PM EDT
MAY  5 2016...........SUNRISE   606 AM EDT   SUNSET   809 PM EDT


-  INDICATES NEGATIVE NUMBERS.
R  INDICATES RECORD WAS SET OR TIED.
MM INDICATES DATA IS MISSING.
T  INDICATES TRACE AMOUNT.




$$
