000
CDUS41 KLWX 272126
CLIHGR


CLIMATE REPORT
NATIONAL WEATHER SERVICE BALTIMORE MD/WASHINGTON DC
526 PM EDT TUE JUN 27 2017


...................................

...THE HAGERSTOWN MD CLIMATE SUMMARY FOR JUNE 27 2017...
VALID TODAY AS OF 0500 PM LOCAL TIME.

CLIMATE NORMAL PERIOD 1981 TO 2010
CLIMATE RECORD PERIOD 1998 TO 2017


WEATHER ITEM   OBSERVED TIME   RECORD YEAR NORMAL DEPARTURE LAST
                VALUE   (LST)  VALUE       VALUE  FROM      YEAR
                                                  NORMAL
..................................................................
TEMPERATURE (F)
 TODAY
  MAXIMUM         78    339 PM  MM      MM  84     -6       83
  MINIMUM         63    521 AM  MM      MM  64     -1       66
  AVERAGE         71                        74     -3       75

PRECIPITATION (IN)
  TODAY            0.00         MM      MM   0.09  -0.09     0.03
  MONTH TO DATE    2.73                      3.62  -0.89     2.96
  SINCE JUN 1      2.73                      3.62  -0.89     2.96
  SINCE JAN 1     17.35                     19.82  -2.47    16.00

DEGREE DAYS
 HEATING
  TODAY            0                         0      0        0
  MONTH TO DATE    7                        17    -10        3
  SINCE JUN 1      7                        17    -10        3
  SINCE JUL 1   4020                      5184  -1164     4202

 COOLING
  TODAY            6                         9     -3       10
  MONTH TO DATE  260                       179     81      236
  SINCE JUN 1    260                       179     81      236
  SINCE JAN 1    395                       255    140      340
..................................................................


WIND (MPH)
  HIGHEST WIND SPEED    21   HIGHEST WIND DIRECTION    NW (300)
  HIGHEST GUST SPEED    25   HIGHEST GUST DIRECTION     W (290)
  AVERAGE WIND SPEED     7.3


SKY COVER
  POSSIBLE SUNSHINE  MM
  AVERAGE SKY COVER 0.4


WEATHER CONDITIONS
 THE FOLLOWING WEATHER WAS RECORDED TODAY.
  NO SIGNIFICANT WEATHER WAS OBSERVED.


RELATIVE HUMIDITY (PERCENT)
 HIGHEST    72           500 AM
 LOWEST     32           300 PM
 AVERAGE    52

..........................................................


THE HAGERSTOWN MD CLIMATE NORMALS FOR TOMORROW
                         NORMAL    RECORD    YEAR
 MAXIMUM TEMPERATURE (F)   84        MM        MM
 MINIMUM TEMPERATURE (F)   65        MM        MM


SUNRISE AND SUNSET
JUNE 27 2017..........SUNRISE   545 AM EDT   SUNSET   843 PM EDT
JUNE 28 2017..........SUNRISE   545 AM EDT   SUNSET   843 PM EDT


-  INDICATES NEGATIVE NUMBERS.
R  INDICATES RECORD WAS SET OR TIED.
MM INDICATES DATA IS MISSING.
T  INDICATES TRACE AMOUNT.




$$
