000
CDUS41 KLWX 250520
CLIHGR


CLIMATE REPORT
NATIONAL WEATHER SERVICE BALTIMORE MD/WASHINGTON DC
1219 AM EST SUN JAN 25 2015


...................................

...THE HAGERSTOWN MD CLIMATE SUMMARY FOR JANUARY 24 2015...

CLIMATE NORMAL PERIOD 1981 TO 2010
CLIMATE RECORD PERIOD 9999 TO 9999


WEATHER ITEM   OBSERVED TIME   RECORD YEAR NORMAL DEPARTURE LAST
                VALUE   (LST)  VALUE       VALUE  FROM      YEAR
                                                  NORMAL
..................................................................
TEMPERATURE (F)
 YESTERDAY
  MAXIMUM         41    329 PM  MM      MM  38      3       20
  MINIMUM         33   1025 AM  MM      MM  24      9        3
  AVERAGE         37                        31      6       12

PRECIPITATION (IN)
  YESTERDAY        0.26         MM      MM   0.09   0.17     0.00
  MONTH TO DATE    1.70                      2.09  -0.39     1.27
  SINCE DEC 1      4.70                      4.98  -0.28     5.28
  SINCE JAN 1      1.70                      2.09  -0.39     1.27

DEGREE DAYS
 HEATING
  YESTERDAY       28                        34     -6       53
  MONTH TO DATE  838                       821     17      788
  SINCE DEC 1   1661                      1780   -119     1664
  SINCE JUL 1   2614                      2785   -171     2726

 COOLING
  YESTERDAY        0                         0      0        0
  MONTH TO DATE    0                         0      0        0
  SINCE DEC 1      0                         0      0        0
  SINCE JAN 1      0                         0      0        0
..................................................................


WIND (MPH)
  HIGHEST WIND SPEED    23   HIGHEST WIND DIRECTION    NW (310)
  HIGHEST GUST SPEED    29   HIGHEST GUST DIRECTION    NW (310)
  AVERAGE WIND SPEED     9.5


SKY COVER
  POSSIBLE SUNSHINE  MM
  AVERAGE SKY COVER 0.8


WEATHER CONDITIONS
 THE FOLLOWING WEATHER WAS RECORDED YESTERDAY.
  LIGHT RAIN
  LT FREEZING RAIN
  LIGHT SNOW
  FOG
  HAZE


RELATIVE HUMIDITY (PERCENT)
 HIGHEST    89           100 AM
 LOWEST     52           500 PM
 AVERAGE    71

..........................................................


THE HAGERSTOWN MD CLIMATE NORMALS FOR TODAY
                         NORMAL    RECORD    YEAR
 MAXIMUM TEMPERATURE (F)   39        MM        MM
 MINIMUM TEMPERATURE (F)   24        MM        MM


SUNRISE AND SUNSET
JANUARY 25 2015.......SUNRISE   725 AM EST   SUNSET   522 PM EST
JANUARY 26 2015.......SUNRISE   724 AM EST   SUNSET   523 PM EST


-  INDICATES NEGATIVE NUMBERS.
R  INDICATES RECORD WAS SET OR TIED.
MM INDICATES DATA IS MISSING.
T  INDICATES TRACE AMOUNT.




$$
