000
CDUS41 KLWX 050525
CLIHGR


CLIMATE REPORT
NATIONAL WEATHER SERVICE BALTIMORE MD/WASHINGTON DC
125 AM EDT WED AUG 5 2015


...................................

...THE HAGERSTOWN MD CLIMATE SUMMARY FOR AUGUST 4 2015...

CLIMATE NORMAL PERIOD 1981 TO 2010
CLIMATE RECORD PERIOD 9999 TO 9999


WEATHER ITEM   OBSERVED TIME   RECORD YEAR NORMAL DEPARTURE LAST
                VALUE   (LST)  VALUE       VALUE  FROM      YEAR
                                                  NORMAL
..................................................................
TEMPERATURE (F)
 YESTERDAY
  MAXIMUM         90    402 PM  MM      MM  84      6       82
  MINIMUM         64    139 AM  MM      MM  65     -1       62
  AVERAGE         77                        75      2       72

PRECIPITATION (IN)
  YESTERDAY        0.38         MM      MM   0.09   0.29     0.00
  MONTH TO DATE    0.38                      0.37   0.01     0.31
  SINCE JUN 1      7.44                      7.66  -0.22    11.23
  SINCE JAN 1     17.63                     23.86  -6.23    23.71

DEGREE DAYS
 HEATING
  YESTERDAY        0                         0      0        0
  MONTH TO DATE    0                         0      0        0
  SINCE JUN 1     14                        18     -4        2
  SINCE JUL 1      0                         0      0        2

 COOLING
  YESTERDAY       12                        10      2        7
  MONTH TO DATE   53                        40     13       27
  SINCE JUN 1    677                       570    107      557
  SINCE JAN 1    878                       646    232      639
..................................................................


WIND (MPH)
  HIGHEST WIND SPEED    44   HIGHEST WIND DIRECTION     W (290)
  HIGHEST GUST SPEED    55   HIGHEST GUST DIRECTION     W (290)
  AVERAGE WIND SPEED     7.1


SKY COVER
  POSSIBLE SUNSHINE  MM
  AVERAGE SKY COVER 0.2


WEATHER CONDITIONS
 THE FOLLOWING WEATHER WAS RECORDED YESTERDAY.
  THUNDERSTORM
  LIGHT RAIN
  FOG
  HAZE


RELATIVE HUMIDITY (PERCENT)
 HIGHEST    84           400 AM
 LOWEST     29           500 PM
 AVERAGE    57

..........................................................


THE HAGERSTOWN MD CLIMATE NORMALS FOR TODAY
                         NORMAL    RECORD    YEAR
 MAXIMUM TEMPERATURE (F)   84        MM        MM
 MINIMUM TEMPERATURE (F)   65        MM        MM


SUNRISE AND SUNSET
AUGUST  5 2015........SUNRISE   613 AM EDT   SUNSET   820 PM EDT
AUGUST  6 2015........SUNRISE   614 AM EDT   SUNSET   819 PM EDT


-  INDICATES NEGATIVE NUMBERS.
R  INDICATES RECORD WAS SET OR TIED.
MM INDICATES DATA IS MISSING.
T  INDICATES TRACE AMOUNT.




$$
