000
CDUS46 KPQR 200238
CLIHIO


CLIMATE REPORT
NATIONAL WEATHER SERVICE PORTLAND OREGON
737 PM PDT TUE SEP 19 2017


...................................

...THE HILLSBORO OR CLIMATE SUMMARY FOR SEPTEMBER 19 2017...
VALID TODAY AS OF 0700 PM LOCAL TIME.

CLIMATE NORMAL PERIOD 1981 TO 2010
CLIMATE RECORD PERIOD 1929 TO 2017


WEATHER ITEM   OBSERVED TIME   RECORD YEAR NORMAL DEPARTURE LAST
                VALUE   (LST)  VALUE       VALUE  FROM      YEAR
                                                  NORMAL
..................................................................
TEMPERATURE (F)
 TODAY
  MAXIMUM         65    144 PM  95    1952  74     -9       66
  MINIMUM         50    543 AM  33    1947  46      4       44
  AVERAGE         58                        60     -2       55

PRECIPITATION (IN)
  TODAY            0.22                      0.06   0.16     0.00
  MONTH TO DATE    0.66                      0.67  -0.01     0.79
  SINCE OCT 1     48.03                     39.13   8.90    44.20
  SINCE JAN 1     28.35                     22.74   5.61    22.18

DEGREE DAYS
 HEATING
  TODAY            7                                        10
  MONTH TO DATE   37                                        79
  SINCE SEP 1     37                                        79
  SINCE JUL 1     53                                       123

 COOLING
  TODAY            0                                         0
  MONTH TO DATE   95                                         3
  SINCE SEP 1     95                                         3
  SINCE JAN 1    489                                       329
..................................................................


WIND (MPH)
  HIGHEST WIND SPEED    23   HIGHEST WIND DIRECTION    SW (230)
  HIGHEST GUST SPEED    28   HIGHEST GUST DIRECTION    SW (240)
  AVERAGE WIND SPEED    11.0


SKY COVER
  POSSIBLE SUNSHINE  MM
  AVERAGE SKY COVER 0.5


WEATHER CONDITIONS
 THE FOLLOWING WEATHER WAS RECORDED TODAY.
  LIGHT RAIN
  FOG


RELATIVE HUMIDITY (PERCENT)
 HIGHEST    89           200 AM
 LOWEST     56           200 PM
 AVERAGE    73

..........................................................


THE HILLSBORO OR CLIMATE NORMALS FOR TOMORROW
                         NORMAL    RECORD    YEAR
 MAXIMUM TEMPERATURE (F)   73        96      1952
 MINIMUM TEMPERATURE (F)   46        34      1947


SUNRISE AND SUNSET
SEPTEMBER 19 2017.....SUNRISE   656 AM PDT   SUNSET   714 PM PDT
SEPTEMBER 20 2017.....SUNRISE   657 AM PDT   SUNSET   712 PM PDT


-  INDICATES NEGATIVE NUMBERS.
R  INDICATES RECORD WAS SET OR TIED.
MM INDICATES DATA IS MISSING.
T  INDICATES TRACE AMOUNT.




$$
