000
CDUS46 KPQR 211141
CLIHIO


CLIMATE REPORT
NATIONAL WEATHER SERVICE PORTLAND OREGON
440 AM PDT FRI JUL 21 2017


...................................

...THE HILLSBORO OR CLIMATE SUMMARY FOR JULY 20 2017...

CLIMATE NORMAL PERIOD 1981 TO 2010
CLIMATE RECORD PERIOD 1929 TO 2017


WEATHER ITEM   OBSERVED TIME   RECORD YEAR NORMAL DEPARTURE LAST
                VALUE   (LST)  VALUE       VALUE  FROM      YEAR
                                                  NORMAL
..................................................................
TEMPERATURE (F)
 YESTERDAY
  MAXIMUM         74    320 PM 104    1938  81     -7       84
  MINIMUM         52    348 AM  40    1939  52      0       53
  AVERAGE         63                        66     -3       69

PRECIPITATION (IN)
  YESTERDAY        T             0.43 1993   0.01  -0.01
  MONTH TO DATE    T                         0.42  -0.42
  SINCE OCT 1     47.24                     37.70   9.54
  SINCE JAN 1     27.56                     21.31   6.25

SNOWFALL (IN)
  YESTERDAY        0.0
  MONTH TO DATE    0.0
  SINCE JUN 1      0.0
  SINCE JUL 1      0.0
  SNOW DEPTH       0

DEGREE DAYS
 HEATING
  YESTERDAY        2                         1      1
  MONTH TO DATE   12                        43    -31
  SINCE JUL 1     12                        43    -31

 COOLING
  YESTERDAY        0                         3     -3
  MONTH TO DATE   39                        42     -3
  SINCE JAN 1    127                        68     59
..................................................................


WIND (MPH)
  HIGHEST WIND SPEED    13   HIGHEST WIND DIRECTION     W (250)
  HIGHEST GUST SPEED    16   HIGHEST GUST DIRECTION    SW (210)
  AVERAGE WIND SPEED     4.2


SKY COVER
  POSSIBLE SUNSHINE  MM
  AVERAGE SKY COVER 0.6


WEATHER CONDITIONS
 THE FOLLOWING WEATHER WAS RECORDED YESTERDAY.
  LIGHT RAIN
  FOG


RELATIVE HUMIDITY (PERCENT)
 HIGHEST    89           400 AM
 LOWEST     49           200 PM
 AVERAGE    69

..........................................................


THE HILLSBORO OR CLIMATE NORMALS FOR TODAY
                         NORMAL    RECORD    YEAR
 MAXIMUM TEMPERATURE (F)   82       108      2006
 MINIMUM TEMPERATURE (F)   52        41      1932


SUNRISE AND SUNSET
JULY 21 2017..........SUNRISE   544 AM PDT   SUNSET   852 PM PDT
JULY 22 2017..........SUNRISE   545 AM PDT   SUNSET   851 PM PDT


-  INDICATES NEGATIVE NUMBERS.
R  INDICATES RECORD WAS SET OR TIED.
MM INDICATES DATA IS MISSING.
T  INDICATES TRACE AMOUNT.




$$
