000
CDUS46 KPQR 131141
CLIHIO


CLIMATE REPORT
NATIONAL WEATHER SERVICE PORTLAND OREGON
440 AM PDT SUN JUL 13 2014


...................................

...THE HILLSBORO OR CLIMATE SUMMARY FOR JULY 12 2014...

CLIMATE NORMAL PERIOD 1981 TO 2010
CLIMATE RECORD PERIOD 1929 TO 2014


WEATHER ITEM   OBSERVED TIME   RECORD YEAR NORMAL DEPARTURE LAST
                VALUE   (LST)  VALUE       VALUE  FROM      YEAR
                                                  NORMAL
..................................................................
TEMPERATURE (F)
 YESTERDAY
  MAXIMUM         94    505 PM 105    1961  80     14       73
  MINIMUM         59    521 AM  40    1962  51      8       44
  AVERAGE         77                        65     12       59

PRECIPITATION (IN)
  YESTERDAY        0.00          0.16 2011   0.02  -0.02
  MONTH TO DATE    0.00                      0.34  -0.34
  SINCE OCT 1     24.26                     37.62 -13.36
  SINCE JAN 1     19.58                     21.23  -1.65

SNOWFALL (IN)
  YESTERDAY        0.0
  MONTH TO DATE    0.0
  SINCE JUN 1      0.0
  SINCE JUL 1      0.0
  SNOW DEPTH       0

DEGREE DAYS
 HEATING
  YESTERDAY        0                         2     -2
  MONTH TO DATE    0                        29    -29
  SINCE JUL 1      0                        29    -29

 COOLING
  YESTERDAY       12                         2     10
  MONTH TO DATE   74                        21     53
  SINCE JAN 1     86                        47     39
..................................................................


WIND (MPH)
  HIGHEST WIND SPEED    10   HIGHEST WIND DIRECTION    NW (300)
  HIGHEST GUST SPEED    14   HIGHEST GUST DIRECTION     W (290)
  AVERAGE WIND SPEED     3.2


SKY COVER
  POSSIBLE SUNSHINE  MM
  AVERAGE SKY COVER 0.0


WEATHER CONDITIONS
 THE FOLLOWING WEATHER WAS RECORDED YESTERDAY.
  NO SIGNIFICANT WEATHER WAS OBSERVED.


RELATIVE HUMIDITY (PERCENT)
 HIGHEST    90           300 AM
 LOWEST     28           600 PM
 AVERAGE    59

..........................................................


THE HILLSBORO OR CLIMATE NORMALS FOR TODAY
                         NORMAL    RECORD    YEAR
 MAXIMUM TEMPERATURE (F)   80       107      1935
 MINIMUM TEMPERATURE (F)   51        40      1970


SUNRISE AND SUNSET
JULY 13 2014..........SUNRISE   536 AM PDT   SUNSET   859 PM PDT
JULY 14 2014..........SUNRISE   537 AM PDT   SUNSET   858 PM PDT


-  INDICATES NEGATIVE NUMBERS.
R  INDICATES RECORD WAS SET OR TIED.
MM INDICATES DATA IS MISSING.
T  INDICATES TRACE AMOUNT.




$$
