000
CDUS46 KPQR 181143
CLIHIO


CLIMATE REPORT
NATIONAL WEATHER SERVICE PORTLAND OREGON
342 AM PST SUN FEB 18 2018


...................................

...THE HILLSBORO OR CLIMATE SUMMARY FOR FEBRUARY 17 2018...

CLIMATE NORMAL PERIOD 1981 TO 2010
CLIMATE RECORD PERIOD 1929 TO 2018


WEATHER ITEM   OBSERVED TIME   RECORD YEAR NORMAL DEPARTURE LAST
                VALUE   (LST)  VALUE       VALUE  FROM      YEAR
                                                  NORMAL
..................................................................
TEMPERATURE (F)
 YESTERDAY
  MAXIMUM         53    206 PM  64    2015  51      2       58
                                      1948
  MINIMUM         41   1159 PM  15    1936  34      7       43
  AVERAGE         47                        42      5       51

PRECIPITATION (IN)
  YESTERDAY        0.06          1.82 1949   0.13  -0.07
  MONTH TO DATE    0.39                      2.93  -2.54
  SINCE OCT 1     17.86                     25.38  -7.52
  SINCE JAN 1      5.56                      8.99  -3.43

SNOWFALL (IN)
  YESTERDAY       MM
  MONTH TO DATE    0.0
  SINCE DEC 1      0.0
  SINCE JUL 1      0.0
  SNOW DEPTH       0

DEGREE DAYS
 HEATING
  YESTERDAY       18                        23     -5
  MONTH TO DATE  354                       391    -37
  SINCE JUL 1   2901                      3284   -383

 COOLING
  YESTERDAY        0                         0      0
  MONTH TO DATE    0                         0      0
  SINCE JAN 1      0                         0      0
..................................................................


WIND (MPH)
  HIGHEST WIND SPEED    32   HIGHEST WIND DIRECTION    SW (240)
  HIGHEST GUST SPEED    44   HIGHEST GUST DIRECTION    SW (220)
  AVERAGE WIND SPEED    12.8


SKY COVER
  POSSIBLE SUNSHINE  MM
  AVERAGE SKY COVER 0.9


WEATHER CONDITIONS
 THE FOLLOWING WEATHER WAS RECORDED YESTERDAY.
  LIGHT RAIN
  FOG
  HAZE


RELATIVE HUMIDITY (PERCENT)
 HIGHEST    93          1200 AM
 LOWEST     63           300 PM
 AVERAGE    78

..........................................................


THE HILLSBORO OR CLIMATE NORMALS FOR TODAY
                         NORMAL    RECORD    YEAR
 MAXIMUM TEMPERATURE (F)   51        68      1977
 MINIMUM TEMPERATURE (F)   34        21      1936


SUNRISE AND SUNSET
FEBRUARY 18 2018......SUNRISE   709 AM PST   SUNSET   543 PM PST
FEBRUARY 19 2018......SUNRISE   707 AM PST   SUNSET   545 PM PST


-  INDICATES NEGATIVE NUMBERS.
R  INDICATES RECORD WAS SET OR TIED.
MM INDICATES DATA IS MISSING.
T  INDICATES TRACE AMOUNT.




$$
