000
CDUS46 KPQR 291143
CLIHIO


CLIMATE REPORT
NATIONAL WEATHER SERVICE PORTLAND OREGON
442 AM PDT FRI MAY 29 2015


...................................

...THE HILLSBORO OR CLIMATE SUMMARY FOR MAY 28 2015...

CLIMATE NORMAL PERIOD 1981 TO 2010
CLIMATE RECORD PERIOD 1929 TO 2015


WEATHER ITEM   OBSERVED TIME   RECORD YEAR NORMAL DEPARTURE LAST
                VALUE   (LST)  VALUE       VALUE  FROM      YEAR
                                                  NORMAL
..................................................................
TEMPERATURE (F)
 YESTERDAY
  MAXIMUM         85    401 PM 100    1983  70     15       63
  MINIMUM         49    416 AM  34    1979  46      3       45
  AVERAGE         67                        58      9       54

PRECIPITATION (IN)
  YESTERDAY        0.00          0.87 1993   0.06  -0.06
  MONTH TO DATE    0.44                      2.11  -1.67
  SINCE OCT 1     28.94                     35.71  -6.77
  SINCE JAN 1     14.11                     19.32  -5.21

SNOWFALL (IN)
  YESTERDAY        0.0
  MONTH TO DATE    0.0
  SINCE MAR 1      0.0
  SINCE JUL 1      0.0
  SNOW DEPTH       0

DEGREE DAYS
 HEATING
  YESTERDAY        0                         7     -7
  MONTH TO DATE  194                       266    -72
  SINCE JUL 1   3769                      4828  -1059

 COOLING
  YESTERDAY        2                         0      2
  MONTH TO DATE    2                         0      2
  SINCE JAN 1      4                         0      4
..................................................................


WIND (MPH)
  HIGHEST WIND SPEED    13   HIGHEST WIND DIRECTION    NW (300)
  HIGHEST GUST SPEED    16   HIGHEST GUST DIRECTION    NW (310)
  AVERAGE WIND SPEED     2.3


SKY COVER
  POSSIBLE SUNSHINE  MM
  AVERAGE SKY COVER 0.0


WEATHER CONDITIONS
 THE FOLLOWING WEATHER WAS RECORDED YESTERDAY.
  NO SIGNIFICANT WEATHER WAS OBSERVED.


RELATIVE HUMIDITY (PERCENT)
 HIGHEST    96           500 AM
 LOWEST     33           300 PM
 AVERAGE    65

..........................................................


THE HILLSBORO OR CLIMATE NORMALS FOR TODAY
                         NORMAL    RECORD    YEAR
 MAXIMUM TEMPERATURE (F)   70        92      1931
 MINIMUM TEMPERATURE (F)   47        32      1951


SUNRISE AND SUNSET
MAY 29 2015...........SUNRISE   528 AM PDT   SUNSET   851 PM PDT
MAY 30 2015...........SUNRISE   528 AM PDT   SUNSET   852 PM PDT


-  INDICATES NEGATIVE NUMBERS.
R  INDICATES RECORD WAS SET OR TIED.
MM INDICATES DATA IS MISSING.
T  INDICATES TRACE AMOUNT.




$$
