000
CDUS46 KPQR 281154
CLIHIO


CLIMATE REPORT
NATIONAL WEATHER SERVICE PORTLAND OREGON
454 AM PDT WED SEP 28 2016


...................................

...THE HILLSBORO OR CLIMATE SUMMARY FOR SEPTEMBER 27 2016...

CLIMATE NORMAL PERIOD 1981 TO 2010
CLIMATE RECORD PERIOD 1929 TO 2016


WEATHER ITEM   OBSERVED TIME   RECORD YEAR NORMAL DEPARTURE LAST
                VALUE   (LST)  VALUE       VALUE  FROM      YEAR
                                                  NORMAL
..................................................................
TEMPERATURE (F)
 YESTERDAY
  MAXIMUM         75    400 PM  95    2003  71      4       71
  MINIMUM         54   1151 PM  31    1972  44     10       37
  AVERAGE         65                        57      8       54

PRECIPITATION (IN)
  YESTERDAY        0.00          1.36 1940   0.08  -0.08
  MONTH TO DATE    0.93                      1.19  -0.26
  SINCE OCT 1     44.34                     39.65   4.69
  SINCE JAN 1     22.32                     23.26  -0.94

SNOWFALL (IN)
  YESTERDAY        0.0
  MONTH TO DATE    0.0
  SINCE SEP 1      0.0
  SINCE JUL 1      0.0
  SNOW DEPTH       0

DEGREE DAYS
 HEATING
  YESTERDAY        0                         8     -8
  MONTH TO DATE  121                       129     -8
  SINCE JUL 1    165                       236    -71

 COOLING
  YESTERDAY        0                         0      0
  MONTH TO DATE   10                        16     -6
  SINCE JAN 1    336                       194    142
..................................................................


WIND (MPH)
  HIGHEST WIND SPEED    13   HIGHEST WIND DIRECTION    NW (310)
  HIGHEST GUST SPEED    22   HIGHEST GUST DIRECTION    NE (30)
  AVERAGE WIND SPEED     6.7


SKY COVER
  POSSIBLE SUNSHINE  MM
  AVERAGE SKY COVER 0.4


WEATHER CONDITIONS
 THE FOLLOWING WEATHER WAS RECORDED YESTERDAY.
  NO SIGNIFICANT WEATHER WAS OBSERVED.


RELATIVE HUMIDITY (PERCENT)
 HIGHEST    93           500 AM
 LOWEST     43           300 PM
 AVERAGE    68

..........................................................


THE HILLSBORO OR CLIMATE NORMALS FOR TODAY
                         NORMAL    RECORD    YEAR
 MAXIMUM TEMPERATURE (F)   70        88      1949
 MINIMUM TEMPERATURE (F)   44        34      1945


SUNRISE AND SUNSET
SEPTEMBER 28 2016.....SUNRISE   707 AM PDT   SUNSET   657 PM PDT
SEPTEMBER 29 2016.....SUNRISE   708 AM PDT   SUNSET   655 PM PDT


-  INDICATES NEGATIVE NUMBERS.
R  INDICATES RECORD WAS SET OR TIED.
MM INDICATES DATA IS MISSING.
T  INDICATES TRACE AMOUNT.




$$
