000
CDUS46 KPQR 221141
CLIHIO


CLIMATE REPORT
NATIONAL WEATHER SERVICE PORTLAND OREGON
441 AM PDT TUE JUL 22 2014


...................................

...THE HILLSBORO OR CLIMATE SUMMARY FOR JULY 21 2014...

CLIMATE NORMAL PERIOD 1981 TO 2010
CLIMATE RECORD PERIOD 1929 TO 2014


WEATHER ITEM   OBSERVED TIME   RECORD YEAR NORMAL DEPARTURE LAST
                VALUE   (LST)  VALUE       VALUE  FROM      YEAR
                                                  NORMAL
..................................................................
TEMPERATURE (F)
 YESTERDAY
  MAXIMUM         79    622 PM 108    2006  82     -3       83
  MINIMUM         49    519 AM  41    1932  52     -3       47
  AVERAGE         64                        66     -2       65

PRECIPITATION (IN)
  YESTERDAY        0.00          0.44 1940   0.01  -0.01
  MONTH TO DATE    0.04                      0.43  -0.39
  SINCE OCT 1     24.30                     37.71 -13.41
  SINCE JAN 1     19.62                     21.32  -1.70

SNOWFALL (IN)
  YESTERDAY        0.0
  MONTH TO DATE    0.0
  SINCE JUN 1      0.0
  SINCE JUL 1      0.0
  SNOW DEPTH       0

DEGREE DAYS
 HEATING
  YESTERDAY        1                         1      0
  MONTH TO DATE    1                        44    -43
  SINCE JUL 1      1                        44    -43

 COOLING
  YESTERDAY        0                         3     -3
  MONTH TO DATE  121                        45     76
  SINCE JAN 1    133                        71     62
..................................................................


WIND (MPH)
  HIGHEST WIND SPEED    10   HIGHEST WIND DIRECTION    SE (150)
  HIGHEST GUST SPEED    13   HIGHEST GUST DIRECTION    SE (150)
  AVERAGE WIND SPEED     3.2


SKY COVER
  POSSIBLE SUNSHINE  MM
  AVERAGE SKY COVER 0.2


WEATHER CONDITIONS
 THE FOLLOWING WEATHER WAS RECORDED YESTERDAY.
  NO SIGNIFICANT WEATHER WAS OBSERVED.


RELATIVE HUMIDITY (PERCENT)
 HIGHEST    89           400 AM
 LOWEST     30           400 PM
 AVERAGE    60

..........................................................


THE HILLSBORO OR CLIMATE NORMALS FOR TODAY
                         NORMAL    RECORD    YEAR
 MAXIMUM TEMPERATURE (F)   82       103      1938
                                             1994
 MINIMUM TEMPERATURE (F)   52        40      1933


SUNRISE AND SUNSET
JULY 22 2014..........SUNRISE   545 AM PDT   SUNSET   851 PM PDT
JULY 23 2014..........SUNRISE   546 AM PDT   SUNSET   850 PM PDT


-  INDICATES NEGATIVE NUMBERS.
R  INDICATES RECORD WAS SET OR TIED.
MM INDICATES DATA IS MISSING.
T  INDICATES TRACE AMOUNT.




$$
