000
CDUS46 KPQR 191142
CLIHIO


CLIMATE REPORT
NATIONAL WEATHER SERVICE PORTLAND OREGON
341 AM PST THU JAN 19 2017


...................................

...THE HILLSBORO OR CLIMATE SUMMARY FOR JANUARY 18 2017...

CLIMATE NORMAL PERIOD 1981 TO 2010
CLIMATE RECORD PERIOD 1929 TO 2017


WEATHER ITEM   OBSERVED TIME   RECORD YEAR NORMAL DEPARTURE LAST
                VALUE   (LST)  VALUE       VALUE  FROM      YEAR
                                                  NORMAL
..................................................................
TEMPERATURE (F)
 YESTERDAY
  MAXIMUM         54   1150 AM  64    2005  47      7       MM
  MINIMUM         39   1243 AM   5    1943  34      5       MM
  AVERAGE         47                        40      7       MM

PRECIPITATION (IN)
  YESTERDAY        1.09          1.48 1997   0.19   0.90
  MONTH TO DATE    3.48                      3.84  -0.36
  SINCE OCT 1     23.16                     20.23   2.93
  SINCE JAN 1      3.48                      3.84  -0.36

SNOWFALL (IN)
  YESTERDAY       MM
  MONTH TO DATE    0.0
  SINCE DEC 1      0.0
  SINCE JUL 1      0.0
  SNOW DEPTH       0

DEGREE DAYS
 HEATING
  YESTERDAY       18                        25     -7
  MONTH TO DATE  660                       462    198
  SINCE JUL 1   2558                      2583    -25

 COOLING
  YESTERDAY        0                         0      0
  MONTH TO DATE    0                         0      0
  SINCE JAN 1      0                         0      0
..................................................................


WIND (MPH)
  HIGHEST WIND SPEED    30   HIGHEST WIND DIRECTION     S (180)
  HIGHEST GUST SPEED    39   HIGHEST GUST DIRECTION     S (170)
  AVERAGE WIND SPEED    10.7


SKY COVER
  POSSIBLE SUNSHINE  MM
  AVERAGE SKY COVER 1.0


WEATHER CONDITIONS
 THE FOLLOWING WEATHER WAS RECORDED YESTERDAY.
  RAIN
  LIGHT RAIN
  FOG


RELATIVE HUMIDITY (PERCENT)
 HIGHEST   100           300 PM
 LOWEST     86           900 PM
 AVERAGE    93

..........................................................


THE HILLSBORO OR CLIMATE NORMALS FOR TODAY
                         NORMAL    RECORD    YEAR
 MAXIMUM TEMPERATURE (F)   47        60      2005
 MINIMUM TEMPERATURE (F)   34        15      1935


SUNRISE AND SUNSET
JANUARY 19 2017.......SUNRISE   745 AM PST   SUNSET   501 PM PST
JANUARY 20 2017.......SUNRISE   744 AM PST   SUNSET   502 PM PST


-  INDICATES NEGATIVE NUMBERS.
R  INDICATES RECORD WAS SET OR TIED.
MM INDICATES DATA IS MISSING.
T  INDICATES TRACE AMOUNT.




$$
