000
CDUS46 KPQR 191143
CLIHIO


CLIMATE REPORT
NATIONAL WEATHER SERVICE PORTLAND OREGON
442 AM PDT FRI SEP 19 2014


...................................

...THE HILLSBORO OR CLIMATE SUMMARY FOR SEPTEMBER 18 2014...

CLIMATE NORMAL PERIOD 1981 TO 2010
CLIMATE RECORD PERIOD 1929 TO 2014


WEATHER ITEM   OBSERVED TIME   RECORD YEAR NORMAL DEPARTURE LAST
                VALUE   (LST)  VALUE       VALUE  FROM      YEAR
                                                  NORMAL
..................................................................
TEMPERATURE (F)
 YESTERDAY
  MAXIMUM         73    247 PM  92    1952  74     -1       72
  MINIMUM         57   1153 PM  30    1965  46     11       45
  AVERAGE         65                        60      5       59

PRECIPITATION (IN)
  YESTERDAY        0.01          1.12 1968   0.05  -0.04
  MONTH TO DATE    0.01                      0.61  -0.60
  SINCE OCT 1     24.93                     39.07 -14.14
  SINCE JAN 1     20.25                     22.68  -2.43

SNOWFALL (IN)
  YESTERDAY        0.0
  MONTH TO DATE    0.0
  SINCE SEP 1      0.0
  SINCE JUL 1      0.0
  SNOW DEPTH       0

DEGREE DAYS
 HEATING
  YESTERDAY        0                         5     -5
  MONTH TO DATE   14                        68    -54
  SINCE JUL 1     23                       175   -152

 COOLING
  YESTERDAY        0                         0      0
  MONTH TO DATE   28                        16     12
  SINCE JAN 1    378                       194    184
..................................................................


WIND (MPH)
  HIGHEST WIND SPEED     8   HIGHEST WIND DIRECTION     S (200)
  HIGHEST GUST SPEED    11   HIGHEST GUST DIRECTION     S (180)
  AVERAGE WIND SPEED     2.5


SKY COVER
  POSSIBLE SUNSHINE  MM
  AVERAGE SKY COVER 0.9


WEATHER CONDITIONS
 THE FOLLOWING WEATHER WAS RECORDED YESTERDAY.
  LIGHT RAIN
  HAZE


RELATIVE HUMIDITY (PERCENT)
 HIGHEST   100           800 AM
 LOWEST     57           300 PM
 AVERAGE    79

..........................................................


THE HILLSBORO OR CLIMATE NORMALS FOR TODAY
                         NORMAL    RECORD    YEAR
 MAXIMUM TEMPERATURE (F)   74        95      1952
 MINIMUM TEMPERATURE (F)   46        33      1947


SUNRISE AND SUNSET
SEPTEMBER 19 2014.....SUNRISE   655 AM PDT   SUNSET   715 PM PDT
SEPTEMBER 20 2014.....SUNRISE   656 AM PDT   SUNSET   713 PM PDT


-  INDICATES NEGATIVE NUMBERS.
R  INDICATES RECORD WAS SET OR TIED.
MM INDICATES DATA IS MISSING.
T  INDICATES TRACE AMOUNT.




$$
