000
CDUS46 KHNX 170821
CLIHJO


CLIMATE REPORT
NATIONAL WEATHER SERVICE SAN JOAQUIN VALLEY, CA
1221 AM PST WED DEC 17 2014


...................................

...THE HANFORD CA CLIMATE SUMMARY FOR DECEMBER 16 2014...

CLIMATE NORMAL PERIOD 1981 TO 2010
CLIMATE RECORD PERIOD 1998 TO 2014


WEATHER ITEM   OBSERVED TIME   RECORD YEAR NORMAL DEPARTURE
                VALUE   (LST)  VALUE       VALUE  FROM
                                                  NORMAL
...............................................................
TEMPERATURE (F)
 YESTERDAY
  MAXIMUM         59    403 PM  63    2013  54      5
  MINIMUM         42    756 AM  25    2007  34      8
  AVERAGE         51                        44      7

PRECIPITATION (IN)
  YESTERDAY        0.13          0.42 2002   0.05   0.08
  MONTH TO DATE    2.19                      0.49   1.70
  SINCE JUL 1      3.00                      2.20   0.80
  SINCE JAN 1      5.43                      8.96  -3.53

SNOWFALL (IN)
  YESTERDAY       MM
  MONTH TO DATE    0.0
  SINCE DEC 1      0.0
  SINCE JUL 1      0.0
  SNOW DEPTH       0

DEGREE DAYS
 HEATING
  YESTERDAY       14
  MONTH TO DATE  177
  SINCE DEC 1    177
  SINCE JUL 1    488

 COOLING
  YESTERDAY        0
  MONTH TO DATE    0
  SINCE DEC 1      0
  SINCE JAN 1   2274
...............................................................


WIND (MPH)
  HIGHEST WIND SPEED    10   HIGHEST WIND DIRECTION     S (170)
  HIGHEST GUST SPEED    11   HIGHEST GUST DIRECTION     S (180)
  AVERAGE WIND SPEED     4.4




RELATIVE HUMIDITY (PERCENT)
 HIGHEST   100
 LOWEST     72
 AVERAGE    86

..........................................................


THE HANFORD CA CLIMATE NORMALS FOR TODAY
                         NORMAL    RECORD    YEAR
 MAXIMUM TEMPERATURE (F)   54        65      2012
                                             1998
 MINIMUM TEMPERATURE (F)   34        28      2011


SUNRISE AND SUNSET
DECEMBER 17 2014......SUNRISE   704 AM PST   SUNSET   445 PM PST
DECEMBER 18 2014......SUNRISE   705 AM PST   SUNSET   446 PM PST


-  INDICATES NEGATIVE NUMBERS.
R  INDICATES RECORD WAS SET OR TIED.
MM INDICATES DATA IS MISSING.
T  INDICATES TRACE AMOUNT.




$$
