000
CDUS46 KHNX 220821
CLIHJO


CLIMATE REPORT
NATIONAL WEATHER SERVICE SAN JOAQUIN VALLEY, CA
120 AM PDT MON SEP 22 2014


...................................

...THE HANFORD CA CLIMATE SUMMARY FOR SEPTEMBER 21 2014...

CLIMATE NORMAL PERIOD 1981 TO 2010
CLIMATE RECORD PERIOD 1998 TO 2014


WEATHER ITEM   OBSERVED TIME   RECORD YEAR NORMAL DEPARTURE
                VALUE   (LST)  VALUE       VALUE  FROM
                                                  NORMAL
...............................................................
TEMPERATURE (F)
 YESTERDAY
  MAXIMUM         89    430 PM 100    2003  89      0
  MINIMUM         62    506 AM  42    2004  55      7
  AVERAGE         76                        72      4

PRECIPITATION (IN)
  YESTERDAY        0.00          0.08 2007   0.00   0.00
  MONTH TO DATE    T                         0.10  -0.10
  SINCE JUL 1      T                         0.14  -0.14
  SINCE JAN 1      2.43                      6.90  -4.47

SNOWFALL (IN)
  YESTERDAY        0.0
  MONTH TO DATE    0.0
  SINCE SEP 1      0.0
  SINCE JUL 1      0.0
  SNOW DEPTH       0

DEGREE DAYS
 HEATING
  YESTERDAY        0
  MONTH TO DATE    0
  SINCE SEP 1      0
  SINCE JUL 1      0

 COOLING
  YESTERDAY       11
  MONTH TO DATE  320
  SINCE SEP 1    320
  SINCE JAN 1   2077
...............................................................


WIND (MPH)
  HIGHEST WIND SPEED    14   HIGHEST WIND DIRECTION    NW (310)
  HIGHEST GUST SPEED    17   HIGHEST GUST DIRECTION    NW (320)
  AVERAGE WIND SPEED     7.5




RELATIVE HUMIDITY (PERCENT)
 HIGHEST    78
 LOWEST     27
 AVERAGE    53

..........................................................


THE HANFORD CA CLIMATE NORMALS FOR TODAY
                         NORMAL    RECORD    YEAR
 MAXIMUM TEMPERATURE (F)   89       101      2003
 MINIMUM TEMPERATURE (F)   55        43      2004


SUNRISE AND SUNSET
SEPTEMBER 22 2014.....SUNRISE   646 AM PDT   SUNSET   655 PM PDT
SEPTEMBER 23 2014.....SUNRISE   647 AM PDT   SUNSET   654 PM PDT


-  INDICATES NEGATIVE NUMBERS.
R  INDICATES RECORD WAS SET OR TIED.
MM INDICATES DATA IS MISSING.
T  INDICATES TRACE AMOUNT.




$$
