000
CDUS46 KHNX 280830
CLIHJO


CLIMATE REPORT
NATIONAL WEATHER SERVICE SAN JOAQUIN VALLEY, CA
1229 AM PST FRI NOV 28 2014


...................................

...THE HANFORD CA CLIMATE SUMMARY FOR NOVEMBER 27 2014...

CLIMATE NORMAL PERIOD 1981 TO 2010
CLIMATE RECORD PERIOD 1998 TO 2014


WEATHER ITEM   OBSERVED TIME   RECORD YEAR NORMAL DEPARTURE
                VALUE   (LST)  VALUE       VALUE  FROM
                                                  NORMAL
...............................................................
TEMPERATURE (F)
 YESTERDAY
  MAXIMUM         70    341 PM  71    2013  60     10
  MINIMUM         37    713 AM  24    2005  36      1
  AVERAGE         54                        48      6

PRECIPITATION (IN)
  YESTERDAY        0.00          0.16 2010   0.02  -0.02
  MONTH TO DATE    0.22                      0.94  -0.72
  SINCE JUL 1      0.81                      1.65  -0.84
  SINCE JAN 1      3.24                      8.41  -5.17

SNOWFALL (IN)
  YESTERDAY        0.0
  MONTH TO DATE    0.0
  SINCE SEP 1      0.0
  SINCE JUL 1      0.0
  SNOW DEPTH       0

DEGREE DAYS
 HEATING
  YESTERDAY       11
  MONTH TO DATE  255
  SINCE SEP 1    280
  SINCE JUL 1    280

 COOLING
  YESTERDAY        0
  MONTH TO DATE    0
  SINCE SEP 1    517
  SINCE JAN 1   2274
...............................................................


WIND (MPH)
  HIGHEST WIND SPEED     6   HIGHEST WIND DIRECTION    NW (300)
  HIGHEST GUST SPEED     8   HIGHEST GUST DIRECTION    NW (300)
  AVERAGE WIND SPEED     1.0




RELATIVE HUMIDITY (PERCENT)
 HIGHEST   100
 LOWEST     44
 AVERAGE    72

..........................................................


THE HANFORD CA CLIMATE NORMALS FOR TODAY
                         NORMAL    RECORD    YEAR
 MAXIMUM TEMPERATURE (F)   59        70      1999
 MINIMUM TEMPERATURE (F)   36        28      2005


SUNRISE AND SUNSET
NOVEMBER 28 2014......SUNRISE   649 AM PST   SUNSET   444 PM PST
NOVEMBER 29 2014......SUNRISE   650 AM PST   SUNSET   444 PM PST


-  INDICATES NEGATIVE NUMBERS.
R  INDICATES RECORD WAS SET OR TIED.
MM INDICATES DATA IS MISSING.
T  INDICATES TRACE AMOUNT.




$$
