000
CDUS46 KHNX 190825
CLIHJO


CLIMATE REPORT
NATIONAL WEATHER SERVICE SAN JOAQUIN VALLEY, CA
1223 AM PST SUN FEB 19 2017


...................................

...THE HANFORD CA CLIMATE SUMMARY FOR FEBRUARY 18 2017...

CLIMATE NORMAL PERIOD 1981 TO 2010
CLIMATE RECORD PERIOD 1998 TO 2017


WEATHER ITEM   OBSERVED TIME   RECORD YEAR NORMAL DEPARTURE
                VALUE   (LST)  VALUE       VALUE  FROM
                                                  NORMAL
...............................................................
TEMPERATURE (F)
 YESTERDAY
  MAXIMUM         65    457 PM  69    2008  63      2
  MINIMUM         48    703 AM  32    2013  40      8
                                      2006
  AVERAGE         57                        51      6

PRECIPITATION (IN)
  YESTERDAY        0.01          0.54 2004   0.07  -0.06
  MONTH TO DATE    2.41                      1.05   1.36
  SINCE OCT 1      8.65                      6.22   2.43
  SINCE JAN 1      5.78                      3.09   2.69

SNOWFALL (IN)
  YESTERDAY       MM
  MONTH TO DATE    0.0
  SINCE DEC 1      0.0
  SINCE JUL 1      0.0
  SNOW DEPTH       0

DEGREE DAYS
 HEATING
  YESTERDAY        8
  MONTH TO DATE  164
  SINCE DEC 1   1262
  SINCE JUL 1   1568

 COOLING
  YESTERDAY        0
  MONTH TO DATE    0
  SINCE DEC 1      0
  SINCE JAN 1      0
...............................................................


WIND (MPH)
  HIGHEST WIND SPEED    18   HIGHEST WIND DIRECTION    NW (320)
  HIGHEST GUST SPEED    22   HIGHEST GUST DIRECTION    NW (330)
  AVERAGE WIND SPEED     6.3




RELATIVE HUMIDITY (PERCENT)
 HIGHEST   100
 LOWEST     56
 AVERAGE    78

..........................................................


THE HANFORD CA CLIMATE NORMALS FOR TODAY
                         NORMAL    RECORD    YEAR
 MAXIMUM TEMPERATURE (F)   63        72      2015
 MINIMUM TEMPERATURE (F)   40        33      2009


SUNRISE AND SUNSET
FEBRUARY 19 2017......SUNRISE   641 AM PST   SUNSET   544 PM PST
FEBRUARY 20 2017......SUNRISE   640 AM PST   SUNSET   545 PM PST


-  INDICATES NEGATIVE NUMBERS.
R  INDICATES RECORD WAS SET OR TIED.
MM INDICATES DATA IS MISSING.
T  INDICATES TRACE AMOUNT.




$$
