000
CDUS46 KHNX 230822
CLIHJO


CLIMATE REPORT
NATIONAL WEATHER SERVICE SAN JOAQUIN VALLEY, CA
122 AM PDT TUE MAY 23 2017


...................................

...THE HANFORD CA CLIMATE SUMMARY FOR MAY 22 2017...

CLIMATE NORMAL PERIOD 1981 TO 2010
CLIMATE RECORD PERIOD 1998 TO 2017


WEATHER ITEM   OBSERVED TIME   RECORD YEAR NORMAL DEPARTURE
                VALUE   (LST)  VALUE       VALUE  FROM
                                                  NORMAL
...............................................................
TEMPERATURE (F)
 YESTERDAY
  MAXIMUM         99        MM 102    2001  86     13
  MINIMUM         60        MM  47    2010  55      5
  AVERAGE         80                        70     10

PRECIPITATION (IN)
  YESTERDAY        0.00          0.02 2006   0.01  -0.01
  MONTH TO DATE    0.39                      0.33   0.06
  SINCE OCT 1     11.04                      9.65   1.39
  SINCE JAN 1      8.17                      6.52   1.65

SNOWFALL (IN)
  YESTERDAY        0.0
  MONTH TO DATE    0.0
  SINCE MAR 1      0.0
  SINCE JUL 1      0.0
  SNOW DEPTH       0

DEGREE DAYS
 HEATING
  YESTERDAY        0
  MONTH TO DATE   24
  SINCE MAR 1    377
  SINCE JUL 1   2104

 COOLING
  YESTERDAY       15
  MONTH TO DATE  114
  SINCE MAR 1    129
  SINCE JAN 1    129
...............................................................


WIND (MPH)
  HIGHEST WIND SPEED     9   HIGHEST WIND DIRECTION    NW (300)
  HIGHEST GUST SPEED    MM   HIGHEST GUST DIRECTION    MM
  AVERAGE WIND SPEED     5.0




RELATIVE HUMIDITY (PERCENT)
 HIGHEST    78
 LOWEST     18
 AVERAGE    48

..........................................................


THE HANFORD CA CLIMATE NORMALS FOR TODAY
                         NORMAL    RECORD    YEAR
 MAXIMUM TEMPERATURE (F)   86       101      2000
 MINIMUM TEMPERATURE (F)   55        44      2010


SUNRISE AND SUNSET
MAY 23 2017...........SUNRISE   546 AM PDT   SUNSET   805 PM PDT
MAY 24 2017...........SUNRISE   546 AM PDT   SUNSET   805 PM PDT


-  INDICATES NEGATIVE NUMBERS.
R  INDICATES RECORD WAS SET OR TIED.
MM INDICATES DATA IS MISSING.
T  INDICATES TRACE AMOUNT.




$$
