000
CDUS46 KHNX 290822
CLIHJO


CLIMATE REPORT
NATIONAL WEATHER SERVICE SAN JOAQUIN VALLEY, CA
121 AM PDT FRI MAY 29 2015


...................................

...THE HANFORD CA CLIMATE SUMMARY FOR MAY 28 2015...

CLIMATE NORMAL PERIOD 1981 TO 2010
CLIMATE RECORD PERIOD 1998 TO 2015


WEATHER ITEM   OBSERVED TIME   RECORD YEAR NORMAL DEPARTURE
                VALUE   (LST)  VALUE       VALUE  FROM
                                                  NORMAL
...............................................................
TEMPERATURE (F)
 YESTERDAY
  MAXIMUM         92    339 PM 104    2003  87      5
  MINIMUM         58    440 AM  45    2006  56      2
  AVERAGE         75                        71      4

PRECIPITATION (IN)
  YESTERDAY        0.00          0.06 1998   0.01  -0.01
  MONTH TO DATE    0.07                      0.39  -0.32
  SINCE OCT 1      5.04                      9.71  -4.67
  SINCE JAN 1      1.92                      6.58  -4.66

SNOWFALL (IN)
  YESTERDAY        0.0
  MONTH TO DATE    0.0
  SINCE MAR 1      0.0
  SINCE JUL 1      0.0
  SNOW DEPTH       0

DEGREE DAYS
 HEATING
  YESTERDAY        0
  MONTH TO DATE   19
  SINCE MAR 1    169
  SINCE JUL 1   1711

 COOLING
  YESTERDAY       10
  MONTH TO DATE  109
  SINCE MAR 1    262
  SINCE JAN 1    262
...............................................................


WIND (MPH)
  HIGHEST WIND SPEED    13   HIGHEST WIND DIRECTION    NW (300)
  HIGHEST GUST SPEED    17   HIGHEST GUST DIRECTION    NW (320)
  AVERAGE WIND SPEED     7.0




RELATIVE HUMIDITY (PERCENT)
 HIGHEST    72
 LOWEST     17
 AVERAGE    45

..........................................................


THE HANFORD CA CLIMATE NORMALS FOR TODAY
                         NORMAL    RECORD    YEAR
 MAXIMUM TEMPERATURE (F)   87       103      2003
 MINIMUM TEMPERATURE (F)   56        46      1998


SUNRISE AND SUNSET
MAY 29 2015...........SUNRISE   544 AM PDT   SUNSET   809 PM PDT
MAY 30 2015...........SUNRISE   543 AM PDT   SUNSET   809 PM PDT


-  INDICATES NEGATIVE NUMBERS.
R  INDICATES RECORD WAS SET OR TIED.
MM INDICATES DATA IS MISSING.
T  INDICATES TRACE AMOUNT.




$$
