000
CDUS46 KHNX 110826
CLIHJO


CLIMATE REPORT
NATIONAL WEATHER SERVICE SAN JOAQUIN VALLEY, CA
125 AM PDT FRI JUL 11 2014


...................................

...THE HANFORD CA CLIMATE SUMMARY FOR JULY 10 2014...

CLIMATE NORMAL PERIOD 1981 TO 2010
CLIMATE RECORD PERIOD 1998 TO 2014


WEATHER ITEM   OBSERVED TIME   RECORD YEAR NORMAL DEPARTURE
                VALUE   (LST)  VALUE       VALUE  FROM
                                                  NORMAL
...............................................................
TEMPERATURE (F)
 YESTERDAY
  MAXIMUM         99    453 PM 110    2008  95      4
  MINIMUM         68    552 AM  58    2011  63      5
  AVERAGE         84                        79      5

PRECIPITATION (IN)
  YESTERDAY        0.00          T    2007   0.00   0.00
                                      2007
                                      2013
  MONTH TO DATE    0.00                      0.01  -0.01
  SINCE JUL 1      0.00                      0.01  -0.01
  SINCE JAN 1      2.43                      6.77  -4.34

SNOWFALL (IN)
  YESTERDAY        0.0
  MONTH TO DATE    0.0
  SINCE JUN 1      0.0
  SINCE JUL 1      0.0
  SNOW DEPTH       0

DEGREE DAYS
 HEATING
  YESTERDAY        0
  MONTH TO DATE    0
  SINCE JUN 1      0
  SINCE JUL 1      0

 COOLING
  YESTERDAY       19
  MONTH TO DATE  192
  SINCE JUN 1    573
  SINCE JAN 1    861
...............................................................


WIND (MPH)
  HIGHEST WIND SPEED    13   HIGHEST WIND DIRECTION    NW (310)
  HIGHEST GUST SPEED    17   HIGHEST GUST DIRECTION    NW (320)
  AVERAGE WIND SPEED     6.4




RELATIVE HUMIDITY (PERCENT)
 HIGHEST    61
 LOWEST     17
 AVERAGE    39

..........................................................


THE HANFORD CA CLIMATE NORMALS FOR TODAY
                         NORMAL    RECORD    YEAR
 MAXIMUM TEMPERATURE (F)   95       105      2012
 MINIMUM TEMPERATURE (F)   63        60      2011
                                             2004


SUNRISE AND SUNSET
JULY 11 2014..........SUNRISE   550 AM PDT   SUNSET   818 PM PDT
JULY 12 2014..........SUNRISE   551 AM PDT   SUNSET   817 PM PDT


-  INDICATES NEGATIVE NUMBERS.
R  INDICATES RECORD WAS SET OR TIED.
MM INDICATES DATA IS MISSING.
T  INDICATES TRACE AMOUNT.




$$
