000
CDUS46 KHNX 230822
CLIHJO


CLIMATE REPORT
NATIONAL WEATHER SERVICE SAN JOAQUIN VALLEY, CA
121 AM PDT SAT AUG 23 2014


...................................

...THE HANFORD CA CLIMATE SUMMARY FOR AUGUST 22 2014...

CLIMATE NORMAL PERIOD 1981 TO 2010
CLIMATE RECORD PERIOD 1998 TO 2014


WEATHER ITEM   OBSERVED TIME   RECORD YEAR NORMAL DEPARTURE
                VALUE   (LST)  VALUE       VALUE  FROM
                                                  NORMAL
...............................................................
TEMPERATURE (F)
 YESTERDAY
  MAXIMUM         99    322 PM 102    2007  95      4
  MINIMUM         65    502 AM  53    2010  60      5
  AVERAGE         82                        78      4

PRECIPITATION (IN)
  YESTERDAY        0.00          T    2009   0.00   0.00
  MONTH TO DATE    T                         0.01  -0.01
  SINCE JUL 1      T                         0.03  -0.03
  SINCE JAN 1      2.43                      6.79  -4.36

SNOWFALL (IN)
  YESTERDAY        0.0
  MONTH TO DATE    0.0
  SINCE JUN 1      0.0
  SINCE JUL 1      0.0
  SNOW DEPTH       0

DEGREE DAYS
 HEATING
  YESTERDAY        0
  MONTH TO DATE    0
  SINCE JUN 1      0
  SINCE JUL 1      0

 COOLING
  YESTERDAY       17
  MONTH TO DATE  380
  SINCE JUN 1   1339
  SINCE JAN 1   1627
...............................................................


WIND (MPH)
  HIGHEST WIND SPEED    18   HIGHEST WIND DIRECTION    NW (320)
  HIGHEST GUST SPEED    23   HIGHEST GUST DIRECTION     N (350)
  AVERAGE WIND SPEED     4.2




RELATIVE HUMIDITY (PERCENT)
 HIGHEST    63
 LOWEST     18
 AVERAGE    41

..........................................................


THE HANFORD CA CLIMATE NORMALS FOR TODAY
                         NORMAL    RECORD    YEAR
 MAXIMUM TEMPERATURE (F)   95       101      2006
 MINIMUM TEMPERATURE (F)   60        52      2010


SUNRISE AND SUNSET
AUGUST 23 2014........SUNRISE   623 AM PDT   SUNSET   739 PM PDT
AUGUST 24 2014........SUNRISE   624 AM PDT   SUNSET   737 PM PDT


-  INDICATES NEGATIVE NUMBERS.
R  INDICATES RECORD WAS SET OR TIED.
MM INDICATES DATA IS MISSING.
T  INDICATES TRACE AMOUNT.




$$
