000
CDUS43 KGLD 230742
CLIHLC

CLIMATE REPORT
NATIONAL WEATHER SERVICE GOODLAND
139 AM MDT WED AUG 23 2017

...................................

...THE HILL CITY KS CLIMATE SUMMARY FOR AUGUST 22 2017...

CLIMATE NORMAL PERIOD 1981 TO 2010
CLIMATE RECORD PERIOD 1896 TO 2017


WEATHER ITEM   OBSERVED TIME   RECORD YEAR NORMAL DEPARTURE LAST
                VALUE   (LST)  VALUE       VALUE  FROM      YEAR
                                                  NORMAL
..................................................................
TEMPERATURE (F)
 YESTERDAY
  MAXIMUM         85    457 PM 107    1938  89     -4       90
  MINIMUM         58   1159 PM  44    1923  62     -4       65
  AVERAGE         72                        76     -4       78

PRECIPITATION (IN)
  YESTERDAY        0.00                      0.09  -0.09     0.04
  MONTH TO DATE    1.96                      2.05  -0.09     1.84
  SINCE JUN 1      6.53                      8.52  -1.99     4.70
  SINCE JAN 1     17.81                     17.02   0.79    17.64

..................................................................


THE HILL CITY KS CLIMATE NORMALS FOR TODAY
                         NORMAL    RECORD    YEAR
 MAXIMUM TEMPERATURE (F)   89       109      1943
 MINIMUM TEMPERATURE (F)   62        44      1911


-  INDICATES NEGATIVE NUMBERS.
R  INDICATES RECORD WAS SET OR TIED.
MM INDICATES DATA IS MISSING.
T  INDICATES TRACE AMOUNT.


$$
