000
CDUS43 KGLD 240040
CLIHLC

CLIMATE REPORT
NATIONAL WEATHER SERVICE GOODLAND
637 PM MDT WED JUL 23 2014

...................................

...THE HILL CITY KS CLIMATE SUMMARY FOR JULY 23 2014...
VALID TODAY AS OF 0600 PM LOCAL TIME.

CLIMATE NORMAL PERIOD 1981 TO 2010
CLIMATE RECORD PERIOD 1896 TO 2014

WEATHER ITEM   OBSERVED TIME   RECORD YEAR NORMAL DEPARTURE LAST
                VALUE   (LST)  VALUE       VALUE  FROM      YEAR
                                                  NORMAL
..................................................................
TEMPERATURE (F)
 TODAY
  MAXIMUM         90    332 PM 107    2012  93     -3       89
                                      1940
  MINIMUM         72    752 AM  52    1948  66      6       69
  AVERAGE         81                        80      1       79

PRECIPITATION (IN)
  TODAY            0.00                      0.11  -0.11     0.00
  MONTH TO DATE    1.79                      2.73  -0.94     0.23
  SINCE JUN 1      8.72                      5.49   3.23     2.91
  SINCE JAN 1     13.66                     13.99  -0.33     7.25

..................................................................

THE HILL CITY KS CLIMATE NORMALS FOR TOMORROW
                         NORMAL    RECORD    YEAR
 MAXIMUM TEMPERATURE (F)   93       117      1936
 MINIMUM TEMPERATURE (F)   66        47      1911

-  INDICATES NEGATIVE NUMBERS.
R  INDICATES RECORD WAS SET OR TIED.
MM INDICATES DATA IS MISSING.
T  INDICATES TRACE AMOUNT.

$$
