000
CDUS43 KGLD 200048
CLIHLC

CLIMATE REPORT
NATIONAL WEATHER SERVICE GOODLAND
541 PM MST MON FEB 19 2018


...................................

...THE HILL CITY KS CLIMATE SUMMARY FOR FEBRUARY 19 2018...
VALID TODAY AS OF 0500 PM LOCAL TIME.

CLIMATE NORMAL PERIOD 1981 TO 2010
CLIMATE RECORD PERIOD 1896 TO 2018


WEATHER ITEM   OBSERVED TIME   RECORD YEAR NORMAL DEPARTURE LAST
                VALUE   (LST)  VALUE       VALUE  FROM      YEAR
                                                  NORMAL
..................................................................
TEMPERATURE (F)
 TODAY
  MAXIMUM         31   1256 AM  77    2017  47    -16       77
  MINIMUM         19   1024 AM   3    2006  21     -2       45
                                      1955
  AVERAGE         25                        34     -9       61

PRECIPITATION (IN)
  TODAY            T                         0.02  -0.02     0.00
  MONTH TO DATE    0.06                      0.34  -0.28     0.01
  SINCE DEC 1      0.47                      1.48  -1.01     1.49
  SINCE JAN 1      0.44                      0.79  -0.35     1.07

..................................................................


THE HILL CITY KS CLIMATE NORMALS FOR TOMORROW
                         NORMAL    RECORD    YEAR
 MAXIMUM TEMPERATURE (F)   47        78      1981
 MINIMUM TEMPERATURE (F)   21         4      1978



-  INDICATES NEGATIVE NUMBERS.
R  INDICATES RECORD WAS SET OR TIED.
MM INDICATES DATA IS MISSING.
T  INDICATES TRACE AMOUNT.

$$
