000
CDUS43 KGLD 290039 RRA
CLIHLC

CLIMATE REPORT
NATIONAL WEATHER SERVICE GOODLAND
637 PM MDT THU AUG 28 2014


...................................

...THE HILL CITY KS CLIMATE SUMMARY FOR AUGUST 28 2014...
VALID TODAY AS OF 0600 PM LOCAL TIME.

CLIMATE NORMAL PERIOD 1981 TO 2010
CLIMATE RECORD PERIOD 1896 TO 2014


WEATHER ITEM   OBSERVED TIME   RECORD YEAR NORMAL DEPARTURE LAST
                VALUE   (LST)  VALUE       VALUE  FROM      YEAR
                                                  NORMAL
..................................................................
TEMPERATURE (F)
 TODAY
  MAXIMUM         83    448 PM 107    2000  88     -5       95
  MINIMUM         65    609 AM  43    1988  61      4       68
  AVERAGE         74                        74      0       82

PRECIPITATION (IN)
  TODAY            0.17                      0.10   0.07     0.00
  MONTH TO DATE    6.12                      2.61   3.51     0.73
  SINCE JUN 1     14.85                      9.08   5.77     8.57
  SINCE JAN 1     19.79                     17.58   2.21    12.91

..................................................................


THE HILL CITY KS CLIMATE NORMALS FOR TOMORROW
                         NORMAL    RECORD    YEAR
 MAXIMUM TEMPERATURE (F)   88       108      1939
 MINIMUM TEMPERATURE (F)   60        44      1917



-  INDICATES NEGATIVE NUMBERS.
R  INDICATES RECORD WAS SET OR TIED.
MM INDICATES DATA IS MISSING.
T  INDICATES TRACE AMOUNT.

$$
