000
CDUS43 KGLD 080818
CLIHLC

CLIMATE REPORT
NATIONAL WEATHER SERVICE GOODLAND
103 AM MST MON FEB 8 2016

...................................

...THE HILL CITY KS CLIMATE SUMMARY FOR FEBRUARY 7 2016...

CLIMATE NORMAL PERIOD 1981 TO 2010
CLIMATE RECORD PERIOD 1896 TO 2016

WEATHER ITEM   OBSERVED TIME   RECORD YEAR NORMAL DEPARTURE LAST
                VALUE   (LST)  VALUE       VALUE  FROM      YEAR
                                                  NORMAL
..................................................................
TEMPERATURE (F)
 YESTERDAY
  MAXIMUM         43    112 PM  82    2015  44     -1       82
  MINIMUM         30   1159 PM -16    1985  18     12       29
  AVERAGE         37                        31      6       56

PRECIPITATION (IN)
  YESTERDAY        0.00                      0.02  -0.02     0.00
  MONTH TO DATE    0.39                      0.13   0.26      T
  SINCE DEC 1      2.53                      1.27   1.26     0.75
  SINCE JAN 1      0.67                      0.58   0.09     0.23

..................................................................

THE HILL CITY KS CLIMATE NORMALS FOR TODAY
                         NORMAL    RECORD    YEAR
 MAXIMUM TEMPERATURE (F)   44        77      1987
 MINIMUM TEMPERATURE (F)   18       -13      1985

-  INDICATES NEGATIVE NUMBERS.
R  INDICATES RECORD WAS SET OR TIED.
MM INDICATES DATA IS MISSING.
T  INDICATES TRACE AMOUNT.

$$
