000
CDUS43 KGLD 290045
CLIHLC

CLIMATE REPORT
NATIONAL WEATHER SERVICE GOODLAND
642 PM MDT WED JUN 28 2017

...................................

...THE HILL CITY KS CLIMATE SUMMARY FOR JUNE 28 2017...
VALID TODAY AS OF 0600 PM LOCAL TIME.

CLIMATE NORMAL PERIOD 1981 TO 2010
CLIMATE RECORD PERIOD 1896 TO 2017


WEATHER ITEM   OBSERVED TIME   RECORD YEAR NORMAL DEPARTURE LAST
                VALUE   (LST)  VALUE       VALUE  FROM      YEAR
                                                  NORMAL
..................................................................
TEMPERATURE (F)
 TODAY
  MAXIMUM         94    344 PM 111    2012  91      3       91
  MINIMUM         69    433 AM  49    1923  63      6       69
  AVERAGE         82                        77      5       80

PRECIPITATION (IN)
  TODAY            0.28                      0.07   0.21      T
  MONTH TO DATE    0.63                      2.62  -1.99     0.50
  SINCE JUN 1      0.63                      2.62  -1.99     0.50
  SINCE JAN 1     11.91                     11.12   0.79    13.44

..................................................................


THE HILL CITY KS CLIMATE NORMALS FOR TOMORROW
                         NORMAL    RECORD    YEAR
 MAXIMUM TEMPERATURE (F)   91       109      1933
 MINIMUM TEMPERATURE (F)   63        45      1923



-  INDICATES NEGATIVE NUMBERS.
R  INDICATES RECORD WAS SET OR TIED.
MM INDICATES DATA IS MISSING.
T  INDICATES TRACE AMOUNT.

$$
